The Swift Package Index logo.Swift Package Index

Build Information

Failed to build LenientCodable, reference 1.2.0 (6a621d), with Swift 6.1 for watchOS using Xcode 16.3 on 26 Aug 2026 14:34:12 UTC.

Build Command

No build command. This typically means the build failed at an early stage where we determine the build command.

Build Log

========================================
RunAll
========================================
Builder version: 5.0.2
Interrupt handler set up.
========================================
Checkout
========================================
Clone URL: https://github.com/EngOmarElsayed/swift-lenient-codable.git
Reference: 1.2.0
Initialized empty Git repository in /Users/admin/builder/spi-builder-workspace/.git/
From https://github.com/EngOmarElsayed/swift-lenient-codable
 * tag               1.2.0      -> FETCH_HEAD
HEAD is now at 6a621db Update macOS runner version in release workflow
Cloned https://github.com/EngOmarElsayed/swift-lenient-codable.git
Revision (git rev-parse @):
6a621db2ba2a281be4c8121308104be89499ad93
SUCCESS checkout https://github.com/EngOmarElsayed/swift-lenient-codable.git at 1.2.0
========================================
Build
========================================
Selected platform:         watchOS
Swift version:             6.1
Building package at path:  $PWD
https://github.com/EngOmarElsayed/swift-lenient-codable.git
https://github.com/EngOmarElsayed/swift-lenient-codable.git
error: 'spi-builder-workspace': package 'spi-builder-workspace' is using Swift tools version 6.2.0 but the installed version is 6.1.0
error: fatalError
Command line invocation:
    /Applications/Xcode-16.3.0.app/Contents/Developer/usr/bin/xcodebuild -IDEClonedSourcePackagesDirPathOverride=/Users/admin/builder/spi-builder-workspace/.dependencies -resolvePackageDependencies
Resolve Package Graph
package 'spi-builder-workspace' is using Swift tools version 6.2.0 but the installed version is 6.1.0
Resolved source packages:
  spi-builder-workspace: (null)
2026-08-26 07:34:11.383 xcodebuild[505:2899] Writing error result bundle to /var/folders/5k/5yc19ymj0jqd5v0zvgfqz0xw0000gn/T/ResultBundle_2026-26-08_07-34-0011.xcresult
xcodebuild: error: Could not resolve package dependencies:
  package 'spi-builder-workspace' is using Swift tools version 6.2.0 but the installed version is 6.1.0
Command line invocation:
    /Applications/Xcode-16.3.0.app/Contents/Developer/usr/bin/xcodebuild -IDEClonedSourcePackagesDirPathOverride=/Users/admin/builder/spi-builder-workspace/.dependencies -resolvePackageDependencies
Resolve Package Graph
package 'spi-builder-workspace' is using Swift tools version 6.2.0 but the installed version is 6.1.0
Resolved source packages:
  spi-builder-workspace: (null)
2026-08-26 07:34:12.135 xcodebuild[523:3050] Writing error result bundle to /var/folders/5k/5yc19ymj0jqd5v0zvgfqz0xw0000gn/T/ResultBundle_2026-26-08_07-34-0012.xcresult
xcodebuild: error: Could not resolve package dependencies:
  package 'spi-builder-workspace' is using Swift tools version 6.2.0 but the installed version is 6.1.0
BUILD FAILURE 6.1 watchOS