The Swift Package Index logo.Swift Package Index

Build Information

Failed to build overlay-container, reference main (2af70f), with Swift 6.3 for watchOS using Xcode 26.4 on 4 Oct 2026 04:53:34 UTC.

Build Command

env DEVELOPER_DIR=/Applications/Xcode-26.5.0.app xcrun xcodebuild -IDEClonedSourcePackagesDirPathOverride=$PWD/.dependencies -skipMacroValidation -skipPackagePluginValidation -derivedDataPath $PWD/.derivedData build -scheme overlay-container -destination generic/platform=watchOS

Build Log

    cd /Users/admin/builder/spi-builder-workspace
    write-file /Users/admin/builder/spi-builder-workspace/.derivedData/Build/Intermediates.noindex/overlay-container.build/Debug-watchos/OverlayContainer.build/OverlayContainer.modulemap
WriteAuxiliaryFile /Users/admin/builder/spi-builder-workspace/.derivedData/Build/Intermediates.noindex/overlay-container.build/Debug-watchos/OverlayContainer.build/OverlayContainer.DependencyMetadataFileList (in target 'OverlayContainer' from project 'overlay-container')
    cd /Users/admin/builder/spi-builder-workspace
    write-file /Users/admin/builder/spi-builder-workspace/.derivedData/Build/Intermediates.noindex/overlay-container.build/Debug-watchos/OverlayContainer.build/OverlayContainer.DependencyMetadataFileList
WriteAuxiliaryFile /Users/admin/builder/spi-builder-workspace/.derivedData/Build/Intermediates.noindex/overlay-container.build/Debug-watchos/OverlayContainer.build/Objects-normal/arm64_32/OverlayContainer-OutputFileMap.json (in target 'OverlayContainer' from project 'overlay-container')
    cd /Users/admin/builder/spi-builder-workspace
    write-file /Users/admin/builder/spi-builder-workspace/.derivedData/Build/Intermediates.noindex/overlay-container.build/Debug-watchos/OverlayContainer.build/Objects-normal/arm64_32/OverlayContainer-OutputFileMap.json
WriteAuxiliaryFile /Users/admin/builder/spi-builder-workspace/.derivedData/Build/Intermediates.noindex/overlay-container.build/Debug-watchos/OverlayContainer.build/Objects-normal/armv7k/OverlayContainer-OutputFileMap.json (in target 'OverlayContainer' from project 'overlay-container')
    cd /Users/admin/builder/spi-builder-workspace
    write-file /Users/admin/builder/spi-builder-workspace/.derivedData/Build/Intermediates.noindex/overlay-container.build/Debug-watchos/OverlayContainer.build/Objects-normal/armv7k/OverlayContainer-OutputFileMap.json
WriteAuxiliaryFile /Users/admin/builder/spi-builder-workspace/.derivedData/Build/Intermediates.noindex/overlay-container.build/Debug-watchos/OverlayContainer.build/Objects-normal/arm64_32/OverlayContainer_const_extract_protocols.json (in target 'OverlayContainer' from project 'overlay-container')
    cd /Users/admin/builder/spi-builder-workspace
    write-file /Users/admin/builder/spi-builder-workspace/.derivedData/Build/Intermediates.noindex/overlay-container.build/Debug-watchos/OverlayContainer.build/Objects-normal/arm64_32/OverlayContainer_const_extract_protocols.json
WriteAuxiliaryFile /Users/admin/builder/spi-builder-workspace/.derivedData/Build/Intermediates.noindex/overlay-container.build/Debug-watchos/OverlayContainer.build/Objects-normal/armv7k/OverlayContainer.SwiftFileList (in target 'OverlayContainer' from project 'overlay-container')
    cd /Users/admin/builder/spi-builder-workspace
    write-file /Users/admin/builder/spi-builder-workspace/.derivedData/Build/Intermediates.noindex/overlay-container.build/Debug-watchos/OverlayContainer.build/Objects-normal/armv7k/OverlayContainer.SwiftFileList
WriteAuxiliaryFile /Users/admin/builder/spi-builder-workspace/.derivedData/Build/Intermediates.noindex/overlay-container.build/Debug-watchos/OverlayContainer.build/Objects-normal/arm64/OverlayContainer_const_extract_protocols.json (in target 'OverlayContainer' from project 'overlay-container')
    cd /Users/admin/builder/spi-builder-workspace
    write-file /Users/admin/builder/spi-builder-workspace/.derivedData/Build/Intermediates.noindex/overlay-container.build/Debug-watchos/OverlayContainer.build/Objects-normal/arm64/OverlayContainer_const_extract_protocols.json
WriteAuxiliaryFile /Users/admin/builder/spi-builder-workspace/.derivedData/Build/Intermediates.noindex/overlay-container.build/Debug-watchos/OverlayContainer.build/Objects-normal/armv7k/OverlayContainer_const_extract_protocols.json (in target 'OverlayContainer' from project 'overlay-container')
    cd /Users/admin/builder/spi-builder-workspace
    write-file /Users/admin/builder/spi-builder-workspace/.derivedData/Build/Intermediates.noindex/overlay-container.build/Debug-watchos/OverlayContainer.build/Objects-normal/armv7k/OverlayContainer_const_extract_protocols.json
WriteAuxiliaryFile /Users/admin/builder/spi-builder-workspace/.derivedData/Build/Intermediates.noindex/overlay-container.build/Debug-watchos/OverlayContainer.build/Objects-normal/armv7k/OverlayContainer.SwiftConstValuesFileList (in target 'OverlayContainer' from project 'overlay-container')
    cd /Users/admin/builder/spi-builder-workspace
    write-file /Users/admin/builder/spi-builder-workspace/.derivedData/Build/Intermediates.noindex/overlay-container.build/Debug-watchos/OverlayContainer.build/Objects-normal/armv7k/OverlayContainer.SwiftConstValuesFileList
WriteAuxiliaryFile /Users/admin/builder/spi-builder-workspace/.derivedData/Build/Intermediates.noindex/overlay-container.build/Debug-watchos/OverlayContainer.build/Objects-normal/armv7k/OverlayContainer.LinkFileList (in target 'OverlayContainer' from project 'overlay-container')
    cd /Users/admin/builder/spi-builder-workspace
    write-file /Users/admin/builder/spi-builder-workspace/.derivedData/Build/Intermediates.noindex/overlay-container.build/Debug-watchos/OverlayContainer.build/Objects-normal/armv7k/OverlayContainer.LinkFileList
WriteAuxiliaryFile /Users/admin/builder/spi-builder-workspace/.derivedData/Build/Intermediates.noindex/overlay-container.build/Debug-watchos/OverlayContainer.build/Objects-normal/arm64_32/OverlayContainer.SwiftFileList (in target 'OverlayContainer' from project 'overlay-container')
    cd /Users/admin/builder/spi-builder-workspace
    write-file /Users/admin/builder/spi-builder-workspace/.derivedData/Build/Intermediates.noindex/overlay-container.build/Debug-watchos/OverlayContainer.build/Objects-normal/arm64_32/OverlayContainer.SwiftFileList
WriteAuxiliaryFile /Users/admin/builder/spi-builder-workspace/.derivedData/Build/Intermediates.noindex/overlay-container.build/Debug-watchos/OverlayContainer.build/Objects-normal/arm64_32/OverlayContainer.SwiftConstValuesFileList (in target 'OverlayContainer' from project 'overlay-container')
    cd /Users/admin/builder/spi-builder-workspace
    write-file /Users/admin/builder/spi-builder-workspace/.derivedData/Build/Intermediates.noindex/overlay-container.build/Debug-watchos/OverlayContainer.build/Objects-normal/arm64_32/OverlayContainer.SwiftConstValuesFileList
WriteAuxiliaryFile /Users/admin/builder/spi-builder-workspace/.derivedData/Build/Intermediates.noindex/overlay-container.build/Debug-watchos/OverlayContainer.build/Objects-normal/arm64_32/OverlayContainer.LinkFileList (in target 'OverlayContainer' from project 'overlay-container')
    cd /Users/admin/builder/spi-builder-workspace
    write-file /Users/admin/builder/spi-builder-workspace/.derivedData/Build/Intermediates.noindex/overlay-container.build/Debug-watchos/OverlayContainer.build/Objects-normal/arm64_32/OverlayContainer.LinkFileList
WriteAuxiliaryFile /Users/admin/builder/spi-builder-workspace/.derivedData/Build/Intermediates.noindex/overlay-container.build/Debug-watchos/OverlayContainer.build/Objects-normal/arm64/OverlayContainer.SwiftFileList (in target 'OverlayContainer' from project 'overlay-container')
    cd /Users/admin/builder/spi-builder-workspace
    write-file /Users/admin/builder/spi-builder-workspace/.derivedData/Build/Intermediates.noindex/overlay-container.build/Debug-watchos/OverlayContainer.build/Objects-normal/arm64/OverlayContainer.SwiftFileList
WriteAuxiliaryFile /Users/admin/builder/spi-builder-workspace/.derivedData/Build/Intermediates.noindex/overlay-container.build/Debug-watchos/OverlayContainer.build/Objects-normal/arm64/OverlayContainer.SwiftConstValuesFileList (in target 'OverlayContainer' from project 'overlay-container')
    cd /Users/admin/builder/spi-builder-workspace
    write-file /Users/admin/builder/spi-builder-workspace/.derivedData/Build/Intermediates.noindex/overlay-container.build/Debug-watchos/OverlayContainer.build/Objects-normal/arm64/OverlayContainer.SwiftConstValuesFileList
WriteAuxiliaryFile /Users/admin/builder/spi-builder-workspace/.derivedData/Build/Intermediates.noindex/overlay-container.build/Debug-watchos/OverlayContainer.build/Objects-normal/arm64/OverlayContainer.LinkFileList (in target 'OverlayContainer' from project 'overlay-container')
    cd /Users/admin/builder/spi-builder-workspace
    write-file /Users/admin/builder/spi-builder-workspace/.derivedData/Build/Intermediates.noindex/overlay-container.build/Debug-watchos/OverlayContainer.build/Objects-normal/arm64/OverlayContainer.LinkFileList
WriteAuxiliaryFile /Users/admin/builder/spi-builder-workspace/.derivedData/Build/Intermediates.noindex/overlay-container.build/Debug-watchos/OverlayContainer.build/Objects-normal/arm64/OverlayContainer-OutputFileMap.json (in target 'OverlayContainer' from project 'overlay-container')
    cd /Users/admin/builder/spi-builder-workspace
    write-file /Users/admin/builder/spi-builder-workspace/.derivedData/Build/Intermediates.noindex/overlay-container.build/Debug-watchos/OverlayContainer.build/Objects-normal/arm64/OverlayContainer-OutputFileMap.json
Copy /Users/admin/builder/spi-builder-workspace/.derivedData/Build/Intermediates.noindex/GeneratedModuleMaps-watchos/OverlayContainer.modulemap /Users/admin/builder/spi-builder-workspace/.derivedData/Build/Intermediates.noindex/overlay-container.build/Debug-watchos/OverlayContainer.build/OverlayContainer.modulemap (in target 'OverlayContainer' from project 'overlay-container')
    cd /Users/admin/builder/spi-builder-workspace
    builtin-copy -exclude .DS_Store -exclude CVS -exclude .svn -exclude .git -exclude .hg -resolve-src-symlinks /Users/admin/builder/spi-builder-workspace/.derivedData/Build/Intermediates.noindex/overlay-container.build/Debug-watchos/OverlayContainer.build/OverlayContainer.modulemap /Users/admin/builder/spi-builder-workspace/.derivedData/Build/Intermediates.noindex/GeneratedModuleMaps-watchos
SwiftDriver OverlayContainer normal arm64 com.apple.xcode.tools.swift.compiler (in target 'OverlayContainer' from project 'overlay-container')
    cd /Users/admin/builder/spi-builder-workspace/.swiftpm/xcode
    builtin-SwiftDriver -- /Applications/Xcode-26.5.0.app/Contents/Developer/Toolchains/XcodeDefault.xctoolchain/usr/bin/swiftc -module-name OverlayContainer -Onone @/Users/admin/builder/spi-builder-workspace/.derivedData/Build/Intermediates.noindex/overlay-container.build/Debug-watchos/OverlayContainer.build/Objects-normal/arm64/OverlayContainer.SwiftFileList -DSWIFT_PACKAGE -DDEBUG -DSWIFT_MODULE_RESOURCE_BUNDLE_UNAVAILABLE -DXcode -plugin-path /Applications/Xcode-26.5.0.app/Contents/Developer/Toolchains/XcodeDefault.xctoolchain/usr/lib/swift/host/plugins/testing -enable-experimental-feature DebugDescriptionMacro -sdk /Applications/Xcode-26.5.0.app/Contents/Developer/Platforms/WatchOS.platform/Developer/SDKs/WatchOS26.5.sdk -target arm64-apple-watchos5.0 -g -module-cache-path /Users/admin/builder/spi-builder-workspace/.derivedData/ModuleCache.noindex -Xfrontend -serialize-debugging-options -profile-coverage-mapping -profile-generate -enable-testing -index-store-path /Users/admin/builder/spi-builder-workspace/.derivedData/Index.noindex/DataStore -Xcc -D_LIBCPP_HARDENING_MODE\=_LIBCPP_HARDENING_MODE_DEBUG -swift-version 6 -I /Users/admin/builder/spi-builder-workspace/.derivedData/Build/Products/Debug-watchos -Isystem /Applications/Xcode-26.5.0.app/Contents/Developer/Platforms/WatchOS.platform/Developer/usr/lib -F /Users/admin/builder/spi-builder-workspace/.derivedData/Build/Products/Debug-watchos -F /Applications/Xcode-26.5.0.app/Contents/Developer/Platforms/WatchOS.platform/Developer/Library/Frameworks -F /Applications/Xcode-26.5.0.app/Contents/Developer/Platforms/WatchOS.platform/Developer/SDKs/WatchOS26.5.sdk/Developer/Library/Frameworks -c -j10 -enable-batch-mode -incremental -Xcc -ivfsstatcache -Xcc /Users/admin/builder/spi-builder-workspace/.derivedData/SDKStatCaches.noindex/watchos26.5-23T570-688ef53f1462e2c8f657fdc38a81448f7931b973dfc65d9472806dbbc3af9379.sdkstatcache -output-file-map /Users/admin/builder/spi-builder-workspace/.derivedData/Build/Intermediates.noindex/overlay-container.build/Debug-watchos/OverlayContainer.build/Objects-normal/arm64/OverlayContainer-OutputFileMap.json -use-frontend-parseable-output -save-temps -no-color-diagnostics -explicit-module-build -module-cache-path /Users/admin/builder/spi-builder-workspace/.derivedData/Build/Intermediates.noindex/SwiftExplicitPrecompiledModules -clang-scanner-module-cache-path /Users/admin/builder/spi-builder-workspace/.derivedData/ModuleCache.noindex -sdk-module-cache-path /Users/admin/builder/spi-builder-workspace/.derivedData/ModuleCache.noindex -serialize-diagnostics -emit-dependencies -emit-module -emit-module-path /Users/admin/builder/spi-builder-workspace/.derivedData/Build/Intermediates.noindex/overlay-container.build/Debug-watchos/OverlayContainer.build/Objects-normal/arm64/OverlayContainer.swiftmodule -validate-clang-modules-once -clang-build-session-file /Users/admin/builder/spi-builder-workspace/.derivedData/ModuleCache.noindex/Session.modulevalidation -package-name spi_builder_workspace -Xcc -I/Users/admin/builder/spi-builder-workspace/.derivedData/Build/Intermediates.noindex/overlay-container.build/Debug-watchos/OverlayContainer.build/swift-overrides.hmap -emit-const-values -Xfrontend -const-gather-protocols-file -Xfrontend /Users/admin/builder/spi-builder-workspace/.derivedData/Build/Intermediates.noindex/overlay-container.build/Debug-watchos/OverlayContainer.build/Objects-normal/arm64/OverlayContainer_const_extract_protocols.json -Xcc -I/Users/admin/builder/spi-builder-workspace/.derivedData/Build/Products/Debug-watchos/include -Xcc -I/Users/admin/builder/spi-builder-workspace/.derivedData/Build/Intermediates.noindex/overlay-container.build/Debug-watchos/OverlayContainer.build/DerivedSources-normal/arm64 -Xcc -I/Users/admin/builder/spi-builder-workspace/.derivedData/Build/Intermediates.noindex/overlay-container.build/Debug-watchos/OverlayContainer.build/DerivedSources/arm64 -Xcc -I/Users/admin/builder/spi-builder-workspace/.derivedData/Build/Intermediates.noindex/overlay-container.build/Debug-watchos/OverlayContainer.build/DerivedSources -Xcc -DSWIFT_PACKAGE -Xcc -DDEBUG\=1 -emit-objc-header -emit-objc-header-path /Users/admin/builder/spi-builder-workspace/.derivedData/Build/Intermediates.noindex/overlay-container.build/Debug-watchos/OverlayContainer.build/Objects-normal/arm64/OverlayContainer-Swift.h -working-directory /Users/admin/builder/spi-builder-workspace/.swiftpm/xcode -experimental-emit-module-separately -disable-cmo
SwiftDriver OverlayContainer normal armv7k com.apple.xcode.tools.swift.compiler (in target 'OverlayContainer' from project 'overlay-container')
    cd /Users/admin/builder/spi-builder-workspace/.swiftpm/xcode
    builtin-SwiftDriver -- /Applications/Xcode-26.5.0.app/Contents/Developer/Toolchains/XcodeDefault.xctoolchain/usr/bin/swiftc -module-name OverlayContainer -Onone @/Users/admin/builder/spi-builder-workspace/.derivedData/Build/Intermediates.noindex/overlay-container.build/Debug-watchos/OverlayContainer.build/Objects-normal/armv7k/OverlayContainer.SwiftFileList -DSWIFT_PACKAGE -DDEBUG -DSWIFT_MODULE_RESOURCE_BUNDLE_UNAVAILABLE -DXcode -plugin-path /Applications/Xcode-26.5.0.app/Contents/Developer/Toolchains/XcodeDefault.xctoolchain/usr/lib/swift/host/plugins/testing -enable-experimental-feature DebugDescriptionMacro -sdk /Applications/Xcode-26.5.0.app/Contents/Developer/Platforms/WatchOS.platform/Developer/SDKs/WatchOS26.5.sdk -target armv7k-apple-watchos5.0 -g -module-cache-path /Users/admin/builder/spi-builder-workspace/.derivedData/ModuleCache.noindex -Xfrontend -serialize-debugging-options -profile-coverage-mapping -profile-generate -enable-testing -index-store-path /Users/admin/builder/spi-builder-workspace/.derivedData/Index.noindex/DataStore -Xcc -D_LIBCPP_HARDENING_MODE\=_LIBCPP_HARDENING_MODE_DEBUG -swift-version 6 -I /Users/admin/builder/spi-builder-workspace/.derivedData/Build/Products/Debug-watchos -Isystem /Applications/Xcode-26.5.0.app/Contents/Developer/Platforms/WatchOS.platform/Developer/usr/lib -F /Users/admin/builder/spi-builder-workspace/.derivedData/Build/Products/Debug-watchos -F /Applications/Xcode-26.5.0.app/Contents/Developer/Platforms/WatchOS.platform/Developer/Library/Frameworks -F /Applications/Xcode-26.5.0.app/Contents/Developer/Platforms/WatchOS.platform/Developer/SDKs/WatchOS26.5.sdk/Developer/Library/Frameworks -c -j10 -enable-batch-mode -incremental -Xcc -ivfsstatcache -Xcc /Users/admin/builder/spi-builder-workspace/.derivedData/SDKStatCaches.noindex/watchos26.5-23T570-688ef53f1462e2c8f657fdc38a81448f7931b973dfc65d9472806dbbc3af9379.sdkstatcache -output-file-map /Users/admin/builder/spi-builder-workspace/.derivedData/Build/Intermediates.noindex/overlay-container.build/Debug-watchos/OverlayContainer.build/Objects-normal/armv7k/OverlayContainer-OutputFileMap.json -use-frontend-parseable-output -save-temps -no-color-diagnostics -explicit-module-build -module-cache-path /Users/admin/builder/spi-builder-workspace/.derivedData/Build/Intermediates.noindex/SwiftExplicitPrecompiledModules -clang-scanner-module-cache-path /Users/admin/builder/spi-builder-workspace/.derivedData/ModuleCache.noindex -sdk-module-cache-path /Users/admin/builder/spi-builder-workspace/.derivedData/ModuleCache.noindex -serialize-diagnostics -emit-dependencies -emit-module -emit-module-path /Users/admin/builder/spi-builder-workspace/.derivedData/Build/Intermediates.noindex/overlay-container.build/Debug-watchos/OverlayContainer.build/Objects-normal/armv7k/OverlayContainer.swiftmodule -validate-clang-modules-once -clang-build-session-file /Users/admin/builder/spi-builder-workspace/.derivedData/ModuleCache.noindex/Session.modulevalidation -package-name spi_builder_workspace -Xcc -I/Users/admin/builder/spi-builder-workspace/.derivedData/Build/Intermediates.noindex/overlay-container.build/Debug-watchos/OverlayContainer.build/swift-overrides.hmap -emit-const-values -Xfrontend -const-gather-protocols-file -Xfrontend /Users/admin/builder/spi-builder-workspace/.derivedData/Build/Intermediates.noindex/overlay-container.build/Debug-watchos/OverlayContainer.build/Objects-normal/armv7k/OverlayContainer_const_extract_protocols.json -Xcc -I/Users/admin/builder/spi-builder-workspace/.derivedData/Build/Products/Debug-watchos/include -Xcc -I/Users/admin/builder/spi-builder-workspace/.derivedData/Build/Intermediates.noindex/overlay-container.build/Debug-watchos/OverlayContainer.build/DerivedSources-normal/armv7k -Xcc -I/Users/admin/builder/spi-builder-workspace/.derivedData/Build/Intermediates.noindex/overlay-container.build/Debug-watchos/OverlayContainer.build/DerivedSources/armv7k -Xcc -I/Users/admin/builder/spi-builder-workspace/.derivedData/Build/Intermediates.noindex/overlay-container.build/Debug-watchos/OverlayContainer.build/DerivedSources -Xcc -DSWIFT_PACKAGE -Xcc -DDEBUG\=1 -emit-objc-header -emit-objc-header-path /Users/admin/builder/spi-builder-workspace/.derivedData/Build/Intermediates.noindex/overlay-container.build/Debug-watchos/OverlayContainer.build/Objects-normal/armv7k/OverlayContainer-Swift.h -working-directory /Users/admin/builder/spi-builder-workspace/.swiftpm/xcode -experimental-emit-module-separately -disable-cmo
SwiftDriver OverlayContainer normal arm64_32 com.apple.xcode.tools.swift.compiler (in target 'OverlayContainer' from project 'overlay-container')
    cd /Users/admin/builder/spi-builder-workspace/.swiftpm/xcode
    builtin-SwiftDriver -- /Applications/Xcode-26.5.0.app/Contents/Developer/Toolchains/XcodeDefault.xctoolchain/usr/bin/swiftc -module-name OverlayContainer -Onone @/Users/admin/builder/spi-builder-workspace/.derivedData/Build/Intermediates.noindex/overlay-container.build/Debug-watchos/OverlayContainer.build/Objects-normal/arm64_32/OverlayContainer.SwiftFileList -DSWIFT_PACKAGE -DDEBUG -DSWIFT_MODULE_RESOURCE_BUNDLE_UNAVAILABLE -DXcode -plugin-path /Applications/Xcode-26.5.0.app/Contents/Developer/Toolchains/XcodeDefault.xctoolchain/usr/lib/swift/host/plugins/testing -enable-experimental-feature DebugDescriptionMacro -sdk /Applications/Xcode-26.5.0.app/Contents/Developer/Platforms/WatchOS.platform/Developer/SDKs/WatchOS26.5.sdk -target arm64_32-apple-watchos5.0 -g -module-cache-path /Users/admin/builder/spi-builder-workspace/.derivedData/ModuleCache.noindex -Xfrontend -serialize-debugging-options -profile-coverage-mapping -profile-generate -enable-testing -index-store-path /Users/admin/builder/spi-builder-workspace/.derivedData/Index.noindex/DataStore -Xcc -D_LIBCPP_HARDENING_MODE\=_LIBCPP_HARDENING_MODE_DEBUG -swift-version 6 -I /Users/admin/builder/spi-builder-workspace/.derivedData/Build/Products/Debug-watchos -Isystem /Applications/Xcode-26.5.0.app/Contents/Developer/Platforms/WatchOS.platform/Developer/usr/lib -F /Users/admin/builder/spi-builder-workspace/.derivedData/Build/Products/Debug-watchos -F /Applications/Xcode-26.5.0.app/Contents/Developer/Platforms/WatchOS.platform/Developer/Library/Frameworks -F /Applications/Xcode-26.5.0.app/Contents/Developer/Platforms/WatchOS.platform/Developer/SDKs/WatchOS26.5.sdk/Developer/Library/Frameworks -c -j10 -enable-batch-mode -incremental -Xcc -ivfsstatcache -Xcc /Users/admin/builder/spi-builder-workspace/.derivedData/SDKStatCaches.noindex/watchos26.5-23T570-688ef53f1462e2c8f657fdc38a81448f7931b973dfc65d9472806dbbc3af9379.sdkstatcache -output-file-map /Users/admin/builder/spi-builder-workspace/.derivedData/Build/Intermediates.noindex/overlay-container.build/Debug-watchos/OverlayContainer.build/Objects-normal/arm64_32/OverlayContainer-OutputFileMap.json -use-frontend-parseable-output -save-temps -no-color-diagnostics -explicit-module-build -module-cache-path /Users/admin/builder/spi-builder-workspace/.derivedData/Build/Intermediates.noindex/SwiftExplicitPrecompiledModules -clang-scanner-module-cache-path /Users/admin/builder/spi-builder-workspace/.derivedData/ModuleCache.noindex -sdk-module-cache-path /Users/admin/builder/spi-builder-workspace/.derivedData/ModuleCache.noindex -serialize-diagnostics -emit-dependencies -emit-module -emit-module-path /Users/admin/builder/spi-builder-workspace/.derivedData/Build/Intermediates.noindex/overlay-container.build/Debug-watchos/OverlayContainer.build/Objects-normal/arm64_32/OverlayContainer.swiftmodule -validate-clang-modules-once -clang-build-session-file /Users/admin/builder/spi-builder-workspace/.derivedData/ModuleCache.noindex/Session.modulevalidation -package-name spi_builder_workspace -Xcc -I/Users/admin/builder/spi-builder-workspace/.derivedData/Build/Intermediates.noindex/overlay-container.build/Debug-watchos/OverlayContainer.build/swift-overrides.hmap -emit-const-values -Xfrontend -const-gather-protocols-file -Xfrontend /Users/admin/builder/spi-builder-workspace/.derivedData/Build/Intermediates.noindex/overlay-container.build/Debug-watchos/OverlayContainer.build/Objects-normal/arm64_32/OverlayContainer_const_extract_protocols.json -Xcc -I/Users/admin/builder/spi-builder-workspace/.derivedData/Build/Products/Debug-watchos/include -Xcc -I/Users/admin/builder/spi-builder-workspace/.derivedData/Build/Intermediates.noindex/overlay-container.build/Debug-watchos/OverlayContainer.build/DerivedSources-normal/arm64_32 -Xcc -I/Users/admin/builder/spi-builder-workspace/.derivedData/Build/Intermediates.noindex/overlay-container.build/Debug-watchos/OverlayContainer.build/DerivedSources/arm64_32 -Xcc -I/Users/admin/builder/spi-builder-workspace/.derivedData/Build/Intermediates.noindex/overlay-container.build/Debug-watchos/OverlayContainer.build/DerivedSources -Xcc -DSWIFT_PACKAGE -Xcc -DDEBUG\=1 -emit-objc-header -emit-objc-header-path /Users/admin/builder/spi-builder-workspace/.derivedData/Build/Intermediates.noindex/overlay-container.build/Debug-watchos/OverlayContainer.build/Objects-normal/arm64_32/OverlayContainer-Swift.h -working-directory /Users/admin/builder/spi-builder-workspace/.swiftpm/xcode -experimental-emit-module-separately -disable-cmo
SwiftExplicitDependencyGeneratePcm armv7k /Users/admin/builder/spi-builder-workspace/.derivedData/ModuleCache.noindex/SwiftShims-54O3XTFTGS0DCHGQXX0VXAKIW.pcm
SwiftExplicitDependencyGeneratePcm armv7k /Users/admin/builder/spi-builder-workspace/.derivedData/ModuleCache.noindex/_AvailabilityInternal-EFXN1W5VCP6ADN05CH69KOJMD.pcm
SwiftExplicitDependencyGeneratePcm armv7k /Users/admin/builder/spi-builder-workspace/.derivedData/ModuleCache.noindex/ptrauth-D1KUVP5BW8V6YRBE3MNVCBE2E.pcm
SwiftExplicitDependencyGeneratePcm armv7k /Users/admin/builder/spi-builder-workspace/.derivedData/ModuleCache.noindex/_Builtin_stdbool-3F5M0YH52IF7ISNJDW2IHEQ2A.pcm
SwiftExplicitDependencyGeneratePcm armv7k /Users/admin/builder/spi-builder-workspace/.derivedData/ModuleCache.noindex/_Builtin_float-9MGM9VU0PEMKSTW8BBVNVP7PQ.pcm
SwiftExplicitDependencyGeneratePcm armv7k /Users/admin/builder/spi-builder-workspace/.derivedData/ModuleCache.noindex/_Builtin_stddef-6IRMF7QDYT5Q8LMH89XUFJQ69.pcm
SwiftExplicitDependencyGeneratePcm armv7k /Users/admin/builder/spi-builder-workspace/.derivedData/ModuleCache.noindex/DeveloperToolsSupport-6JPG6I58RYGR77DS3MSWHRILH.pcm
SwiftExplicitDependencyGeneratePcm armv7k /Users/admin/builder/spi-builder-workspace/.derivedData/ModuleCache.noindex/ptrcheck-84CJDWDKWYKE887DNNOFBAKE5.pcm
SwiftExplicitDependencyGeneratePcm armv7k /Users/admin/builder/spi-builder-workspace/.derivedData/ModuleCache.noindex/_SwiftConcurrencyShims-HF1NBH7P9KULYHML9AVKSA4P.pcm
SwiftExplicitDependencyGeneratePcm armv7k /Users/admin/builder/spi-builder-workspace/.derivedData/ModuleCache.noindex/_Builtin_stdarg-D4LWD3SLKMEEMR29WTOG26Q5T.pcm
SwiftExplicitDependencyGeneratePcm arm64_32 /Users/admin/builder/spi-builder-workspace/.derivedData/ModuleCache.noindex/_Builtin_stdbool-29VZCTHK280GJHA571SXG9ASG.pcm
SwiftExplicitDependencyGeneratePcm arm64 /Users/admin/builder/spi-builder-workspace/.derivedData/ModuleCache.noindex/_Builtin_float-2WT5Y9SB362ACJMEXFZK7ZNN2.pcm
SwiftExplicitDependencyGeneratePcm arm64_32 /Users/admin/builder/spi-builder-workspace/.derivedData/ModuleCache.noindex/_AvailabilityInternal-DLHW2QV8S38P9IRN7DKDTHEP9.pcm
SwiftExplicitDependencyGeneratePcm arm64 /Users/admin/builder/spi-builder-workspace/.derivedData/ModuleCache.noindex/DeveloperToolsSupport-3Z5QE87KGVW8G2DDTR9K1HB9K.pcm
SwiftExplicitDependencyGeneratePcm arm64_32 /Users/admin/builder/spi-builder-workspace/.derivedData/ModuleCache.noindex/_Builtin_stddef-44ZBBCAVH9H95PIUL2R06EPNN.pcm
SwiftExplicitDependencyGeneratePcm arm64 /Users/admin/builder/spi-builder-workspace/.derivedData/ModuleCache.noindex/_SwiftConcurrencyShims-6JV4TIBCO35VV8QOUUP4HYHU8.pcm
SwiftExplicitDependencyGeneratePcm arm64 /Users/admin/builder/spi-builder-workspace/.derivedData/ModuleCache.noindex/_Builtin_stdbool-3K0NS9706ZZKMB26W34N7NRJO.pcm
SwiftExplicitDependencyGeneratePcm arm64 /Users/admin/builder/spi-builder-workspace/.derivedData/ModuleCache.noindex/_Builtin_stddef-7O9IMW3SKT9J5KMH1DFSCTUT2.pcm
SwiftExplicitDependencyGeneratePcm arm64_32 /Users/admin/builder/spi-builder-workspace/.derivedData/ModuleCache.noindex/ptrcheck-AUKOWKLJ5LR59DLJDZ0QMNHKP.pcm
SwiftExplicitDependencyGeneratePcm arm64_32 /Users/admin/builder/spi-builder-workspace/.derivedData/ModuleCache.noindex/_Builtin_stdarg-2846LW51WR3FJYNEE769BGM54.pcm
SwiftExplicitDependencyGeneratePcm armv7k /Users/admin/builder/spi-builder-workspace/.derivedData/ModuleCache.noindex/_DarwinFoundation1-ADE3NB165C6L2JTXOQ8OTD6BF.pcm
SwiftExplicitDependencyGeneratePcm arm64_32 /Users/admin/builder/spi-builder-workspace/.derivedData/ModuleCache.noindex/SwiftShims-Y9UOIV5KSIS0KDX5BDVVAMKQ.pcm
SwiftExplicitDependencyGeneratePcm arm64_32 /Users/admin/builder/spi-builder-workspace/.derivedData/ModuleCache.noindex/DeveloperToolsSupport-2GO81KTT8NADYY1YLL3E6R3U0.pcm
SwiftExplicitDependencyGeneratePcm arm64 /Users/admin/builder/spi-builder-workspace/.derivedData/ModuleCache.noindex/SwiftShims-BSAA6BK72NLSMMSC85W2FICHH.pcm
SwiftExplicitDependencyGeneratePcm arm64 /Users/admin/builder/spi-builder-workspace/.derivedData/ModuleCache.noindex/ptrcheck-B3DWAI23K1VSBZ9B4HQFDUGA9.pcm
SwiftExplicitDependencyGeneratePcm arm64_32 /Users/admin/builder/spi-builder-workspace/.derivedData/ModuleCache.noindex/ptrauth-EIGELRNUEL7SAJU41BKCUDR6K.pcm
SwiftExplicitDependencyGeneratePcm arm64 /Users/admin/builder/spi-builder-workspace/.derivedData/ModuleCache.noindex/_AvailabilityInternal-EOZA7RNZF83GHAFYVNANSPB7K.pcm
SwiftExplicitDependencyGeneratePcm arm64_32 /Users/admin/builder/spi-builder-workspace/.derivedData/ModuleCache.noindex/_SwiftConcurrencyShims-49MSOLZ7F449TZ0TRVKQIVZNP.pcm
SwiftExplicitDependencyGeneratePcm arm64 /Users/admin/builder/spi-builder-workspace/.derivedData/ModuleCache.noindex/ptrauth-6RRLJFTMP964BUOH3ZA18NCET.pcm
SwiftExplicitDependencyGeneratePcm arm64_32 /Users/admin/builder/spi-builder-workspace/.derivedData/ModuleCache.noindex/_DarwinFoundation1-BH2JKT0EOE6EKNI1RBDKTQWZU.pcm
SwiftExplicitDependencyGeneratePcm arm64_32 /Users/admin/builder/spi-builder-workspace/.derivedData/ModuleCache.noindex/_Builtin_float-BHCK2B2ROVBMZ91A2DBMECP3P.pcm
SwiftExplicitDependencyGeneratePcm arm64 /Users/admin/builder/spi-builder-workspace/.derivedData/ModuleCache.noindex/_Builtin_stdarg-30UO0JZ3BZL3UJMXZ8NY7BG2N.pcm
SwiftExplicitDependencyGeneratePcm armv7k /Users/admin/builder/spi-builder-workspace/.derivedData/ModuleCache.noindex/_Builtin_limits-1Q4YKVDE3QBNIZPTETVUW17T3.pcm
SwiftExplicitDependencyGeneratePcm armv7k /Users/admin/builder/spi-builder-workspace/.derivedData/ModuleCache.noindex/_DarwinFoundation2-DV4KEW6PHTUWM9UDXVAKG4PHY.pcm
SwiftExplicitDependencyGeneratePcm arm64 /Users/admin/builder/spi-builder-workspace/.derivedData/ModuleCache.noindex/_DarwinFoundation1-227SNA2OQZAYY2EILOQ4OZWWI.pcm
SwiftExplicitDependencyGeneratePcm arm64_32 /Users/admin/builder/spi-builder-workspace/.derivedData/ModuleCache.noindex/_Builtin_limits-6HWMASE09GWITZD3QJ535CHWD.pcm
SwiftExplicitDependencyGeneratePcm arm64_32 /Users/admin/builder/spi-builder-workspace/.derivedData/ModuleCache.noindex/_DarwinFoundation2-9GSSHE2BT8BHCO2O1DDAW0NKJ.pcm
SwiftExplicitDependencyGeneratePcm arm64 /Users/admin/builder/spi-builder-workspace/.derivedData/ModuleCache.noindex/_DarwinFoundation2-AWB6S4FOQZ2F9R5HPQGPXLQM1.pcm
SwiftExplicitDependencyGeneratePcm arm64 /Users/admin/builder/spi-builder-workspace/.derivedData/ModuleCache.noindex/_Builtin_limits-BZZBOTGJQZJ01O3UJXM4TUTUN.pcm
SwiftExplicitDependencyGeneratePcm armv7k /Users/admin/builder/spi-builder-workspace/.derivedData/ModuleCache.noindex/sys_types-A40CZMME078D7VG6FJ9GFAUT1.pcm
SwiftExplicitDependencyGeneratePcm armv7k /Users/admin/builder/spi-builder-workspace/.derivedData/ModuleCache.noindex/_Builtin_stdint-4UJPCK27WLNAZ5JG8BDJ95Y7T.pcm
SwiftExplicitDependencyGeneratePcm armv7k /Users/admin/builder/spi-builder-workspace/.derivedData/ModuleCache.noindex/_Builtin_tgmath-BR8NO7JN4VG2HSGONWEURT7Q9.pcm
SwiftExplicitDependencyGeneratePcm arm64_32 /Users/admin/builder/spi-builder-workspace/.derivedData/ModuleCache.noindex/_Builtin_stdint-A5GOZXANJIP53GSEWN310YNNY.pcm
SwiftExplicitDependencyGeneratePcm arm64_32 /Users/admin/builder/spi-builder-workspace/.derivedData/ModuleCache.noindex/sys_types-7PPBQQMP9WOPXZY9PV3O6HWOJ.pcm
SwiftExplicitDependencyGeneratePcm arm64_32 /Users/admin/builder/spi-builder-workspace/.derivedData/ModuleCache.noindex/_Builtin_tgmath-CLWIHJL0E1YNNKOM2DFNKXLSN.pcm
SwiftExplicitDependencyGeneratePcm armv7k /Users/admin/builder/spi-builder-workspace/.derivedData/ModuleCache.noindex/_Builtin_stdatomic-32ECWZ72BOH2QGMSIB20D4WTK.pcm
SwiftExplicitDependencyGeneratePcm armv7k /Users/admin/builder/spi-builder-workspace/.derivedData/ModuleCache.noindex/_Builtin_intrinsics-SQ43A7BTU3D7D8JJURJJQW3X.pcm
SwiftExplicitDependencyGeneratePcm armv7k /Users/admin/builder/spi-builder-workspace/.derivedData/ModuleCache.noindex/_DarwinFoundation3-EBKFW3VQLO7I73Z6JO2EF7K9T.pcm
SwiftExplicitDependencyGeneratePcm arm64_32 /Users/admin/builder/spi-builder-workspace/.derivedData/ModuleCache.noindex/_DarwinFoundation3-86NTIOJMBO32S9WDN64L1LC6L.pcm
SwiftExplicitDependencyGeneratePcm arm64_32 /Users/admin/builder/spi-builder-workspace/.derivedData/ModuleCache.noindex/_Builtin_stdatomic-5U5ITJZ0O5PNT4FRT0VIAZW0S.pcm
SwiftExplicitDependencyGeneratePcm arm64_32 /Users/admin/builder/spi-builder-workspace/.derivedData/ModuleCache.noindex/_Builtin_intrinsics-3R0A4SIF6N104KFIOXPA025L7.pcm
SwiftExplicitDependencyGeneratePcm arm64 /Users/admin/builder/spi-builder-workspace/.derivedData/ModuleCache.noindex/_Builtin_stdint-ZZ44XETV7JCUHQPW9HSEGAW0.pcm
SwiftExplicitDependencyGeneratePcm arm64 /Users/admin/builder/spi-builder-workspace/.derivedData/ModuleCache.noindex/_Builtin_tgmath-52S12NPAFZC0JNVGTPT0KX4GS.pcm
SwiftExplicitDependencyGeneratePcm arm64 /Users/admin/builder/spi-builder-workspace/.derivedData/ModuleCache.noindex/sys_types-44TDJXBNABH6YIBIB1L6UJG2A.pcm
SwiftExplicitDependencyGeneratePcm arm64 /Users/admin/builder/spi-builder-workspace/.derivedData/ModuleCache.noindex/_DarwinFoundation3-DG1LCR8UJOFMAEKZ4QOY33HZX.pcm
SwiftExplicitDependencyGeneratePcm arm64 /Users/admin/builder/spi-builder-workspace/.derivedData/ModuleCache.noindex/_Builtin_stdatomic-4FPXSGJ3807R0A98B7RJ7KO3P.pcm
SwiftExplicitDependencyGeneratePcm arm64 /Users/admin/builder/spi-builder-workspace/.derivedData/ModuleCache.noindex/_Builtin_intrinsics-9F51UDMJGCH2YPDOXH60OPSS9.pcm
SwiftExplicitDependencyGeneratePcm armv7k /Users/admin/builder/spi-builder-workspace/.derivedData/ModuleCache.noindex/_Builtin_inttypes-8B9XQ9DWPY04NISEJWZ2RW2L6.pcm
SwiftExplicitDependencyGeneratePcm arm64_32 /Users/admin/builder/spi-builder-workspace/.derivedData/ModuleCache.noindex/_Builtin_inttypes-IK3B20A93OGK2P0MVMMPHD49.pcm
SwiftExplicitDependencyGeneratePcm armv7k /Users/admin/builder/spi-builder-workspace/.derivedData/ModuleCache.noindex/Darwin-9PFSQ7LZ2AK01ELYMABKS3GL8.pcm
SwiftExplicitDependencyGeneratePcm armv7k /Users/admin/builder/spi-builder-workspace/.derivedData/ModuleCache.noindex/simd-JDGST7QYHRT2XM5C6FU0I24Q.pcm
SwiftExplicitDependencyGeneratePcm arm64_32 /Users/admin/builder/spi-builder-workspace/.derivedData/ModuleCache.noindex/Darwin-7EOY6B0FYD3NKAS35RMGXP5LK.pcm
SwiftExplicitDependencyGeneratePcm arm64 /Users/admin/builder/spi-builder-workspace/.derivedData/ModuleCache.noindex/_Builtin_inttypes-9RH3ZGRF7L0UFIAA3RWNP3416.pcm
SwiftExplicitDependencyGeneratePcm arm64 /Users/admin/builder/spi-builder-workspace/.derivedData/ModuleCache.noindex/Darwin-16I5UGYPDATFKFISIN5OQGOVM.pcm
SwiftExplicitDependencyGeneratePcm arm64_32 /Users/admin/builder/spi-builder-workspace/.derivedData/ModuleCache.noindex/simd-1DNCP4NJ53D3H5JQJ5PMHIZO9.pcm
SwiftExplicitDependencyGeneratePcm arm64 /Users/admin/builder/spi-builder-workspace/.derivedData/ModuleCache.noindex/simd-4FRD9SUHM7EOTN524JYBMDL9S.pcm
SwiftExplicitDependencyGeneratePcm armv7k /Users/admin/builder/spi-builder-workspace/.derivedData/ModuleCache.noindex/MachO-5AHWAIT8GJXLH4ACAZ0WGYDC9.pcm
SwiftExplicitDependencyGeneratePcm armv7k /Users/admin/builder/spi-builder-workspace/.derivedData/ModuleCache.noindex/ObjectiveC-E0ZDS99EDVATS2F85SO1ROOW3.pcm
SwiftExplicitDependencyGeneratePcm arm64_32 /Users/admin/builder/spi-builder-workspace/.derivedData/ModuleCache.noindex/MachO-AZNX121YHV7UPYG4ADKN4OZAW.pcm
SwiftExplicitDependencyGeneratePcm arm64_32 /Users/admin/builder/spi-builder-workspace/.derivedData/ModuleCache.noindex/ObjectiveC-MY1YPPP48ZKLRCFMRI5GO9R.pcm
SwiftExplicitDependencyGeneratePcm armv7k /Users/admin/builder/spi-builder-workspace/.derivedData/ModuleCache.noindex/os_object-18PXU9H3WOD68TY6MAL1ZLNP9.pcm
SwiftExplicitDependencyGeneratePcm arm64 /Users/admin/builder/spi-builder-workspace/.derivedData/ModuleCache.noindex/MachO-5ONAD48ZCP7NZVK80MAC9ZP1V.pcm
SwiftExplicitDependencyGeneratePcm arm64 /Users/admin/builder/spi-builder-workspace/.derivedData/ModuleCache.noindex/ObjectiveC-8UETU9VIN6TLHAJS803FFNIGA.pcm
SwiftExplicitDependencyGeneratePcm armv7k /Users/admin/builder/spi-builder-workspace/.derivedData/ModuleCache.noindex/Spatial-2F6C1JI8GXHD7TTTYQP4B26ZH.pcm
SwiftExplicitDependencyGeneratePcm arm64_32 /Users/admin/builder/spi-builder-workspace/.derivedData/ModuleCache.noindex/os_object-E0CVHB9RT7I5F6HKP5IXA5JJN.pcm
SwiftExplicitDependencyGeneratePcm armv7k /Users/admin/builder/spi-builder-workspace/.derivedData/ModuleCache.noindex/os_workgroup-BVJ42AVMIW7DCL8N126TAMQWH.pcm
SwiftExplicitDependencyGeneratePcm arm64 /Users/admin/builder/spi-builder-workspace/.derivedData/ModuleCache.noindex/os_object-DJJBVMOS2UUUVOJOUK4V18IDX.pcm
SwiftExplicitDependencyGeneratePcm arm64_32 /Users/admin/builder/spi-builder-workspace/.derivedData/ModuleCache.noindex/os_workgroup-3O8OVEKEFKDEG3VCH3RTEZ94B.pcm
SwiftExplicitDependencyGeneratePcm armv7k /Users/admin/builder/spi-builder-workspace/.derivedData/ModuleCache.noindex/Dispatch-E47IY0S0HQME5O93LIR5ULUJ3.pcm
SwiftExplicitDependencyGeneratePcm arm64_32 /Users/admin/builder/spi-builder-workspace/.derivedData/ModuleCache.noindex/Spatial-85VKLU4REP851J02ULVCRFSGO.pcm
SwiftExplicitDependencyGeneratePcm arm64 /Users/admin/builder/spi-builder-workspace/.derivedData/ModuleCache.noindex/os_workgroup-B77XM89IDYHHAHLL7HI5JSCBX.pcm
SwiftExplicitDependencyGeneratePcm arm64_32 /Users/admin/builder/spi-builder-workspace/.derivedData/ModuleCache.noindex/Dispatch-1FJ1MI5CEQAKDW1VL40ZXGEZX.pcm
SwiftExplicitDependencyGeneratePcm armv7k /Users/admin/builder/spi-builder-workspace/.derivedData/ModuleCache.noindex/CoreFoundation-7GHF7X5P6ZD825PTKSHFN9ZI4.pcm
SwiftExplicitDependencyGeneratePcm armv7k /Users/admin/builder/spi-builder-workspace/.derivedData/ModuleCache.noindex/XPC-9DTZ8AF9XTWF42TLLJ49FJTST.pcm
SwiftExplicitDependencyGeneratePcm arm64 /Users/admin/builder/spi-builder-workspace/.derivedData/ModuleCache.noindex/Spatial-9HRB93N5VW6PYLGE8T0EFPCBN.pcm
SwiftExplicitDependencyGeneratePcm arm64 /Users/admin/builder/spi-builder-workspace/.derivedData/ModuleCache.noindex/Dispatch-VJEF7PUQ9LH822JVM5XG6MK1.pcm
SwiftExplicitDependencyGeneratePcm arm64_32 /Users/admin/builder/spi-builder-workspace/.derivedData/ModuleCache.noindex/XPC-OZIOUFM4EDBR3SQ2IFY2FZJ3.pcm
SwiftExplicitDependencyGeneratePcm arm64_32 /Users/admin/builder/spi-builder-workspace/.derivedData/ModuleCache.noindex/CoreFoundation-2WN2GWDD3XFIB7PUN7AGTCXVV.pcm
SwiftExplicitDependencyGeneratePcm armv7k /Users/admin/builder/spi-builder-workspace/.derivedData/ModuleCache.noindex/os-99ATW2U7G5N5ZUXXLC3T7KSD7.pcm
SwiftExplicitDependencyGeneratePcm arm64 /Users/admin/builder/spi-builder-workspace/.derivedData/ModuleCache.noindex/CoreFoundation-DJJGOYJ4YNQ64CSPYCZOO8QAP.pcm
SwiftExplicitDependencyGeneratePcm arm64 /Users/admin/builder/spi-builder-workspace/.derivedData/ModuleCache.noindex/XPC-BSDTMJV05ILJA5FSICCCI2OL5.pcm
SwiftExplicitDependencyGeneratePcm armv7k /Users/admin/builder/spi-builder-workspace/.derivedData/ModuleCache.noindex/CoreGraphics-4Q20BONXRDLEUPQMDZAPAEFTA.pcm
SwiftExplicitDependencyGeneratePcm armv7k /Users/admin/builder/spi-builder-workspace/.derivedData/ModuleCache.noindex/Security-7SE760WZ2OEJ7HFR5VXFCZI9G.pcm
SwiftExplicitDependencyGeneratePcm arm64_32 /Users/admin/builder/spi-builder-workspace/.derivedData/ModuleCache.noindex/os-AZZ732J76QGJY33B6R5MIFKZA.pcm
SwiftExplicitDependencyGeneratePcm arm64_32 /Users/admin/builder/spi-builder-workspace/.derivedData/ModuleCache.noindex/CoreGraphics-F524NRJVGDPKYF3PEKGNT518N.pcm
SwiftExplicitDependencyGeneratePcm arm64_32 /Users/admin/builder/spi-builder-workspace/.derivedData/ModuleCache.noindex/Security-7N2K583MEDYU75HOC5BPDGNTH.pcm
SwiftExplicitDependencyGeneratePcm arm64 /Users/admin/builder/spi-builder-workspace/.derivedData/ModuleCache.noindex/os-7D8S9K5739H2BVJ8T4L2OULD4.pcm
SwiftExplicitDependencyGeneratePcm armv7k /Users/admin/builder/spi-builder-workspace/.derivedData/ModuleCache.noindex/Foundation-EPSSWBF5ZPDOEQV0Z1H7HHJ2F.pcm
SwiftExplicitDependencyGeneratePcm armv7k /Users/admin/builder/spi-builder-workspace/.derivedData/ModuleCache.noindex/CoreText-A4VQNJC2C6N2YU8UC8HRQFWX7.pcm
SwiftExplicitDependencyGeneratePcm armv7k /Users/admin/builder/spi-builder-workspace/.derivedData/ModuleCache.noindex/CoreVideo-2PTN1YIYV7GU2CT9JDP5HZ84J.pcm
SwiftExplicitDependencyGeneratePcm arm64 /Users/admin/builder/spi-builder-workspace/.derivedData/ModuleCache.noindex/CoreGraphics-3MA5R5UK6GBUOC4P4OFE5VS19.pcm
SwiftExplicitDependencyGeneratePcm arm64 /Users/admin/builder/spi-builder-workspace/.derivedData/ModuleCache.noindex/Security-AURWBFXY7JXCFHSY4JJOY36RH.pcm
SwiftExplicitDependencyGeneratePcm arm64_32 /Users/admin/builder/spi-builder-workspace/.derivedData/ModuleCache.noindex/Foundation-83JWXXASQB5K8FJA2ZIQES3E6.pcm
SwiftExplicitDependencyGeneratePcm arm64_32 /Users/admin/builder/spi-builder-workspace/.derivedData/ModuleCache.noindex/CoreText-79NY5LWZ8HPESJI0AO0MYLN5D.pcm
SwiftExplicitDependencyGeneratePcm arm64_32 /Users/admin/builder/spi-builder-workspace/.derivedData/ModuleCache.noindex/CoreVideo-7UOSE33Y508V1V3IPWM55SEZC.pcm
SwiftExplicitDependencyGeneratePcm arm64 /Users/admin/builder/spi-builder-workspace/.derivedData/ModuleCache.noindex/Foundation-EK2FWRD3ACYA8LSCWDBUAPYS5.pcm
SwiftExplicitDependencyGeneratePcm arm64 /Users/admin/builder/spi-builder-workspace/.derivedData/ModuleCache.noindex/CoreText-EYJRKUQ27WCB1HTRB56IBRY9B.pcm
SwiftExplicitDependencyGeneratePcm arm64 /Users/admin/builder/spi-builder-workspace/.derivedData/ModuleCache.noindex/CoreVideo-985TMIA44BSS94Q117Y6639D7.pcm
SwiftExplicitDependencyGeneratePcm armv7k /Users/admin/builder/spi-builder-workspace/.derivedData/ModuleCache.noindex/CoreTransferable-CXY0UEA4B9J08H0EEQXPNIKIJ.pcm
SwiftExplicitDependencyGeneratePcm armv7k /Users/admin/builder/spi-builder-workspace/.derivedData/ModuleCache.noindex/DataDetection-DUB5M90MZ6N494PBECDHCMZXX.pcm
SwiftExplicitDependencyGeneratePcm armv7k /Users/admin/builder/spi-builder-workspace/.derivedData/ModuleCache.noindex/Accessibility-5NDLT1NK1CT8W5DEJJL3D2Y53.pcm
SwiftExplicitDependencyGeneratePcm armv7k /Users/admin/builder/spi-builder-workspace/.derivedData/ModuleCache.noindex/UIUtilities-21A195FL0ALQ74WSVKQ9WWTO1.pcm
SwiftExplicitDependencyGeneratePcm armv7k /Users/admin/builder/spi-builder-workspace/.derivedData/ModuleCache.noindex/Symbols-DRICWJL55WMAR41Y2XZDHKTX8.pcm
SwiftExplicitDependencyGeneratePcm armv7k /Users/admin/builder/spi-builder-workspace/.derivedData/ModuleCache.noindex/QuartzCore-A36590MAARDDONY7HJ514X72O.pcm
SwiftExplicitDependencyGeneratePcm armv7k /Users/admin/builder/spi-builder-workspace/.derivedData/ModuleCache.noindex/UserNotifications-9ZIIM2EAGVHQM48XPIPXYG5QL.pcm
SwiftExplicitDependencyGeneratePcm armv7k /Users/admin/builder/spi-builder-workspace/.derivedData/ModuleCache.noindex/UniformTypeIdentifiers-8VMTNDED00UJYJIL2KOGDB4CP.pcm
SwiftExplicitDependencyGeneratePcm armv7k /Users/admin/builder/spi-builder-workspace/.derivedData/ModuleCache.noindex/OSLog-B6IE36ZR3K4ZDO18PV6KIK4EC.pcm
SwiftExplicitDependencyGeneratePcm arm64_32 /Users/admin/builder/spi-builder-workspace/.derivedData/ModuleCache.noindex/CoreTransferable-6PBL3PO6Z26Q2BWB0QQ5I7VZX.pcm
SwiftExplicitDependencyGeneratePcm arm64_32 /Users/admin/builder/spi-builder-workspace/.derivedData/ModuleCache.noindex/QuartzCore-12USPEGADCHTKDTUZCOAXAM63.pcm
SwiftExplicitDependencyGeneratePcm arm64_32 /Users/admin/builder/spi-builder-workspace/.derivedData/ModuleCache.noindex/UserNotifications-4FDK30O6696DXAYXRVALE4S01.pcm
SwiftExplicitDependencyGeneratePcm arm64_32 /Users/admin/builder/spi-builder-workspace/.derivedData/ModuleCache.noindex/Accessibility-17K8378OMR05GTGTUM9VDIHIV.pcm
SwiftExplicitDependencyGeneratePcm arm64_32 /Users/admin/builder/spi-builder-workspace/.derivedData/ModuleCache.noindex/UniformTypeIdentifiers-DXPJZXQJE91T5VU8IBTRGQ22W.pcm
SwiftExplicitDependencyGeneratePcm arm64_32 /Users/admin/builder/spi-builder-workspace/.derivedData/ModuleCache.noindex/UIUtilities-E19SAMDRKGYT98T5FC7RGOWDF.pcm
SwiftExplicitDependencyGeneratePcm arm64_32 /Users/admin/builder/spi-builder-workspace/.derivedData/ModuleCache.noindex/DataDetection-660BRTUFP46NFLQACAZMXQDZB.pcm
SwiftExplicitDependencyGeneratePcm arm64_32 /Users/admin/builder/spi-builder-workspace/.derivedData/ModuleCache.noindex/Symbols-5HQJBE5PYI2IPZ7PAHAX63AGK.pcm
SwiftExplicitDependencyGeneratePcm armv7k /Users/admin/builder/spi-builder-workspace/.derivedData/ModuleCache.noindex/UIKit-366AOZ0HZFTSGBQLZEBENHO6K.pcm
SwiftExplicitDependencyGeneratePcm armv7k /Users/admin/builder/spi-builder-workspace/.derivedData/ModuleCache.noindex/SwiftUICore-2O7CH8TRNGIOERLHAYA5PR5HT.pcm
SwiftExplicitDependencyGeneratePcm arm64_32 /Users/admin/builder/spi-builder-workspace/.derivedData/ModuleCache.noindex/OSLog-15NEI8TBYNL7NGXG5C7ESCAFJ.pcm
SwiftExplicitDependencyGeneratePcm arm64 /Users/admin/builder/spi-builder-workspace/.derivedData/ModuleCache.noindex/CoreTransferable-A9D9L35UIWR6GL3GRYS68ZDXA.pcm
SwiftExplicitDependencyGeneratePcm arm64 /Users/admin/builder/spi-builder-workspace/.derivedData/ModuleCache.noindex/UniformTypeIdentifiers-E4TOLLH4NNWUYTNS6P5YENY2U.pcm
SwiftExplicitDependencyGeneratePcm arm64 /Users/admin/builder/spi-builder-workspace/.derivedData/ModuleCache.noindex/Accessibility-6NVQ8KS1ZT8WH1VMRAAMMHEW6.pcm
SwiftExplicitDependencyGeneratePcm arm64 /Users/admin/builder/spi-builder-workspace/.derivedData/ModuleCache.noindex/UIUtilities-1QO3USC2GRAXGF6SE42B3HQP1.pcm
SwiftExplicitDependencyGeneratePcm arm64 /Users/admin/builder/spi-builder-workspace/.derivedData/ModuleCache.noindex/QuartzCore-576A9DFY3Z78V6WR7Q5C98BU1.pcm
SwiftExplicitDependencyGeneratePcm arm64 /Users/admin/builder/spi-builder-workspace/.derivedData/ModuleCache.noindex/Symbols-8BE6DNRL8LFORV399JKUZ6RM1.pcm
SwiftExplicitDependencyGeneratePcm arm64 /Users/admin/builder/spi-builder-workspace/.derivedData/ModuleCache.noindex/UserNotifications-76B3ZCYYCXK8MRR2RYV6828AT.pcm
SwiftExplicitDependencyGeneratePcm arm64_32 /Users/admin/builder/spi-builder-workspace/.derivedData/ModuleCache.noindex/UIKit-6S0NXV803QSHD7MRFKRAJT7GD.pcm
SwiftExplicitDependencyGeneratePcm arm64 /Users/admin/builder/spi-builder-workspace/.derivedData/ModuleCache.noindex/OSLog-BGTA5CIZOXOV3QB3D2PVT5DN0.pcm
SwiftExplicitDependencyGeneratePcm arm64 /Users/admin/builder/spi-builder-workspace/.derivedData/ModuleCache.noindex/DataDetection-3EK58L9949CR2MZEX1ZGTH50R.pcm
SwiftExplicitDependencyGeneratePcm arm64_32 /Users/admin/builder/spi-builder-workspace/.derivedData/ModuleCache.noindex/SwiftUICore-7GKJV7A5WP0EZL149SPH61M31.pcm
SwiftExplicitDependencyGeneratePcm arm64 /Users/admin/builder/spi-builder-workspace/.derivedData/ModuleCache.noindex/UIKit-C5I9NHZ0ZNO9H8865LVB1667Z.pcm
SwiftExplicitDependencyGeneratePcm arm64 /Users/admin/builder/spi-builder-workspace/.derivedData/ModuleCache.noindex/SwiftUICore-9LNO6LEESD9O6WBBN6EGBLDNN.pcm
SwiftCompile normal armv7k Compiling\ BottomSheetAnimatedTransition.swift /Users/admin/builder/spi-builder-workspace/Sources/OverlayContainer/Classes/Presentation/BottomSheetAnimatedTransition.swift (in target 'OverlayContainer' from project 'overlay-container')
SwiftCompile normal armv7k /Users/admin/builder/spi-builder-workspace/Sources/OverlayContainer/Classes/Presentation/BottomSheetAnimatedTransition.swift (in target 'OverlayContainer' from project 'overlay-container')
    cd /Users/admin/builder/spi-builder-workspace/.swiftpm/xcode

SwiftCompile normal armv7k Compiling\ GrabberView.swift /Users/admin/builder/spi-builder-workspace/Sources/OverlayContainer/Classes/Presentation/GrabberView.swift (in target 'OverlayContainer' from project 'overlay-container')
SwiftCompile normal armv7k /Users/admin/builder/spi-builder-workspace/Sources/OverlayContainer/Classes/Presentation/GrabberView.swift (in target 'OverlayContainer' from project 'overlay-container')
    cd /Users/admin/builder/spi-builder-workspace/.swiftpm/xcode

SwiftEmitModule normal armv7k Emitting\ module\ for\ OverlayContainer (in target 'OverlayContainer' from project 'overlay-container')
Failed frontend command:
/Applications/Xcode-26.5.0.app/Contents/Developer/Toolchains/XcodeDefault.xctoolchain/usr/bin/swift-frontend -frontend -emit-module -experimental-skip-non-inlinable-function-bodies-without-types /Users/admin/builder/spi-builder-workspace/Sources/OverlayContainer/Classes/Core/Model/Configuration.swift /Users/admin/builder/spi-builder-workspace/Sources/OverlayContainer/Classes/OverlayContainer.swift /Users/admin/builder/spi-builder-workspace/Sources/OverlayContainer/Classes/Presentation/BottomSheetAnimatedTransition.swift /Users/admin/builder/spi-builder-workspace/Sources/OverlayContainer/Classes/Presentation/BottomSheetAnimatedTransitionDriver.swift /Users/admin/builder/spi-builder-workspace/Sources/OverlayContainer/Classes/Presentation/BottomSheetPresentationController.swift /Users/admin/builder/spi-builder-workspace/Sources/OverlayContainer/Classes/Presentation/GrabberView.swift -target armv7k-apple-watchos5.0 -load-resolved-plugin /Applications/Xcode-26.5.0.app/Contents/Developer/Platforms/WatchOS.platform/Developer/usr/lib/swift/host/plugins/libFoundationMacros.dylib\#/Applications/Xcode-26.5.0.app/Contents/Developer/Platforms/WatchOS.platform/Developer/usr/bin/swift-plugin-server\#FoundationMacros -load-resolved-plugin /Applications/Xcode-26.5.0.app/Contents/Developer/Platforms/WatchOS.platform/Developer/usr/lib/swift/host/plugins/libObservationMacros.dylib\#/Applications/Xcode-26.5.0.app/Contents/Developer/Platforms/WatchOS.platform/Developer/usr/bin/swift-plugin-server\#ObservationMacros -load-resolved-plugin /Applications/Xcode-26.5.0.app/Contents/Developer/Platforms/WatchOS.platform/Developer/usr/lib/swift/host/plugins/libSwiftMacros.dylib\#/Applications/Xcode-26.5.0.app/Contents/Developer/Platforms/WatchOS.platform/Developer/usr/bin/swift-plugin-server\#SwiftMacros -load-resolved-plugin /Applications/Xcode-26.5.0.app/Contents/Developer/Platforms/WatchOS.platform/Developer/usr/lib/swift/host/plugins/libSwiftUIMacros.dylib\#/Applications/Xcode-26.5.0.app/Contents/Developer/Platforms/WatchOS.platform/Developer/usr/bin/swift-plugin-server\#SwiftUIMacros -disable-implicit-swift-modules -Xcc -fno-implicit-modules -Xcc -fno-implicit-module-maps -explicit-swift-module-map-file /Users/admin/builder/spi-builder-workspace/.derivedData/Build/Intermediates.noindex/overlay-container.build/Debug-watchos/OverlayContainer.build/Objects-normal/armv7k/OverlayContainer-dependencies-1.json -enable-objc-interop -sdk /Applications/Xcode-26.5.0.app/Contents/Developer/Platforms/WatchOS.platform/Developer/SDKs/WatchOS26.5.sdk -I /Users/admin/builder/spi-builder-workspace/.derivedData/Build/Products/Debug-watchos -Isystem /Applications/Xcode-26.5.0.app/Contents/Developer/Platforms/WatchOS.platform/Developer/usr/lib -F /Users/admin/builder/spi-builder-workspace/.derivedData/Build/Products/Debug-watchos -F /Applications/Xcode-26.5.0.app/Contents/Developer/Platforms/WatchOS.platform/Developer/Library/Frameworks -F /Applications/Xcode-26.5.0.app/Contents/Developer/Platforms/WatchOS.platform/Developer/SDKs/WatchOS26.5.sdk/Developer/Library/Frameworks -no-color-diagnostics -Xcc -fno-color-diagnostics -enable-testing -g -debug-info-format\=dwarf -dwarf-version\=4 -module-cache-path /Users/admin/builder/spi-builder-workspace/.derivedData/Build/Intermediates.noindex/SwiftExplicitPrecompiledModules -profile-generate -profile-coverage-mapping -swift-version 6 -Onone -D SWIFT_PACKAGE -D DEBUG -D SWIFT_MODULE_RESOURCE_BUNDLE_UNAVAILABLE -D Xcode -serialize-debugging-options -const-gather-protocols-file /Users/admin/builder/spi-builder-workspace/.derivedData/Build/Intermediates.noindex/overlay-container.build/Debug-watchos/OverlayContainer.build/Objects-normal/armv7k/OverlayContainer_const_extract_protocols.json -enable-experimental-feature DebugDescriptionMacro -empty-abi-descriptor -validate-clang-modules-once -clang-build-session-file /Users/admin/builder/spi-builder-workspace/.derivedData/ModuleCache.noindex/Session.modulevalidation -Xcc -working-directory -Xcc /Users/admin/builder/spi-builder-workspace/.swiftpm/xcode -enable-anonymous-context-mangled-names -file-compilation-dir /Users/admin/builder/spi-builder-workspace/.swiftpm/xcode -Xcc -D_LIBCPP_HARDENING_MODE\=_LIBCPP_HARDENING_MODE_DEBUG -Xcc -ivfsstatcache -Xcc /Users/admin/builder/spi-builder-workspace/.derivedData/SDKStatCaches.noindex/watchos26.5-23T570-688ef53f1462e2c8f657fdc38a81448f7931b973dfc65d9472806dbbc3af9379.sdkstatcache -Xcc -I/Users/admin/builder/spi-builder-workspace/.derivedData/Build/Intermediates.noindex/overlay-container.build/Debug-watchos/OverlayContainer.build/swift-overrides.hmap -Xcc -I/Users/admin/builder/spi-builder-workspace/.derivedData/Build/Products/Debug-watchos/include -Xcc -I/Users/admin/builder/spi-builder-workspace/.derivedData/Build/Intermediates.noindex/overlay-container.build/Debug-watchos/OverlayContainer.build/DerivedSources-normal/armv7k -Xcc -I/Users/admin/builder/spi-builder-workspace/.derivedData/Build/Intermediates.noindex/overlay-container.build/Debug-watchos/OverlayContainer.build/DerivedSources/armv7k -Xcc -I/Users/admin/builder/spi-builder-workspace/.derivedData/Build/Intermediates.noindex/overlay-container.build/Debug-watchos/OverlayContainer.build/DerivedSources -Xcc -DSWIFT_PACKAGE -Xcc -DDEBUG\=1 -no-auto-bridging-header-chaining -module-name OverlayContainer -package-name spi_builder_workspace -frontend-parseable-output -disable-clang-spi -clang-target armv7k-apple-watchos26.5 -target-sdk-version 26.5 -target-sdk-name watchos26.5 -in-process-plugin-server-path /Applications/Xcode-26.5.0.app/Contents/Developer/Toolchains/XcodeDefault.xctoolchain/usr/lib/swift/host/libSwiftInProcPluginServer.dylib -emit-module-doc-path /Users/admin/builder/spi-builder-workspace/.derivedData/Build/Intermediates.noindex/overlay-container.build/Debug-watchos/OverlayContainer.build/Objects-normal/armv7k/OverlayContainer.swiftdoc -emit-module-source-info-path /Users/admin/builder/spi-builder-workspace/.derivedData/Build/Intermediates.noindex/overlay-container.build/Debug-watchos/OverlayContainer.build/Objects-normal/armv7k/OverlayContainer.swiftsourceinfo -emit-objc-header-path /Users/admin/builder/spi-builder-workspace/.derivedData/Build/Intermediates.noindex/overlay-container.build/Debug-watchos/OverlayContainer.build/Objects-normal/armv7k/OverlayContainer-Swift.h -serialize-diagnostics-path /Users/admin/builder/spi-builder-workspace/.derivedData/Build/Intermediates.noindex/overlay-container.build/Debug-watchos/OverlayContainer.build/Objects-normal/armv7k/OverlayContainer-primary-emit-module.dia -emit-dependencies-path /Users/admin/builder/spi-builder-workspace/.derivedData/Build/Intermediates.noindex/overlay-container.build/Debug-watchos/OverlayContainer.build/Objects-normal/armv7k/OverlayContainer-primary-emit-module.d -o /Users/admin/builder/spi-builder-workspace/.derivedData/Build/Intermediates.noindex/overlay-container.build/Debug-watchos/OverlayContainer.build/Objects-normal/armv7k/OverlayContainer.swiftmodule -emit-abi-descriptor-path /Users/admin/builder/spi-builder-workspace/.derivedData/Build/Intermediates.noindex/overlay-container.build/Debug-watchos/OverlayContainer.build/Objects-normal/armv7k/OverlayContainer.abi.json
EmitSwiftModule normal armv7k (in target 'OverlayContainer' from project 'overlay-container')
    cd /Users/admin/builder/spi-builder-workspace/.swiftpm/xcode

/Users/admin/builder/spi-builder-workspace/Sources/OverlayContainer/Classes/Core/Model/Configuration.swift:35:31: error: 'CACornerMask' is unavailable in watchOS
    public let maskedCorners: CACornerMask
                              ^~~~~~~~~~~~
/Applications/Xcode-26.5.0.app/Contents/Developer/Platforms/WatchOS.platform/Developer/SDKs/WatchOS26.5.sdk/System/Library/Frameworks/QuartzCore.framework/Headers/CALayer.h:106:33: note: 'CACornerMask' has been explicitly marked unavailable here
typedef NS_OPTIONS (NSUInteger, CACornerMask)
                                ^
/Users/admin/builder/spi-builder-workspace/Sources/OverlayContainer/Classes/Core/Model/Configuration.swift:56:24: error: 'CACornerMask' is unavailable in watchOS
        maskedCorners: CACornerMask = [
                       ^~~~~~~~~~~~
/Applications/Xcode-26.5.0.app/Contents/Developer/Platforms/WatchOS.platform/Developer/SDKs/WatchOS26.5.sdk/System/Library/Frameworks/QuartzCore.framework/Headers/CALayer.h:106:33: note: 'CACornerMask' has been explicitly marked unavailable here
typedef NS_OPTIONS (NSUInteger, CACornerMask)
                                ^
/Users/admin/builder/spi-builder-workspace/Sources/OverlayContainer/Classes/OverlayContainer.swift:18:35: error: 'UIViewController' is unavailable in watchOS
    private let contentContainer: UIViewController
                                  ^~~~~~~~~~~~~~~~
/Applications/Xcode-26.5.0.app/Contents/Developer/Platforms/WatchOS.platform/Developer/SDKs/WatchOS26.5.sdk/System/Library/Frameworks/UIKit.framework/Headers/UIViewController.h:102:12: note: 'UIViewController' has been explicitly marked unavailable here
@interface UIViewController : UIResponder <NSCoding, UIAppearanceContainer, UITraitEnvironment, UIContentContainer, UIFocusEnvironment>
           ^
/Users/admin/builder/spi-builder-workspace/Sources/OverlayContainer/Classes/OverlayContainer.swift:20:31: error: 'UIView' is unavailable in watchOS
    private let contentView = UIView()
                              ^~~~~~
/Applications/Xcode-26.5.0.app/Contents/Developer/Platforms/WatchOS.platform/Developer/SDKs/WatchOS26.5.sdk/System/Library/Frameworks/UIKit.framework/Headers/UIView.h:148:12: note: 'UIView' has been explicitly marked unavailable here
@interface UIView : UIResponder <NSCoding, UIAppearance, UIAppearanceContainer, UIDynamicItem, UITraitEnvironment, UICoordinateSpace, UIFocusItem, UIFocusItemContainer, CALayerDelegate>
           ^
/Users/admin/builder/spi-builder-workspace/Sources/OverlayContainer/Classes/OverlayContainer.swift:20:31: error: 'init()' is unavailable in watchOS
    private let contentView = UIView()
                              ^~~~~~
/Applications/Xcode-26.5.0.app/Contents/Developer/Platforms/WatchOS.platform/Developer/SDKs/WatchOS26.5.sdk/System/Library/Frameworks/UIKit.framework/Headers/UIView.h:154:1: note: 'init()' has been explicitly marked unavailable here
- (instancetype)init API_AVAILABLE(ios(2.0), tvos(9.0), visionos(1.0)) API_UNAVAILABLE(watchos);
^
/Users/admin/builder/spi-builder-workspace/Sources/OverlayContainer/Classes/OverlayContainer.swift:22:31: error: 'init()' is unavailable in watchOS
    private let grabberView = GrabberView()
                              ^~~~~~~~~~~
/Applications/Xcode-26.5.0.app/Contents/Developer/Platforms/WatchOS.platform/Developer/SDKs/WatchOS26.5.sdk/System/Library/Frameworks/UIKit.framework/Headers/UIView.h:154:1: note: 'init()' has been explicitly marked unavailable here
- (instancetype)init API_AVAILABLE(ios(2.0), tvos(9.0), visionos(1.0)) API_UNAVAILABLE(watchos);
^
/Users/admin/builder/spi-builder-workspace/Sources/OverlayContainer/Classes/OverlayContainer.swift:40:35: error: 'UIViewController' is unavailable in watchOS
    public init(contentContainer: UIViewController, configuration: Configuration = .init()) {
                                  ^~~~~~~~~~~~~~~~
/Applications/Xcode-26.5.0.app/Contents/Developer/Platforms/WatchOS.platform/Developer/SDKs/WatchOS26.5.sdk/System/Library/Frameworks/UIKit.framework/Headers/UIViewController.h:102:12: note: 'UIViewController' has been explicitly marked unavailable here
@interface UIViewController : UIResponder <NSCoding, UIAppearanceContainer, UITraitEnvironment, UIContentContainer, UIFocusEnvironment>
           ^
/Users/admin/builder/spi-builder-workspace/Sources/OverlayContainer/Classes/OverlayContainer.swift:67:99: error: 'UIContentContainer' is unavailable in watchOS
    override public func systemLayoutFittingSizeDidChange(forChildContentContainer container: any UIContentContainer) {
                                                                                                  ^~~~~~~~~~~~~~~~~~
/Applications/Xcode-26.5.0.app/Contents/Developer/Platforms/WatchOS.platform/Developer/SDKs/WatchOS26.5.sdk/System/Library/Frameworks/UIKit.framework/Headers/UIViewController.h:62:11: note: 'UIContentContainer' has been explicitly marked unavailable here
@protocol UIContentContainer <NSObject>
          ^
/Users/admin/builder/spi-builder-workspace/Sources/OverlayContainer/Classes/OverlayContainer.swift:72:96: error: 'UIContentContainer' is unavailable in watchOS
    override public func preferredContentSizeDidChange(forChildContentContainer container: any UIContentContainer) {
                                                                                               ^~~~~~~~~~~~~~~~~~
/Applications/Xcode-26.5.0.app/Contents/Developer/Platforms/WatchOS.platform/Developer/SDKs/WatchOS26.5.sdk/System/Library/Frameworks/UIKit.framework/Headers/UIViewController.h:62:11: note: 'UIContentContainer' has been explicitly marked unavailable here
@protocol UIContentContainer <NSObject>
          ^
/Users/admin/builder/spi-builder-workspace/Sources/OverlayContainer/Classes/OverlayContainer.swift:83:41: error: 'UIViewController' is unavailable in watchOS
    public func present(viewController: UIViewController) {
                                        ^~~~~~~~~~~~~~~~
/Applications/Xcode-26.5.0.app/Contents/Developer/Platforms/WatchOS.platform/Developer/SDKs/WatchOS26.5.sdk/System/Library/Frameworks/UIKit.framework/Headers/UIViewController.h:102:12: note: 'UIViewController' has been explicitly marked unavailable here
@interface UIViewController : UIResponder <NSCoding, UIAppearanceContainer, UITraitEnvironment, UIContentContainer, UIFocusEnvironment>
           ^
/Users/admin/builder/spi-builder-workspace/Sources/OverlayContainer/Classes/OverlayContainer.swift:10:38: error: 'UIViewController' is unavailable in watchOS
public final class OverlayContainer: UIViewController {
                                     ^~~~~~~~~~~~~~~~
/Applications/Xcode-26.5.0.app/Contents/Developer/Platforms/WatchOS.platform/Developer/SDKs/WatchOS26.5.sdk/System/Library/Frameworks/UIKit.framework/Headers/UIViewController.h:102:12: note: 'UIViewController' has been explicitly marked unavailable here
@interface UIViewController : UIResponder <NSCoding, UIAppearanceContainer, UITraitEnvironment, UIContentContainer, UIFocusEnvironment>
           ^
/Users/admin/builder/spi-builder-workspace/Sources/OverlayContainer/Classes/OverlayContainer.swift:145:33: error: 'UIViewController' is unavailable in watchOS
        forPresented presented: UIViewController,
                                ^~~~~~~~~~~~~~~~
/Applications/Xcode-26.5.0.app/Contents/Developer/Platforms/WatchOS.platform/Developer/SDKs/WatchOS26.5.sdk/System/Library/Frameworks/UIKit.framework/Headers/UIViewController.h:102:12: note: 'UIViewController' has been explicitly marked unavailable here
@interface UIViewController : UIResponder <NSCoding, UIAppearanceContainer, UITraitEnvironment, UIContentContainer, UIFocusEnvironment>
           ^
/Users/admin/builder/spi-builder-workspace/Sources/OverlayContainer/Classes/OverlayContainer.swift:146:21: error: 'UIViewController' is unavailable in watchOS
        presenting: UIViewController?,
                    ^~~~~~~~~~~~~~~~
/Applications/Xcode-26.5.0.app/Contents/Developer/Platforms/WatchOS.platform/Developer/SDKs/WatchOS26.5.sdk/System/Library/Frameworks/UIKit.framework/Headers/UIViewController.h:102:12: note: 'UIViewController' has been explicitly marked unavailable here
@interface UIViewController : UIResponder <NSCoding, UIAppearanceContainer, UITraitEnvironment, UIContentContainer, UIFocusEnvironment>
           ^
/Users/admin/builder/spi-builder-workspace/Sources/OverlayContainer/Classes/OverlayContainer.swift:147:19: error: 'UIViewController' is unavailable in watchOS
        source _: UIViewController
                  ^~~~~~~~~~~~~~~~
/Applications/Xcode-26.5.0.app/Contents/Developer/Platforms/WatchOS.platform/Developer/SDKs/WatchOS26.5.sdk/System/Library/Frameworks/UIKit.framework/Headers/UIViewController.h:102:12: note: 'UIViewController' has been explicitly marked unavailable here
@interface UIViewController : UIResponder <NSCoding, UIAppearanceContainer, UITraitEnvironment, UIContentContainer, UIFocusEnvironment>
           ^
/Users/admin/builder/spi-builder-workspace/Sources/OverlayContainer/Classes/OverlayContainer.swift:148:10: error: 'UIPresentationController' is unavailable in watchOS
    ) -> UIPresentationController? {
         ^~~~~~~~~~~~~~~~~~~~~~~~
/Applications/Xcode-26.5.0.app/Contents/Developer/Platforms/WatchOS.platform/Developer/SDKs/WatchOS26.5.sdk/System/Library/Frameworks/UIKit.framework/Headers/UIPresentationController.h:65:12: note: 'UIPresentationController' has been explicitly marked unavailable here
@interface UIPresentationController : NSObject <UIAppearanceContainer, UITraitEnvironment, UIContentContainer, UIFocusEnvironment>
           ^
/Users/admin/builder/spi-builder-workspace/Sources/OverlayContainer/Classes/OverlayContainer.swift:158:25: error: 'UIViewController' is unavailable in watchOS
        forDismissed _: UIViewController
                        ^~~~~~~~~~~~~~~~
/Applications/Xcode-26.5.0.app/Contents/Developer/Platforms/WatchOS.platform/Developer/SDKs/WatchOS26.5.sdk/System/Library/Frameworks/UIKit.framework/Headers/UIViewController.h:102:12: note: 'UIViewController' has been explicitly marked unavailable here
@interface UIViewController : UIResponder <NSCoding, UIAppearanceContainer, UITraitEnvironment, UIContentContainer, UIFocusEnvironment>
           ^
/Users/admin/builder/spi-builder-workspace/Sources/OverlayContainer/Classes/OverlayContainer.swift:159:15: error: 'UIViewControllerAnimatedTransitioning' is unavailable in watchOS
    ) -> (any UIViewControllerAnimatedTransitioning)? {
              ^~~~~~~~~~~~~~~~~~~~~~~~~~~~~~~~~~~~~
/Applications/Xcode-26.5.0.app/Contents/Developer/Platforms/WatchOS.platform/Developer/SDKs/WatchOS26.5.sdk/System/Library/Frameworks/UIKit.framework/Headers/UIViewControllerTransitioning.h:137:11: note: 'UIViewControllerAnimatedTransitioning' has been explicitly marked unavailable here
@protocol UIViewControllerAnimatedTransitioning <NSObject>
          ^
/Users/admin/builder/spi-builder-workspace/Sources/OverlayContainer/Classes/OverlayContainer.swift:167:25: error: 'UIViewController' is unavailable in watchOS
        forPresented _: UIViewController,
                        ^~~~~~~~~~~~~~~~
/Applications/Xcode-26.5.0.app/Contents/Developer/Platforms/WatchOS.platform/Developer/SDKs/WatchOS26.5.sdk/System/Library/Frameworks/UIKit.framework/Headers/UIViewController.h:102:12: note: 'UIViewController' has been explicitly marked unavailable here
@interface UIViewController : UIResponder <NSCoding, UIAppearanceContainer, UITraitEnvironment, UIContentContainer, UIFocusEnvironment>
           ^
/Users/admin/builder/spi-builder-workspace/Sources/OverlayContainer/Classes/OverlayContainer.swift:168:23: error: 'UIViewController' is unavailable in watchOS
        presenting _: UIViewController,
                      ^~~~~~~~~~~~~~~~
/Applications/Xcode-26.5.0.app/Contents/Developer/Platforms/WatchOS.platform/Developer/SDKs/WatchOS26.5.sdk/System/Library/Frameworks/UIKit.framework/Headers/UIViewController.h:102:12: note: 'UIViewController' has been explicitly marked unavailable here
@interface UIViewController : UIResponder <NSCoding, UIAppearanceContainer, UITraitEnvironment, UIContentContainer, UIFocusEnvironment>
           ^
/Users/admin/builder/spi-builder-workspace/Sources/OverlayContainer/Classes/OverlayContainer.swift:169:19: error: 'UIViewController' is unavailable in watchOS
        source _: UIViewController
                  ^~~~~~~~~~~~~~~~
/Applications/Xcode-26.5.0.app/Contents/Developer/Platforms/WatchOS.platform/Developer/SDKs/WatchOS26.5.sdk/System/Library/Frameworks/UIKit.framework/Headers/UIViewController.h:102:12: note: 'UIViewController' has been explicitly marked unavailable here
@interface UIViewController : UIResponder <NSCoding, UIAppearanceContainer, UITraitEnvironment, UIContentContainer, UIFocusEnvironment>
           ^
/Users/admin/builder/spi-builder-workspace/Sources/OverlayContainer/Classes/OverlayContainer.swift:170:15: error: 'UIViewControllerAnimatedTransitioning' is unavailable in watchOS
    ) -> (any UIViewControllerAnimatedTransitioning)? {
              ^~~~~~~~~~~~~~~~~~~~~~~~~~~~~~~~~~~~~
/Applications/Xcode-26.5.0.app/Contents/Developer/Platforms/WatchOS.platform/Developer/SDKs/WatchOS26.5.sdk/System/Library/Frameworks/UIKit.framework/Headers/UIViewControllerTransitioning.h:137:11: note: 'UIViewControllerAnimatedTransitioning' has been explicitly marked unavailable here
@protocol UIViewControllerAnimatedTransitioning <NSObject>
          ^
/Users/admin/builder/spi-builder-workspace/Sources/OverlayContainer/Classes/OverlayContainer.swift:178:22: error: 'UIViewControllerAnimatedTransitioning' is unavailable in watchOS
        using _: any UIViewControllerAnimatedTransitioning
                     ^~~~~~~~~~~~~~~~~~~~~~~~~~~~~~~~~~~~~
/Applications/Xcode-26.5.0.app/Contents/Developer/Platforms/WatchOS.platform/Developer/SDKs/WatchOS26.5.sdk/System/Library/Frameworks/UIKit.framework/Headers/UIViewControllerTransitioning.h:137:11: note: 'UIViewControllerAnimatedTransitioning' has been explicitly marked unavailable here
@protocol UIViewControllerAnimatedTransitioning <NSObject>
          ^
/Users/admin/builder/spi-builder-workspace/Sources/OverlayContainer/Classes/OverlayContainer.swift:179:15: error: 'UIViewControllerInteractiveTransitioning' is unavailable in watchOS
    ) -> (any UIViewControllerInteractiveTransitioning)? {
              ^~~~~~~~~~~~~~~~~~~~~~~~~~~~~~~~~~~~~~~~
/Applications/Xcode-26.5.0.app/Contents/Developer/Platforms/WatchOS.platform/Developer/SDKs/WatchOS26.5.sdk/System/Library/Frameworks/UIKit.framework/Headers/UIViewControllerTransitioning.h:161:11: note: 'UIViewControllerInteractiveTransitioning' has been explicitly marked unavailable here
@protocol UIViewControllerInteractiveTransitioning <NSObject>
          ^
/Users/admin/builder/spi-builder-workspace/Sources/OverlayContainer/Classes/OverlayContainer.swift:143:29: error: 'UIViewControllerTransitioningDelegate' is unavailable in watchOS
extension OverlayContainer: UIViewControllerTransitioningDelegate {
                            ^~~~~~~~~~~~~~~~~~~~~~~~~~~~~~~~~~~~~
/Applications/Xcode-26.5.0.app/Contents/Developer/Platforms/WatchOS.platform/Developer/SDKs/WatchOS26.5.sdk/System/Library/Frameworks/UIKit.framework/Headers/UIViewControllerTransitioning.h:180:11: note: 'UIViewControllerTransitioningDelegate' has been explicitly marked unavailable here
@protocol UIViewControllerTransitioningDelegate <NSObject>
          ^
/Users/admin/builder/spi-builder-workspace/Sources/OverlayContainer/Classes/Presentation/BottomSheetAnimatedTransition.swift:24:27: error: 'UIViewPropertyAnimator' is unavailable in watchOS
    private var animator: UIViewPropertyAnimator?
                          ^~~~~~~~~~~~~~~~~~~~~~
/Applications/Xcode-26.5.0.app/Contents/Developer/Platforms/WatchOS.platform/Developer/SDKs/WatchOS26.5.sdk/System/Library/Frameworks/UIKit.framework/Headers/UIViewPropertyAnimator.h:17:12: note: 'UIViewPropertyAnimator' has been explicitly marked unavailable here
@interface UIViewPropertyAnimator : NSObject <UIViewImplicitlyAnimating, NSCopying>
           ^
/Users/admin/builder/spi-builder-workspace/Sources/OverlayContainer/Classes/Presentation/BottomSheetAnimatedTransition.swift:46:43: error: 'UIViewControllerContextTransitioning' is unavailable in watchOS
    func transitionDuration(using _: (any UIViewControllerContextTransitioning)?) -> TimeInterval {
                                          ^~~~~~~~~~~~~~~~~~~~~~~~~~~~~~~~~~~~
/Applications/Xcode-26.5.0.app/Contents/Developer/Platforms/WatchOS.platform/Developer/SDKs/WatchOS26.5.sdk/System/Library/Frameworks/UIKit.framework/Headers/UIViewControllerTransitioning.h:68:11: note: 'UIViewControllerContextTransitioning' has been explicitly marked unavailable here
@protocol UIViewControllerContextTransitioning <NSObject>
          ^
/Users/admin/builder/spi-builder-workspace/Sources/OverlayContainer/Classes/Presentation/BottomSheetAnimatedTransition.swift:50:57: error: 'UIViewControllerContextTransitioning' is unavailable in watchOS
    func animateTransition(using transitionContext: any UIViewControllerContextTransitioning) {
                                                        ^~~~~~~~~~~~~~~~~~~~~~~~~~~~~~~~~~~~
/Applications/Xcode-26.5.0.app/Contents/Developer/Platforms/WatchOS.platform/Developer/SDKs/WatchOS26.5.sdk/System/Library/Frameworks/UIKit.framework/Headers/UIViewControllerTransitioning.h:68:11: note: 'UIViewControllerContextTransitioning' has been explicitly marked unavailable here
@protocol UIViewControllerContextTransitioning <NSObject>
          ^
/Users/admin/builder/spi-builder-workspace/Sources/OverlayContainer/Classes/Presentation/BottomSheetAnimatedTransition.swift:55:38: error: 'UIViewControllerContextTransitioning' is unavailable in watchOS
        using transitionContext: any UIViewControllerContextTransitioning
                                     ^~~~~~~~~~~~~~~~~~~~~~~~~~~~~~~~~~~~
/Applications/Xcode-26.5.0.app/Contents/Developer/Platforms/WatchOS.platform/Developer/SDKs/WatchOS26.5.sdk/System/Library/Frameworks/UIKit.framework/Headers/UIViewControllerTransitioning.h:68:11: note: 'UIViewControllerContextTransitioning' has been explicitly marked unavailable here
@protocol UIViewControllerContextTransitioning <NSObject>
          ^
/Users/admin/builder/spi-builder-workspace/Sources/OverlayContainer/Classes/Presentation/BottomSheetAnimatedTransition.swift:56:14: error: 'UIViewImplicitlyAnimating' is unavailable in watchOS
    ) -> any UIViewImplicitlyAnimating {
             ^~~~~~~~~~~~~~~~~~~~~~~~~
/Applications/Xcode-26.5.0.app/Contents/Developer/Platforms/WatchOS.platform/Developer/SDKs/WatchOS26.5.sdk/System/Library/Frameworks/UIKit.framework/Headers/UIViewAnimating.h:77:11: note: 'UIViewImplicitlyAnimating' has been explicitly marked unavailable here
@protocol UIViewImplicitlyAnimating <UIViewAnimating>
          ^
/Users/admin/builder/spi-builder-workspace/Sources/OverlayContainer/Classes/Presentation/BottomSheetAnimatedTransition.swift:54:10: error: cannot override 'interruptibleAnimator' which has been marked unavailable
    func interruptibleAnimator(
         ^
UIKit.UIViewControllerAnimatedTransitioning.interruptibleAnimator:3:17: note: 'interruptibleAnimator(using:)' has been explicitly marked unavailable here
  optional func interruptibleAnimator(using transitionContext: any UIViewControllerContextTransitioning) -> any UIViewImplicitlyAnimating}
                ^
/Users/admin/builder/spi-builder-workspace/Sources/OverlayContainer/Classes/Presentation/BottomSheetAnimatedTransition.swift:45:42: error: 'UIViewControllerAnimatedTransitioning' is unavailable in watchOS
extension BottomSheetAnimatedTransition: UIViewControllerAnimatedTransitioning {
                                         ^~~~~~~~~~~~~~~~~~~~~~~~~~~~~~~~~~~~~
/Applications/Xcode-26.5.0.app/Contents/Developer/Platforms/WatchOS.platform/Developer/SDKs/WatchOS26.5.sdk/System/Library/Frameworks/UIKit.framework/Headers/UIViewControllerTransitioning.h:137:11: note: 'UIViewControllerAnimatedTransitioning' has been explicitly marked unavailable here
@protocol UIViewControllerAnimatedTransitioning <NSObject>
          ^
/Users/admin/builder/spi-builder-workspace/Sources/OverlayContainer/Classes/Presentation/BottomSheetAnimatedTransitionDriver.swift:15:34: error: 'UIPanGestureRecognizer' is unavailable in watchOS
    private lazy var panGesture: UIPanGestureRecognizer = {
                                 ^~~~~~~~~~~~~~~~~~~~~~
/Applications/Xcode-26.5.0.app/Contents/Developer/Platforms/WatchOS.platform/Developer/SDKs/WatchOS26.5.sdk/System/Library/Frameworks/UIKit.framework/Headers/UIPanGestureRecognizer.h:31:12: note: 'UIPanGestureRecognizer' has been explicitly marked unavailable here
@interface UIPanGestureRecognizer : UIGestureRecognizer
           ^
/Users/admin/builder/spi-builder-workspace/Sources/OverlayContainer/Classes/Presentation/BottomSheetAnimatedTransitionDriver.swift:16:26: error: 'UIPanGestureRecognizer' is unavailable in watchOS
        let panGesture = UIPanGestureRecognizer(target: self, action: #selector(handlePan(_:)))
                         ^~~~~~~~~~~~~~~~~~~~~~
/Applications/Xcode-26.5.0.app/Contents/Developer/Platforms/WatchOS.platform/Developer/SDKs/WatchOS26.5.sdk/System/Library/Frameworks/UIKit.framework/Headers/UIPanGestureRecognizer.h:31:12: note: 'UIPanGestureRecognizer' has been explicitly marked unavailable here
@interface UIPanGestureRecognizer : UIGestureRecognizer
           ^
/Users/admin/builder/spi-builder-workspace/Sources/OverlayContainer/Classes/Presentation/BottomSheetAnimatedTransitionDriver.swift:39:38: error: 'UIPanGestureRecognizer' is unavailable in watchOS
    private func handlePan(_ sender: UIPanGestureRecognizer) {
                                     ^~~~~~~~~~~~~~~~~~~~~~
/Applications/Xcode-26.5.0.app/Contents/Developer/Platforms/WatchOS.platform/Developer/SDKs/WatchOS26.5.sdk/System/Library/Frameworks/UIKit.framework/Headers/UIPanGestureRecognizer.h:31:12: note: 'UIPanGestureRecognizer' has been explicitly marked unavailable here
@interface UIPanGestureRecognizer : UIGestureRecognizer
           ^
/Users/admin/builder/spi-builder-workspace/Sources/OverlayContainer/Classes/Presentation/BottomSheetAnimatedTransitionDriver.swift:10:50: error: 'UIPercentDrivenInteractiveTransition' is unavailable in watchOS
final class BottomSheetAnimatedTransitionDriver: UIPercentDrivenInteractiveTransition {
                                                 ^~~~~~~~~~~~~~~~~~~~~~~~~~~~~~~~~~~~
/Applications/Xcode-26.5.0.app/Contents/Developer/Platforms/WatchOS.platform/Developer/SDKs/WatchOS26.5.sdk/System/Library/Frameworks/UIKit.framework/Headers/UIViewControllerTransitioning.h:196:12: note: 'UIPercentDrivenInteractiveTransition' has been explicitly marked unavailable here
@interface UIPercentDrivenInteractiveTransition : NSObject <UIViewControllerInteractiveTransitioning>
           ^
/Users/admin/builder/spi-builder-workspace/Sources/OverlayContainer/Classes/Presentation/BottomSheetAnimatedTransitionDriver.swift:74:42: error: 'UIGestureRecognizer' is unavailable in watchOS
    func gestureRecognizerShouldBegin(_: UIGestureRecognizer) -> Bool {
                                         ^~~~~~~~~~~~~~~~~~~
/Applications/Xcode-26.5.0.app/Contents/Developer/Platforms/WatchOS.platform/Developer/SDKs/WatchOS26.5.sdk/System/Library/Frameworks/UIKit.framework/Headers/UIGestureRecognizer.h:35:12: note: 'UIGestureRecognizer' has been explicitly marked unavailable here
@interface UIGestureRecognizer : NSObject
           ^
/Users/admin/builder/spi-builder-workspace/Sources/OverlayContainer/Classes/Presentation/BottomSheetAnimatedTransitionDriver.swift:73:48: error: 'UIGestureRecognizerDelegate' is unavailable in watchOS
extension BottomSheetAnimatedTransitionDriver: UIGestureRecognizerDelegate {
                                               ^~~~~~~~~~~~~~~~~~~~~~~~~~~
/Applications/Xcode-26.5.0.app/Contents/Developer/Platforms/WatchOS.platform/Developer/SDKs/WatchOS26.5.sdk/System/Library/Frameworks/UIKit.framework/Headers/UIGestureRecognizer.h:91:11: note: 'UIGestureRecognizerDelegate' has been explicitly marked unavailable here
@protocol UIGestureRecognizerDelegate <NSObject>
          ^
/Users/admin/builder/spi-builder-workspace/Sources/OverlayContainer/Classes/Presentation/BottomSheetPresentationController.swift:33:30: error: 'UIView' is unavailable in watchOS
    private var dimmingView: UIView?
                             ^~~~~~
/Applications/Xcode-26.5.0.app/Contents/Developer/Platforms/WatchOS.platform/Developer/SDKs/WatchOS26.5.sdk/System/Library/Frameworks/UIKit.framework/Headers/UIView.h:148:12: note: 'UIView' has been explicitly marked unavailable here
@interface UIView : UIResponder <NSCoding, UIAppearance, UIAppearanceContainer, UIDynamicItem, UITraitEnvironment, UICoordinateSpace, UIFocusItem, UIFocusItemContainer, CALayerDelegate>
           ^
/Users/admin/builder/spi-builder-workspace/Sources/OverlayContainer/Classes/Presentation/BottomSheetPresentationController.swift:50:34: error: 'UIViewController' is unavailable in watchOS
        presentedViewController: UIViewController,
                                 ^~~~~~~~~~~~~~~~
/Applications/Xcode-26.5.0.app/Contents/Developer/Platforms/WatchOS.platform/Developer/SDKs/WatchOS26.5.sdk/System/Library/Frameworks/UIKit.framework/Headers/UIViewController.h:102:12: note: 'UIViewController' has been explicitly marked unavailable here
@interface UIViewController : UIResponder <NSCoding, UIAppearanceContainer, UITraitEnvironment, UIContentContainer, UIFocusEnvironment>
           ^
/Users/admin/builder/spi-builder-workspace/Sources/OverlayContainer/Classes/Presentation/BottomSheetPresentationController.swift:51:35: error: 'UIViewController' is unavailable in watchOS
        presentingViewController: UIViewController?
                                  ^~~~~~~~~~~~~~~~
/Applications/Xcode-26.5.0.app/Contents/Developer/Platforms/WatchOS.platform/Developer/SDKs/WatchOS26.5.sdk/System/Library/Frameworks/UIKit.framework/Headers/UIViewController.h:102:12: note: 'UIViewController' has been explicitly marked unavailable here
@interface UIViewController : UIResponder <NSCoding, UIAppearanceContainer, UITraitEnvironment, UIContentContainer, UIFocusEnvironment>
           ^
/Users/admin/builder/spi-builder-workspace/Sources/OverlayContainer/Classes/Presentation/BottomSheetPresentationController.swift:136:89: error: 'UIContentContainer' is unavailable in watchOS
    override func preferredContentSizeDidChange(forChildContentContainer container: any UIContentContainer) {
                                                                                        ^~~~~~~~~~~~~~~~~~
/Applications/Xcode-26.5.0.app/Contents/Developer/Platforms/WatchOS.platform/Developer/SDKs/WatchOS26.5.sdk/System/Library/Frameworks/UIKit.framework/Headers/UIViewController.h:62:11: note: 'UIContentContainer' has been explicitly marked unavailable here
@protocol UIContentContainer <NSObject>
          ^
/Users/admin/builder/spi-builder-workspace/Sources/OverlayContainer/Classes/Presentation/BottomSheetPresentationController.swift:141:92: error: 'UIContentContainer' is unavailable in watchOS
    override func systemLayoutFittingSizeDidChange(forChildContentContainer container: any UIContentContainer) {
                                                                                           ^~~~~~~~~~~~~~~~~~
/Applications/Xcode-26.5.0.app/Contents/Developer/Platforms/WatchOS.platform/Developer/SDKs/WatchOS26.5.sdk/System/Library/Frameworks/UIKit.framework/Headers/UIViewController.h:62:11: note: 'UIContentContainer' has been explicitly marked unavailable here
@protocol UIContentContainer <NSObject>
          ^
/Users/admin/builder/spi-builder-workspace/Sources/OverlayContainer/Classes/Presentation/BottomSheetPresentationController.swift:147:27: error: 'UITraitCollection' is unavailable in watchOS
        to newCollection: UITraitCollection,
                          ^~~~~~~~~~~~~~~~~
/Applications/Xcode-26.5.0.app/Contents/Developer/Platforms/WatchOS.platform/Developer/SDKs/WatchOS26.5.sdk/System/Library/Frameworks/UIKit.framework/Headers/UITraitCollection.h:23:12: note: 'UITraitCollection' has been explicitly marked unavailable here
@interface UITraitCollection : NSObject <NSCopying, NSSecureCoding>
           ^
/Users/admin/builder/spi-builder-workspace/Sources/OverlayContainer/Classes/Presentation/BottomSheetPresentationController.swift:148:31: error: 'UIViewControllerTransitionCoordinator' is unavailable in watchOS
        with coordinator: any UIViewControllerTransitionCoordinator
                              ^~~~~~~~~~~~~~~~~~~~~~~~~~~~~~~~~~~~~
/Applications/Xcode-26.5.0.app/Contents/Developer/Platforms/WatchOS.platform/Developer/SDKs/WatchOS26.5.sdk/System/Library/Frameworks/UIKit.framework/Headers/UIViewControllerTransitionCoordinator.h:81:11: note: 'UIViewControllerTransitionCoordinator' has been explicitly marked unavailable here
@protocol UIViewControllerTransitionCoordinator <UIViewControllerTransitionCoordinatorContext>
          ^
/Users/admin/builder/spi-builder-workspace/Sources/OverlayContainer/Classes/Presentation/BottomSheetPresentationController.swift:11:48: error: 'UIPresentationController' is unavailable in watchOS
final class BottomSheetPresentationController: UIPresentationController {
                                               ^~~~~~~~~~~~~~~~~~~~~~~~
/Applications/Xcode-26.5.0.app/Contents/Developer/Platforms/WatchOS.platform/Developer/SDKs/WatchOS26.5.sdk/System/Library/Frameworks/UIKit.framework/Headers/UIPresentationController.h:65:12: note: 'UIPresentationController' has been explicitly marked unavailable here
@interface UIPresentationController : NSObject <UIAppearanceContainer, UITraitEnvironment, UIContentContainer, UIFocusEnvironment>
           ^
/Users/admin/builder/spi-builder-workspace/Sources/OverlayContainer/Classes/Presentation/GrabberView.swift:13:32: error: 'CALayer' is unavailable in watchOS
    private let grabberLayer = CALayer()
                               ^~~~~~~
/Applications/Xcode-26.5.0.app/Contents/Developer/Platforms/WatchOS.platform/Developer/SDKs/WatchOS26.5.sdk/System/Library/Frameworks/QuartzCore.framework/Headers/CALayer.h:117:12: note: 'CALayer' has been explicitly marked unavailable here
@interface CALayer : NSObject <NSSecureCoding, CAMediaTiming>
           ^
/Users/admin/builder/spi-builder-workspace/Sources/OverlayContainer/Classes/Presentation/GrabberView.swift:22:34: error: 'systemGray' is unavailable in watchOS
    var grabberColor: UIColor = .systemGray {
                                 ^~~~~~~~~~
/Applications/Xcode-26.5.0.app/Contents/Developer/Platforms/WatchOS.platform/Developer/SDKs/WatchOS26.5.sdk/System/Library/Frameworks/UIKit.framework/Headers/UIInterface.h:136:49: note: 'systemGray' has been explicitly marked unavailable here
@property (class, nonatomic, readonly) UIColor *systemGrayColor         API_AVAILABLE(ios(7.0), tvos(9.0)) API_UNAVAILABLE(watchos);
                                                ^
/Users/admin/builder/spi-builder-workspace/Sources/OverlayContainer/Classes/Presentation/GrabberView.swift:53:71: error: 'UITraitCollection' is unavailable in watchOS
    override func traitCollectionDidChange(_ previousTraitCollection: UITraitCollection?) {
                                                                      ^~~~~~~~~~~~~~~~~
/Applications/Xcode-26.5.0.app/Contents/Developer/Platforms/WatchOS.platform/Developer/SDKs/WatchOS26.5.sdk/System/Library/Frameworks/UIKit.framework/Headers/UITraitCollection.h:23:12: note: 'UITraitCollection' has been explicitly marked unavailable here
@interface UITraitCollection : NSObject <NSCopying, NSSecureCoding>
           ^
/Users/admin/builder/spi-builder-workspace/Sources/OverlayContainer/Classes/Presentation/GrabberView.swift:53:19: error: cannot override 'traitCollectionDidChange' which has been marked unavailable
    override func traitCollectionDidChange(_ previousTraitCollection: UITraitCollection?) {
                  ^
UIKit.UIView.traitCollectionDidChange:3:13: note: 'traitCollectionDidChange' has been explicitly marked unavailable here
  open func traitCollectionDidChange(_ previousTraitCollection: UITraitCollection?)}
            ^
/Users/admin/builder/spi-builder-workspace/Sources/OverlayContainer/Classes/Presentation/GrabberView.swift:53:19: note: remove 'override' modifier to declare a new 'traitCollectionDidChange'
    override func traitCollectionDidChange(_ previousTraitCollection: UITraitCollection?) {
    ~~~~~~~~~     ^

/Users/admin/builder/spi-builder-workspace/Sources/OverlayContainer/Classes/Presentation/GrabberView.swift:63:45: error: 'CALayer' is unavailable in watchOS
    override func layoutSublayers(of layer: CALayer) {
                                            ^~~~~~~
/Applications/Xcode-26.5.0.app/Contents/Developer/Platforms/WatchOS.platform/Developer/SDKs/WatchOS26.5.sdk/System/Library/Frameworks/QuartzCore.framework/Headers/CALayer.h:117:12: note: 'CALayer' has been explicitly marked unavailable here
@interface CALayer : NSObject <NSSecureCoding, CAMediaTiming>
           ^
/Users/admin/builder/spi-builder-workspace/Sources/OverlayContainer/Classes/Presentation/GrabberView.swift:10:26: error: 'UIView' is unavailable in watchOS
final class GrabberView: UIView {
                         ^~~~~~
/Applications/Xcode-26.5.0.app/Contents/Developer/Platforms/WatchOS.platform/Developer/SDKs/WatchOS26.5.sdk/System/Library/Frameworks/UIKit.framework/Headers/UIView.h:148:12: note: 'UIView' has been explicitly marked unavailable here
@interface UIView : UIResponder <NSCoding, UIAppearance, UIAppearanceContainer, UIDynamicItem, UITraitEnvironment, UICoordinateSpace, UIFocusItem, UIFocusItemContainer, CALayerDelegate>
           ^
SwiftCompile normal armv7k Compiling\ BottomSheetAnimatedTransitionDriver.swift /Users/admin/builder/spi-builder-workspace/Sources/OverlayContainer/Classes/Presentation/BottomSheetAnimatedTransitionDriver.swift (in target 'OverlayContainer' from project 'overlay-container')
SwiftCompile normal armv7k /Users/admin/builder/spi-builder-workspace/Sources/OverlayContainer/Classes/Presentation/BottomSheetAnimatedTransitionDriver.swift (in target 'OverlayContainer' from project 'overlay-container')
    cd /Users/admin/builder/spi-builder-workspace/.swiftpm/xcode

SwiftCompile normal armv7k Compiling\ BottomSheetPresentationController.swift /Users/admin/builder/spi-builder-workspace/Sources/OverlayContainer/Classes/Presentation/BottomSheetPresentationController.swift (in target 'OverlayContainer' from project 'overlay-container')
SwiftCompile normal armv7k /Users/admin/builder/spi-builder-workspace/Sources/OverlayContainer/Classes/Presentation/BottomSheetPresentationController.swift (in target 'OverlayContainer' from project 'overlay-container')
    cd /Users/admin/builder/spi-builder-workspace/.swiftpm/xcode

SwiftCompile normal armv7k Compiling\ Configuration.swift /Users/admin/builder/spi-builder-workspace/Sources/OverlayContainer/Classes/Core/Model/Configuration.swift (in target 'OverlayContainer' from project 'overlay-container')
SwiftCompile normal armv7k /Users/admin/builder/spi-builder-workspace/Sources/OverlayContainer/Classes/Core/Model/Configuration.swift (in target 'OverlayContainer' from project 'overlay-container')
    cd /Users/admin/builder/spi-builder-workspace/.swiftpm/xcode

SwiftCompile normal armv7k Compiling\ OverlayContainer.swift /Users/admin/builder/spi-builder-workspace/Sources/OverlayContainer/Classes/OverlayContainer.swift (in target 'OverlayContainer' from project 'overlay-container')
SwiftCompile normal armv7k /Users/admin/builder/spi-builder-workspace/Sources/OverlayContainer/Classes/OverlayContainer.swift (in target 'OverlayContainer' from project 'overlay-container')
    cd /Users/admin/builder/spi-builder-workspace/.swiftpm/xcode

SwiftEmitModule normal arm64_32 Emitting\ module\ for\ OverlayContainer (in target 'OverlayContainer' from project 'overlay-container')
EmitSwiftModule normal arm64_32 (in target 'OverlayContainer' from project 'overlay-container')
    cd /Users/admin/builder/spi-builder-workspace/.swiftpm/xcode

SwiftCompile normal arm64_32 Compiling\ Configuration.swift /Users/admin/builder/spi-builder-workspace/Sources/OverlayContainer/Classes/Core/Model/Configuration.swift (in target 'OverlayContainer' from project 'overlay-container')
SwiftCompile normal arm64_32 /Users/admin/builder/spi-builder-workspace/Sources/OverlayContainer/Classes/Core/Model/Configuration.swift (in target 'OverlayContainer' from project 'overlay-container')
    cd /Users/admin/builder/spi-builder-workspace/.swiftpm/xcode

SwiftCompile normal arm64_32 Compiling\ BottomSheetAnimatedTransition.swift /Users/admin/builder/spi-builder-workspace/Sources/OverlayContainer/Classes/Presentation/BottomSheetAnimatedTransition.swift (in target 'OverlayContainer' from project 'overlay-container')
SwiftCompile normal arm64_32 /Users/admin/builder/spi-builder-workspace/Sources/OverlayContainer/Classes/Presentation/BottomSheetAnimatedTransition.swift (in target 'OverlayContainer' from project 'overlay-container')
    cd /Users/admin/builder/spi-builder-workspace/.swiftpm/xcode

SwiftEmitModule normal arm64 Emitting\ module\ for\ OverlayContainer (in target 'OverlayContainer' from project 'overlay-container')
2026-10-04 00:53:23.708 xcodebuild[665:4024] [MT] IDERunDestination: Supported platforms for the buildables in the current scheme is empty.
** BUILD FAILED **
The following build commands failed:
	SwiftEmitModule normal armv7k Emitting\ module\ for\ OverlayContainer (in target 'OverlayContainer' from project 'overlay-container')
	EmitSwiftModule normal armv7k (in target 'OverlayContainer' from project 'overlay-container')
	Building workspace spi-builder-workspace with scheme overlay-container
(3 failures)
Command line invocation:
    /Applications/Xcode-26.5.0.app/Contents/Developer/usr/bin/xcodebuild -IDEClonedSourcePackagesDirPathOverride=/Users/admin/builder/spi-builder-workspace/.dependencies -resolvePackageDependencies
Resolve Package Graph
Resolved source packages:
  overlay-container: /Users/admin/builder/spi-builder-workspace
resolved source packages: overlay-container
2026-10-04 00:53:30.908 xcodebuild[834:4661] [MT] IDERunDestination: Supported platforms for the buildables in the current scheme is empty.
{
  "dependencies" : [
  ],
  "manifest_display_name" : "overlay-container",
  "name" : "overlay-container",
  "path" : "/Users/admin/builder/spi-builder-workspace",
  "platforms" : [
    {
      "name" : "ios",
      "version" : "12.0"
    }
  ],
  "products" : [
    {
      "name" : "OverlayContainer",
      "targets" : [
        "OverlayContainer"
      ],
      "type" : {
        "library" : [
          "automatic"
        ]
      }
    }
  ],
  "targets" : [
    {
      "c99name" : "OverlayContainerTests",
      "module_type" : "SwiftTarget",
      "name" : "OverlayContainerTests",
      "path" : "Tests/OverlayContainerTests",
      "sources" : [
        "OverlayContainerTests.swift"
      ],
      "target_dependencies" : [
        "OverlayContainer"
      ],
      "type" : "test"
    },
    {
      "c99name" : "OverlayContainer",
      "module_type" : "SwiftTarget",
      "name" : "OverlayContainer",
      "path" : "Sources/OverlayContainer",
      "product_memberships" : [
        "OverlayContainer"
      ],
      "sources" : [
        "Classes/Core/Model/Configuration.swift",
        "Classes/OverlayContainer.swift",
        "Classes/Presentation/BottomSheetAnimatedTransition.swift",
        "Classes/Presentation/BottomSheetAnimatedTransitionDriver.swift",
        "Classes/Presentation/BottomSheetPresentationController.swift",
        "Classes/Presentation/GrabberView.swift"
      ],
      "type" : "library"
    }
  ],
  "tools_version" : "6.0"
}
{
  "workspace" : {
    "name" : "spi-builder-workspace",
    "schemes" : [
      "overlay-container"
    ]
  }
}
2026-10-04 00:53:32.092 xcodebuild[867:4914] [MT] IDERunDestination: Supported platforms for the buildables in the current scheme is empty.
Running build ...
env DEVELOPER_DIR=/Applications/Xcode-26.5.0.app xcrun xcodebuild -IDEClonedSourcePackagesDirPathOverride=$PWD/.dependencies -skipMacroValidation -skipPackagePluginValidation -derivedDataPath $PWD/.derivedData build -scheme overlay-container -destination generic/platform=watchOS
Command line invocation:
    /Applications/Xcode-26.5.0.app/Contents/Developer/usr/bin/xcodebuild -IDEClonedSourcePackagesDirPathOverride=/Users/admin/builder/spi-builder-workspace/.dependencies -skipMacroValidation -skipPackagePluginValidation -derivedDataPath /Users/admin/builder/spi-builder-workspace/.derivedData build -scheme overlay-container -destination generic/platform=watchOS
Resolve Package Graph
Resolved source packages:
  overlay-container: /Users/admin/builder/spi-builder-workspace
ComputePackagePrebuildTargetDependencyGraph
Prepare packages
CreateBuildRequest
SendProjectDescription
CreateBuildOperation
ComputeTargetDependencyGraph
note: Building targets in dependency order
note: Target dependency graph (2 targets)
    Target 'OverlayContainer' in project 'overlay-container'
        ➜ Explicit dependency on target 'OverlayContainer' in project 'overlay-container'
    Target 'OverlayContainer' in project 'overlay-container' (no dependencies)
GatherProvisioningInputs
CreateBuildDescription
ClangStatCache /Applications/Xcode-26.5.0.app/Contents/Developer/Toolchains/XcodeDefault.xctoolchain/usr/bin/clang-stat-cache /Applications/Xcode-26.5.0.app/Contents/Developer/Platforms/WatchOS.platform/Developer/SDKs/WatchOS26.5.sdk /Users/admin/builder/spi-builder-workspace/.derivedData/SDKStatCaches.noindex/watchos26.5-23T570-688ef53f1462e2c8f657fdc38a81448f7931b973dfc65d9472806dbbc3af9379.sdkstatcache
    cd /Users/admin/builder/spi-builder-workspace/.swiftpm/xcode
    /Applications/Xcode-26.5.0.app/Contents/Developer/Toolchains/XcodeDefault.xctoolchain/usr/bin/clang-stat-cache /Applications/Xcode-26.5.0.app/Contents/Developer/Platforms/WatchOS.platform/Developer/SDKs/WatchOS26.5.sdk -o /Users/admin/builder/spi-builder-workspace/.derivedData/SDKStatCaches.noindex/watchos26.5-23T570-688ef53f1462e2c8f657fdc38a81448f7931b973dfc65d9472806dbbc3af9379.sdkstatcache
SwiftDriver OverlayContainer normal armv7k com.apple.xcode.tools.swift.compiler (in target 'OverlayContainer' from project 'overlay-container')
    cd /Users/admin/builder/spi-builder-workspace/.swiftpm/xcode
    builtin-SwiftDriver -- /Applications/Xcode-26.5.0.app/Contents/Developer/Toolchains/XcodeDefault.xctoolchain/usr/bin/swiftc -module-name OverlayContainer -Onone @/Users/admin/builder/spi-builder-workspace/.derivedData/Build/Intermediates.noindex/overlay-container.build/Debug-watchos/OverlayContainer.build/Objects-normal/armv7k/OverlayContainer.SwiftFileList -DSWIFT_PACKAGE -DDEBUG -DSWIFT_MODULE_RESOURCE_BUNDLE_UNAVAILABLE -DXcode -plugin-path /Applications/Xcode-26.5.0.app/Contents/Developer/Toolchains/XcodeDefault.xctoolchain/usr/lib/swift/host/plugins/testing -enable-experimental-feature DebugDescriptionMacro -sdk /Applications/Xcode-26.5.0.app/Contents/Developer/Platforms/WatchOS.platform/Developer/SDKs/WatchOS26.5.sdk -target armv7k-apple-watchos5.0 -g -module-cache-path /Users/admin/builder/spi-builder-workspace/.derivedData/ModuleCache.noindex -Xfrontend -serialize-debugging-options -profile-coverage-mapping -profile-generate -enable-testing -index-store-path /Users/admin/builder/spi-builder-workspace/.derivedData/Index.noindex/DataStore -Xcc -D_LIBCPP_HARDENING_MODE\=_LIBCPP_HARDENING_MODE_DEBUG -swift-version 6 -I /Users/admin/builder/spi-builder-workspace/.derivedData/Build/Products/Debug-watchos -Isystem /Applications/Xcode-26.5.0.app/Contents/Developer/Platforms/WatchOS.platform/Developer/usr/lib -F /Users/admin/builder/spi-builder-workspace/.derivedData/Build/Products/Debug-watchos -F /Applications/Xcode-26.5.0.app/Contents/Developer/Platforms/WatchOS.platform/Developer/Library/Frameworks -F /Applications/Xcode-26.5.0.app/Contents/Developer/Platforms/WatchOS.platform/Developer/SDKs/WatchOS26.5.sdk/Developer/Library/Frameworks -c -j10 -enable-batch-mode -incremental -Xcc -ivfsstatcache -Xcc /Users/admin/builder/spi-builder-workspace/.derivedData/SDKStatCaches.noindex/watchos26.5-23T570-688ef53f1462e2c8f657fdc38a81448f7931b973dfc65d9472806dbbc3af9379.sdkstatcache -output-file-map /Users/admin/builder/spi-builder-workspace/.derivedData/Build/Intermediates.noindex/overlay-container.build/Debug-watchos/OverlayContainer.build/Objects-normal/armv7k/OverlayContainer-OutputFileMap.json -use-frontend-parseable-output -save-temps -no-color-diagnostics -explicit-module-build -module-cache-path /Users/admin/builder/spi-builder-workspace/.derivedData/Build/Intermediates.noindex/SwiftExplicitPrecompiledModules -clang-scanner-module-cache-path /Users/admin/builder/spi-builder-workspace/.derivedData/ModuleCache.noindex -sdk-module-cache-path /Users/admin/builder/spi-builder-workspace/.derivedData/ModuleCache.noindex -serialize-diagnostics -emit-dependencies -emit-module -emit-module-path /Users/admin/builder/spi-builder-workspace/.derivedData/Build/Intermediates.noindex/overlay-container.build/Debug-watchos/OverlayContainer.build/Objects-normal/armv7k/OverlayContainer.swiftmodule -validate-clang-modules-once -clang-build-session-file /Users/admin/builder/spi-builder-workspace/.derivedData/ModuleCache.noindex/Session.modulevalidation -package-name spi_builder_workspace -Xcc -I/Users/admin/builder/spi-builder-workspace/.derivedData/Build/Intermediates.noindex/overlay-container.build/Debug-watchos/OverlayContainer.build/swift-overrides.hmap -emit-const-values -Xfrontend -const-gather-protocols-file -Xfrontend /Users/admin/builder/spi-builder-workspace/.derivedData/Build/Intermediates.noindex/overlay-container.build/Debug-watchos/OverlayContainer.build/Objects-normal/armv7k/OverlayContainer_const_extract_protocols.json -Xcc -I/Users/admin/builder/spi-builder-workspace/.derivedData/Build/Products/Debug-watchos/include -Xcc -I/Users/admin/builder/spi-builder-workspace/.derivedData/Build/Intermediates.noindex/overlay-container.build/Debug-watchos/OverlayContainer.build/DerivedSources-normal/armv7k -Xcc -I/Users/admin/builder/spi-builder-workspace/.derivedData/Build/Intermediates.noindex/overlay-container.build/Debug-watchos/OverlayContainer.build/DerivedSources/armv7k -Xcc -I/Users/admin/builder/spi-builder-workspace/.derivedData/Build/Intermediates.noindex/overlay-container.build/Debug-watchos/OverlayContainer.build/DerivedSources -Xcc -DSWIFT_PACKAGE -Xcc -DDEBUG\=1 -emit-objc-header -emit-objc-header-path /Users/admin/builder/spi-builder-workspace/.derivedData/Build/Intermediates.noindex/overlay-container.build/Debug-watchos/OverlayContainer.build/Objects-normal/armv7k/OverlayContainer-Swift.h -working-directory /Users/admin/builder/spi-builder-workspace/.swiftpm/xcode -experimental-emit-module-separately -disable-cmo
SwiftDriver OverlayContainer normal arm64 com.apple.xcode.tools.swift.compiler (in target 'OverlayContainer' from project 'overlay-container')
    cd /Users/admin/builder/spi-builder-workspace/.swiftpm/xcode
    builtin-SwiftDriver -- /Applications/Xcode-26.5.0.app/Contents/Developer/Toolchains/XcodeDefault.xctoolchain/usr/bin/swiftc -module-name OverlayContainer -Onone @/Users/admin/builder/spi-builder-workspace/.derivedData/Build/Intermediates.noindex/overlay-container.build/Debug-watchos/OverlayContainer.build/Objects-normal/arm64/OverlayContainer.SwiftFileList -DSWIFT_PACKAGE -DDEBUG -DSWIFT_MODULE_RESOURCE_BUNDLE_UNAVAILABLE -DXcode -plugin-path /Applications/Xcode-26.5.0.app/Contents/Developer/Toolchains/XcodeDefault.xctoolchain/usr/lib/swift/host/plugins/testing -enable-experimental-feature DebugDescriptionMacro -sdk /Applications/Xcode-26.5.0.app/Contents/Developer/Platforms/WatchOS.platform/Developer/SDKs/WatchOS26.5.sdk -target arm64-apple-watchos5.0 -g -module-cache-path /Users/admin/builder/spi-builder-workspace/.derivedData/ModuleCache.noindex -Xfrontend -serialize-debugging-options -profile-coverage-mapping -profile-generate -enable-testing -index-store-path /Users/admin/builder/spi-builder-workspace/.derivedData/Index.noindex/DataStore -Xcc -D_LIBCPP_HARDENING_MODE\=_LIBCPP_HARDENING_MODE_DEBUG -swift-version 6 -I /Users/admin/builder/spi-builder-workspace/.derivedData/Build/Products/Debug-watchos -Isystem /Applications/Xcode-26.5.0.app/Contents/Developer/Platforms/WatchOS.platform/Developer/usr/lib -F /Users/admin/builder/spi-builder-workspace/.derivedData/Build/Products/Debug-watchos -F /Applications/Xcode-26.5.0.app/Contents/Developer/Platforms/WatchOS.platform/Developer/Library/Frameworks -F /Applications/Xcode-26.5.0.app/Contents/Developer/Platforms/WatchOS.platform/Developer/SDKs/WatchOS26.5.sdk/Developer/Library/Frameworks -c -j10 -enable-batch-mode -incremental -Xcc -ivfsstatcache -Xcc /Users/admin/builder/spi-builder-workspace/.derivedData/SDKStatCaches.noindex/watchos26.5-23T570-688ef53f1462e2c8f657fdc38a81448f7931b973dfc65d9472806dbbc3af9379.sdkstatcache -output-file-map /Users/admin/builder/spi-builder-workspace/.derivedData/Build/Intermediates.noindex/overlay-container.build/Debug-watchos/OverlayContainer.build/Objects-normal/arm64/OverlayContainer-OutputFileMap.json -use-frontend-parseable-output -save-temps -no-color-diagnostics -explicit-module-build -module-cache-path /Users/admin/builder/spi-builder-workspace/.derivedData/Build/Intermediates.noindex/SwiftExplicitPrecompiledModules -clang-scanner-module-cache-path /Users/admin/builder/spi-builder-workspace/.derivedData/ModuleCache.noindex -sdk-module-cache-path /Users/admin/builder/spi-builder-workspace/.derivedData/ModuleCache.noindex -serialize-diagnostics -emit-dependencies -emit-module -emit-module-path /Users/admin/builder/spi-builder-workspace/.derivedData/Build/Intermediates.noindex/overlay-container.build/Debug-watchos/OverlayContainer.build/Objects-normal/arm64/OverlayContainer.swiftmodule -validate-clang-modules-once -clang-build-session-file /Users/admin/builder/spi-builder-workspace/.derivedData/ModuleCache.noindex/Session.modulevalidation -package-name spi_builder_workspace -Xcc -I/Users/admin/builder/spi-builder-workspace/.derivedData/Build/Intermediates.noindex/overlay-container.build/Debug-watchos/OverlayContainer.build/swift-overrides.hmap -emit-const-values -Xfrontend -const-gather-protocols-file -Xfrontend /Users/admin/builder/spi-builder-workspace/.derivedData/Build/Intermediates.noindex/overlay-container.build/Debug-watchos/OverlayContainer.build/Objects-normal/arm64/OverlayContainer_const_extract_protocols.json -Xcc -I/Users/admin/builder/spi-builder-workspace/.derivedData/Build/Products/Debug-watchos/include -Xcc -I/Users/admin/builder/spi-builder-workspace/.derivedData/Build/Intermediates.noindex/overlay-container.build/Debug-watchos/OverlayContainer.build/DerivedSources-normal/arm64 -Xcc -I/Users/admin/builder/spi-builder-workspace/.derivedData/Build/Intermediates.noindex/overlay-container.build/Debug-watchos/OverlayContainer.build/DerivedSources/arm64 -Xcc -I/Users/admin/builder/spi-builder-workspace/.derivedData/Build/Intermediates.noindex/overlay-container.build/Debug-watchos/OverlayContainer.build/DerivedSources -Xcc -DSWIFT_PACKAGE -Xcc -DDEBUG\=1 -emit-objc-header -emit-objc-header-path /Users/admin/builder/spi-builder-workspace/.derivedData/Build/Intermediates.noindex/overlay-container.build/Debug-watchos/OverlayContainer.build/Objects-normal/arm64/OverlayContainer-Swift.h -working-directory /Users/admin/builder/spi-builder-workspace/.swiftpm/xcode -experimental-emit-module-separately -disable-cmo
SwiftDriver OverlayContainer normal arm64_32 com.apple.xcode.tools.swift.compiler (in target 'OverlayContainer' from project 'overlay-container')
    cd /Users/admin/builder/spi-builder-workspace/.swiftpm/xcode
    builtin-SwiftDriver -- /Applications/Xcode-26.5.0.app/Contents/Developer/Toolchains/XcodeDefault.xctoolchain/usr/bin/swiftc -module-name OverlayContainer -Onone @/Users/admin/builder/spi-builder-workspace/.derivedData/Build/Intermediates.noindex/overlay-container.build/Debug-watchos/OverlayContainer.build/Objects-normal/arm64_32/OverlayContainer.SwiftFileList -DSWIFT_PACKAGE -DDEBUG -DSWIFT_MODULE_RESOURCE_BUNDLE_UNAVAILABLE -DXcode -plugin-path /Applications/Xcode-26.5.0.app/Contents/Developer/Toolchains/XcodeDefault.xctoolchain/usr/lib/swift/host/plugins/testing -enable-experimental-feature DebugDescriptionMacro -sdk /Applications/Xcode-26.5.0.app/Contents/Developer/Platforms/WatchOS.platform/Developer/SDKs/WatchOS26.5.sdk -target arm64_32-apple-watchos5.0 -g -module-cache-path /Users/admin/builder/spi-builder-workspace/.derivedData/ModuleCache.noindex -Xfrontend -serialize-debugging-options -profile-coverage-mapping -profile-generate -enable-testing -index-store-path /Users/admin/builder/spi-builder-workspace/.derivedData/Index.noindex/DataStore -Xcc -D_LIBCPP_HARDENING_MODE\=_LIBCPP_HARDENING_MODE_DEBUG -swift-version 6 -I /Users/admin/builder/spi-builder-workspace/.derivedData/Build/Products/Debug-watchos -Isystem /Applications/Xcode-26.5.0.app/Contents/Developer/Platforms/WatchOS.platform/Developer/usr/lib -F /Users/admin/builder/spi-builder-workspace/.derivedData/Build/Products/Debug-watchos -F /Applications/Xcode-26.5.0.app/Contents/Developer/Platforms/WatchOS.platform/Developer/Library/Frameworks -F /Applications/Xcode-26.5.0.app/Contents/Developer/Platforms/WatchOS.platform/Developer/SDKs/WatchOS26.5.sdk/Developer/Library/Frameworks -c -j10 -enable-batch-mode -incremental -Xcc -ivfsstatcache -Xcc /Users/admin/builder/spi-builder-workspace/.derivedData/SDKStatCaches.noindex/watchos26.5-23T570-688ef53f1462e2c8f657fdc38a81448f7931b973dfc65d9472806dbbc3af9379.sdkstatcache -output-file-map /Users/admin/builder/spi-builder-workspace/.derivedData/Build/Intermediates.noindex/overlay-container.build/Debug-watchos/OverlayContainer.build/Objects-normal/arm64_32/OverlayContainer-OutputFileMap.json -use-frontend-parseable-output -save-temps -no-color-diagnostics -explicit-module-build -module-cache-path /Users/admin/builder/spi-builder-workspace/.derivedData/Build/Intermediates.noindex/SwiftExplicitPrecompiledModules -clang-scanner-module-cache-path /Users/admin/builder/spi-builder-workspace/.derivedData/ModuleCache.noindex -sdk-module-cache-path /Users/admin/builder/spi-builder-workspace/.derivedData/ModuleCache.noindex -serialize-diagnostics -emit-dependencies -emit-module -emit-module-path /Users/admin/builder/spi-builder-workspace/.derivedData/Build/Intermediates.noindex/overlay-container.build/Debug-watchos/OverlayContainer.build/Objects-normal/arm64_32/OverlayContainer.swiftmodule -validate-clang-modules-once -clang-build-session-file /Users/admin/builder/spi-builder-workspace/.derivedData/ModuleCache.noindex/Session.modulevalidation -package-name spi_builder_workspace -Xcc -I/Users/admin/builder/spi-builder-workspace/.derivedData/Build/Intermediates.noindex/overlay-container.build/Debug-watchos/OverlayContainer.build/swift-overrides.hmap -emit-const-values -Xfrontend -const-gather-protocols-file -Xfrontend /Users/admin/builder/spi-builder-workspace/.derivedData/Build/Intermediates.noindex/overlay-container.build/Debug-watchos/OverlayContainer.build/Objects-normal/arm64_32/OverlayContainer_const_extract_protocols.json -Xcc -I/Users/admin/builder/spi-builder-workspace/.derivedData/Build/Products/Debug-watchos/include -Xcc -I/Users/admin/builder/spi-builder-workspace/.derivedData/Build/Intermediates.noindex/overlay-container.build/Debug-watchos/OverlayContainer.build/DerivedSources-normal/arm64_32 -Xcc -I/Users/admin/builder/spi-builder-workspace/.derivedData/Build/Intermediates.noindex/overlay-container.build/Debug-watchos/OverlayContainer.build/DerivedSources/arm64_32 -Xcc -I/Users/admin/builder/spi-builder-workspace/.derivedData/Build/Intermediates.noindex/overlay-container.build/Debug-watchos/OverlayContainer.build/DerivedSources -Xcc -DSWIFT_PACKAGE -Xcc -DDEBUG\=1 -emit-objc-header -emit-objc-header-path /Users/admin/builder/spi-builder-workspace/.derivedData/Build/Intermediates.noindex/overlay-container.build/Debug-watchos/OverlayContainer.build/Objects-normal/arm64_32/OverlayContainer-Swift.h -working-directory /Users/admin/builder/spi-builder-workspace/.swiftpm/xcode -experimental-emit-module-separately -disable-cmo
SwiftEmitModule normal armv7k Emitting\ module\ for\ OverlayContainer (in target 'OverlayContainer' from project 'overlay-container')
EmitSwiftModule normal armv7k (in target 'OverlayContainer' from project 'overlay-container')
    cd /Users/admin/builder/spi-builder-workspace/.swiftpm/xcode

/Users/admin/builder/spi-builder-workspace/Sources/OverlayContainer/Classes/Core/Model/Configuration.swift:35:31: error: 'CACornerMask' is unavailable in watchOS
    public let maskedCorners: CACornerMask
                              ^~~~~~~~~~~~
/Applications/Xcode-26.5.0.app/Contents/Developer/Platforms/WatchOS.platform/Developer/SDKs/WatchOS26.5.sdk/System/Library/Frameworks/QuartzCore.framework/Headers/CALayer.h:106:33: note: 'CACornerMask' has been explicitly marked unavailable here
typedef NS_OPTIONS (NSUInteger, CACornerMask)
                                ^
/Users/admin/builder/spi-builder-workspace/Sources/OverlayContainer/Classes/Core/Model/Configuration.swift:56:24: error: 'CACornerMask' is unavailable in watchOS
        maskedCorners: CACornerMask = [
                       ^~~~~~~~~~~~
/Applications/Xcode-26.5.0.app/Contents/Developer/Platforms/WatchOS.platform/Developer/SDKs/WatchOS26.5.sdk/System/Library/Frameworks/QuartzCore.framework/Headers/CALayer.h:106:33: note: 'CACornerMask' has been explicitly marked unavailable here
typedef NS_OPTIONS (NSUInteger, CACornerMask)
                                ^
/Users/admin/builder/spi-builder-workspace/Sources/OverlayContainer/Classes/OverlayContainer.swift:18:35: error: 'UIViewController' is unavailable in watchOS
    private let contentContainer: UIViewController
                                  ^~~~~~~~~~~~~~~~
/Applications/Xcode-26.5.0.app/Contents/Developer/Platforms/WatchOS.platform/Developer/SDKs/WatchOS26.5.sdk/System/Library/Frameworks/UIKit.framework/Headers/UIViewController.h:102:12: note: 'UIViewController' has been explicitly marked unavailable here
@interface UIViewController : UIResponder <NSCoding, UIAppearanceContainer, UITraitEnvironment, UIContentContainer, UIFocusEnvironment>
           ^
/Users/admin/builder/spi-builder-workspace/Sources/OverlayContainer/Classes/OverlayContainer.swift:20:31: error: 'UIView' is unavailable in watchOS
    private let contentView = UIView()
                              ^~~~~~
/Applications/Xcode-26.5.0.app/Contents/Developer/Platforms/WatchOS.platform/Developer/SDKs/WatchOS26.5.sdk/System/Library/Frameworks/UIKit.framework/Headers/UIView.h:148:12: note: 'UIView' has been explicitly marked unavailable here
@interface UIView : UIResponder <NSCoding, UIAppearance, UIAppearanceContainer, UIDynamicItem, UITraitEnvironment, UICoordinateSpace, UIFocusItem, UIFocusItemContainer, CALayerDelegate>
           ^
/Users/admin/builder/spi-builder-workspace/Sources/OverlayContainer/Classes/OverlayContainer.swift:20:31: error: 'init()' is unavailable in watchOS
    private let contentView = UIView()
                              ^~~~~~
/Applications/Xcode-26.5.0.app/Contents/Developer/Platforms/WatchOS.platform/Developer/SDKs/WatchOS26.5.sdk/System/Library/Frameworks/UIKit.framework/Headers/UIView.h:154:1: note: 'init()' has been explicitly marked unavailable here
- (instancetype)init API_AVAILABLE(ios(2.0), tvos(9.0), visionos(1.0)) API_UNAVAILABLE(watchos);
^
/Users/admin/builder/spi-builder-workspace/Sources/OverlayContainer/Classes/OverlayContainer.swift:22:31: error: 'init()' is unavailable in watchOS
    private let grabberView = GrabberView()
                              ^~~~~~~~~~~
/Applications/Xcode-26.5.0.app/Contents/Developer/Platforms/WatchOS.platform/Developer/SDKs/WatchOS26.5.sdk/System/Library/Frameworks/UIKit.framework/Headers/UIView.h:154:1: note: 'init()' has been explicitly marked unavailable here
- (instancetype)init API_AVAILABLE(ios(2.0), tvos(9.0), visionos(1.0)) API_UNAVAILABLE(watchos);
^
/Users/admin/builder/spi-builder-workspace/Sources/OverlayContainer/Classes/OverlayContainer.swift:40:35: error: 'UIViewController' is unavailable in watchOS
    public init(contentContainer: UIViewController, configuration: Configuration = .init()) {
                                  ^~~~~~~~~~~~~~~~
/Applications/Xcode-26.5.0.app/Contents/Developer/Platforms/WatchOS.platform/Developer/SDKs/WatchOS26.5.sdk/System/Library/Frameworks/UIKit.framework/Headers/UIViewController.h:102:12: note: 'UIViewController' has been explicitly marked unavailable here
@interface UIViewController : UIResponder <NSCoding, UIAppearanceContainer, UITraitEnvironment, UIContentContainer, UIFocusEnvironment>
           ^
/Users/admin/builder/spi-builder-workspace/Sources/OverlayContainer/Classes/OverlayContainer.swift:67:99: error: 'UIContentContainer' is unavailable in watchOS
    override public func systemLayoutFittingSizeDidChange(forChildContentContainer container: any UIContentContainer) {
                                                                                                  ^~~~~~~~~~~~~~~~~~
/Applications/Xcode-26.5.0.app/Contents/Developer/Platforms/WatchOS.platform/Developer/SDKs/WatchOS26.5.sdk/System/Library/Frameworks/UIKit.framework/Headers/UIViewController.h:62:11: note: 'UIContentContainer' has been explicitly marked unavailable here
@protocol UIContentContainer <NSObject>
          ^
/Users/admin/builder/spi-builder-workspace/Sources/OverlayContainer/Classes/OverlayContainer.swift:72:96: error: 'UIContentContainer' is unavailable in watchOS
    override public func preferredContentSizeDidChange(forChildContentContainer container: any UIContentContainer) {
                                                                                               ^~~~~~~~~~~~~~~~~~
/Applications/Xcode-26.5.0.app/Contents/Developer/Platforms/WatchOS.platform/Developer/SDKs/WatchOS26.5.sdk/System/Library/Frameworks/UIKit.framework/Headers/UIViewController.h:62:11: note: 'UIContentContainer' has been explicitly marked unavailable here
@protocol UIContentContainer <NSObject>
          ^
/Users/admin/builder/spi-builder-workspace/Sources/OverlayContainer/Classes/OverlayContainer.swift:83:41: error: 'UIViewController' is unavailable in watchOS
    public func present(viewController: UIViewController) {
                                        ^~~~~~~~~~~~~~~~
/Applications/Xcode-26.5.0.app/Contents/Developer/Platforms/WatchOS.platform/Developer/SDKs/WatchOS26.5.sdk/System/Library/Frameworks/UIKit.framework/Headers/UIViewController.h:102:12: note: 'UIViewController' has been explicitly marked unavailable here
@interface UIViewController : UIResponder <NSCoding, UIAppearanceContainer, UITraitEnvironment, UIContentContainer, UIFocusEnvironment>
           ^
/Users/admin/builder/spi-builder-workspace/Sources/OverlayContainer/Classes/OverlayContainer.swift:10:38: error: 'UIViewController' is unavailable in watchOS
public final class OverlayContainer: UIViewController {
                                     ^~~~~~~~~~~~~~~~
/Applications/Xcode-26.5.0.app/Contents/Developer/Platforms/WatchOS.platform/Developer/SDKs/WatchOS26.5.sdk/System/Library/Frameworks/UIKit.framework/Headers/UIViewController.h:102:12: note: 'UIViewController' has been explicitly marked unavailable here
@interface UIViewController : UIResponder <NSCoding, UIAppearanceContainer, UITraitEnvironment, UIContentContainer, UIFocusEnvironment>
           ^
/Users/admin/builder/spi-builder-workspace/Sources/OverlayContainer/Classes/OverlayContainer.swift:145:33: error: 'UIViewController' is unavailable in watchOS
        forPresented presented: UIViewController,
                                ^~~~~~~~~~~~~~~~
/Applications/Xcode-26.5.0.app/Contents/Developer/Platforms/WatchOS.platform/Developer/SDKs/WatchOS26.5.sdk/System/Library/Frameworks/UIKit.framework/Headers/UIViewController.h:102:12: note: 'UIViewController' has been explicitly marked unavailable here
@interface UIViewController : UIResponder <NSCoding, UIAppearanceContainer, UITraitEnvironment, UIContentContainer, UIFocusEnvironment>
           ^
/Users/admin/builder/spi-builder-workspace/Sources/OverlayContainer/Classes/OverlayContainer.swift:146:21: error: 'UIViewController' is unavailable in watchOS
        presenting: UIViewController?,
                    ^~~~~~~~~~~~~~~~
/Applications/Xcode-26.5.0.app/Contents/Developer/Platforms/WatchOS.platform/Developer/SDKs/WatchOS26.5.sdk/System/Library/Frameworks/UIKit.framework/Headers/UIViewController.h:102:12: note: 'UIViewController' has been explicitly marked unavailable here
@interface UIViewController : UIResponder <NSCoding, UIAppearanceContainer, UITraitEnvironment, UIContentContainer, UIFocusEnvironment>
           ^
/Users/admin/builder/spi-builder-workspace/Sources/OverlayContainer/Classes/OverlayContainer.swift:147:19: error: 'UIViewController' is unavailable in watchOS
        source _: UIViewController
                  ^~~~~~~~~~~~~~~~
/Applications/Xcode-26.5.0.app/Contents/Developer/Platforms/WatchOS.platform/Developer/SDKs/WatchOS26.5.sdk/System/Library/Frameworks/UIKit.framework/Headers/UIViewController.h:102:12: note: 'UIViewController' has been explicitly marked unavailable here
@interface UIViewController : UIResponder <NSCoding, UIAppearanceContainer, UITraitEnvironment, UIContentContainer, UIFocusEnvironment>
           ^
/Users/admin/builder/spi-builder-workspace/Sources/OverlayContainer/Classes/OverlayContainer.swift:148:10: error: 'UIPresentationController' is unavailable in watchOS
    ) -> UIPresentationController? {
         ^~~~~~~~~~~~~~~~~~~~~~~~
/Applications/Xcode-26.5.0.app/Contents/Developer/Platforms/WatchOS.platform/Developer/SDKs/WatchOS26.5.sdk/System/Library/Frameworks/UIKit.framework/Headers/UIPresentationController.h:65:12: note: 'UIPresentationController' has been explicitly marked unavailable here
@interface UIPresentationController : NSObject <UIAppearanceContainer, UITraitEnvironment, UIContentContainer, UIFocusEnvironment>
           ^
/Users/admin/builder/spi-builder-workspace/Sources/OverlayContainer/Classes/OverlayContainer.swift:158:25: error: 'UIViewController' is unavailable in watchOS
        forDismissed _: UIViewController
                        ^~~~~~~~~~~~~~~~
/Applications/Xcode-26.5.0.app/Contents/Developer/Platforms/WatchOS.platform/Developer/SDKs/WatchOS26.5.sdk/System/Library/Frameworks/UIKit.framework/Headers/UIViewController.h:102:12: note: 'UIViewController' has been explicitly marked unavailable here
@interface UIViewController : UIResponder <NSCoding, UIAppearanceContainer, UITraitEnvironment, UIContentContainer, UIFocusEnvironment>
           ^
/Users/admin/builder/spi-builder-workspace/Sources/OverlayContainer/Classes/OverlayContainer.swift:159:15: error: 'UIViewControllerAnimatedTransitioning' is unavailable in watchOS
    ) -> (any UIViewControllerAnimatedTransitioning)? {
              ^~~~~~~~~~~~~~~~~~~~~~~~~~~~~~~~~~~~~
/Applications/Xcode-26.5.0.app/Contents/Developer/Platforms/WatchOS.platform/Developer/SDKs/WatchOS26.5.sdk/System/Library/Frameworks/UIKit.framework/Headers/UIViewControllerTransitioning.h:137:11: note: 'UIViewControllerAnimatedTransitioning' has been explicitly marked unavailable here
@protocol UIViewControllerAnimatedTransitioning <NSObject>
          ^
/Users/admin/builder/spi-builder-workspace/Sources/OverlayContainer/Classes/OverlayContainer.swift:167:25: error: 'UIViewController' is unavailable in watchOS
        forPresented _: UIViewController,
                        ^~~~~~~~~~~~~~~~
/Applications/Xcode-26.5.0.app/Contents/Developer/Platforms/WatchOS.platform/Developer/SDKs/WatchOS26.5.sdk/System/Library/Frameworks/UIKit.framework/Headers/UIViewController.h:102:12: note: 'UIViewController' has been explicitly marked unavailable here
@interface UIViewController : UIResponder <NSCoding, UIAppearanceContainer, UITraitEnvironment, UIContentContainer, UIFocusEnvironment>
           ^
/Users/admin/builder/spi-builder-workspace/Sources/OverlayContainer/Classes/OverlayContainer.swift:168:23: error: 'UIViewController' is unavailable in watchOS
        presenting _: UIViewController,
                      ^~~~~~~~~~~~~~~~
/Applications/Xcode-26.5.0.app/Contents/Developer/Platforms/WatchOS.platform/Developer/SDKs/WatchOS26.5.sdk/System/Library/Frameworks/UIKit.framework/Headers/UIViewController.h:102:12: note: 'UIViewController' has been explicitly marked unavailable here
@interface UIViewController : UIResponder <NSCoding, UIAppearanceContainer, UITraitEnvironment, UIContentContainer, UIFocusEnvironment>
           ^
/Users/admin/builder/spi-builder-workspace/Sources/OverlayContainer/Classes/OverlayContainer.swift:169:19: error: 'UIViewController' is unavailable in watchOS
        source _: UIViewController
                  ^~~~~~~~~~~~~~~~
/Applications/Xcode-26.5.0.app/Contents/Developer/Platforms/WatchOS.platform/Developer/SDKs/WatchOS26.5.sdk/System/Library/Frameworks/UIKit.framework/Headers/UIViewController.h:102:12: note: 'UIViewController' has been explicitly marked unavailable here
@interface UIViewController : UIResponder <NSCoding, UIAppearanceContainer, UITraitEnvironment, UIContentContainer, UIFocusEnvironment>
           ^
/Users/admin/builder/spi-builder-workspace/Sources/OverlayContainer/Classes/OverlayContainer.swift:170:15: error: 'UIViewControllerAnimatedTransitioning' is unavailable in watchOS
    ) -> (any UIViewControllerAnimatedTransitioning)? {
              ^~~~~~~~~~~~~~~~~~~~~~~~~~~~~~~~~~~~~
/Applications/Xcode-26.5.0.app/Contents/Developer/Platforms/WatchOS.platform/Developer/SDKs/WatchOS26.5.sdk/System/Library/Frameworks/UIKit.framework/Headers/UIViewControllerTransitioning.h:137:11: note: 'UIViewControllerAnimatedTransitioning' has been explicitly marked unavailable here
@protocol UIViewControllerAnimatedTransitioning <NSObject>
          ^
/Users/admin/builder/spi-builder-workspace/Sources/OverlayContainer/Classes/OverlayContainer.swift:178:22: error: 'UIViewControllerAnimatedTransitioning' is unavailable in watchOS
        using _: any UIViewControllerAnimatedTransitioning
                     ^~~~~~~~~~~~~~~~~~~~~~~~~~~~~~~~~~~~~
/Applications/Xcode-26.5.0.app/Contents/Developer/Platforms/WatchOS.platform/Developer/SDKs/WatchOS26.5.sdk/System/Library/Frameworks/UIKit.framework/Headers/UIViewControllerTransitioning.h:137:11: note: 'UIViewControllerAnimatedTransitioning' has been explicitly marked unavailable here
@protocol UIViewControllerAnimatedTransitioning <NSObject>
          ^
/Users/admin/builder/spi-builder-workspace/Sources/OverlayContainer/Classes/OverlayContainer.swift:179:15: error: 'UIViewControllerInteractiveTransitioning' is unavailable in watchOS
    ) -> (any UIViewControllerInteractiveTransitioning)? {
              ^~~~~~~~~~~~~~~~~~~~~~~~~~~~~~~~~~~~~~~~
/Applications/Xcode-26.5.0.app/Contents/Developer/Platforms/WatchOS.platform/Developer/SDKs/WatchOS26.5.sdk/System/Library/Frameworks/UIKit.framework/Headers/UIViewControllerTransitioning.h:161:11: note: 'UIViewControllerInteractiveTransitioning' has been explicitly marked unavailable here
@protocol UIViewControllerInteractiveTransitioning <NSObject>
          ^
/Users/admin/builder/spi-builder-workspace/Sources/OverlayContainer/Classes/OverlayContainer.swift:143:29: error: 'UIViewControllerTransitioningDelegate' is unavailable in watchOS
extension OverlayContainer: UIViewControllerTransitioningDelegate {
                            ^~~~~~~~~~~~~~~~~~~~~~~~~~~~~~~~~~~~~
/Applications/Xcode-26.5.0.app/Contents/Developer/Platforms/WatchOS.platform/Developer/SDKs/WatchOS26.5.sdk/System/Library/Frameworks/UIKit.framework/Headers/UIViewControllerTransitioning.h:180:11: note: 'UIViewControllerTransitioningDelegate' has been explicitly marked unavailable here
@protocol UIViewControllerTransitioningDelegate <NSObject>
          ^
/Users/admin/builder/spi-builder-workspace/Sources/OverlayContainer/Classes/Presentation/BottomSheetAnimatedTransition.swift:24:27: error: 'UIViewPropertyAnimator' is unavailable in watchOS
    private var animator: UIViewPropertyAnimator?
                          ^~~~~~~~~~~~~~~~~~~~~~
/Applications/Xcode-26.5.0.app/Contents/Developer/Platforms/WatchOS.platform/Developer/SDKs/WatchOS26.5.sdk/System/Library/Frameworks/UIKit.framework/Headers/UIViewPropertyAnimator.h:17:12: note: 'UIViewPropertyAnimator' has been explicitly marked unavailable here
@interface UIViewPropertyAnimator : NSObject <UIViewImplicitlyAnimating, NSCopying>
           ^
/Users/admin/builder/spi-builder-workspace/Sources/OverlayContainer/Classes/Presentation/BottomSheetAnimatedTransition.swift:46:43: error: 'UIViewControllerContextTransitioning' is unavailable in watchOS
    func transitionDuration(using _: (any UIViewControllerContextTransitioning)?) -> TimeInterval {
                                          ^~~~~~~~~~~~~~~~~~~~~~~~~~~~~~~~~~~~
/Applications/Xcode-26.5.0.app/Contents/Developer/Platforms/WatchOS.platform/Developer/SDKs/WatchOS26.5.sdk/System/Library/Frameworks/UIKit.framework/Headers/UIViewControllerTransitioning.h:68:11: note: 'UIViewControllerContextTransitioning' has been explicitly marked unavailable here
@protocol UIViewControllerContextTransitioning <NSObject>
          ^
/Users/admin/builder/spi-builder-workspace/Sources/OverlayContainer/Classes/Presentation/BottomSheetAnimatedTransition.swift:50:57: error: 'UIViewControllerContextTransitioning' is unavailable in watchOS
    func animateTransition(using transitionContext: any UIViewControllerContextTransitioning) {
                                                        ^~~~~~~~~~~~~~~~~~~~~~~~~~~~~~~~~~~~
/Applications/Xcode-26.5.0.app/Contents/Developer/Platforms/WatchOS.platform/Developer/SDKs/WatchOS26.5.sdk/System/Library/Frameworks/UIKit.framework/Headers/UIViewControllerTransitioning.h:68:11: note: 'UIViewControllerContextTransitioning' has been explicitly marked unavailable here
@protocol UIViewControllerContextTransitioning <NSObject>
          ^
/Users/admin/builder/spi-builder-workspace/Sources/OverlayContainer/Classes/Presentation/BottomSheetAnimatedTransition.swift:55:38: error: 'UIViewControllerContextTransitioning' is unavailable in watchOS
        using transitionContext: any UIViewControllerContextTransitioning
                                     ^~~~~~~~~~~~~~~~~~~~~~~~~~~~~~~~~~~~
/Applications/Xcode-26.5.0.app/Contents/Developer/Platforms/WatchOS.platform/Developer/SDKs/WatchOS26.5.sdk/System/Library/Frameworks/UIKit.framework/Headers/UIViewControllerTransitioning.h:68:11: note: 'UIViewControllerContextTransitioning' has been explicitly marked unavailable here
@protocol UIViewControllerContextTransitioning <NSObject>
          ^
/Users/admin/builder/spi-builder-workspace/Sources/OverlayContainer/Classes/Presentation/BottomSheetAnimatedTransition.swift:56:14: error: 'UIViewImplicitlyAnimating' is unavailable in watchOS
    ) -> any UIViewImplicitlyAnimating {
             ^~~~~~~~~~~~~~~~~~~~~~~~~
/Applications/Xcode-26.5.0.app/Contents/Developer/Platforms/WatchOS.platform/Developer/SDKs/WatchOS26.5.sdk/System/Library/Frameworks/UIKit.framework/Headers/UIViewAnimating.h:77:11: note: 'UIViewImplicitlyAnimating' has been explicitly marked unavailable here
@protocol UIViewImplicitlyAnimating <UIViewAnimating>
          ^
/Users/admin/builder/spi-builder-workspace/Sources/OverlayContainer/Classes/Presentation/BottomSheetAnimatedTransition.swift:54:10: error: cannot override 'interruptibleAnimator' which has been marked unavailable
    func interruptibleAnimator(
         ^
UIKit.UIViewControllerAnimatedTransitioning.interruptibleAnimator:3:17: note: 'interruptibleAnimator(using:)' has been explicitly marked unavailable here
  optional func interruptibleAnimator(using transitionContext: any UIViewControllerContextTransitioning) -> any UIViewImplicitlyAnimating}
                ^
/Users/admin/builder/spi-builder-workspace/Sources/OverlayContainer/Classes/Presentation/BottomSheetAnimatedTransition.swift:45:42: error: 'UIViewControllerAnimatedTransitioning' is unavailable in watchOS
extension BottomSheetAnimatedTransition: UIViewControllerAnimatedTransitioning {
                                         ^~~~~~~~~~~~~~~~~~~~~~~~~~~~~~~~~~~~~
/Applications/Xcode-26.5.0.app/Contents/Developer/Platforms/WatchOS.platform/Developer/SDKs/WatchOS26.5.sdk/System/Library/Frameworks/UIKit.framework/Headers/UIViewControllerTransitioning.h:137:11: note: 'UIViewControllerAnimatedTransitioning' has been explicitly marked unavailable here
@protocol UIViewControllerAnimatedTransitioning <NSObject>
          ^
/Users/admin/builder/spi-builder-workspace/Sources/OverlayContainer/Classes/Presentation/BottomSheetAnimatedTransitionDriver.swift:15:34: error: 'UIPanGestureRecognizer' is unavailable in watchOS
    private lazy var panGesture: UIPanGestureRecognizer = {
                                 ^~~~~~~~~~~~~~~~~~~~~~
/Applications/Xcode-26.5.0.app/Contents/Developer/Platforms/WatchOS.platform/Developer/SDKs/WatchOS26.5.sdk/System/Library/Frameworks/UIKit.framework/Headers/UIPanGestureRecognizer.h:31:12: note: 'UIPanGestureRecognizer' has been explicitly marked unavailable here
@interface UIPanGestureRecognizer : UIGestureRecognizer
           ^
/Users/admin/builder/spi-builder-workspace/Sources/OverlayContainer/Classes/Presentation/BottomSheetAnimatedTransitionDriver.swift:16:26: error: 'UIPanGestureRecognizer' is unavailable in watchOS
        let panGesture = UIPanGestureRecognizer(target: self, action: #selector(handlePan(_:)))
                         ^~~~~~~~~~~~~~~~~~~~~~
/Applications/Xcode-26.5.0.app/Contents/Developer/Platforms/WatchOS.platform/Developer/SDKs/WatchOS26.5.sdk/System/Library/Frameworks/UIKit.framework/Headers/UIPanGestureRecognizer.h:31:12: note: 'UIPanGestureRecognizer' has been explicitly marked unavailable here
@interface UIPanGestureRecognizer : UIGestureRecognizer
           ^
/Users/admin/builder/spi-builder-workspace/Sources/OverlayContainer/Classes/Presentation/BottomSheetAnimatedTransitionDriver.swift:39:38: error: 'UIPanGestureRecognizer' is unavailable in watchOS
    private func handlePan(_ sender: UIPanGestureRecognizer) {
                                     ^~~~~~~~~~~~~~~~~~~~~~
/Applications/Xcode-26.5.0.app/Contents/Developer/Platforms/WatchOS.platform/Developer/SDKs/WatchOS26.5.sdk/System/Library/Frameworks/UIKit.framework/Headers/UIPanGestureRecognizer.h:31:12: note: 'UIPanGestureRecognizer' has been explicitly marked unavailable here
@interface UIPanGestureRecognizer : UIGestureRecognizer
           ^
/Users/admin/builder/spi-builder-workspace/Sources/OverlayContainer/Classes/Presentation/BottomSheetAnimatedTransitionDriver.swift:10:50: error: 'UIPercentDrivenInteractiveTransition' is unavailable in watchOS
final class BottomSheetAnimatedTransitionDriver: UIPercentDrivenInteractiveTransition {
                                                 ^~~~~~~~~~~~~~~~~~~~~~~~~~~~~~~~~~~~
/Applications/Xcode-26.5.0.app/Contents/Developer/Platforms/WatchOS.platform/Developer/SDKs/WatchOS26.5.sdk/System/Library/Frameworks/UIKit.framework/Headers/UIViewControllerTransitioning.h:196:12: note: 'UIPercentDrivenInteractiveTransition' has been explicitly marked unavailable here
@interface UIPercentDrivenInteractiveTransition : NSObject <UIViewControllerInteractiveTransitioning>
           ^
/Users/admin/builder/spi-builder-workspace/Sources/OverlayContainer/Classes/Presentation/BottomSheetAnimatedTransitionDriver.swift:74:42: error: 'UIGestureRecognizer' is unavailable in watchOS
    func gestureRecognizerShouldBegin(_: UIGestureRecognizer) -> Bool {
                                         ^~~~~~~~~~~~~~~~~~~
/Applications/Xcode-26.5.0.app/Contents/Developer/Platforms/WatchOS.platform/Developer/SDKs/WatchOS26.5.sdk/System/Library/Frameworks/UIKit.framework/Headers/UIGestureRecognizer.h:35:12: note: 'UIGestureRecognizer' has been explicitly marked unavailable here
@interface UIGestureRecognizer : NSObject
           ^
/Users/admin/builder/spi-builder-workspace/Sources/OverlayContainer/Classes/Presentation/BottomSheetAnimatedTransitionDriver.swift:73:48: error: 'UIGestureRecognizerDelegate' is unavailable in watchOS
extension BottomSheetAnimatedTransitionDriver: UIGestureRecognizerDelegate {
                                               ^~~~~~~~~~~~~~~~~~~~~~~~~~~
/Applications/Xcode-26.5.0.app/Contents/Developer/Platforms/WatchOS.platform/Developer/SDKs/WatchOS26.5.sdk/System/Library/Frameworks/UIKit.framework/Headers/UIGestureRecognizer.h:91:11: note: 'UIGestureRecognizerDelegate' has been explicitly marked unavailable here
@protocol UIGestureRecognizerDelegate <NSObject>
          ^
/Users/admin/builder/spi-builder-workspace/Sources/OverlayContainer/Classes/Presentation/BottomSheetPresentationController.swift:33:30: error: 'UIView' is unavailable in watchOS
    private var dimmingView: UIView?
                             ^~~~~~
/Applications/Xcode-26.5.0.app/Contents/Developer/Platforms/WatchOS.platform/Developer/SDKs/WatchOS26.5.sdk/System/Library/Frameworks/UIKit.framework/Headers/UIView.h:148:12: note: 'UIView' has been explicitly marked unavailable here
@interface UIView : UIResponder <NSCoding, UIAppearance, UIAppearanceContainer, UIDynamicItem, UITraitEnvironment, UICoordinateSpace, UIFocusItem, UIFocusItemContainer, CALayerDelegate>
           ^
/Users/admin/builder/spi-builder-workspace/Sources/OverlayContainer/Classes/Presentation/BottomSheetPresentationController.swift:50:34: error: 'UIViewController' is unavailable in watchOS
        presentedViewController: UIViewController,
                                 ^~~~~~~~~~~~~~~~
/Applications/Xcode-26.5.0.app/Contents/Developer/Platforms/WatchOS.platform/Developer/SDKs/WatchOS26.5.sdk/System/Library/Frameworks/UIKit.framework/Headers/UIViewController.h:102:12: note: 'UIViewController' has been explicitly marked unavailable here
@interface UIViewController : UIResponder <NSCoding, UIAppearanceContainer, UITraitEnvironment, UIContentContainer, UIFocusEnvironment>
           ^
/Users/admin/builder/spi-builder-workspace/Sources/OverlayContainer/Classes/Presentation/BottomSheetPresentationController.swift:51:35: error: 'UIViewController' is unavailable in watchOS
        presentingViewController: UIViewController?
                                  ^~~~~~~~~~~~~~~~
/Applications/Xcode-26.5.0.app/Contents/Developer/Platforms/WatchOS.platform/Developer/SDKs/WatchOS26.5.sdk/System/Library/Frameworks/UIKit.framework/Headers/UIViewController.h:102:12: note: 'UIViewController' has been explicitly marked unavailable here
@interface UIViewController : UIResponder <NSCoding, UIAppearanceContainer, UITraitEnvironment, UIContentContainer, UIFocusEnvironment>
           ^
/Users/admin/builder/spi-builder-workspace/Sources/OverlayContainer/Classes/Presentation/BottomSheetPresentationController.swift:136:89: error: 'UIContentContainer' is unavailable in watchOS
    override func preferredContentSizeDidChange(forChildContentContainer container: any UIContentContainer) {
                                                                                        ^~~~~~~~~~~~~~~~~~
/Applications/Xcode-26.5.0.app/Contents/Developer/Platforms/WatchOS.platform/Developer/SDKs/WatchOS26.5.sdk/System/Library/Frameworks/UIKit.framework/Headers/UIViewController.h:62:11: note: 'UIContentContainer' has been explicitly marked unavailable here
@protocol UIContentContainer <NSObject>
          ^
/Users/admin/builder/spi-builder-workspace/Sources/OverlayContainer/Classes/Presentation/BottomSheetPresentationController.swift:141:92: error: 'UIContentContainer' is unavailable in watchOS
    override func systemLayoutFittingSizeDidChange(forChildContentContainer container: any UIContentContainer) {
                                                                                           ^~~~~~~~~~~~~~~~~~
/Applications/Xcode-26.5.0.app/Contents/Developer/Platforms/WatchOS.platform/Developer/SDKs/WatchOS26.5.sdk/System/Library/Frameworks/UIKit.framework/Headers/UIViewController.h:62:11: note: 'UIContentContainer' has been explicitly marked unavailable here
@protocol UIContentContainer <NSObject>
          ^
/Users/admin/builder/spi-builder-workspace/Sources/OverlayContainer/Classes/Presentation/BottomSheetPresentationController.swift:147:27: error: 'UITraitCollection' is unavailable in watchOS
        to newCollection: UITraitCollection,
                          ^~~~~~~~~~~~~~~~~
/Applications/Xcode-26.5.0.app/Contents/Developer/Platforms/WatchOS.platform/Developer/SDKs/WatchOS26.5.sdk/System/Library/Frameworks/UIKit.framework/Headers/UITraitCollection.h:23:12: note: 'UITraitCollection' has been explicitly marked unavailable here
@interface UITraitCollection : NSObject <NSCopying, NSSecureCoding>
           ^
/Users/admin/builder/spi-builder-workspace/Sources/OverlayContainer/Classes/Presentation/BottomSheetPresentationController.swift:148:31: error: 'UIViewControllerTransitionCoordinator' is unavailable in watchOS
        with coordinator: any UIViewControllerTransitionCoordinator
                              ^~~~~~~~~~~~~~~~~~~~~~~~~~~~~~~~~~~~~
/Applications/Xcode-26.5.0.app/Contents/Developer/Platforms/WatchOS.platform/Developer/SDKs/WatchOS26.5.sdk/System/Library/Frameworks/UIKit.framework/Headers/UIViewControllerTransitionCoordinator.h:81:11: note: 'UIViewControllerTransitionCoordinator' has been explicitly marked unavailable here
@protocol UIViewControllerTransitionCoordinator <UIViewControllerTransitionCoordinatorContext>
          ^
/Users/admin/builder/spi-builder-workspace/Sources/OverlayContainer/Classes/Presentation/BottomSheetPresentationController.swift:11:48: error: 'UIPresentationController' is unavailable in watchOS
final class BottomSheetPresentationController: UIPresentationController {
                                               ^~~~~~~~~~~~~~~~~~~~~~~~
/Applications/Xcode-26.5.0.app/Contents/Developer/Platforms/WatchOS.platform/Developer/SDKs/WatchOS26.5.sdk/System/Library/Frameworks/UIKit.framework/Headers/UIPresentationController.h:65:12: note: 'UIPresentationController' has been explicitly marked unavailable here
@interface UIPresentationController : NSObject <UIAppearanceContainer, UITraitEnvironment, UIContentContainer, UIFocusEnvironment>
           ^
/Users/admin/builder/spi-builder-workspace/Sources/OverlayContainer/Classes/Presentation/GrabberView.swift:13:32: error: 'CALayer' is unavailable in watchOS
    private let grabberLayer = CALayer()
                               ^~~~~~~
/Applications/Xcode-26.5.0.app/Contents/Developer/Platforms/WatchOS.platform/Developer/SDKs/WatchOS26.5.sdk/System/Library/Frameworks/QuartzCore.framework/Headers/CALayer.h:117:12: note: 'CALayer' has been explicitly marked unavailable here
@interface CALayer : NSObject <NSSecureCoding, CAMediaTiming>
           ^
/Users/admin/builder/spi-builder-workspace/Sources/OverlayContainer/Classes/Presentation/GrabberView.swift:22:34: error: 'systemGray' is unavailable in watchOS
    var grabberColor: UIColor = .systemGray {
                                 ^~~~~~~~~~
/Applications/Xcode-26.5.0.app/Contents/Developer/Platforms/WatchOS.platform/Developer/SDKs/WatchOS26.5.sdk/System/Library/Frameworks/UIKit.framework/Headers/UIInterface.h:136:49: note: 'systemGray' has been explicitly marked unavailable here
@property (class, nonatomic, readonly) UIColor *systemGrayColor         API_AVAILABLE(ios(7.0), tvos(9.0)) API_UNAVAILABLE(watchos);
                                                ^
/Users/admin/builder/spi-builder-workspace/Sources/OverlayContainer/Classes/Presentation/GrabberView.swift:53:71: error: 'UITraitCollection' is unavailable in watchOS
    override func traitCollectionDidChange(_ previousTraitCollection: UITraitCollection?) {
                                                                      ^~~~~~~~~~~~~~~~~
/Applications/Xcode-26.5.0.app/Contents/Developer/Platforms/WatchOS.platform/Developer/SDKs/WatchOS26.5.sdk/System/Library/Frameworks/UIKit.framework/Headers/UITraitCollection.h:23:12: note: 'UITraitCollection' has been explicitly marked unavailable here
@interface UITraitCollection : NSObject <NSCopying, NSSecureCoding>
           ^
/Users/admin/builder/spi-builder-workspace/Sources/OverlayContainer/Classes/Presentation/GrabberView.swift:53:19: error: cannot override 'traitCollectionDidChange' which has been marked unavailable
    override func traitCollectionDidChange(_ previousTraitCollection: UITraitCollection?) {
                  ^
UIKit.UIView.traitCollectionDidChange:3:13: note: 'traitCollectionDidChange' has been explicitly marked unavailable here
  open func traitCollectionDidChange(_ previousTraitCollection: UITraitCollection?)}
            ^
/Users/admin/builder/spi-builder-workspace/Sources/OverlayContainer/Classes/Presentation/GrabberView.swift:53:19: note: remove 'override' modifier to declare a new 'traitCollectionDidChange'
    override func traitCollectionDidChange(_ previousTraitCollection: UITraitCollection?) {
    ~~~~~~~~~     ^

/Users/admin/builder/spi-builder-workspace/Sources/OverlayContainer/Classes/Presentation/GrabberView.swift:63:45: error: 'CALayer' is unavailable in watchOS
    override func layoutSublayers(of layer: CALayer) {
                                            ^~~~~~~
/Applications/Xcode-26.5.0.app/Contents/Developer/Platforms/WatchOS.platform/Developer/SDKs/WatchOS26.5.sdk/System/Library/Frameworks/QuartzCore.framework/Headers/CALayer.h:117:12: note: 'CALayer' has been explicitly marked unavailable here
@interface CALayer : NSObject <NSSecureCoding, CAMediaTiming>
           ^
/Users/admin/builder/spi-builder-workspace/Sources/OverlayContainer/Classes/Presentation/GrabberView.swift:10:26: error: 'UIView' is unavailable in watchOS
final class GrabberView: UIView {
                         ^~~~~~
/Applications/Xcode-26.5.0.app/Contents/Developer/Platforms/WatchOS.platform/Developer/SDKs/WatchOS26.5.sdk/System/Library/Frameworks/UIKit.framework/Headers/UIView.h:148:12: note: 'UIView' has been explicitly marked unavailable here
@interface UIView : UIResponder <NSCoding, UIAppearance, UIAppearanceContainer, UIDynamicItem, UITraitEnvironment, UICoordinateSpace, UIFocusItem, UIFocusItemContainer, CALayerDelegate>
           ^
Failed frontend command:
/Applications/Xcode-26.5.0.app/Contents/Developer/Toolchains/XcodeDefault.xctoolchain/usr/bin/swift-frontend -frontend -emit-module -experimental-skip-non-inlinable-function-bodies-without-types /Users/admin/builder/spi-builder-workspace/Sources/OverlayContainer/Classes/Core/Model/Configuration.swift /Users/admin/builder/spi-builder-workspace/Sources/OverlayContainer/Classes/OverlayContainer.swift /Users/admin/builder/spi-builder-workspace/Sources/OverlayContainer/Classes/Presentation/BottomSheetAnimatedTransition.swift /Users/admin/builder/spi-builder-workspace/Sources/OverlayContainer/Classes/Presentation/BottomSheetAnimatedTransitionDriver.swift /Users/admin/builder/spi-builder-workspace/Sources/OverlayContainer/Classes/Presentation/BottomSheetPresentationController.swift /Users/admin/builder/spi-builder-workspace/Sources/OverlayContainer/Classes/Presentation/GrabberView.swift -target armv7k-apple-watchos5.0 -load-resolved-plugin /Applications/Xcode-26.5.0.app/Contents/Developer/Platforms/WatchOS.platform/Developer/usr/lib/swift/host/plugins/libFoundationMacros.dylib\#/Applications/Xcode-26.5.0.app/Contents/Developer/Platforms/WatchOS.platform/Developer/usr/bin/swift-plugin-server\#FoundationMacros -load-resolved-plugin /Applications/Xcode-26.5.0.app/Contents/Developer/Platforms/WatchOS.platform/Developer/usr/lib/swift/host/plugins/libObservationMacros.dylib\#/Applications/Xcode-26.5.0.app/Contents/Developer/Platforms/WatchOS.platform/Developer/usr/bin/swift-plugin-server\#ObservationMacros -load-resolved-plugin /Applications/Xcode-26.5.0.app/Contents/Developer/Platforms/WatchOS.platform/Developer/usr/lib/swift/host/plugins/libSwiftMacros.dylib\#/Applications/Xcode-26.5.0.app/Contents/Developer/Platforms/WatchOS.platform/Developer/usr/bin/swift-plugin-server\#SwiftMacros -load-resolved-plugin /Applications/Xcode-26.5.0.app/Contents/Developer/Platforms/WatchOS.platform/Developer/usr/lib/swift/host/plugins/libSwiftUIMacros.dylib\#/Applications/Xcode-26.5.0.app/Contents/Developer/Platforms/WatchOS.platform/Developer/usr/bin/swift-plugin-server\#SwiftUIMacros -disable-implicit-swift-modules -Xcc -fno-implicit-modules -Xcc -fno-implicit-module-maps -explicit-swift-module-map-file /Users/admin/builder/spi-builder-workspace/.derivedData/Build/Intermediates.noindex/overlay-container.build/Debug-watchos/OverlayContainer.build/Objects-normal/armv7k/OverlayContainer-dependencies-2.json -enable-objc-interop -sdk /Applications/Xcode-26.5.0.app/Contents/Developer/Platforms/WatchOS.platform/Developer/SDKs/WatchOS26.5.sdk -I /Users/admin/builder/spi-builder-workspace/.derivedData/Build/Products/Debug-watchos -Isystem /Applications/Xcode-26.5.0.app/Contents/Developer/Platforms/WatchOS.platform/Developer/usr/lib -F /Users/admin/builder/spi-builder-workspace/.derivedData/Build/Products/Debug-watchos -F /Applications/Xcode-26.5.0.app/Contents/Developer/Platforms/WatchOS.platform/Developer/Library/Frameworks -F /Applications/Xcode-26.5.0.app/Contents/Developer/Platforms/WatchOS.platform/Developer/SDKs/WatchOS26.5.sdk/Developer/Library/Frameworks -no-color-diagnostics -Xcc -fno-color-diagnostics -enable-testing -g -debug-info-format\=dwarf -dwarf-version\=4 -module-cache-path /Users/admin/builder/spi-builder-workspace/.derivedData/Build/Intermediates.noindex/SwiftExplicitPrecompiledModules -profile-generate -profile-coverage-mapping -swift-version 6 -Onone -D SWIFT_PACKAGE -D DEBUG -D SWIFT_MODULE_RESOURCE_BUNDLE_UNAVAILABLE -D Xcode -serialize-debugging-options -const-gather-protocols-file /Users/admin/builder/spi-builder-workspace/.derivedData/Build/Intermediates.noindex/overlay-container.build/Debug-watchos/OverlayContainer.build/Objects-normal/armv7k/OverlayContainer_const_extract_protocols.json -enable-experimental-feature DebugDescriptionMacro -empty-abi-descriptor -validate-clang-modules-once -clang-build-session-file /Users/admin/builder/spi-builder-workspace/.derivedData/ModuleCache.noindex/Session.modulevalidation -Xcc -working-directory -Xcc /Users/admin/builder/spi-builder-workspace/.swiftpm/xcode -enable-anonymous-context-mangled-names -file-compilation-dir /Users/admin/builder/spi-builder-workspace/.swiftpm/xcode -Xcc -D_LIBCPP_HARDENING_MODE\=_LIBCPP_HARDENING_MODE_DEBUG -Xcc -ivfsstatcache -Xcc /Users/admin/builder/spi-builder-workspace/.derivedData/SDKStatCaches.noindex/watchos26.5-23T570-688ef53f1462e2c8f657fdc38a81448f7931b973dfc65d9472806dbbc3af9379.sdkstatcache -Xcc -I/Users/admin/builder/spi-builder-workspace/.derivedData/Build/Intermediates.noindex/overlay-container.build/Debug-watchos/OverlayContainer.build/swift-overrides.hmap -Xcc -I/Users/admin/builder/spi-builder-workspace/.derivedData/Build/Products/Debug-watchos/include -Xcc -I/Users/admin/builder/spi-builder-workspace/.derivedData/Build/Intermediates.noindex/overlay-container.build/Debug-watchos/OverlayContainer.build/DerivedSources-normal/armv7k -Xcc -I/Users/admin/builder/spi-builder-workspace/.derivedData/Build/Intermediates.noindex/overlay-container.build/Debug-watchos/OverlayContainer.build/DerivedSources/armv7k -Xcc -I/Users/admin/builder/spi-builder-workspace/.derivedData/Build/Intermediates.noindex/overlay-container.build/Debug-watchos/OverlayContainer.build/DerivedSources -Xcc -DSWIFT_PACKAGE -Xcc -DDEBUG\=1 -no-auto-bridging-header-chaining -module-name OverlayContainer -package-name spi_builder_workspace -frontend-parseable-output -disable-clang-spi -clang-target armv7k-apple-watchos26.5 -target-sdk-version 26.5 -target-sdk-name watchos26.5 -in-process-plugin-server-path /Applications/Xcode-26.5.0.app/Contents/Developer/Toolchains/XcodeDefault.xctoolchain/usr/lib/swift/host/libSwiftInProcPluginServer.dylib -emit-module-doc-path /Users/admin/builder/spi-builder-workspace/.derivedData/Build/Intermediates.noindex/overlay-container.build/Debug-watchos/OverlayContainer.build/Objects-normal/armv7k/OverlayContainer.swiftdoc -emit-module-source-info-path /Users/admin/builder/spi-builder-workspace/.derivedData/Build/Intermediates.noindex/overlay-container.build/Debug-watchos/OverlayContainer.build/Objects-normal/armv7k/OverlayContainer.swiftsourceinfo -emit-objc-header-path /Users/admin/builder/spi-builder-workspace/.derivedData/Build/Intermediates.noindex/overlay-container.build/Debug-watchos/OverlayContainer.build/Objects-normal/armv7k/OverlayContainer-Swift.h -serialize-diagnostics-path /Users/admin/builder/spi-builder-workspace/.derivedData/Build/Intermediates.noindex/overlay-container.build/Debug-watchos/OverlayContainer.build/Objects-normal/armv7k/OverlayContainer-primary-emit-module.dia -emit-dependencies-path /Users/admin/builder/spi-builder-workspace/.derivedData/Build/Intermediates.noindex/overlay-container.build/Debug-watchos/OverlayContainer.build/Objects-normal/armv7k/OverlayContainer-primary-emit-module.d -o /Users/admin/builder/spi-builder-workspace/.derivedData/Build/Intermediates.noindex/overlay-container.build/Debug-watchos/OverlayContainer.build/Objects-normal/armv7k/OverlayContainer.swiftmodule -emit-abi-descriptor-path /Users/admin/builder/spi-builder-workspace/.derivedData/Build/Intermediates.noindex/overlay-container.build/Debug-watchos/OverlayContainer.build/Objects-normal/armv7k/OverlayContainer.abi.json
SwiftCompile normal armv7k Compiling\ OverlayContainer.swift /Users/admin/builder/spi-builder-workspace/Sources/OverlayContainer/Classes/OverlayContainer.swift (in target 'OverlayContainer' from project 'overlay-container')
SwiftCompile normal armv7k /Users/admin/builder/spi-builder-workspace/Sources/OverlayContainer/Classes/OverlayContainer.swift (in target 'OverlayContainer' from project 'overlay-container')
    cd /Users/admin/builder/spi-builder-workspace/.swiftpm/xcode

SwiftCompile normal armv7k Compiling\ BottomSheetAnimatedTransitionDriver.swift /Users/admin/builder/spi-builder-workspace/Sources/OverlayContainer/Classes/Presentation/BottomSheetAnimatedTransitionDriver.swift (in target 'OverlayContainer' from project 'overlay-container')
SwiftCompile normal armv7k /Users/admin/builder/spi-builder-workspace/Sources/OverlayContainer/Classes/Presentation/BottomSheetAnimatedTransitionDriver.swift (in target 'OverlayContainer' from project 'overlay-container')
    cd /Users/admin/builder/spi-builder-workspace/.swiftpm/xcode

SwiftCompile normal armv7k Compiling\ BottomSheetAnimatedTransition.swift /Users/admin/builder/spi-builder-workspace/Sources/OverlayContainer/Classes/Presentation/BottomSheetAnimatedTransition.swift (in target 'OverlayContainer' from project 'overlay-container')
SwiftCompile normal armv7k /Users/admin/builder/spi-builder-workspace/Sources/OverlayContainer/Classes/Presentation/BottomSheetAnimatedTransition.swift (in target 'OverlayContainer' from project 'overlay-container')
    cd /Users/admin/builder/spi-builder-workspace/.swiftpm/xcode

SwiftCompile normal armv7k Compiling\ GrabberView.swift /Users/admin/builder/spi-builder-workspace/Sources/OverlayContainer/Classes/Presentation/GrabberView.swift (in target 'OverlayContainer' from project 'overlay-container')
SwiftCompile normal armv7k /Users/admin/builder/spi-builder-workspace/Sources/OverlayContainer/Classes/Presentation/GrabberView.swift (in target 'OverlayContainer' from project 'overlay-container')
    cd /Users/admin/builder/spi-builder-workspace/.swiftpm/xcode

SwiftCompile normal armv7k Compiling\ BottomSheetPresentationController.swift /Users/admin/builder/spi-builder-workspace/Sources/OverlayContainer/Classes/Presentation/BottomSheetPresentationController.swift (in target 'OverlayContainer' from project 'overlay-container')
SwiftCompile normal armv7k /Users/admin/builder/spi-builder-workspace/Sources/OverlayContainer/Classes/Presentation/BottomSheetPresentationController.swift (in target 'OverlayContainer' from project 'overlay-container')
    cd /Users/admin/builder/spi-builder-workspace/.swiftpm/xcode

SwiftCompile normal armv7k Compiling\ Configuration.swift /Users/admin/builder/spi-builder-workspace/Sources/OverlayContainer/Classes/Core/Model/Configuration.swift (in target 'OverlayContainer' from project 'overlay-container')
SwiftCompile normal armv7k /Users/admin/builder/spi-builder-workspace/Sources/OverlayContainer/Classes/Core/Model/Configuration.swift (in target 'OverlayContainer' from project 'overlay-container')
    cd /Users/admin/builder/spi-builder-workspace/.swiftpm/xcode

SwiftEmitModule normal arm64_32 Emitting\ module\ for\ OverlayContainer (in target 'OverlayContainer' from project 'overlay-container')
Failed frontend command:
/Applications/Xcode-26.5.0.app/Contents/Developer/Toolchains/XcodeDefault.xctoolchain/usr/bin/swift-frontend -frontend -emit-module -experimental-skip-non-inlinable-function-bodies-without-types /Users/admin/builder/spi-builder-workspace/Sources/OverlayContainer/Classes/Core/Model/Configuration.swift /Users/admin/builder/spi-builder-workspace/Sources/OverlayContainer/Classes/OverlayContainer.swift /Users/admin/builder/spi-builder-workspace/Sources/OverlayContainer/Classes/Presentation/BottomSheetAnimatedTransition.swift /Users/admin/builder/spi-builder-workspace/Sources/OverlayContainer/Classes/Presentation/BottomSheetAnimatedTransitionDriver.swift /Users/admin/builder/spi-builder-workspace/Sources/OverlayContainer/Classes/Presentation/BottomSheetPresentationController.swift /Users/admin/builder/spi-builder-workspace/Sources/OverlayContainer/Classes/Presentation/GrabberView.swift -target arm64_32-apple-watchos5.0 -load-resolved-plugin /Applications/Xcode-26.5.0.app/Contents/Developer/Platforms/WatchOS.platform/Developer/usr/lib/swift/host/plugins/libFoundationMacros.dylib\#/Applications/Xcode-26.5.0.app/Contents/Developer/Platforms/WatchOS.platform/Developer/usr/bin/swift-plugin-server\#FoundationMacros -load-resolved-plugin /Applications/Xcode-26.5.0.app/Contents/Developer/Platforms/WatchOS.platform/Developer/usr/lib/swift/host/plugins/libObservationMacros.dylib\#/Applications/Xcode-26.5.0.app/Contents/Developer/Platforms/WatchOS.platform/Developer/usr/bin/swift-plugin-server\#ObservationMacros -load-resolved-plugin /Applications/Xcode-26.5.0.app/Contents/Developer/Platforms/WatchOS.platform/Developer/usr/lib/swift/host/plugins/libSwiftMacros.dylib\#/Applications/Xcode-26.5.0.app/Contents/Developer/Platforms/WatchOS.platform/Developer/usr/bin/swift-plugin-server\#SwiftMacros -load-resolved-plugin /Applications/Xcode-26.5.0.app/Contents/Developer/Platforms/WatchOS.platform/Developer/usr/lib/swift/host/plugins/libSwiftUIMacros.dylib\#/Applications/Xcode-26.5.0.app/Contents/Developer/Platforms/WatchOS.platform/Developer/usr/bin/swift-plugin-server\#SwiftUIMacros -disable-implicit-swift-modules -Xcc -fno-implicit-modules -Xcc -fno-implicit-module-maps -explicit-swift-module-map-file /Users/admin/builder/spi-builder-workspace/.derivedData/Build/Intermediates.noindex/overlay-container.build/Debug-watchos/OverlayContainer.build/Objects-normal/arm64_32/OverlayContainer-dependencies-1.json -enable-objc-interop -sdk /Applications/Xcode-26.5.0.app/Contents/Developer/Platforms/WatchOS.platform/Developer/SDKs/WatchOS26.5.sdk -I /Users/admin/builder/spi-builder-workspace/.derivedData/Build/Products/Debug-watchos -Isystem /Applications/Xcode-26.5.0.app/Contents/Developer/Platforms/WatchOS.platform/Developer/usr/lib -F /Users/admin/builder/spi-builder-workspace/.derivedData/Build/Products/Debug-watchos -F /Applications/Xcode-26.5.0.app/Contents/Developer/Platforms/WatchOS.platform/Developer/Library/Frameworks -F /Applications/Xcode-26.5.0.app/Contents/Developer/Platforms/WatchOS.platform/Developer/SDKs/WatchOS26.5.sdk/Developer/Library/Frameworks -no-color-diagnostics -Xcc -fno-color-diagnostics -enable-testing -g -debug-info-format\=dwarf -dwarf-version\=4 -module-cache-path /Users/admin/builder/spi-builder-workspace/.derivedData/Build/Intermediates.noindex/SwiftExplicitPrecompiledModules -profile-generate -profile-coverage-mapping -swift-version 6 -Onone -D SWIFT_PACKAGE -D DEBUG -D SWIFT_MODULE_RESOURCE_BUNDLE_UNAVAILABLE -D Xcode -serialize-debugging-options -const-gather-protocols-file /Users/admin/builder/spi-builder-workspace/.derivedData/Build/Intermediates.noindex/overlay-container.build/Debug-watchos/OverlayContainer.build/Objects-normal/arm64_32/OverlayContainer_const_extract_protocols.json -enable-experimental-feature DebugDescriptionMacro -empty-abi-descriptor -validate-clang-modules-once -clang-build-session-file /Users/admin/builder/spi-builder-workspace/.derivedData/ModuleCache.noindex/Session.modulevalidation -Xcc -working-directory -Xcc /Users/admin/builder/spi-builder-workspace/.swiftpm/xcode -enable-anonymous-context-mangled-names -file-compilation-dir /Users/admin/builder/spi-builder-workspace/.swiftpm/xcode -Xcc -D_LIBCPP_HARDENING_MODE\=_LIBCPP_HARDENING_MODE_DEBUG -Xcc -ivfsstatcache -Xcc /Users/admin/builder/spi-builder-workspace/.derivedData/SDKStatCaches.noindex/watchos26.5-23T570-688ef53f1462e2c8f657fdc38a81448f7931b973dfc65d9472806dbbc3af9379.sdkstatcache -Xcc -I/Users/admin/builder/spi-builder-workspace/.derivedData/Build/Intermediates.noindex/overlay-container.build/Debug-watchos/OverlayContainer.build/swift-overrides.hmap -Xcc -I/Users/admin/builder/spi-builder-workspace/.derivedData/Build/Products/Debug-watchos/include -Xcc -I/Users/admin/builder/spi-builder-workspace/.derivedData/Build/Intermediates.noindex/overlay-container.build/Debug-watchos/OverlayContainer.build/DerivedSources-normal/arm64_32 -Xcc -I/Users/admin/builder/spi-builder-workspace/.derivedData/Build/Intermediates.noindex/overlay-container.build/Debug-watchos/OverlayContainer.build/DerivedSources/arm64_32 -Xcc -I/Users/admin/builder/spi-builder-workspace/.derivedData/Build/Intermediates.noindex/overlay-container.build/Debug-watchos/OverlayContainer.build/DerivedSources -Xcc -DSWIFT_PACKAGE -Xcc -DDEBUG\=1 -no-auto-bridging-header-chaining -module-name OverlayContainer -package-name spi_builder_workspace -frontend-parseable-output -disable-clang-spi -clang-target arm64_32-apple-watchos26.5 -target-sdk-version 26.5 -target-sdk-name watchos26.5 -in-process-plugin-server-path /Applications/Xcode-26.5.0.app/Contents/Developer/Toolchains/XcodeDefault.xctoolchain/usr/lib/swift/host/libSwiftInProcPluginServer.dylib -emit-module-doc-path /Users/admin/builder/spi-builder-workspace/.derivedData/Build/Intermediates.noindex/overlay-container.build/Debug-watchos/OverlayContainer.build/Objects-normal/arm64_32/OverlayContainer.swiftdoc -emit-module-source-info-path /Users/admin/builder/spi-builder-workspace/.derivedData/Build/Intermediates.noindex/overlay-container.build/Debug-watchos/OverlayContainer.build/Objects-normal/arm64_32/OverlayContainer.swiftsourceinfo -emit-objc-header-path /Users/admin/builder/spi-builder-workspace/.derivedData/Build/Intermediates.noindex/overlay-container.build/Debug-watchos/OverlayContainer.build/Objects-normal/arm64_32/OverlayContainer-Swift.h -serialize-diagnostics-path /Users/admin/builder/spi-builder-workspace/.derivedData/Build/Intermediates.noindex/overlay-container.build/Debug-watchos/OverlayContainer.build/Objects-normal/arm64_32/OverlayContainer-primary-emit-module.dia -emit-dependencies-path /Users/admin/builder/spi-builder-workspace/.derivedData/Build/Intermediates.noindex/overlay-container.build/Debug-watchos/OverlayContainer.build/Objects-normal/arm64_32/OverlayContainer-primary-emit-module.d -o /Users/admin/builder/spi-builder-workspace/.derivedData/Build/Intermediates.noindex/overlay-container.build/Debug-watchos/OverlayContainer.build/Objects-normal/arm64_32/OverlayContainer.swiftmodule -emit-abi-descriptor-path /Users/admin/builder/spi-builder-workspace/.derivedData/Build/Intermediates.noindex/overlay-container.build/Debug-watchos/OverlayContainer.build/Objects-normal/arm64_32/OverlayContainer.abi.json
EmitSwiftModule normal arm64_32 (in target 'OverlayContainer' from project 'overlay-container')
    cd /Users/admin/builder/spi-builder-workspace/.swiftpm/xcode

/Users/admin/builder/spi-builder-workspace/Sources/OverlayContainer/Classes/Core/Model/Configuration.swift:35:31: error: 'CACornerMask' is unavailable in watchOS
    public let maskedCorners: CACornerMask
                              ^~~~~~~~~~~~
/Applications/Xcode-26.5.0.app/Contents/Developer/Platforms/WatchOS.platform/Developer/SDKs/WatchOS26.5.sdk/System/Library/Frameworks/QuartzCore.framework/Headers/CALayer.h:106:33: note: 'CACornerMask' has been explicitly marked unavailable here
typedef NS_OPTIONS (NSUInteger, CACornerMask)
                                ^
/Users/admin/builder/spi-builder-workspace/Sources/OverlayContainer/Classes/Core/Model/Configuration.swift:56:24: error: 'CACornerMask' is unavailable in watchOS
        maskedCorners: CACornerMask = [
                       ^~~~~~~~~~~~
/Applications/Xcode-26.5.0.app/Contents/Developer/Platforms/WatchOS.platform/Developer/SDKs/WatchOS26.5.sdk/System/Library/Frameworks/QuartzCore.framework/Headers/CALayer.h:106:33: note: 'CACornerMask' has been explicitly marked unavailable here
typedef NS_OPTIONS (NSUInteger, CACornerMask)
                                ^
/Users/admin/builder/spi-builder-workspace/Sources/OverlayContainer/Classes/OverlayContainer.swift:18:35: error: 'UIViewController' is unavailable in watchOS
    private let contentContainer: UIViewController
                                  ^~~~~~~~~~~~~~~~
/Applications/Xcode-26.5.0.app/Contents/Developer/Platforms/WatchOS.platform/Developer/SDKs/WatchOS26.5.sdk/System/Library/Frameworks/UIKit.framework/Headers/UIViewController.h:102:12: note: 'UIViewController' has been explicitly marked unavailable here
@interface UIViewController : UIResponder <NSCoding, UIAppearanceContainer, UITraitEnvironment, UIContentContainer, UIFocusEnvironment>
           ^
/Users/admin/builder/spi-builder-workspace/Sources/OverlayContainer/Classes/OverlayContainer.swift:20:31: error: 'UIView' is unavailable in watchOS
    private let contentView = UIView()
                              ^~~~~~
/Applications/Xcode-26.5.0.app/Contents/Developer/Platforms/WatchOS.platform/Developer/SDKs/WatchOS26.5.sdk/System/Library/Frameworks/UIKit.framework/Headers/UIView.h:148:12: note: 'UIView' has been explicitly marked unavailable here
@interface UIView : UIResponder <NSCoding, UIAppearance, UIAppearanceContainer, UIDynamicItem, UITraitEnvironment, UICoordinateSpace, UIFocusItem, UIFocusItemContainer, CALayerDelegate>
           ^
/Users/admin/builder/spi-builder-workspace/Sources/OverlayContainer/Classes/OverlayContainer.swift:20:31: error: 'init()' is unavailable in watchOS
    private let contentView = UIView()
                              ^~~~~~
/Applications/Xcode-26.5.0.app/Contents/Developer/Platforms/WatchOS.platform/Developer/SDKs/WatchOS26.5.sdk/System/Library/Frameworks/UIKit.framework/Headers/UIView.h:154:1: note: 'init()' has been explicitly marked unavailable here
- (instancetype)init API_AVAILABLE(ios(2.0), tvos(9.0), visionos(1.0)) API_UNAVAILABLE(watchos);
^
/Users/admin/builder/spi-builder-workspace/Sources/OverlayContainer/Classes/OverlayContainer.swift:22:31: error: 'init()' is unavailable in watchOS
    private let grabberView = GrabberView()
                              ^~~~~~~~~~~
/Applications/Xcode-26.5.0.app/Contents/Developer/Platforms/WatchOS.platform/Developer/SDKs/WatchOS26.5.sdk/System/Library/Frameworks/UIKit.framework/Headers/UIView.h:154:1: note: 'init()' has been explicitly marked unavailable here
- (instancetype)init API_AVAILABLE(ios(2.0), tvos(9.0), visionos(1.0)) API_UNAVAILABLE(watchos);
^
/Users/admin/builder/spi-builder-workspace/Sources/OverlayContainer/Classes/OverlayContainer.swift:40:35: error: 'UIViewController' is unavailable in watchOS
    public init(contentContainer: UIViewController, configuration: Configuration = .init()) {
                                  ^~~~~~~~~~~~~~~~
/Applications/Xcode-26.5.0.app/Contents/Developer/Platforms/WatchOS.platform/Developer/SDKs/WatchOS26.5.sdk/System/Library/Frameworks/UIKit.framework/Headers/UIViewController.h:102:12: note: 'UIViewController' has been explicitly marked unavailable here
@interface UIViewController : UIResponder <NSCoding, UIAppearanceContainer, UITraitEnvironment, UIContentContainer, UIFocusEnvironment>
           ^
/Users/admin/builder/spi-builder-workspace/Sources/OverlayContainer/Classes/OverlayContainer.swift:67:99: error: 'UIContentContainer' is unavailable in watchOS
    override public func systemLayoutFittingSizeDidChange(forChildContentContainer container: any UIContentContainer) {
                                                                                                  ^~~~~~~~~~~~~~~~~~
/Applications/Xcode-26.5.0.app/Contents/Developer/Platforms/WatchOS.platform/Developer/SDKs/WatchOS26.5.sdk/System/Library/Frameworks/UIKit.framework/Headers/UIViewController.h:62:11: note: 'UIContentContainer' has been explicitly marked unavailable here
@protocol UIContentContainer <NSObject>
          ^
/Users/admin/builder/spi-builder-workspace/Sources/OverlayContainer/Classes/OverlayContainer.swift:72:96: error: 'UIContentContainer' is unavailable in watchOS
    override public func preferredContentSizeDidChange(forChildContentContainer container: any UIContentContainer) {
                                                                                               ^~~~~~~~~~~~~~~~~~
/Applications/Xcode-26.5.0.app/Contents/Developer/Platforms/WatchOS.platform/Developer/SDKs/WatchOS26.5.sdk/System/Library/Frameworks/UIKit.framework/Headers/UIViewController.h:62:11: note: 'UIContentContainer' has been explicitly marked unavailable here
@protocol UIContentContainer <NSObject>
          ^
/Users/admin/builder/spi-builder-workspace/Sources/OverlayContainer/Classes/OverlayContainer.swift:83:41: error: 'UIViewController' is unavailable in watchOS
    public func present(viewController: UIViewController) {
                                        ^~~~~~~~~~~~~~~~
/Applications/Xcode-26.5.0.app/Contents/Developer/Platforms/WatchOS.platform/Developer/SDKs/WatchOS26.5.sdk/System/Library/Frameworks/UIKit.framework/Headers/UIViewController.h:102:12: note: 'UIViewController' has been explicitly marked unavailable here
@interface UIViewController : UIResponder <NSCoding, UIAppearanceContainer, UITraitEnvironment, UIContentContainer, UIFocusEnvironment>
           ^
/Users/admin/builder/spi-builder-workspace/Sources/OverlayContainer/Classes/OverlayContainer.swift:10:38: error: 'UIViewController' is unavailable in watchOS
public final class OverlayContainer: UIViewController {
                                     ^~~~~~~~~~~~~~~~
/Applications/Xcode-26.5.0.app/Contents/Developer/Platforms/WatchOS.platform/Developer/SDKs/WatchOS26.5.sdk/System/Library/Frameworks/UIKit.framework/Headers/UIViewController.h:102:12: note: 'UIViewController' has been explicitly marked unavailable here
@interface UIViewController : UIResponder <NSCoding, UIAppearanceContainer, UITraitEnvironment, UIContentContainer, UIFocusEnvironment>
           ^
/Users/admin/builder/spi-builder-workspace/Sources/OverlayContainer/Classes/OverlayContainer.swift:145:33: error: 'UIViewController' is unavailable in watchOS
        forPresented presented: UIViewController,
                                ^~~~~~~~~~~~~~~~
/Applications/Xcode-26.5.0.app/Contents/Developer/Platforms/WatchOS.platform/Developer/SDKs/WatchOS26.5.sdk/System/Library/Frameworks/UIKit.framework/Headers/UIViewController.h:102:12: note: 'UIViewController' has been explicitly marked unavailable here
@interface UIViewController : UIResponder <NSCoding, UIAppearanceContainer, UITraitEnvironment, UIContentContainer, UIFocusEnvironment>
           ^
/Users/admin/builder/spi-builder-workspace/Sources/OverlayContainer/Classes/OverlayContainer.swift:146:21: error: 'UIViewController' is unavailable in watchOS
        presenting: UIViewController?,
                    ^~~~~~~~~~~~~~~~
/Applications/Xcode-26.5.0.app/Contents/Developer/Platforms/WatchOS.platform/Developer/SDKs/WatchOS26.5.sdk/System/Library/Frameworks/UIKit.framework/Headers/UIViewController.h:102:12: note: 'UIViewController' has been explicitly marked unavailable here
@interface UIViewController : UIResponder <NSCoding, UIAppearanceContainer, UITraitEnvironment, UIContentContainer, UIFocusEnvironment>
           ^
/Users/admin/builder/spi-builder-workspace/Sources/OverlayContainer/Classes/OverlayContainer.swift:147:19: error: 'UIViewController' is unavailable in watchOS
        source _: UIViewController
                  ^~~~~~~~~~~~~~~~
/Applications/Xcode-26.5.0.app/Contents/Developer/Platforms/WatchOS.platform/Developer/SDKs/WatchOS26.5.sdk/System/Library/Frameworks/UIKit.framework/Headers/UIViewController.h:102:12: note: 'UIViewController' has been explicitly marked unavailable here
@interface UIViewController : UIResponder <NSCoding, UIAppearanceContainer, UITraitEnvironment, UIContentContainer, UIFocusEnvironment>
           ^
/Users/admin/builder/spi-builder-workspace/Sources/OverlayContainer/Classes/OverlayContainer.swift:148:10: error: 'UIPresentationController' is unavailable in watchOS
    ) -> UIPresentationController? {
         ^~~~~~~~~~~~~~~~~~~~~~~~
/Applications/Xcode-26.5.0.app/Contents/Developer/Platforms/WatchOS.platform/Developer/SDKs/WatchOS26.5.sdk/System/Library/Frameworks/UIKit.framework/Headers/UIPresentationController.h:65:12: note: 'UIPresentationController' has been explicitly marked unavailable here
@interface UIPresentationController : NSObject <UIAppearanceContainer, UITraitEnvironment, UIContentContainer, UIFocusEnvironment>
           ^
/Users/admin/builder/spi-builder-workspace/Sources/OverlayContainer/Classes/OverlayContainer.swift:158:25: error: 'UIViewController' is unavailable in watchOS
        forDismissed _: UIViewController
                        ^~~~~~~~~~~~~~~~
/Applications/Xcode-26.5.0.app/Contents/Developer/Platforms/WatchOS.platform/Developer/SDKs/WatchOS26.5.sdk/System/Library/Frameworks/UIKit.framework/Headers/UIViewController.h:102:12: note: 'UIViewController' has been explicitly marked unavailable here
@interface UIViewController : UIResponder <NSCoding, UIAppearanceContainer, UITraitEnvironment, UIContentContainer, UIFocusEnvironment>
           ^
/Users/admin/builder/spi-builder-workspace/Sources/OverlayContainer/Classes/OverlayContainer.swift:159:15: error: 'UIViewControllerAnimatedTransitioning' is unavailable in watchOS
    ) -> (any UIViewControllerAnimatedTransitioning)? {
              ^~~~~~~~~~~~~~~~~~~~~~~~~~~~~~~~~~~~~
/Applications/Xcode-26.5.0.app/Contents/Developer/Platforms/WatchOS.platform/Developer/SDKs/WatchOS26.5.sdk/System/Library/Frameworks/UIKit.framework/Headers/UIViewControllerTransitioning.h:137:11: note: 'UIViewControllerAnimatedTransitioning' has been explicitly marked unavailable here
@protocol UIViewControllerAnimatedTransitioning <NSObject>
          ^
/Users/admin/builder/spi-builder-workspace/Sources/OverlayContainer/Classes/OverlayContainer.swift:167:25: error: 'UIViewController' is unavailable in watchOS
        forPresented _: UIViewController,
                        ^~~~~~~~~~~~~~~~
/Applications/Xcode-26.5.0.app/Contents/Developer/Platforms/WatchOS.platform/Developer/SDKs/WatchOS26.5.sdk/System/Library/Frameworks/UIKit.framework/Headers/UIViewController.h:102:12: note: 'UIViewController' has been explicitly marked unavailable here
@interface UIViewController : UIResponder <NSCoding, UIAppearanceContainer, UITraitEnvironment, UIContentContainer, UIFocusEnvironment>
           ^
/Users/admin/builder/spi-builder-workspace/Sources/OverlayContainer/Classes/OverlayContainer.swift:168:23: error: 'UIViewController' is unavailable in watchOS
        presenting _: UIViewController,
                      ^~~~~~~~~~~~~~~~
/Applications/Xcode-26.5.0.app/Contents/Developer/Platforms/WatchOS.platform/Developer/SDKs/WatchOS26.5.sdk/System/Library/Frameworks/UIKit.framework/Headers/UIViewController.h:102:12: note: 'UIViewController' has been explicitly marked unavailable here
@interface UIViewController : UIResponder <NSCoding, UIAppearanceContainer, UITraitEnvironment, UIContentContainer, UIFocusEnvironment>
           ^
/Users/admin/builder/spi-builder-workspace/Sources/OverlayContainer/Classes/OverlayContainer.swift:169:19: error: 'UIViewController' is unavailable in watchOS
        source _: UIViewController
                  ^~~~~~~~~~~~~~~~
/Applications/Xcode-26.5.0.app/Contents/Developer/Platforms/WatchOS.platform/Developer/SDKs/WatchOS26.5.sdk/System/Library/Frameworks/UIKit.framework/Headers/UIViewController.h:102:12: note: 'UIViewController' has been explicitly marked unavailable here
@interface UIViewController : UIResponder <NSCoding, UIAppearanceContainer, UITraitEnvironment, UIContentContainer, UIFocusEnvironment>
           ^
/Users/admin/builder/spi-builder-workspace/Sources/OverlayContainer/Classes/OverlayContainer.swift:170:15: error: 'UIViewControllerAnimatedTransitioning' is unavailable in watchOS
    ) -> (any UIViewControllerAnimatedTransitioning)? {
              ^~~~~~~~~~~~~~~~~~~~~~~~~~~~~~~~~~~~~
/Applications/Xcode-26.5.0.app/Contents/Developer/Platforms/WatchOS.platform/Developer/SDKs/WatchOS26.5.sdk/System/Library/Frameworks/UIKit.framework/Headers/UIViewControllerTransitioning.h:137:11: note: 'UIViewControllerAnimatedTransitioning' has been explicitly marked unavailable here
@protocol UIViewControllerAnimatedTransitioning <NSObject>
          ^
/Users/admin/builder/spi-builder-workspace/Sources/OverlayContainer/Classes/OverlayContainer.swift:178:22: error: 'UIViewControllerAnimatedTransitioning' is unavailable in watchOS
        using _: any UIViewControllerAnimatedTransitioning
                     ^~~~~~~~~~~~~~~~~~~~~~~~~~~~~~~~~~~~~
/Applications/Xcode-26.5.0.app/Contents/Developer/Platforms/WatchOS.platform/Developer/SDKs/WatchOS26.5.sdk/System/Library/Frameworks/UIKit.framework/Headers/UIViewControllerTransitioning.h:137:11: note: 'UIViewControllerAnimatedTransitioning' has been explicitly marked unavailable here
@protocol UIViewControllerAnimatedTransitioning <NSObject>
          ^
/Users/admin/builder/spi-builder-workspace/Sources/OverlayContainer/Classes/OverlayContainer.swift:179:15: error: 'UIViewControllerInteractiveTransitioning' is unavailable in watchOS
    ) -> (any UIViewControllerInteractiveTransitioning)? {
              ^~~~~~~~~~~~~~~~~~~~~~~~~~~~~~~~~~~~~~~~
/Applications/Xcode-26.5.0.app/Contents/Developer/Platforms/WatchOS.platform/Developer/SDKs/WatchOS26.5.sdk/System/Library/Frameworks/UIKit.framework/Headers/UIViewControllerTransitioning.h:161:11: note: 'UIViewControllerInteractiveTransitioning' has been explicitly marked unavailable here
@protocol UIViewControllerInteractiveTransitioning <NSObject>
          ^
/Users/admin/builder/spi-builder-workspace/Sources/OverlayContainer/Classes/OverlayContainer.swift:143:29: error: 'UIViewControllerTransitioningDelegate' is unavailable in watchOS
extension OverlayContainer: UIViewControllerTransitioningDelegate {
                            ^~~~~~~~~~~~~~~~~~~~~~~~~~~~~~~~~~~~~
/Applications/Xcode-26.5.0.app/Contents/Developer/Platforms/WatchOS.platform/Developer/SDKs/WatchOS26.5.sdk/System/Library/Frameworks/UIKit.framework/Headers/UIViewControllerTransitioning.h:180:11: note: 'UIViewControllerTransitioningDelegate' has been explicitly marked unavailable here
@protocol UIViewControllerTransitioningDelegate <NSObject>
          ^
/Users/admin/builder/spi-builder-workspace/Sources/OverlayContainer/Classes/Presentation/BottomSheetAnimatedTransition.swift:24:27: error: 'UIViewPropertyAnimator' is unavailable in watchOS
    private var animator: UIViewPropertyAnimator?
                          ^~~~~~~~~~~~~~~~~~~~~~
/Applications/Xcode-26.5.0.app/Contents/Developer/Platforms/WatchOS.platform/Developer/SDKs/WatchOS26.5.sdk/System/Library/Frameworks/UIKit.framework/Headers/UIViewPropertyAnimator.h:17:12: note: 'UIViewPropertyAnimator' has been explicitly marked unavailable here
@interface UIViewPropertyAnimator : NSObject <UIViewImplicitlyAnimating, NSCopying>
           ^
/Users/admin/builder/spi-builder-workspace/Sources/OverlayContainer/Classes/Presentation/BottomSheetAnimatedTransition.swift:46:43: error: 'UIViewControllerContextTransitioning' is unavailable in watchOS
    func transitionDuration(using _: (any UIViewControllerContextTransitioning)?) -> TimeInterval {
                                          ^~~~~~~~~~~~~~~~~~~~~~~~~~~~~~~~~~~~
/Applications/Xcode-26.5.0.app/Contents/Developer/Platforms/WatchOS.platform/Developer/SDKs/WatchOS26.5.sdk/System/Library/Frameworks/UIKit.framework/Headers/UIViewControllerTransitioning.h:68:11: note: 'UIViewControllerContextTransitioning' has been explicitly marked unavailable here
@protocol UIViewControllerContextTransitioning <NSObject>
          ^
/Users/admin/builder/spi-builder-workspace/Sources/OverlayContainer/Classes/Presentation/BottomSheetAnimatedTransition.swift:50:57: error: 'UIViewControllerContextTransitioning' is unavailable in watchOS
    func animateTransition(using transitionContext: any UIViewControllerContextTransitioning) {
                                                        ^~~~~~~~~~~~~~~~~~~~~~~~~~~~~~~~~~~~
/Applications/Xcode-26.5.0.app/Contents/Developer/Platforms/WatchOS.platform/Developer/SDKs/WatchOS26.5.sdk/System/Library/Frameworks/UIKit.framework/Headers/UIViewControllerTransitioning.h:68:11: note: 'UIViewControllerContextTransitioning' has been explicitly marked unavailable here
@protocol UIViewControllerContextTransitioning <NSObject>
          ^
/Users/admin/builder/spi-builder-workspace/Sources/OverlayContainer/Classes/Presentation/BottomSheetAnimatedTransition.swift:55:38: error: 'UIViewControllerContextTransitioning' is unavailable in watchOS
        using transitionContext: any UIViewControllerContextTransitioning
                                     ^~~~~~~~~~~~~~~~~~~~~~~~~~~~~~~~~~~~
/Applications/Xcode-26.5.0.app/Contents/Developer/Platforms/WatchOS.platform/Developer/SDKs/WatchOS26.5.sdk/System/Library/Frameworks/UIKit.framework/Headers/UIViewControllerTransitioning.h:68:11: note: 'UIViewControllerContextTransitioning' has been explicitly marked unavailable here
@protocol UIViewControllerContextTransitioning <NSObject>
          ^
/Users/admin/builder/spi-builder-workspace/Sources/OverlayContainer/Classes/Presentation/BottomSheetAnimatedTransition.swift:56:14: error: 'UIViewImplicitlyAnimating' is unavailable in watchOS
    ) -> any UIViewImplicitlyAnimating {
             ^~~~~~~~~~~~~~~~~~~~~~~~~
/Applications/Xcode-26.5.0.app/Contents/Developer/Platforms/WatchOS.platform/Developer/SDKs/WatchOS26.5.sdk/System/Library/Frameworks/UIKit.framework/Headers/UIViewAnimating.h:77:11: note: 'UIViewImplicitlyAnimating' has been explicitly marked unavailable here
@protocol UIViewImplicitlyAnimating <UIViewAnimating>
          ^
/Users/admin/builder/spi-builder-workspace/Sources/OverlayContainer/Classes/Presentation/BottomSheetAnimatedTransition.swift:54:10: error: cannot override 'interruptibleAnimator' which has been marked unavailable
    func interruptibleAnimator(
         ^
UIKit.UIViewControllerAnimatedTransitioning.interruptibleAnimator:3:17: note: 'interruptibleAnimator(using:)' has been explicitly marked unavailable here
  optional func interruptibleAnimator(using transitionContext: any UIViewControllerContextTransitioning) -> any UIViewImplicitlyAnimating}
                ^
/Users/admin/builder/spi-builder-workspace/Sources/OverlayContainer/Classes/Presentation/BottomSheetAnimatedTransition.swift:45:42: error: 'UIViewControllerAnimatedTransitioning' is unavailable in watchOS
extension BottomSheetAnimatedTransition: UIViewControllerAnimatedTransitioning {
                                         ^~~~~~~~~~~~~~~~~~~~~~~~~~~~~~~~~~~~~
/Applications/Xcode-26.5.0.app/Contents/Developer/Platforms/WatchOS.platform/Developer/SDKs/WatchOS26.5.sdk/System/Library/Frameworks/UIKit.framework/Headers/UIViewControllerTransitioning.h:137:11: note: 'UIViewControllerAnimatedTransitioning' has been explicitly marked unavailable here
@protocol UIViewControllerAnimatedTransitioning <NSObject>
          ^
/Users/admin/builder/spi-builder-workspace/Sources/OverlayContainer/Classes/Presentation/BottomSheetAnimatedTransitionDriver.swift:15:34: error: 'UIPanGestureRecognizer' is unavailable in watchOS
    private lazy var panGesture: UIPanGestureRecognizer = {
                                 ^~~~~~~~~~~~~~~~~~~~~~
/Applications/Xcode-26.5.0.app/Contents/Developer/Platforms/WatchOS.platform/Developer/SDKs/WatchOS26.5.sdk/System/Library/Frameworks/UIKit.framework/Headers/UIPanGestureRecognizer.h:31:12: note: 'UIPanGestureRecognizer' has been explicitly marked unavailable here
@interface UIPanGestureRecognizer : UIGestureRecognizer
           ^
/Users/admin/builder/spi-builder-workspace/Sources/OverlayContainer/Classes/Presentation/BottomSheetAnimatedTransitionDriver.swift:16:26: error: 'UIPanGestureRecognizer' is unavailable in watchOS
        let panGesture = UIPanGestureRecognizer(target: self, action: #selector(handlePan(_:)))
                         ^~~~~~~~~~~~~~~~~~~~~~
/Applications/Xcode-26.5.0.app/Contents/Developer/Platforms/WatchOS.platform/Developer/SDKs/WatchOS26.5.sdk/System/Library/Frameworks/UIKit.framework/Headers/UIPanGestureRecognizer.h:31:12: note: 'UIPanGestureRecognizer' has been explicitly marked unavailable here
@interface UIPanGestureRecognizer : UIGestureRecognizer
           ^
/Users/admin/builder/spi-builder-workspace/Sources/OverlayContainer/Classes/Presentation/BottomSheetAnimatedTransitionDriver.swift:39:38: error: 'UIPanGestureRecognizer' is unavailable in watchOS
    private func handlePan(_ sender: UIPanGestureRecognizer) {
                                     ^~~~~~~~~~~~~~~~~~~~~~
/Applications/Xcode-26.5.0.app/Contents/Developer/Platforms/WatchOS.platform/Developer/SDKs/WatchOS26.5.sdk/System/Library/Frameworks/UIKit.framework/Headers/UIPanGestureRecognizer.h:31:12: note: 'UIPanGestureRecognizer' has been explicitly marked unavailable here
@interface UIPanGestureRecognizer : UIGestureRecognizer
           ^
/Users/admin/builder/spi-builder-workspace/Sources/OverlayContainer/Classes/Presentation/BottomSheetAnimatedTransitionDriver.swift:10:50: error: 'UIPercentDrivenInteractiveTransition' is unavailable in watchOS
final class BottomSheetAnimatedTransitionDriver: UIPercentDrivenInteractiveTransition {
                                                 ^~~~~~~~~~~~~~~~~~~~~~~~~~~~~~~~~~~~
/Applications/Xcode-26.5.0.app/Contents/Developer/Platforms/WatchOS.platform/Developer/SDKs/WatchOS26.5.sdk/System/Library/Frameworks/UIKit.framework/Headers/UIViewControllerTransitioning.h:196:12: note: 'UIPercentDrivenInteractiveTransition' has been explicitly marked unavailable here
@interface UIPercentDrivenInteractiveTransition : NSObject <UIViewControllerInteractiveTransitioning>
           ^
/Users/admin/builder/spi-builder-workspace/Sources/OverlayContainer/Classes/Presentation/BottomSheetAnimatedTransitionDriver.swift:74:42: error: 'UIGestureRecognizer' is unavailable in watchOS
    func gestureRecognizerShouldBegin(_: UIGestureRecognizer) -> Bool {
                                         ^~~~~~~~~~~~~~~~~~~
/Applications/Xcode-26.5.0.app/Contents/Developer/Platforms/WatchOS.platform/Developer/SDKs/WatchOS26.5.sdk/System/Library/Frameworks/UIKit.framework/Headers/UIGestureRecognizer.h:35:12: note: 'UIGestureRecognizer' has been explicitly marked unavailable here
@interface UIGestureRecognizer : NSObject
           ^
/Users/admin/builder/spi-builder-workspace/Sources/OverlayContainer/Classes/Presentation/BottomSheetAnimatedTransitionDriver.swift:73:48: error: 'UIGestureRecognizerDelegate' is unavailable in watchOS
extension BottomSheetAnimatedTransitionDriver: UIGestureRecognizerDelegate {
                                               ^~~~~~~~~~~~~~~~~~~~~~~~~~~
/Applications/Xcode-26.5.0.app/Contents/Developer/Platforms/WatchOS.platform/Developer/SDKs/WatchOS26.5.sdk/System/Library/Frameworks/UIKit.framework/Headers/UIGestureRecognizer.h:91:11: note: 'UIGestureRecognizerDelegate' has been explicitly marked unavailable here
@protocol UIGestureRecognizerDelegate <NSObject>
          ^
/Users/admin/builder/spi-builder-workspace/Sources/OverlayContainer/Classes/Presentation/BottomSheetPresentationController.swift:33:30: error: 'UIView' is unavailable in watchOS
    private var dimmingView: UIView?
                             ^~~~~~
/Applications/Xcode-26.5.0.app/Contents/Developer/Platforms/WatchOS.platform/Developer/SDKs/WatchOS26.5.sdk/System/Library/Frameworks/UIKit.framework/Headers/UIView.h:148:12: note: 'UIView' has been explicitly marked unavailable here
@interface UIView : UIResponder <NSCoding, UIAppearance, UIAppearanceContainer, UIDynamicItem, UITraitEnvironment, UICoordinateSpace, UIFocusItem, UIFocusItemContainer, CALayerDelegate>
           ^
/Users/admin/builder/spi-builder-workspace/Sources/OverlayContainer/Classes/Presentation/BottomSheetPresentationController.swift:50:34: error: 'UIViewController' is unavailable in watchOS
        presentedViewController: UIViewController,
                                 ^~~~~~~~~~~~~~~~
/Applications/Xcode-26.5.0.app/Contents/Developer/Platforms/WatchOS.platform/Developer/SDKs/WatchOS26.5.sdk/System/Library/Frameworks/UIKit.framework/Headers/UIViewController.h:102:12: note: 'UIViewController' has been explicitly marked unavailable here
@interface UIViewController : UIResponder <NSCoding, UIAppearanceContainer, UITraitEnvironment, UIContentContainer, UIFocusEnvironment>
           ^
/Users/admin/builder/spi-builder-workspace/Sources/OverlayContainer/Classes/Presentation/BottomSheetPresentationController.swift:51:35: error: 'UIViewController' is unavailable in watchOS
        presentingViewController: UIViewController?
                                  ^~~~~~~~~~~~~~~~
/Applications/Xcode-26.5.0.app/Contents/Developer/Platforms/WatchOS.platform/Developer/SDKs/WatchOS26.5.sdk/System/Library/Frameworks/UIKit.framework/Headers/UIViewController.h:102:12: note: 'UIViewController' has been explicitly marked unavailable here
@interface UIViewController : UIResponder <NSCoding, UIAppearanceContainer, UITraitEnvironment, UIContentContainer, UIFocusEnvironment>
           ^
/Users/admin/builder/spi-builder-workspace/Sources/OverlayContainer/Classes/Presentation/BottomSheetPresentationController.swift:136:89: error: 'UIContentContainer' is unavailable in watchOS
    override func preferredContentSizeDidChange(forChildContentContainer container: any UIContentContainer) {
                                                                                        ^~~~~~~~~~~~~~~~~~
/Applications/Xcode-26.5.0.app/Contents/Developer/Platforms/WatchOS.platform/Developer/SDKs/WatchOS26.5.sdk/System/Library/Frameworks/UIKit.framework/Headers/UIViewController.h:62:11: note: 'UIContentContainer' has been explicitly marked unavailable here
@protocol UIContentContainer <NSObject>
          ^
/Users/admin/builder/spi-builder-workspace/Sources/OverlayContainer/Classes/Presentation/BottomSheetPresentationController.swift:141:92: error: 'UIContentContainer' is unavailable in watchOS
    override func systemLayoutFittingSizeDidChange(forChildContentContainer container: any UIContentContainer) {
                                                                                           ^~~~~~~~~~~~~~~~~~
/Applications/Xcode-26.5.0.app/Contents/Developer/Platforms/WatchOS.platform/Developer/SDKs/WatchOS26.5.sdk/System/Library/Frameworks/UIKit.framework/Headers/UIViewController.h:62:11: note: 'UIContentContainer' has been explicitly marked unavailable here
@protocol UIContentContainer <NSObject>
          ^
/Users/admin/builder/spi-builder-workspace/Sources/OverlayContainer/Classes/Presentation/BottomSheetPresentationController.swift:147:27: error: 'UITraitCollection' is unavailable in watchOS
        to newCollection: UITraitCollection,
                          ^~~~~~~~~~~~~~~~~
/Applications/Xcode-26.5.0.app/Contents/Developer/Platforms/WatchOS.platform/Developer/SDKs/WatchOS26.5.sdk/System/Library/Frameworks/UIKit.framework/Headers/UITraitCollection.h:23:12: note: 'UITraitCollection' has been explicitly marked unavailable here
@interface UITraitCollection : NSObject <NSCopying, NSSecureCoding>
           ^
/Users/admin/builder/spi-builder-workspace/Sources/OverlayContainer/Classes/Presentation/BottomSheetPresentationController.swift:148:31: error: 'UIViewControllerTransitionCoordinator' is unavailable in watchOS
        with coordinator: any UIViewControllerTransitionCoordinator
                              ^~~~~~~~~~~~~~~~~~~~~~~~~~~~~~~~~~~~~
/Applications/Xcode-26.5.0.app/Contents/Developer/Platforms/WatchOS.platform/Developer/SDKs/WatchOS26.5.sdk/System/Library/Frameworks/UIKit.framework/Headers/UIViewControllerTransitionCoordinator.h:81:11: note: 'UIViewControllerTransitionCoordinator' has been explicitly marked unavailable here
@protocol UIViewControllerTransitionCoordinator <UIViewControllerTransitionCoordinatorContext>
          ^
/Users/admin/builder/spi-builder-workspace/Sources/OverlayContainer/Classes/Presentation/BottomSheetPresentationController.swift:11:48: error: 'UIPresentationController' is unavailable in watchOS
final class BottomSheetPresentationController: UIPresentationController {
                                               ^~~~~~~~~~~~~~~~~~~~~~~~
/Applications/Xcode-26.5.0.app/Contents/Developer/Platforms/WatchOS.platform/Developer/SDKs/WatchOS26.5.sdk/System/Library/Frameworks/UIKit.framework/Headers/UIPresentationController.h:65:12: note: 'UIPresentationController' has been explicitly marked unavailable here
@interface UIPresentationController : NSObject <UIAppearanceContainer, UITraitEnvironment, UIContentContainer, UIFocusEnvironment>
           ^
/Users/admin/builder/spi-builder-workspace/Sources/OverlayContainer/Classes/Presentation/GrabberView.swift:13:32: error: 'CALayer' is unavailable in watchOS
    private let grabberLayer = CALayer()
                               ^~~~~~~
/Applications/Xcode-26.5.0.app/Contents/Developer/Platforms/WatchOS.platform/Developer/SDKs/WatchOS26.5.sdk/System/Library/Frameworks/QuartzCore.framework/Headers/CALayer.h:117:12: note: 'CALayer' has been explicitly marked unavailable here
@interface CALayer : NSObject <NSSecureCoding, CAMediaTiming>
           ^
/Users/admin/builder/spi-builder-workspace/Sources/OverlayContainer/Classes/Presentation/GrabberView.swift:22:34: error: 'systemGray' is unavailable in watchOS
    var grabberColor: UIColor = .systemGray {
                                 ^~~~~~~~~~
/Applications/Xcode-26.5.0.app/Contents/Developer/Platforms/WatchOS.platform/Developer/SDKs/WatchOS26.5.sdk/System/Library/Frameworks/UIKit.framework/Headers/UIInterface.h:136:49: note: 'systemGray' has been explicitly marked unavailable here
@property (class, nonatomic, readonly) UIColor *systemGrayColor         API_AVAILABLE(ios(7.0), tvos(9.0)) API_UNAVAILABLE(watchos);
                                                ^
/Users/admin/builder/spi-builder-workspace/Sources/OverlayContainer/Classes/Presentation/GrabberView.swift:53:71: error: 'UITraitCollection' is unavailable in watchOS
    override func traitCollectionDidChange(_ previousTraitCollection: UITraitCollection?) {
                                                                      ^~~~~~~~~~~~~~~~~
/Applications/Xcode-26.5.0.app/Contents/Developer/Platforms/WatchOS.platform/Developer/SDKs/WatchOS26.5.sdk/System/Library/Frameworks/UIKit.framework/Headers/UITraitCollection.h:23:12: note: 'UITraitCollection' has been explicitly marked unavailable here
@interface UITraitCollection : NSObject <NSCopying, NSSecureCoding>
           ^
/Users/admin/builder/spi-builder-workspace/Sources/OverlayContainer/Classes/Presentation/GrabberView.swift:53:19: error: cannot override 'traitCollectionDidChange' which has been marked unavailable
    override func traitCollectionDidChange(_ previousTraitCollection: UITraitCollection?) {
                  ^
UIKit.UIView.traitCollectionDidChange:3:13: note: 'traitCollectionDidChange' has been explicitly marked unavailable here
  open func traitCollectionDidChange(_ previousTraitCollection: UITraitCollection?)}
            ^
/Users/admin/builder/spi-builder-workspace/Sources/OverlayContainer/Classes/Presentation/GrabberView.swift:53:19: note: remove 'override' modifier to declare a new 'traitCollectionDidChange'
    override func traitCollectionDidChange(_ previousTraitCollection: UITraitCollection?) {
    ~~~~~~~~~     ^

/Users/admin/builder/spi-builder-workspace/Sources/OverlayContainer/Classes/Presentation/GrabberView.swift:63:45: error: 'CALayer' is unavailable in watchOS
    override func layoutSublayers(of layer: CALayer) {
                                            ^~~~~~~
/Applications/Xcode-26.5.0.app/Contents/Developer/Platforms/WatchOS.platform/Developer/SDKs/WatchOS26.5.sdk/System/Library/Frameworks/QuartzCore.framework/Headers/CALayer.h:117:12: note: 'CALayer' has been explicitly marked unavailable here
@interface CALayer : NSObject <NSSecureCoding, CAMediaTiming>
           ^
/Users/admin/builder/spi-builder-workspace/Sources/OverlayContainer/Classes/Presentation/GrabberView.swift:10:26: error: 'UIView' is unavailable in watchOS
final class GrabberView: UIView {
                         ^~~~~~
/Applications/Xcode-26.5.0.app/Contents/Developer/Platforms/WatchOS.platform/Developer/SDKs/WatchOS26.5.sdk/System/Library/Frameworks/UIKit.framework/Headers/UIView.h:148:12: note: 'UIView' has been explicitly marked unavailable here
@interface UIView : UIResponder <NSCoding, UIAppearance, UIAppearanceContainer, UIDynamicItem, UITraitEnvironment, UICoordinateSpace, UIFocusItem, UIFocusItemContainer, CALayerDelegate>
           ^
SwiftCompile normal arm64_32 Compiling\ Configuration.swift /Users/admin/builder/spi-builder-workspace/Sources/OverlayContainer/Classes/Core/Model/Configuration.swift (in target 'OverlayContainer' from project 'overlay-container')
SwiftCompile normal arm64_32 /Users/admin/builder/spi-builder-workspace/Sources/OverlayContainer/Classes/Core/Model/Configuration.swift (in target 'OverlayContainer' from project 'overlay-container')
    cd /Users/admin/builder/spi-builder-workspace/.swiftpm/xcode

SwiftEmitModule normal arm64 Emitting\ module\ for\ OverlayContainer (in target 'OverlayContainer' from project 'overlay-container')
EmitSwiftModule normal arm64 (in target 'OverlayContainer' from project 'overlay-container')
    cd /Users/admin/builder/spi-builder-workspace/.swiftpm/xcode

SwiftCompile normal arm64_32 Compiling\ BottomSheetAnimatedTransitionDriver.swift /Users/admin/builder/spi-builder-workspace/Sources/OverlayContainer/Classes/Presentation/BottomSheetAnimatedTransitionDriver.swift (in target 'OverlayContainer' from project 'overlay-container')
2026-10-04 00:53:32.965 xcodebuild[870:4956] [MT] IDERunDestination: Supported platforms for the buildables in the current scheme is empty.
** BUILD FAILED **
The following build commands failed:
	EmitSwiftModule normal armv7k (in target 'OverlayContainer' from project 'overlay-container')
	SwiftEmitModule normal armv7k Emitting\ module\ for\ OverlayContainer (in target 'OverlayContainer' from project 'overlay-container')
	SwiftEmitModule normal arm64_32 Emitting\ module\ for\ OverlayContainer (in target 'OverlayContainer' from project 'overlay-container')
	EmitSwiftModule normal arm64_32 (in target 'OverlayContainer' from project 'overlay-container')
	Building workspace spi-builder-workspace with scheme overlay-container
(5 failures)
BUILD FAILURE 6.3 watchOS