Build Information
Failed to build DirectToSwiftUI, reference 0.2.0 (52a550), with Swift 6.4 for macOS (Xcode) using Xcode 27.0 on 17 Sep 2026 16:54:57 UTC.
Build Command
env DEVELOPER_DIR=/Applications/Xcode-27.0.0-Release.Candidate.app xcrun xcodebuild -IDEClonedSourcePackagesDirPathOverride=$PWD/.dependencies -skipMacroValidation -skipPackagePluginValidation -derivedDataPath $PWD/.derivedData build -scheme DirectToSwiftUI -destination platform=macOS,arch=arm64Build Log
========================================
RunAll
========================================
Builder version: 5.1.0
Interrupt handler set up.
========================================
Checkout
========================================
Clone URL: https://github.com/DirectToSwift/DirectToSwiftUI.git
Reference: 0.2.0
Initialized empty Git repository in /Users/admin/builder/spi-builder-workspace/.git/
From https://github.com/DirectToSwift/DirectToSwiftUI
* tag 0.2.0 -> FETCH_HEAD
HEAD is now at 52a5502 Merge branch 'develop'
Cloned https://github.com/DirectToSwift/DirectToSwiftUI.git
Revision (git rev-parse @):
52a55024bdba58e5956901258eb653236f690248
SUCCESS checkout https://github.com/DirectToSwift/DirectToSwiftUI.git at 0.2.0
========================================
Build
========================================
Selected platform: macosXcodebuild
Swift version: 6.4
Building package at path: $PWD
https://github.com/DirectToSwift/DirectToSwiftUI.git
Command line invocation:
/Applications/Xcode-27.0.0-Release.Candidate.app/Contents/Developer/usr/bin/xcodebuild -IDEClonedSourcePackagesDirPathOverride=/Users/admin/builder/spi-builder-workspace/.dependencies -resolvePackageDependencies
Resolve Package Graph
Fetching from https://github.com/ZeeQL/ZeeQL3.git
Fetching from https://github.com/DirectToSwift/SwiftUIRules.git
Fetching from https://github.com/ZeeQL/ZeeQL3Combine.git
Fetching from https://github.com/ZeeQL/CSQLite3.git
Creating working copy of package ‘SwiftUIRules’
Checking out 0.2.0 of package ‘SwiftUIRules’
Creating working copy of package ‘ZeeQL3’
Checking out 0.10.0 of package ‘ZeeQL3’
Creating working copy of package ‘CSQLite3’
Checking out 2.0.3 of package ‘CSQLite3’
Creating working copy of package ‘ZeeQL3Combine’
Checking out 0.2.0 of package ‘ZeeQL3Combine’
Resolved source packages:
SwiftUIRules: https://github.com/DirectToSwift/SwiftUIRules.git @ 0.2.0
CSQLite3: https://github.com/ZeeQL/CSQLite3.git @ 2.0.3
ZeeQL3: https://github.com/ZeeQL/ZeeQL3.git @ 0.10.0
ZeeQL3Combine: https://github.com/ZeeQL/ZeeQL3Combine.git @ 0.2.0
resolved source packages: SwiftUIRules, CSQLite3, ZeeQL3, ZeeQL3Combine
{
"dependencies" : [
{
"identity" : "swiftuirules",
"requirement" : {
"range" : [
{
"lower_bound" : "0.2.0",
"upper_bound" : "1.0.0"
}
]
},
"type" : "sourceControl",
"url" : "https://github.com/DirectToSwift/SwiftUIRules.git"
},
{
"identity" : "zeeql3",
"requirement" : {
"range" : [
{
"lower_bound" : "0.9.4",
"upper_bound" : "1.0.0"
}
]
},
"type" : "sourceControl",
"url" : "https://github.com/ZeeQL/ZeeQL3.git"
},
{
"identity" : "zeeql3combine",
"requirement" : {
"range" : [
{
"lower_bound" : "0.1.5",
"upper_bound" : "1.0.0"
}
]
},
"type" : "sourceControl",
"url" : "https://github.com/ZeeQL/ZeeQL3Combine.git"
}
],
"manifest_display_name" : "DirectToSwiftUI",
"name" : "DirectToSwiftUI",
"path" : "/Users/admin/builder/spi-builder-workspace",
"platforms" : [
{
"name" : "macos",
"version" : "10.15"
},
{
"name" : "ios",
"version" : "13.0"
},
{
"name" : "watchos",
"version" : "6.0"
}
],
"products" : [
{
"name" : "DirectToSwiftUI",
"targets" : [
"DirectToSwiftUI"
],
"type" : {
"library" : [
"automatic"
]
}
}
],
"targets" : [
{
"c99name" : "DirectToSwiftUI",
"module_type" : "SwiftTarget",
"name" : "DirectToSwiftUI",
"path" : "Sources/DirectToSwiftUI",
"product_dependencies" : [
"SwiftUIRules",
"ZeeQL",
"ZeeQLCombine"
],
"product_memberships" : [
"DirectToSwiftUI"
],
"sources" : [
"D2SMainView.swift",
"DefaultRules.swift",
"Environment/ContextKVC.swift",
"Environment/DefaultAssignment/ActiveRecordDefaults.swift",
"Environment/DefaultAssignment/DatabaseDefaults.swift",
"Environment/DefaultAssignment/DefaultAssignment.swift",
"Environment/DefaultAssignment/EntityDefaults.swift",
"Environment/DefaultAssignment/ModelDefaults.swift",
"Environment/EnvironmentKeys.swift",
"Environment/EnvironmentPathes.swift",
"Environment/ViewModifiers.swift",
"Support/AppKit/D2SInspectWindow.swift",
"Support/AppKit/D2SMainWindow.swift",
"Support/FoundationExtras.swift",
"Support/Hashes.swift",
"Support/Platform.swift",
"Support/ReExport.swift",
"Support/SwiftUI/D2STransformingFormatter.swift",
"Support/SwiftUI/FormatterBinding.swift",
"Support/ZeeQL/ActiveRecordBindings.swift",
"Support/ZeeQL/AttributeExtras.swift",
"Support/ZeeQL/D2SEditValidation.swift",
"Support/ZeeQL/DetailDataSource.swift",
"Support/ZeeQL/DummyImplementations.swift",
"Support/ZeeQL/EntityExtras.swift",
"Support/ZeeQL/KVCBindings.swift",
"Support/ZeeQL/ModelExtras.swift",
"ViewModel/D2SDisplayGroup.swift",
"ViewModel/D2SFault.swift",
"ViewModel/D2SObjectAction.swift",
"ViewModel/D2SRuleEnvironment.swift",
"ViewModel/D2SToOneFetch.swift",
"ViewModel/SparseFaultArray.swift",
"Views/BasicLook/BasicLook.swift",
"Views/BasicLook/PageWrapper/EntityMasterDetailPage.swift",
"Views/BasicLook/PageWrapper/EntitySidebar.swift",
"Views/BasicLook/PageWrapper/MasterDetail.swift",
"Views/BasicLook/PageWrapper/NavigationPage.swift",
"Views/BasicLook/Pages/AppKit/WindowQueryList.swift",
"Views/BasicLook/Pages/Edit.swift",
"Views/BasicLook/Pages/EntityList.swift",
"Views/BasicLook/Pages/Inspect.swift",
"Views/BasicLook/Pages/Login.swift",
"Views/BasicLook/Pages/QueryList.swift",
"Views/BasicLook/Pages/Select.swift",
"Views/BasicLook/Pages/SmallQueryList.swift",
"Views/BasicLook/Pages/UIKit/MobileQueryList.swift",
"Views/BasicLook/Pages/UIKit/MobileSelect.swift",
"Views/BasicLook/Properties/Display/DisplayBool.swift",
"Views/BasicLook/Properties/Display/DisplayDate.swift",
"Views/BasicLook/Properties/Display/DisplayEmail.swift",
"Views/BasicLook/Properties/Display/DisplayPassword.swift",
"Views/BasicLook/Properties/Display/DisplayString.swift",
"Views/BasicLook/Properties/Edit/EditBool.swift",
"Views/BasicLook/Properties/Edit/EditDate.swift",
"Views/BasicLook/Properties/Edit/EditLargeString.swift",
"Views/BasicLook/Properties/Edit/EditNumber.swift",
"Views/BasicLook/Properties/Edit/EditString.swift",
"Views/BasicLook/Properties/Relationships/DisplayToOneSummary.swift",
"Views/BasicLook/Properties/Relationships/DisplayToOneTitle.swift",
"Views/BasicLook/Properties/Relationships/EditToOne.swift",
"Views/BasicLook/Reusable/D2SComponentView.swift",
"Views/BasicLook/Reusable/D2SDisplayProperties.swift",
"Views/BasicLook/Reusable/D2SDisplayPropertiesList.swift",
"Views/BasicLook/Reusable/D2SFaultContainer.swift",
"Views/BasicLook/Reusable/D2SFaultObjectLink.swift",
"Views/BasicLook/Reusable/D2SNavigationLink.swift",
"Views/BasicLook/Reusable/D2SNilText.swift",
"Views/BasicLook/Reusable/D2SPropertyName.swift",
"Views/BasicLook/Reusable/D2SRowFault.swift",
"Views/BasicLook/Reusable/D2SSummaryView.swift",
"Views/BasicLook/Reusable/D2STitleText.swift",
"Views/BasicLook/Reusable/D2STitledSummaryView.swift",
"Views/BasicLook/Reusable/D2SToOneContainer.swift",
"Views/BasicLook/Reusable/D2SToOneLink.swift",
"Views/BasicLook/Rows/NamedToManyLink.swift",
"Views/BasicLook/Rows/PropertyNameAsTitle.swift",
"Views/BasicLook/Rows/PropertyNameValue.swift",
"Views/BasicLook/Rows/PropertyValue.swift",
"Views/Debug/D2SDebugBox.swift",
"Views/Debug/D2SDebugDatabaseInfo.swift",
"Views/Debug/D2SDebugEntityDetails.swift",
"Views/Debug/D2SDebugEntityInfo.swift",
"Views/Debug/D2SDebugFormatter.swift",
"Views/Debug/D2SDebugLabel.swift",
"Views/Debug/D2SDebugObjectEditInfo.swift",
"Views/DefaultLook.swift",
"Views/Generic/D2SEntityPageView.swift",
"Views/Generic/D2SPageView.swift",
"Views/Misc/ListEnabledDatePicker.swift",
"Views/Misc/MultilineEditor.swift",
"Views/Misc/SearchField.swift",
"Views/Misc/Spinner.swift",
"ZeeQLRules/KVCRulePredicate.swift",
"ZeeQLRules/KVCRuleSelfAssignment.swift",
"ZeeQLRules/RuleClosurePredicateExtras.swift",
"ZeeQLRules/RuleKeyPathAssignment.swift",
"ZeeQLRules/RuleKeyPathPredicateExtras.swift",
"ZeeQLRules/RuleModelExtras.swift",
"ZeeQLRules/RuleOperatorExtras.swift",
"ZeeQLRules/ZeeQLRuleParser.swift"
],
"type" : "library"
}
],
"tools_version" : "5.1"
}
{
"project" : {
"configurations" : [
"Debug",
"Release"
],
"name" : "DirectToSwiftUI",
"schemes" : [
"DirectToSwiftUI-All",
"DirectToSwiftUI-Mac",
"DirectToSwiftUI-Mobile",
"DirectToSwiftUI-Watch"
],
"targets" : [
"DirectToSwiftUI-Mac",
"DirectToSwiftUI-Mobile",
"DirectToSwiftUI-Watch",
"DirectToSwiftUI-All"
]
}
}
{
"workspace" : {
"name" : "DirectToSwiftUI",
"schemes" : [
"DirectToSwiftUI"
]
}
}
2026-09-17 12:54:39.148 xcodebuild[789:4886] [MT] IDERunDestination: Supported platforms for the buildables in the current scheme is empty.
Running build ...
env DEVELOPER_DIR=/Applications/Xcode-27.0.0-Release.Candidate.app xcrun xcodebuild -IDEClonedSourcePackagesDirPathOverride=$PWD/.dependencies -skipMacroValidation -skipPackagePluginValidation -derivedDataPath $PWD/.derivedData build -scheme DirectToSwiftUI -destination platform=macOS,arch=arm64
Command line invocation:
/Applications/Xcode-27.0.0-Release.Candidate.app/Contents/Developer/usr/bin/xcodebuild -IDEClonedSourcePackagesDirPathOverride=/Users/admin/builder/spi-builder-workspace/.dependencies -skipMacroValidation -skipPackagePluginValidation -derivedDataPath /Users/admin/builder/spi-builder-workspace/.derivedData build -scheme DirectToSwiftUI -destination platform=macOS,arch=arm64
Resolve Package Graph
Resolve Package Graph
Resolved source packages:
SwiftUIRules: https://github.com/DirectToSwift/SwiftUIRules.git @ 0.2.0
ZeeQL3Combine: https://github.com/ZeeQL/ZeeQL3Combine.git @ 0.2.0
DirectToSwiftUI: /Users/admin/builder/spi-builder-workspace
ZeeQL3: https://github.com/ZeeQL/ZeeQL3.git @ 0.10.0
CSQLite3: https://github.com/ZeeQL/CSQLite3.git @ 2.0.3
ComputePackagePrebuildTargetDependencyGraph
Prepare packages
CreateBuildRequest
SendProjectDescription
CreateBuildOperation
ComputeTargetDependencyGraph
note: Building targets in dependency order
note: Target dependency graph (10 targets)
Target 'DirectToSwiftUI-product' in project 'DirectToSwiftUI'
➜ Explicit dependency on target 'DirectToSwiftUI' in project 'DirectToSwiftUI'
➜ Explicit dependency on target 'SwiftUIRules-product' in project 'SwiftUIRules'
➜ Explicit dependency on target 'ZeeQL-product' in project 'ZeeQL3'
➜ Explicit dependency on target 'ZeeQLCombine-product' in project 'ZeeQL3Combine'
Target 'DirectToSwiftUI' in project 'DirectToSwiftUI'
➜ Explicit dependency on target 'SwiftUIRules-product' in project 'SwiftUIRules'
➜ Explicit dependency on target 'ZeeQL-product' in project 'ZeeQL3'
➜ Explicit dependency on target 'ZeeQLCombine-product' in project 'ZeeQL3Combine'
Target 'ZeeQLCombine-product' in project 'ZeeQL3Combine'
➜ Explicit dependency on target 'ZeeQLCombine' in project 'ZeeQL3Combine'
➜ Explicit dependency on target 'ZeeQL-product' in project 'ZeeQL3'
Target 'ZeeQLCombine' in project 'ZeeQL3Combine'
➜ Explicit dependency on target 'ZeeQL-product' in project 'ZeeQL3'
Target 'ZeeQL-product' in project 'ZeeQL3'
➜ Explicit dependency on target 'ZeeQL' in project 'ZeeQL3'
➜ Explicit dependency on target 'CSQLite3-product' in project 'CSQLite3'
Target 'ZeeQL' in project 'ZeeQL3'
➜ Explicit dependency on target 'CSQLite3-product' in project 'CSQLite3'
Target 'CSQLite3-product' in project 'CSQLite3'
➜ Explicit dependency on target 'CSQLite3' in project 'CSQLite3'
Target 'CSQLite3' in project 'CSQLite3' (no dependencies)
Target 'SwiftUIRules-product' in project 'SwiftUIRules'
➜ Explicit dependency on target 'SwiftUIRules' in project 'SwiftUIRules'
Target 'SwiftUIRules' in project 'SwiftUIRules' (no dependencies)
GatherProvisioningInputs
CreateBuildDescription
ExecuteExternalTool /Applications/Xcode-27.0.0-Release.Candidate.app/Contents/Developer/Toolchains/XcodeDefault.xctoolchain/usr/bin/swiftc --version
ExecuteExternalTool /Applications/Xcode-27.0.0-Release.Candidate.app/Contents/Developer/Toolchains/XcodeDefault.xctoolchain/usr/bin/clang -v -E -dM -isysroot /Applications/Xcode-27.0.0-Release.Candidate.app/Contents/Developer/Platforms/MacOSX.platform/Developer/SDKs/MacOSX27.0.sdk -x c -c /dev/null
ExecuteExternalTool /Applications/Xcode-27.0.0-Release.Candidate.app/Contents/Developer/Toolchains/XcodeDefault.xctoolchain/usr/bin/ld -version_details
Build description signature: b3928af56b81a3a084ea43ad274b17a8
Build description path: /Users/admin/builder/spi-builder-workspace/.derivedData/Build/Intermediates.noindex/XCBuildData/b3928af56b81a3a084ea43ad274b17a8.xcbuilddata
CreateBuildDirectory /Users/admin/builder/spi-builder-workspace/.derivedData/SDKExplicitPrecompiledModules
cd /Users/admin/builder/spi-builder-workspace/.swiftpm/xcode
builtin-create-build-directory /Users/admin/builder/spi-builder-workspace/.derivedData/SDKExplicitPrecompiledModules
CreateBuildDirectory /Users/admin/builder/spi-builder-workspace/.derivedData/ModuleCache.noindex
cd /Users/admin/builder/spi-builder-workspace/.swiftpm/xcode
builtin-create-build-directory /Users/admin/builder/spi-builder-workspace/.derivedData/ModuleCache.noindex
CreateBuildDirectory /Users/admin/builder/spi-builder-workspace/.derivedData/CompilationCache.noindex
cd /Users/admin/builder/spi-builder-workspace/.swiftpm/xcode
builtin-create-build-directory /Users/admin/builder/spi-builder-workspace/.derivedData/CompilationCache.noindex
ClangStatCache /Applications/Xcode-27.0.0-Release.Candidate.app/Contents/Developer/Toolchains/XcodeDefault.xctoolchain/usr/bin/clang-stat-cache /Applications/Xcode-27.0.0-Release.Candidate.app/Contents/Developer/Platforms/MacOSX.platform/Developer/SDKs/MacOSX27.0.sdk /Users/admin/builder/spi-builder-workspace/.derivedData/SDKStatCaches.noindex/macosx27.0-26A425-e829b21a6f8c9b70876ba0858053c0446a22442a12e9d48fe1a705f55a1adfc4.sdkstatcache
cd /Users/admin/builder/spi-builder-workspace/.swiftpm/xcode
/Applications/Xcode-27.0.0-Release.Candidate.app/Contents/Developer/Toolchains/XcodeDefault.xctoolchain/usr/bin/clang-stat-cache /Applications/Xcode-27.0.0-Release.Candidate.app/Contents/Developer/Platforms/MacOSX.platform/Developer/SDKs/MacOSX27.0.sdk -o /Users/admin/builder/spi-builder-workspace/.derivedData/SDKStatCaches.noindex/macosx27.0-26A425-e829b21a6f8c9b70876ba0858053c0446a22442a12e9d48fe1a705f55a1adfc4.sdkstatcache
CreateBuildDirectory /Users/admin/builder/spi-builder-workspace/.derivedData/Build/Products
cd /Users/admin/builder/spi-builder-workspace/.swiftpm/xcode
builtin-create-build-directory /Users/admin/builder/spi-builder-workspace/.derivedData/Build/Products
CreateBuildDirectory /Users/admin/builder/spi-builder-workspace/.derivedData/Build/Intermediates.noindex
cd /Users/admin/builder/spi-builder-workspace/.swiftpm/xcode
builtin-create-build-directory /Users/admin/builder/spi-builder-workspace/.derivedData/Build/Intermediates.noindex
CreateBuildDirectory /Users/admin/builder/spi-builder-workspace/.derivedData/Build/Intermediates.noindex/ExplicitPrecompiledModules
cd /Users/admin/builder/spi-builder-workspace/.swiftpm/xcode
builtin-create-build-directory /Users/admin/builder/spi-builder-workspace/.derivedData/Build/Intermediates.noindex/ExplicitPrecompiledModules
CreateBuildDirectory /Users/admin/builder/spi-builder-workspace/.derivedData/Build/Intermediates.noindex/PrecompiledHeaders
cd /Users/admin/builder/spi-builder-workspace/.swiftpm/xcode
builtin-create-build-directory /Users/admin/builder/spi-builder-workspace/.derivedData/Build/Intermediates.noindex/PrecompiledHeaders
CreateBuildDirectory /Users/admin/builder/spi-builder-workspace/.derivedData/Build/Intermediates.noindex/SwiftExplicitPrecompiledModules
cd /Users/admin/builder/spi-builder-workspace/.swiftpm/xcode
builtin-create-build-directory /Users/admin/builder/spi-builder-workspace/.derivedData/Build/Intermediates.noindex/SwiftExplicitPrecompiledModules
CreateBuildDirectory /Users/admin/builder/spi-builder-workspace/.derivedData/Build/Products/Debug
cd /Users/admin/builder/spi-builder-workspace/.swiftpm/xcode
builtin-create-build-directory /Users/admin/builder/spi-builder-workspace/.derivedData/Build/Products/Debug
CreateBuildDirectory /Users/admin/builder/spi-builder-workspace/.derivedData/Build/Intermediates.noindex/EagerLinkingTBDs/Debug
cd /Users/admin/builder/spi-builder-workspace/.swiftpm/xcode
builtin-create-build-directory /Users/admin/builder/spi-builder-workspace/.derivedData/Build/Intermediates.noindex/EagerLinkingTBDs/Debug
CreateBuildDirectory /Users/admin/builder/spi-builder-workspace/.derivedData/Build/Products/Debug/PackageFrameworks
cd /Users/admin/builder/spi-builder-workspace/.swiftpm/xcode
builtin-create-build-directory /Users/admin/builder/spi-builder-workspace/.derivedData/Build/Products/Debug/PackageFrameworks
WriteAuxiliaryFile /Users/admin/builder/spi-builder-workspace/.derivedData/Build/Intermediates.noindex/ZeeQL3Combine.build/Debug/ZeeQLCombine-t.build/ZeeQLCombine.modulemap (in target 'ZeeQLCombine' from project 'ZeeQL3Combine')
cd /Users/admin/builder/spi-builder-workspace/.dependencies/checkouts/ZeeQL3Combine
write-file /Users/admin/builder/spi-builder-workspace/.derivedData/Build/Intermediates.noindex/ZeeQL3Combine.build/Debug/ZeeQLCombine-t.build/ZeeQLCombine.modulemap
WriteAuxiliaryFile /Users/admin/builder/spi-builder-workspace/.derivedData/Build/Intermediates.noindex/ZeeQL3Combine.build/Debug/ZeeQLCombine-t.build/ZeeQLCombine.DependencyStaticMetadataFileList (in target 'ZeeQLCombine' from project 'ZeeQL3Combine')
cd /Users/admin/builder/spi-builder-workspace/.dependencies/checkouts/ZeeQL3Combine
write-file /Users/admin/builder/spi-builder-workspace/.derivedData/Build/Intermediates.noindex/ZeeQL3Combine.build/Debug/ZeeQLCombine-t.build/ZeeQLCombine.DependencyStaticMetadataFileList
WriteAuxiliaryFile /Users/admin/builder/spi-builder-workspace/.derivedData/Build/Intermediates.noindex/ZeeQL3Combine.build/Debug/ZeeQLCombine-t.build/ZeeQLCombine.DependencyMetadataFileList (in target 'ZeeQLCombine' from project 'ZeeQL3Combine')
cd /Users/admin/builder/spi-builder-workspace/.dependencies/checkouts/ZeeQL3Combine
write-file /Users/admin/builder/spi-builder-workspace/.derivedData/Build/Intermediates.noindex/ZeeQL3Combine.build/Debug/ZeeQLCombine-t.build/ZeeQLCombine.DependencyMetadataFileList
WriteAuxiliaryFile /Users/admin/builder/spi-builder-workspace/.derivedData/Build/Intermediates.noindex/ZeeQL3Combine.build/Debug/ZeeQLCombine-t.build/Objects-normal/arm64/ZeeQLCombine.LinkFileList (in target 'ZeeQLCombine' from project 'ZeeQL3Combine')
cd /Users/admin/builder/spi-builder-workspace/.dependencies/checkouts/ZeeQL3Combine
write-file /Users/admin/builder/spi-builder-workspace/.derivedData/Build/Intermediates.noindex/ZeeQL3Combine.build/Debug/ZeeQLCombine-t.build/Objects-normal/arm64/ZeeQLCombine.LinkFileList
WriteAuxiliaryFile /Users/admin/builder/spi-builder-workspace/.derivedData/Build/Intermediates.noindex/ZeeQL3Combine.build/Debug/ZeeQLCombine-t.build/Objects-normal/arm64/ZeeQLCombine-OutputFileMap.json (in target 'ZeeQLCombine' from project 'ZeeQL3Combine')
cd /Users/admin/builder/spi-builder-workspace/.dependencies/checkouts/ZeeQL3Combine
write-file /Users/admin/builder/spi-builder-workspace/.derivedData/Build/Intermediates.noindex/ZeeQL3Combine.build/Debug/ZeeQLCombine-t.build/Objects-normal/arm64/ZeeQLCombine-OutputFileMap.json
WriteAuxiliaryFile /Users/admin/builder/spi-builder-workspace/.derivedData/Build/Intermediates.noindex/ZeeQL3Combine.build/Debug/ZeeQLCombine-t.build/Objects-normal/arm64/ZeeQLCombine_const_extract_protocols.json (in target 'ZeeQLCombine' from project 'ZeeQL3Combine')
cd /Users/admin/builder/spi-builder-workspace/.dependencies/checkouts/ZeeQL3Combine
write-file /Users/admin/builder/spi-builder-workspace/.derivedData/Build/Intermediates.noindex/ZeeQL3Combine.build/Debug/ZeeQLCombine-t.build/Objects-normal/arm64/ZeeQLCombine_const_extract_protocols.json
WriteAuxiliaryFile /Users/admin/builder/spi-builder-workspace/.derivedData/Build/Intermediates.noindex/ZeeQL3Combine.build/Debug/ZeeQLCombine-t.build/Objects-normal/arm64/ZeeQLCombine.SwiftFileList (in target 'ZeeQLCombine' from project 'ZeeQL3Combine')
cd /Users/admin/builder/spi-builder-workspace/.dependencies/checkouts/ZeeQL3Combine
write-file /Users/admin/builder/spi-builder-workspace/.derivedData/Build/Intermediates.noindex/ZeeQL3Combine.build/Debug/ZeeQLCombine-t.build/Objects-normal/arm64/ZeeQLCombine.SwiftFileList
WriteAuxiliaryFile /Users/admin/builder/spi-builder-workspace/.derivedData/Build/Intermediates.noindex/ZeeQL3Combine.build/Debug/ZeeQLCombine-t.build/Objects-normal/arm64/ZeeQLCombine.SwiftConstValuesFileList (in target 'ZeeQLCombine' from project 'ZeeQL3Combine')
cd /Users/admin/builder/spi-builder-workspace/.dependencies/checkouts/ZeeQL3Combine
write-file /Users/admin/builder/spi-builder-workspace/.derivedData/Build/Intermediates.noindex/ZeeQL3Combine.build/Debug/ZeeQLCombine-t.build/Objects-normal/arm64/ZeeQLCombine.SwiftConstValuesFileList
WriteAuxiliaryFile /Users/admin/builder/spi-builder-workspace/.derivedData/Build/Intermediates.noindex/ZeeQL3.build/Debug/ZeeQL-t.build/ZeeQL.modulemap (in target 'ZeeQL' from project 'ZeeQL3')
cd /Users/admin/builder/spi-builder-workspace/.dependencies/checkouts/ZeeQL3
write-file /Users/admin/builder/spi-builder-workspace/.derivedData/Build/Intermediates.noindex/ZeeQL3.build/Debug/ZeeQL-t.build/ZeeQL.modulemap
WriteAuxiliaryFile /Users/admin/builder/spi-builder-workspace/.derivedData/Build/Intermediates.noindex/ZeeQL3.build/Debug/ZeeQL-t.build/ZeeQL.DependencyStaticMetadataFileList (in target 'ZeeQL' from project 'ZeeQL3')
cd /Users/admin/builder/spi-builder-workspace/.dependencies/checkouts/ZeeQL3
write-file /Users/admin/builder/spi-builder-workspace/.derivedData/Build/Intermediates.noindex/ZeeQL3.build/Debug/ZeeQL-t.build/ZeeQL.DependencyStaticMetadataFileList
WriteAuxiliaryFile /Users/admin/builder/spi-builder-workspace/.derivedData/Build/Intermediates.noindex/ZeeQL3.build/Debug/ZeeQL-t.build/ZeeQL.DependencyMetadataFileList (in target 'ZeeQL' from project 'ZeeQL3')
cd /Users/admin/builder/spi-builder-workspace/.dependencies/checkouts/ZeeQL3
write-file /Users/admin/builder/spi-builder-workspace/.derivedData/Build/Intermediates.noindex/ZeeQL3.build/Debug/ZeeQL-t.build/ZeeQL.DependencyMetadataFileList
WriteAuxiliaryFile /Users/admin/builder/spi-builder-workspace/.derivedData/Build/Intermediates.noindex/ZeeQL3.build/Debug/ZeeQL-t.build/Objects-normal/arm64/ZeeQL-OutputFileMap.json (in target 'ZeeQL' from project 'ZeeQL3')
cd /Users/admin/builder/spi-builder-workspace/.dependencies/checkouts/ZeeQL3
write-file /Users/admin/builder/spi-builder-workspace/.derivedData/Build/Intermediates.noindex/ZeeQL3.build/Debug/ZeeQL-t.build/Objects-normal/arm64/ZeeQL-OutputFileMap.json
WriteAuxiliaryFile /Users/admin/builder/spi-builder-workspace/.derivedData/Build/Intermediates.noindex/ZeeQL3.build/Debug/ZeeQL-t.build/Objects-normal/arm64/ZeeQL.SwiftConstValuesFileList (in target 'ZeeQL' from project 'ZeeQL3')
cd /Users/admin/builder/spi-builder-workspace/.dependencies/checkouts/ZeeQL3
write-file /Users/admin/builder/spi-builder-workspace/.derivedData/Build/Intermediates.noindex/ZeeQL3.build/Debug/ZeeQL-t.build/Objects-normal/arm64/ZeeQL.SwiftConstValuesFileList
WriteAuxiliaryFile /Users/admin/builder/spi-builder-workspace/.derivedData/Build/Intermediates.noindex/ZeeQL3.build/Debug/ZeeQL-t.build/Objects-normal/arm64/ZeeQL_const_extract_protocols.json (in target 'ZeeQL' from project 'ZeeQL3')
cd /Users/admin/builder/spi-builder-workspace/.dependencies/checkouts/ZeeQL3
write-file /Users/admin/builder/spi-builder-workspace/.derivedData/Build/Intermediates.noindex/ZeeQL3.build/Debug/ZeeQL-t.build/Objects-normal/arm64/ZeeQL_const_extract_protocols.json
WriteAuxiliaryFile /Users/admin/builder/spi-builder-workspace/.derivedData/Build/Intermediates.noindex/ZeeQL3.build/Debug/ZeeQL-t.build/Objects-normal/arm64/ZeeQL.LinkFileList (in target 'ZeeQL' from project 'ZeeQL3')
cd /Users/admin/builder/spi-builder-workspace/.dependencies/checkouts/ZeeQL3
write-file /Users/admin/builder/spi-builder-workspace/.derivedData/Build/Intermediates.noindex/ZeeQL3.build/Debug/ZeeQL-t.build/Objects-normal/arm64/ZeeQL.LinkFileList
WriteAuxiliaryFile /Users/admin/builder/spi-builder-workspace/.derivedData/Build/Intermediates.noindex/ZeeQL3.build/Debug/ZeeQL-t.build/Objects-normal/arm64/ZeeQL.SwiftFileList (in target 'ZeeQL' from project 'ZeeQL3')
cd /Users/admin/builder/spi-builder-workspace/.dependencies/checkouts/ZeeQL3
write-file /Users/admin/builder/spi-builder-workspace/.derivedData/Build/Intermediates.noindex/ZeeQL3.build/Debug/ZeeQL-t.build/Objects-normal/arm64/ZeeQL.SwiftFileList
WriteAuxiliaryFile /Users/admin/builder/spi-builder-workspace/.derivedData/Build/Intermediates.noindex/SwiftUIRules.build/Debug/SwiftUIRules-t.build/SwiftUIRules.modulemap (in target 'SwiftUIRules' from project 'SwiftUIRules')
cd /Users/admin/builder/spi-builder-workspace/.dependencies/checkouts/SwiftUIRules
write-file /Users/admin/builder/spi-builder-workspace/.derivedData/Build/Intermediates.noindex/SwiftUIRules.build/Debug/SwiftUIRules-t.build/SwiftUIRules.modulemap
Copy /Users/admin/builder/spi-builder-workspace/.derivedData/Build/Intermediates.noindex/GeneratedModuleMaps/ZeeQLCombine.modulemap /Users/admin/builder/spi-builder-workspace/.derivedData/Build/Intermediates.noindex/ZeeQL3Combine.build/Debug/ZeeQLCombine-t.build/ZeeQLCombine.modulemap (in target 'ZeeQLCombine' from project 'ZeeQL3Combine')
cd /Users/admin/builder/spi-builder-workspace/.dependencies/checkouts/ZeeQL3Combine
builtin-copy -exclude .DS_Store -exclude CVS -exclude .svn -exclude .git -exclude .hg -resolve-src-symlinks /Users/admin/builder/spi-builder-workspace/.derivedData/Build/Intermediates.noindex/ZeeQL3Combine.build/Debug/ZeeQLCombine-t.build/ZeeQLCombine.modulemap /Users/admin/builder/spi-builder-workspace/.derivedData/Build/Intermediates.noindex/GeneratedModuleMaps
Copy /Users/admin/builder/spi-builder-workspace/.derivedData/Build/Intermediates.noindex/GeneratedModuleMaps/ZeeQL.modulemap /Users/admin/builder/spi-builder-workspace/.derivedData/Build/Intermediates.noindex/ZeeQL3.build/Debug/ZeeQL-t.build/ZeeQL.modulemap (in target 'ZeeQL' from project 'ZeeQL3')
cd /Users/admin/builder/spi-builder-workspace/.dependencies/checkouts/ZeeQL3
builtin-copy -exclude .DS_Store -exclude CVS -exclude .svn -exclude .git -exclude .hg -resolve-src-symlinks /Users/admin/builder/spi-builder-workspace/.derivedData/Build/Intermediates.noindex/ZeeQL3.build/Debug/ZeeQL-t.build/ZeeQL.modulemap /Users/admin/builder/spi-builder-workspace/.derivedData/Build/Intermediates.noindex/GeneratedModuleMaps
WriteAuxiliaryFile /Users/admin/builder/spi-builder-workspace/.derivedData/Build/Intermediates.noindex/SwiftUIRules.build/Debug/SwiftUIRules-t.build/SwiftUIRules.DependencyStaticMetadataFileList (in target 'SwiftUIRules' from project 'SwiftUIRules')
cd /Users/admin/builder/spi-builder-workspace/.dependencies/checkouts/SwiftUIRules
write-file /Users/admin/builder/spi-builder-workspace/.derivedData/Build/Intermediates.noindex/SwiftUIRules.build/Debug/SwiftUIRules-t.build/SwiftUIRules.DependencyStaticMetadataFileList
WriteAuxiliaryFile /Users/admin/builder/spi-builder-workspace/.derivedData/Build/Intermediates.noindex/SwiftUIRules.build/Debug/SwiftUIRules-t.build/SwiftUIRules.DependencyMetadataFileList (in target 'SwiftUIRules' from project 'SwiftUIRules')
cd /Users/admin/builder/spi-builder-workspace/.dependencies/checkouts/SwiftUIRules
write-file /Users/admin/builder/spi-builder-workspace/.derivedData/Build/Intermediates.noindex/SwiftUIRules.build/Debug/SwiftUIRules-t.build/SwiftUIRules.DependencyMetadataFileList
WriteAuxiliaryFile /Users/admin/builder/spi-builder-workspace/.derivedData/Build/Intermediates.noindex/SwiftUIRules.build/Debug/SwiftUIRules-t.build/Objects-normal/arm64/SwiftUIRules_const_extract_protocols.json (in target 'SwiftUIRules' from project 'SwiftUIRules')
cd /Users/admin/builder/spi-builder-workspace/.dependencies/checkouts/SwiftUIRules
write-file /Users/admin/builder/spi-builder-workspace/.derivedData/Build/Intermediates.noindex/SwiftUIRules.build/Debug/SwiftUIRules-t.build/Objects-normal/arm64/SwiftUIRules_const_extract_protocols.json
WriteAuxiliaryFile /Users/admin/builder/spi-builder-workspace/.derivedData/Build/Intermediates.noindex/SwiftUIRules.build/Debug/SwiftUIRules-t.build/Objects-normal/arm64/SwiftUIRules.SwiftFileList (in target 'SwiftUIRules' from project 'SwiftUIRules')
cd /Users/admin/builder/spi-builder-workspace/.dependencies/checkouts/SwiftUIRules
write-file /Users/admin/builder/spi-builder-workspace/.derivedData/Build/Intermediates.noindex/SwiftUIRules.build/Debug/SwiftUIRules-t.build/Objects-normal/arm64/SwiftUIRules.SwiftFileList
WriteAuxiliaryFile /Users/admin/builder/spi-builder-workspace/.derivedData/Build/Intermediates.noindex/SwiftUIRules.build/Debug/SwiftUIRules-t.build/Objects-normal/arm64/SwiftUIRules.LinkFileList (in target 'SwiftUIRules' from project 'SwiftUIRules')
cd /Users/admin/builder/spi-builder-workspace/.dependencies/checkouts/SwiftUIRules
write-file /Users/admin/builder/spi-builder-workspace/.derivedData/Build/Intermediates.noindex/SwiftUIRules.build/Debug/SwiftUIRules-t.build/Objects-normal/arm64/SwiftUIRules.LinkFileList
WriteAuxiliaryFile /Users/admin/builder/spi-builder-workspace/.derivedData/Build/Intermediates.noindex/SwiftUIRules.build/Debug/SwiftUIRules-t.build/Objects-normal/arm64/SwiftUIRules.SwiftConstValuesFileList (in target 'SwiftUIRules' from project 'SwiftUIRules')
cd /Users/admin/builder/spi-builder-workspace/.dependencies/checkouts/SwiftUIRules
write-file /Users/admin/builder/spi-builder-workspace/.derivedData/Build/Intermediates.noindex/SwiftUIRules.build/Debug/SwiftUIRules-t.build/Objects-normal/arm64/SwiftUIRules.SwiftConstValuesFileList
WriteAuxiliaryFile /Users/admin/builder/spi-builder-workspace/.derivedData/Build/Intermediates.noindex/SwiftUIRules.build/Debug/SwiftUIRules-t.build/Objects-normal/arm64/SwiftUIRules-OutputFileMap.json (in target 'SwiftUIRules' from project 'SwiftUIRules')
cd /Users/admin/builder/spi-builder-workspace/.dependencies/checkouts/SwiftUIRules
write-file /Users/admin/builder/spi-builder-workspace/.derivedData/Build/Intermediates.noindex/SwiftUIRules.build/Debug/SwiftUIRules-t.build/Objects-normal/arm64/SwiftUIRules-OutputFileMap.json
Copy /Users/admin/builder/spi-builder-workspace/.derivedData/Build/Intermediates.noindex/GeneratedModuleMaps/SwiftUIRules.modulemap /Users/admin/builder/spi-builder-workspace/.derivedData/Build/Intermediates.noindex/SwiftUIRules.build/Debug/SwiftUIRules-t.build/SwiftUIRules.modulemap (in target 'SwiftUIRules' from project 'SwiftUIRules')
cd /Users/admin/builder/spi-builder-workspace/.dependencies/checkouts/SwiftUIRules
builtin-copy -exclude .DS_Store -exclude CVS -exclude .svn -exclude .git -exclude .hg -resolve-src-symlinks /Users/admin/builder/spi-builder-workspace/.derivedData/Build/Intermediates.noindex/SwiftUIRules.build/Debug/SwiftUIRules-t.build/SwiftUIRules.modulemap /Users/admin/builder/spi-builder-workspace/.derivedData/Build/Intermediates.noindex/GeneratedModuleMaps
WriteAuxiliaryFile /Users/admin/builder/spi-builder-workspace/.derivedData/Build/Intermediates.noindex/DirectToSwiftUI.build/Debug/DirectToSwiftUI-t.build/Objects-normal/arm64/DirectToSwiftUI-OutputFileMap.json (in target 'DirectToSwiftUI' from project 'DirectToSwiftUI')
cd /Users/admin/builder/spi-builder-workspace
write-file /Users/admin/builder/spi-builder-workspace/.derivedData/Build/Intermediates.noindex/DirectToSwiftUI.build/Debug/DirectToSwiftUI-t.build/Objects-normal/arm64/DirectToSwiftUI-OutputFileMap.json
WriteAuxiliaryFile /Users/admin/builder/spi-builder-workspace/.derivedData/Build/Intermediates.noindex/DirectToSwiftUI.build/Debug/DirectToSwiftUI-t.build/Objects-normal/arm64/DirectToSwiftUI.SwiftConstValuesFileList (in target 'DirectToSwiftUI' from project 'DirectToSwiftUI')
cd /Users/admin/builder/spi-builder-workspace
write-file /Users/admin/builder/spi-builder-workspace/.derivedData/Build/Intermediates.noindex/DirectToSwiftUI.build/Debug/DirectToSwiftUI-t.build/Objects-normal/arm64/DirectToSwiftUI.SwiftConstValuesFileList
WriteAuxiliaryFile /Users/admin/builder/spi-builder-workspace/.derivedData/Build/Intermediates.noindex/DirectToSwiftUI.build/Debug/DirectToSwiftUI-t.build/Objects-normal/arm64/DirectToSwiftUI_const_extract_protocols.json (in target 'DirectToSwiftUI' from project 'DirectToSwiftUI')
cd /Users/admin/builder/spi-builder-workspace
write-file /Users/admin/builder/spi-builder-workspace/.derivedData/Build/Intermediates.noindex/DirectToSwiftUI.build/Debug/DirectToSwiftUI-t.build/Objects-normal/arm64/DirectToSwiftUI_const_extract_protocols.json
WriteAuxiliaryFile /Users/admin/builder/spi-builder-workspace/.derivedData/Build/Intermediates.noindex/DirectToSwiftUI.build/Debug/DirectToSwiftUI-t.build/Objects-normal/arm64/DirectToSwiftUI.LinkFileList (in target 'DirectToSwiftUI' from project 'DirectToSwiftUI')
cd /Users/admin/builder/spi-builder-workspace
write-file /Users/admin/builder/spi-builder-workspace/.derivedData/Build/Intermediates.noindex/DirectToSwiftUI.build/Debug/DirectToSwiftUI-t.build/Objects-normal/arm64/DirectToSwiftUI.LinkFileList
WriteAuxiliaryFile /Users/admin/builder/spi-builder-workspace/.derivedData/Build/Intermediates.noindex/DirectToSwiftUI.build/Debug/DirectToSwiftUI-t.build/Objects-normal/arm64/DirectToSwiftUI.SwiftFileList (in target 'DirectToSwiftUI' from project 'DirectToSwiftUI')
cd /Users/admin/builder/spi-builder-workspace
write-file /Users/admin/builder/spi-builder-workspace/.derivedData/Build/Intermediates.noindex/DirectToSwiftUI.build/Debug/DirectToSwiftUI-t.build/Objects-normal/arm64/DirectToSwiftUI.SwiftFileList
WriteAuxiliaryFile /Users/admin/builder/spi-builder-workspace/.derivedData/Build/Intermediates.noindex/DirectToSwiftUI.build/Debug/DirectToSwiftUI-t.build/DirectToSwiftUI.modulemap (in target 'DirectToSwiftUI' from project 'DirectToSwiftUI')
cd /Users/admin/builder/spi-builder-workspace
write-file /Users/admin/builder/spi-builder-workspace/.derivedData/Build/Intermediates.noindex/DirectToSwiftUI.build/Debug/DirectToSwiftUI-t.build/DirectToSwiftUI.modulemap
WriteAuxiliaryFile /Users/admin/builder/spi-builder-workspace/.derivedData/Build/Intermediates.noindex/DirectToSwiftUI.build/Debug/DirectToSwiftUI-t.build/DirectToSwiftUI.DependencyStaticMetadataFileList (in target 'DirectToSwiftUI' from project 'DirectToSwiftUI')
cd /Users/admin/builder/spi-builder-workspace
write-file /Users/admin/builder/spi-builder-workspace/.derivedData/Build/Intermediates.noindex/DirectToSwiftUI.build/Debug/DirectToSwiftUI-t.build/DirectToSwiftUI.DependencyStaticMetadataFileList
WriteAuxiliaryFile /Users/admin/builder/spi-builder-workspace/.derivedData/Build/Intermediates.noindex/DirectToSwiftUI.build/Debug/DirectToSwiftUI-t.build/DirectToSwiftUI.DependencyMetadataFileList (in target 'DirectToSwiftUI' from project 'DirectToSwiftUI')
cd /Users/admin/builder/spi-builder-workspace
write-file /Users/admin/builder/spi-builder-workspace/.derivedData/Build/Intermediates.noindex/DirectToSwiftUI.build/Debug/DirectToSwiftUI-t.build/DirectToSwiftUI.DependencyMetadataFileList
Copy /Users/admin/builder/spi-builder-workspace/.derivedData/Build/Intermediates.noindex/GeneratedModuleMaps/DirectToSwiftUI.modulemap /Users/admin/builder/spi-builder-workspace/.derivedData/Build/Intermediates.noindex/DirectToSwiftUI.build/Debug/DirectToSwiftUI-t.build/DirectToSwiftUI.modulemap (in target 'DirectToSwiftUI' from project 'DirectToSwiftUI')
cd /Users/admin/builder/spi-builder-workspace
builtin-copy -exclude .DS_Store -exclude CVS -exclude .svn -exclude .git -exclude .hg -resolve-src-symlinks /Users/admin/builder/spi-builder-workspace/.derivedData/Build/Intermediates.noindex/DirectToSwiftUI.build/Debug/DirectToSwiftUI-t.build/DirectToSwiftUI.modulemap /Users/admin/builder/spi-builder-workspace/.derivedData/Build/Intermediates.noindex/GeneratedModuleMaps
SwiftDriver SwiftUIRules normal arm64 com.apple.xcode.tools.swift.compiler (in target 'SwiftUIRules' from project 'SwiftUIRules')
cd /Users/admin/builder/spi-builder-workspace/.swiftpm/xcode
builtin-SwiftDriver -- /Applications/Xcode-27.0.0-Release.Candidate.app/Contents/Developer/Toolchains/XcodeDefault.xctoolchain/usr/bin/swiftc -parse-as-library -module-name SwiftUIRules -Onone @/Users/admin/builder/spi-builder-workspace/.derivedData/Build/Intermediates.noindex/SwiftUIRules.build/Debug/SwiftUIRules-t.build/Objects-normal/arm64/SwiftUIRules.SwiftFileList -DSWIFT_PACKAGE -DDEBUG -DSWIFT_MODULE_RESOURCE_BUNDLE_UNAVAILABLE -DXcode -plugin-path /Applications/Xcode-27.0.0-Release.Candidate.app/Contents/Developer/Toolchains/XcodeDefault.xctoolchain/usr/lib/swift/host/plugins/testing -enable-experimental-feature DebugDescriptionMacro -sdk /Applications/Xcode-27.0.0-Release.Candidate.app/Contents/Developer/Platforms/MacOSX.platform/Developer/SDKs/MacOSX27.0.sdk -target arm64-apple-macos12.0 -g -module-cache-path /Users/admin/builder/spi-builder-workspace/.derivedData/ModuleCache.noindex -Xfrontend -serialize-debugging-options -enable-testing -suppress-warnings -index-store-path /Users/admin/builder/spi-builder-workspace/.derivedData/Index.noindex/DataStore -Xcc -D_LIBCPP_HARDENING_MODE\=_LIBCPP_HARDENING_MODE_DEBUG -swift-version 5 -I /Users/admin/builder/spi-builder-workspace/.derivedData/Build/Products/Debug -Isystem /Applications/Xcode-27.0.0-Release.Candidate.app/Contents/Developer/Platforms/MacOSX.platform/Developer/usr/lib -F /Users/admin/builder/spi-builder-workspace/.derivedData/Build/Products/Debug -F /Applications/Xcode-27.0.0-Release.Candidate.app/Contents/Developer/Platforms/MacOSX.platform/Developer/Library/Frameworks -c -j10 -enable-batch-mode -incremental -Xcc -ivfsstatcache -Xcc /Users/admin/builder/spi-builder-workspace/.derivedData/SDKStatCaches.noindex/macosx27.0-26A425-e829b21a6f8c9b70876ba0858053c0446a22442a12e9d48fe1a705f55a1adfc4.sdkstatcache -output-file-map /Users/admin/builder/spi-builder-workspace/.derivedData/Build/Intermediates.noindex/SwiftUIRules.build/Debug/SwiftUIRules-t.build/Objects-normal/arm64/SwiftUIRules-OutputFileMap.json -save-temps -no-color-diagnostics -explicit-module-build -module-cache-path /Users/admin/builder/spi-builder-workspace/.derivedData/Build/Intermediates.noindex/SwiftExplicitPrecompiledModules -clang-scanner-module-cache-path /Users/admin/builder/spi-builder-workspace/.derivedData/ModuleCache.noindex -sdk-module-cache-path /Users/admin/builder/spi-builder-workspace/.derivedData/SDKExplicitPrecompiledModules -emit-dependencies -emit-module -emit-module-path /Users/admin/builder/spi-builder-workspace/.derivedData/Build/Intermediates.noindex/SwiftUIRules.build/Debug/SwiftUIRules-t.build/Objects-normal/arm64/SwiftUIRules.swiftmodule -serialize-diagnostics -dependency-scan-serialize-diagnostics-path /Users/admin/builder/spi-builder-workspace/.derivedData/Build/Intermediates.noindex/SwiftUIRules.build/Debug/SwiftUIRules-t.build/Objects-normal/arm64/SwiftUIRules-dependency-scan.dia -validate-clang-modules-once -clang-build-session-file /Users/admin/builder/spi-builder-workspace/.derivedData/ModuleCache.noindex/Session.modulevalidation -Xcc -fmodules-prune-interval\=86400 -Xcc -fmodules-prune-after\=345600 -emit-const-values -const-gather-protocols-list /Users/admin/builder/spi-builder-workspace/.derivedData/Build/Intermediates.noindex/SwiftUIRules.build/Debug/SwiftUIRules-t.build/Objects-normal/arm64/SwiftUIRules_const_extract_protocols.json -Xcc -I/Users/admin/builder/spi-builder-workspace/.derivedData/Build/Products/Debug/include -Xcc -I/Users/admin/builder/spi-builder-workspace/.derivedData/Build/Intermediates.noindex/SwiftUIRules.build/Debug/SwiftUIRules-t.build/DerivedSources-normal/arm64 -Xcc -I/Users/admin/builder/spi-builder-workspace/.derivedData/Build/Intermediates.noindex/SwiftUIRules.build/Debug/SwiftUIRules-t.build/DerivedSources/arm64 -Xcc -I/Users/admin/builder/spi-builder-workspace/.derivedData/Build/Intermediates.noindex/SwiftUIRules.build/Debug/SwiftUIRules-t.build/DerivedSources -Xcc -DSWIFT_PACKAGE -Xcc -DDEBUG\=1 -emit-objc-header -emit-objc-header-path /Users/admin/builder/spi-builder-workspace/.derivedData/Build/Intermediates.noindex/SwiftUIRules.build/Debug/SwiftUIRules-t.build/Objects-normal/arm64/SwiftUIRules-Swift.h -working-directory /Users/admin/builder/spi-builder-workspace/.swiftpm/xcode -experimental-emit-module-separately -disable-cmo
SwiftDriver ZeeQL normal arm64 com.apple.xcode.tools.swift.compiler (in target 'ZeeQL' from project 'ZeeQL3')
cd /Users/admin/builder/spi-builder-workspace/.swiftpm/xcode
builtin-SwiftDriver -- /Applications/Xcode-27.0.0-Release.Candidate.app/Contents/Developer/Toolchains/XcodeDefault.xctoolchain/usr/bin/swiftc -parse-as-library -module-name ZeeQL -Onone @/Users/admin/builder/spi-builder-workspace/.derivedData/Build/Intermediates.noindex/ZeeQL3.build/Debug/ZeeQL-t.build/Objects-normal/arm64/ZeeQL.SwiftFileList -DSWIFT_PACKAGE -DDEBUG -DSWIFT_MODULE_RESOURCE_BUNDLE_UNAVAILABLE -Xcc -fmodule-map-file\=/Users/admin/builder/spi-builder-workspace/.dependencies/checkouts/CSQLite3/Sources/CSQLite3/module.modulemap -DXcode -plugin-path /Applications/Xcode-27.0.0-Release.Candidate.app/Contents/Developer/Toolchains/XcodeDefault.xctoolchain/usr/lib/swift/host/plugins/testing -enable-experimental-feature DebugDescriptionMacro -sdk /Applications/Xcode-27.0.0-Release.Candidate.app/Contents/Developer/Platforms/MacOSX.platform/Developer/SDKs/MacOSX27.0.sdk -target arm64-apple-macos12.0 -g -module-cache-path /Users/admin/builder/spi-builder-workspace/.derivedData/ModuleCache.noindex -Xfrontend -serialize-debugging-options -enable-testing -suppress-warnings -index-store-path /Users/admin/builder/spi-builder-workspace/.derivedData/Index.noindex/DataStore -Xcc -D_LIBCPP_HARDENING_MODE\=_LIBCPP_HARDENING_MODE_DEBUG -swift-version 5 -I /Users/admin/builder/spi-builder-workspace/.derivedData/Build/Products/Debug -Isystem /Applications/Xcode-27.0.0-Release.Candidate.app/Contents/Developer/Platforms/MacOSX.platform/Developer/usr/lib -F /Users/admin/builder/spi-builder-workspace/.derivedData/Build/Products/Debug -F /Applications/Xcode-27.0.0-Release.Candidate.app/Contents/Developer/Platforms/MacOSX.platform/Developer/Library/Frameworks -c -j10 -enable-batch-mode -incremental -Xcc -ivfsstatcache -Xcc /Users/admin/builder/spi-builder-workspace/.derivedData/SDKStatCaches.noindex/macosx27.0-26A425-e829b21a6f8c9b70876ba0858053c0446a22442a12e9d48fe1a705f55a1adfc4.sdkstatcache -output-file-map /Users/admin/builder/spi-builder-workspace/.derivedData/Build/Intermediates.noindex/ZeeQL3.build/Debug/ZeeQL-t.build/Objects-normal/arm64/ZeeQL-OutputFileMap.json -save-temps -no-color-diagnostics -explicit-module-build -module-cache-path /Users/admin/builder/spi-builder-workspace/.derivedData/Build/Intermediates.noindex/SwiftExplicitPrecompiledModules -clang-scanner-module-cache-path /Users/admin/builder/spi-builder-workspace/.derivedData/ModuleCache.noindex -sdk-module-cache-path /Users/admin/builder/spi-builder-workspace/.derivedData/SDKExplicitPrecompiledModules -emit-dependencies -emit-module -emit-module-path /Users/admin/builder/spi-builder-workspace/.derivedData/Build/Intermediates.noindex/ZeeQL3.build/Debug/ZeeQL-t.build/Objects-normal/arm64/ZeeQL.swiftmodule -serialize-diagnostics -dependency-scan-serialize-diagnostics-path /Users/admin/builder/spi-builder-workspace/.derivedData/Build/Intermediates.noindex/ZeeQL3.build/Debug/ZeeQL-t.build/Objects-normal/arm64/ZeeQL-dependency-scan.dia -validate-clang-modules-once -clang-build-session-file /Users/admin/builder/spi-builder-workspace/.derivedData/ModuleCache.noindex/Session.modulevalidation -Xcc -fmodules-prune-interval\=86400 -Xcc -fmodules-prune-after\=345600 -emit-const-values -const-gather-protocols-list /Users/admin/builder/spi-builder-workspace/.derivedData/Build/Intermediates.noindex/ZeeQL3.build/Debug/ZeeQL-t.build/Objects-normal/arm64/ZeeQL_const_extract_protocols.json -Xcc -I/Users/admin/builder/spi-builder-workspace/.derivedData/Build/Products/Debug/include -Xcc -I/Users/admin/builder/spi-builder-workspace/.derivedData/Build/Intermediates.noindex/ZeeQL3.build/Debug/ZeeQL-t.build/DerivedSources-normal/arm64 -Xcc -I/Users/admin/builder/spi-builder-workspace/.derivedData/Build/Intermediates.noindex/ZeeQL3.build/Debug/ZeeQL-t.build/DerivedSources/arm64 -Xcc -I/Users/admin/builder/spi-builder-workspace/.derivedData/Build/Intermediates.noindex/ZeeQL3.build/Debug/ZeeQL-t.build/DerivedSources -Xcc -DSWIFT_PACKAGE -Xcc -DDEBUG\=1 -emit-objc-header -emit-objc-header-path /Users/admin/builder/spi-builder-workspace/.derivedData/Build/Intermediates.noindex/ZeeQL3.build/Debug/ZeeQL-t.build/Objects-normal/arm64/ZeeQL-Swift.h -working-directory /Users/admin/builder/spi-builder-workspace/.swiftpm/xcode -experimental-emit-module-separately -disable-cmo
SwiftExplicitDependencyGeneratePcm arm64 /Users/admin/builder/spi-builder-workspace/.derivedData/SDKExplicitPrecompiledModules/ptrauth-2W92ZJRLNJU99RJUQGGJG3OC3.pcm
SwiftExplicitDependencyGeneratePcm arm64 /Users/admin/builder/spi-builder-workspace/.derivedData/SDKExplicitPrecompiledModules/_Builtin_stddef-3GI9GOKXSW3QCTFOI1USFLDZO.pcm
SwiftExplicitDependencyGeneratePcm arm64 /Users/admin/builder/spi-builder-workspace/.derivedData/SDKExplicitPrecompiledModules/_SwiftConcurrencyShims-BLUUWKI6AGMD7TJ4RGYS7DP6T.pcm
SwiftExplicitDependencyGeneratePcm arm64 /Users/admin/builder/spi-builder-workspace/.derivedData/SDKExplicitPrecompiledModules/ptrcheck-DHLCBWKPNUZOYTPJ1J3QVTCXK.pcm
SwiftExplicitDependencyGeneratePcm arm64 /Users/admin/builder/spi-builder-workspace/.derivedData/SDKExplicitPrecompiledModules/_Builtin_float-105CRCDRP90FQCQO5ZX1LHV7H.pcm
SwiftExplicitDependencyGeneratePcm arm64 /Users/admin/builder/spi-builder-workspace/.derivedData/SDKExplicitPrecompiledModules/_Builtin_stdarg-7CFWA9OSW5N24E7PG4ZOCF1VH.pcm
SwiftExplicitDependencyGeneratePcm arm64 /Users/admin/builder/spi-builder-workspace/.derivedData/SDKExplicitPrecompiledModules/SwiftShims-C4V0DQ62WSTCYBYGILXXGQNO3.pcm
SwiftExplicitDependencyGeneratePcm arm64 /Users/admin/builder/spi-builder-workspace/.derivedData/SDKExplicitPrecompiledModules/_Builtin_stdbool-KYV2HKP8IKLKMKQS9DGA2GUQ.pcm
SwiftExplicitDependencyGeneratePcm arm64 /Users/admin/builder/spi-builder-workspace/.derivedData/SDKExplicitPrecompiledModules/_AvailabilityInternal-CJTV5E7EL3MWRA437DUFPBVN2.pcm
SwiftExplicitDependencyGeneratePcm arm64 /Users/admin/builder/spi-builder-workspace/.derivedData/SDKExplicitPrecompiledModules/_DarwinFoundation1-7PRJIG163YE9KSKYA3BS35ZZP.pcm
SwiftExplicitDependencyGeneratePcm arm64 /Users/admin/builder/spi-builder-workspace/.derivedData/SDKExplicitPrecompiledModules/_DarwinFoundation2-94WUUGE4H5R03OWXE0QFZX1DN.pcm
SwiftExplicitDependencyGeneratePcm arm64 /Users/admin/builder/spi-builder-workspace/.derivedData/SDKExplicitPrecompiledModules/SQLite3-CECRKZSSB4DQJE7JJFJ2KLBRN.pcm
SwiftExplicitDependencyGeneratePcm arm64 /Users/admin/builder/spi-builder-workspace/.derivedData/SDKExplicitPrecompiledModules/_Builtin_limits-AXGUGXBFPC0I7QDLJFB0K341Y.pcm
SwiftExplicitDependencyGeneratePcm arm64 /Users/admin/builder/spi-builder-workspace/.derivedData/SDKExplicitPrecompiledModules/DeveloperToolsSupport-13SNQ6N57G3DOS3KQA7V91OE7.pcm
SwiftExplicitDependencyGeneratePcm arm64 /Users/admin/builder/spi-builder-workspace/.derivedData/SDKExplicitPrecompiledModules/string_h-10WPXBF3YFYMX5HUAW06LSABR.pcm
SwiftExplicitDependencyGeneratePcm arm64 /Users/admin/builder/spi-builder-workspace/.derivedData/SDKExplicitPrecompiledModules/_Builtin_tgmath-52XE6HC8DWOG6S7B5QAI046D1.pcm
SwiftExplicitDependencyGeneratePcm arm64 /Users/admin/builder/spi-builder-workspace/.derivedData/SDKExplicitPrecompiledModules/sys_types-F4RNCN6UR5R5OWTLTOUM7TN3E.pcm
SwiftExplicitDependencyGeneratePcm arm64 /Users/admin/builder/spi-builder-workspace/.derivedData/SDKExplicitPrecompiledModules/_Builtin_stdint-22CBBOK8BNSF0UELDCAXSHGB.pcm
SwiftExplicitDependencyGeneratePcm arm64 /Users/admin/builder/spi-builder-workspace/.derivedData/SDKExplicitPrecompiledModules/_Builtin_intrinsics-4O6R03GTH5FLWSHEUBP0Z3GZ2.pcm
SwiftExplicitDependencyGeneratePcm arm64 /Users/admin/builder/spi-builder-workspace/.derivedData/SDKExplicitPrecompiledModules/libDER-5RCYOD0PCUUY2UGMBNE9LI8N9.pcm
SwiftExplicitDependencyGeneratePcm arm64 /Users/admin/builder/spi-builder-workspace/.derivedData/SDKExplicitPrecompiledModules/_DarwinFoundation3-32PO5Q4RCB6WXH5VFO3HA3AVS.pcm
SwiftExplicitDependencyGeneratePcm arm64 /Users/admin/builder/spi-builder-workspace/.derivedData/SDKExplicitPrecompiledModules/_Builtin_stdatomic-8LN7S35C6I48KJOCW7VPXX04X.pcm
SwiftExplicitDependencyGeneratePcm arm64 /Users/admin/builder/spi-builder-workspace/.derivedData/SDKExplicitPrecompiledModules/_Builtin_inttypes-1U6AP9A8AJ4G9WD98E9RHLGTJ.pcm
SwiftExplicitDependencyGeneratePcm arm64 /Users/admin/builder/spi-builder-workspace/.derivedData/SDKExplicitPrecompiledModules/Darwin-1RAAWNGKQM8YGHV0YJNNN5YDY.pcm
SwiftExplicitDependencyGeneratePcm arm64 /Users/admin/builder/spi-builder-workspace/.derivedData/SDKExplicitPrecompiledModules/simd-A9TKR8OE9APRJ1RNS7F0OBY4Q.pcm
SwiftExplicitDependencyGeneratePcm arm64 /Users/admin/builder/spi-builder-workspace/.derivedData/SDKExplicitPrecompiledModules/CUPS-45MNISAOHSEBD6VQA5G0MXN9H.pcm
SwiftExplicitDependencyGeneratePcm arm64 /Users/admin/builder/spi-builder-workspace/.derivedData/SDKExplicitPrecompiledModules/libkern-22MDXN9G35RPO3OLKX9B2PN16.pcm
SwiftExplicitDependencyGeneratePcm arm64 /Users/admin/builder/spi-builder-workspace/.derivedData/SDKExplicitPrecompiledModules/launch-2XAORMJNLLVS0OVKC1M0752GY.pcm
SwiftExplicitDependencyGeneratePcm arm64 /Users/admin/builder/spi-builder-workspace/.derivedData/SDKExplicitPrecompiledModules/MachO-AWTJ65TFR7TMST2NUE6ZCC1SL.pcm
SwiftExplicitDependencyGeneratePcm arm64 /Users/admin/builder/spi-builder-workspace/.derivedData/SDKExplicitPrecompiledModules/ObjectiveC-B89IQP2TC4CFSWOUMTUZRI1VZ.pcm
SwiftExplicitDependencyGeneratePcm arm64 /Users/admin/builder/spi-builder-workspace/.derivedData/SDKExplicitPrecompiledModules/Spatial-2JNOU2HNJ0Q174XCFCD0GCOUQ.pcm
SwiftExplicitDependencyGeneratePcm arm64 /Users/admin/builder/spi-builder-workspace/.derivedData/SDKExplicitPrecompiledModules/os_object-3KLCCI03OX6OQTLJ92KQH2KIO.pcm
SwiftExplicitDependencyGeneratePcm arm64 /Users/admin/builder/spi-builder-workspace/.derivedData/SDKExplicitPrecompiledModules/os_workgroup-10SJ5M8R2OB4BG1TPFL9SZMKV.pcm
SwiftExplicitDependencyGeneratePcm arm64 /Users/admin/builder/spi-builder-workspace/.derivedData/SDKExplicitPrecompiledModules/Dispatch-NAMWF9KN29KC7Z5OS3TTTAE8.pcm
SwiftExplicitDependencyGeneratePcm arm64 /Users/admin/builder/spi-builder-workspace/.derivedData/SDKExplicitPrecompiledModules/CoreFoundation-4ZIITQ30SOGUQE8KJAB99ZV0Q.pcm
SwiftExplicitDependencyGeneratePcm arm64 /Users/admin/builder/spi-builder-workspace/.derivedData/SDKExplicitPrecompiledModules/XPC-E1MSAZG4ZNL24S2WK6K6Y7GWW.pcm
SwiftExplicitDependencyGeneratePcm arm64 /Users/admin/builder/spi-builder-workspace/.derivedData/SDKExplicitPrecompiledModules/os-BYOEVK2GEMB4Q8WWHGZGREA00.pcm
SwiftExplicitDependencyGeneratePcm arm64 /Users/admin/builder/spi-builder-workspace/.derivedData/SDKExplicitPrecompiledModules/Security-ESPJ7FP0YAY1EL3VXBGY9MCZ8.pcm
SwiftExplicitDependencyGeneratePcm arm64 /Users/admin/builder/spi-builder-workspace/.derivedData/SDKExplicitPrecompiledModules/CFNetwork-CVHS5CT20191MFYXQIEDWSRGJ.pcm
SwiftExplicitDependencyGeneratePcm arm64 /Users/admin/builder/spi-builder-workspace/.derivedData/SDKExplicitPrecompiledModules/CoreAudioTypes-EEH2XZ47XX4YM3FOOISUYVRQE.pcm
SwiftExplicitDependencyGeneratePcm arm64 /Users/admin/builder/spi-builder-workspace/.derivedData/SDKExplicitPrecompiledModules/IOKit-6H3X691EDBH124EYTC2PEOP5T.pcm
SwiftExplicitDependencyGeneratePcm arm64 /Users/admin/builder/spi-builder-workspace/.derivedData/SDKExplicitPrecompiledModules/ColorSync-BBCIZDDQ6O3QECFAWJQ6RU4ZJ.pcm
SwiftExplicitDependencyGeneratePcm arm64 /Users/admin/builder/spi-builder-workspace/.derivedData/SDKExplicitPrecompiledModules/DiskArbitration-ZNZZU7T0SYELB0DAR56WQF0R.pcm
SwiftExplicitDependencyGeneratePcm arm64 /Users/admin/builder/spi-builder-workspace/.derivedData/SDKExplicitPrecompiledModules/CoreGraphics-5TRMNDB7ZP6FFMRNSZCWEOZMD.pcm
SwiftExplicitDependencyGeneratePcm arm64 /Users/admin/builder/spi-builder-workspace/.derivedData/SDKExplicitPrecompiledModules/CoreServices-CGCGY0FOMEQGSNMO3HQSC09XU.pcm
SwiftExplicitDependencyGeneratePcm arm64 /Users/admin/builder/spi-builder-workspace/.derivedData/SDKExplicitPrecompiledModules/ImageIO-88YNP2EU498GB5YXIFJ9ANNYW.pcm
SwiftExplicitDependencyGeneratePcm arm64 /Users/admin/builder/spi-builder-workspace/.derivedData/SDKExplicitPrecompiledModules/CoreText-C1WSF2HWGIKVJ2XHWBKXQBSEY.pcm
SwiftExplicitDependencyGeneratePcm arm64 /Users/admin/builder/spi-builder-workspace/.derivedData/SDKExplicitPrecompiledModules/Foundation-44WR0NU86C67CV5BW8W1MGKNG.pcm
SwiftExplicitDependencyGeneratePcm arm64 /Users/admin/builder/spi-builder-workspace/.derivedData/SDKExplicitPrecompiledModules/CoreAudio-8XPVZMQXZVBU162UQPW77JTL1.pcm
SwiftExplicitDependencyGeneratePcm arm64 /Users/admin/builder/spi-builder-workspace/.derivedData/SDKExplicitPrecompiledModules/CoreData-4EPJ39F9L3QQ9486B5AMG5G6J.pcm
SwiftExplicitDependencyGeneratePcm arm64 /Users/admin/builder/spi-builder-workspace/.derivedData/SDKExplicitPrecompiledModules/OSLog-1GSRGGGEESVJH9OULZA91RAA3.pcm
SwiftExplicitDependencyGeneratePcm arm64 /Users/admin/builder/spi-builder-workspace/.derivedData/SDKExplicitPrecompiledModules/IOSurface-1TUG4NQVIPJF59WSUNATZ447F.pcm
SwiftEmitModule normal arm64 Emitting\ module\ for\ ZeeQL (in target 'ZeeQL' from project 'ZeeQL3')
SwiftCompile normal arm64 (in target 'ZeeQL' from project 'ZeeQL3')
cd /Users/admin/builder/spi-builder-workspace/.swiftpm/xcode
SwiftExplicitDependencyGeneratePcm arm64 /Users/admin/builder/spi-builder-workspace/.derivedData/SDKExplicitPrecompiledModules/Accessibility-6F38G4T85MOHD9AA2EH4U2PJS.pcm
SwiftExplicitDependencyGeneratePcm arm64 /Users/admin/builder/spi-builder-workspace/.derivedData/SDKExplicitPrecompiledModules/UniformTypeIdentifiers-5LG8RE3Q01MBLZVRR3FFHHL5H.pcm
SwiftExplicitDependencyGeneratePcm arm64 /Users/admin/builder/spi-builder-workspace/.derivedData/SDKExplicitPrecompiledModules/DataDetection-5GDUUWT6YIA10PE5D9A8SXWZ9.pcm
SwiftExplicitDependencyGeneratePcm arm64 /Users/admin/builder/spi-builder-workspace/.derivedData/SDKExplicitPrecompiledModules/ApplicationServices-ALXSS633FQY42UMJSLR6MNLSK.pcm
SwiftExplicitDependencyGeneratePcm arm64 /Users/admin/builder/spi-builder-workspace/.derivedData/SDKExplicitPrecompiledModules/Symbols-2NFSQR6R0R96WH1KKGBXW1J.pcm
SwiftExplicitDependencyGeneratePcm arm64 /Users/admin/builder/spi-builder-workspace/.derivedData/SDKExplicitPrecompiledModules/CoreTransferable-2HJ1Z8HJBPECRD89AVJ0X7S63.pcm
SwiftCompile normal arm64 Compiling\ AccessDataSource.swift,\ AccessDataSourceError.swift,\ AccessDataSourceFinders.swift,\ ActiveDataSource.swift,\ ActiveRecord.swift,\ ActiveRecordType.swift,\ Adaptor+Async.swift,\ Adaptor.swift,\ AdaptorAsyncRunner.swift,\ AdaptorChannel.swift /Users/admin/builder/spi-builder-workspace/.dependencies/checkouts/ZeeQL3/Sources/ZeeQL/Access/AccessDataSource.swift /Users/admin/builder/spi-builder-workspace/.dependencies/checkouts/ZeeQL3/Sources/ZeeQL/Access/AccessDataSourceError.swift /Users/admin/builder/spi-builder-workspace/.dependencies/checkouts/ZeeQL3/Sources/ZeeQL/Access/AccessDataSourceFinders.swift /Users/admin/builder/spi-builder-workspace/.dependencies/checkouts/ZeeQL3/Sources/ZeeQL/Access/ActiveDataSource.swift /Users/admin/builder/spi-builder-workspace/.dependencies/checkouts/ZeeQL3/Sources/ZeeQL/Access/ActiveRecord.swift /Users/admin/builder/spi-builder-workspace/.dependencies/checkouts/ZeeQL3/Sources/ZeeQL/Access/ActiveRecordType.swift /Users/admin/builder/spi-builder-workspace/.dependencies/checkouts/ZeeQL3/Sources/ZeeQL/Access/Adaptor+Async.swift /Users/admin/builder/spi-builder-workspace/.dependencies/checkouts/ZeeQL3/Sources/ZeeQL/Access/Adaptor.swift /Users/admin/builder/spi-builder-workspace/.dependencies/checkouts/ZeeQL3/Sources/ZeeQL/Access/AdaptorAsyncRunner.swift /Users/admin/builder/spi-builder-workspace/.dependencies/checkouts/ZeeQL3/Sources/ZeeQL/Access/AdaptorChannel.swift (in target 'ZeeQL' from project 'ZeeQL3')
SwiftCompile normal arm64 /Users/admin/builder/spi-builder-workspace/.dependencies/checkouts/ZeeQL3/Sources/ZeeQL/Access/AccessDataSource.swift (in target 'ZeeQL' from project 'ZeeQL3')
cd /Users/admin/builder/spi-builder-workspace/.swiftpm/xcode
builtin-SwiftPerFileCompile AccessDataSource.swift
SwiftCompile normal arm64 /Users/admin/builder/spi-builder-workspace/.dependencies/checkouts/ZeeQL3/Sources/ZeeQL/Access/AccessDataSourceError.swift (in target 'ZeeQL' from project 'ZeeQL3')
cd /Users/admin/builder/spi-builder-workspace/.swiftpm/xcode
builtin-SwiftPerFileCompile AccessDataSourceError.swift
SwiftCompile normal arm64 /Users/admin/builder/spi-builder-workspace/.dependencies/checkouts/ZeeQL3/Sources/ZeeQL/Access/AccessDataSourceFinders.swift (in target 'ZeeQL' from project 'ZeeQL3')
cd /Users/admin/builder/spi-builder-workspace/.swiftpm/xcode
builtin-SwiftPerFileCompile AccessDataSourceFinders.swift
SwiftCompile normal arm64 /Users/admin/builder/spi-builder-workspace/.dependencies/checkouts/ZeeQL3/Sources/ZeeQL/Access/ActiveDataSource.swift (in target 'ZeeQL' from project 'ZeeQL3')
cd /Users/admin/builder/spi-builder-workspace/.swiftpm/xcode
builtin-SwiftPerFileCompile ActiveDataSource.swift
SwiftCompile normal arm64 /Users/admin/builder/spi-builder-workspace/.dependencies/checkouts/ZeeQL3/Sources/ZeeQL/Access/ActiveRecord.swift (in target 'ZeeQL' from project 'ZeeQL3')
cd /Users/admin/builder/spi-builder-workspace/.swiftpm/xcode
builtin-SwiftPerFileCompile ActiveRecord.swift
SwiftCompile normal arm64 /Users/admin/builder/spi-builder-workspace/.dependencies/checkouts/ZeeQL3/Sources/ZeeQL/Access/ActiveRecordType.swift (in target 'ZeeQL' from project 'ZeeQL3')
cd /Users/admin/builder/spi-builder-workspace/.swiftpm/xcode
builtin-SwiftPerFileCompile ActiveRecordType.swift
SwiftCompile normal arm64 /Users/admin/builder/spi-builder-workspace/.dependencies/checkouts/ZeeQL3/Sources/ZeeQL/Access/Adaptor+Async.swift (in target 'ZeeQL' from project 'ZeeQL3')
cd /Users/admin/builder/spi-builder-workspace/.swiftpm/xcode
builtin-SwiftPerFileCompile Adaptor+Async.swift
SwiftCompile normal arm64 /Users/admin/builder/spi-builder-workspace/.dependencies/checkouts/ZeeQL3/Sources/ZeeQL/Access/Adaptor.swift (in target 'ZeeQL' from project 'ZeeQL3')
cd /Users/admin/builder/spi-builder-workspace/.swiftpm/xcode
builtin-SwiftPerFileCompile Adaptor.swift
SwiftCompile normal arm64 /Users/admin/builder/spi-builder-workspace/.dependencies/checkouts/ZeeQL3/Sources/ZeeQL/Access/AdaptorAsyncRunner.swift (in target 'ZeeQL' from project 'ZeeQL3')
cd /Users/admin/builder/spi-builder-workspace/.swiftpm/xcode
builtin-SwiftPerFileCompile AdaptorAsyncRunner.swift
SwiftCompile normal arm64 /Users/admin/builder/spi-builder-workspace/.dependencies/checkouts/ZeeQL3/Sources/ZeeQL/Access/AdaptorChannel.swift (in target 'ZeeQL' from project 'ZeeQL3')
cd /Users/admin/builder/spi-builder-workspace/.swiftpm/xcode
builtin-SwiftPerFileCompile AdaptorChannel.swift
SwiftCompile normal arm64 Compiling\ ModelPattern.swift,\ ModelSQLizer.swift,\ Property.swift,\ Relationship.swift,\ SQLAttributeChange.swift,\ SQLExpression.swift,\ SQLExpressionFactory.swift,\ SQLForeignKey.swift,\ SQLTableGroups.swift,\ SchemaGeneration.swift /Users/admin/builder/spi-builder-workspace/.dependencies/checkouts/ZeeQL3/Sources/ZeeQL/Access/ModelPattern.swift /Users/admin/builder/spi-builder-workspace/.dependencies/checkouts/ZeeQL3/Sources/ZeeQL/Access/ModelSQLizer.swift /Users/admin/builder/spi-builder-workspace/.dependencies/checkouts/ZeeQL3/Sources/ZeeQL/Access/Property.swift /Users/admin/builder/spi-builder-workspace/.dependencies/checkouts/ZeeQL3/Sources/ZeeQL/Access/Relationship.swift /Users/admin/builder/spi-builder-workspace/.dependencies/checkouts/ZeeQL3/Sources/ZeeQL/Access/SQLAttributeChange.swift /Users/admin/builder/spi-builder-workspace/.dependencies/checkouts/ZeeQL3/Sources/ZeeQL/Access/SQLExpression.swift /Users/admin/builder/spi-builder-workspace/.dependencies/checkouts/ZeeQL3/Sources/ZeeQL/Access/SQLExpressionFactory.swift /Users/admin/builder/spi-builder-workspace/.dependencies/checkouts/ZeeQL3/Sources/ZeeQL/Access/SQLForeignKey.swift /Users/admin/builder/spi-builder-workspace/.dependencies/checkouts/ZeeQL3/Sources/ZeeQL/Access/SQLTableGroups.swift /Users/admin/builder/spi-builder-workspace/.dependencies/checkouts/ZeeQL3/Sources/ZeeQL/Access/SchemaGeneration.swift (in target 'ZeeQL' from project 'ZeeQL3')
SwiftCompile normal arm64 /Users/admin/builder/spi-builder-workspace/.dependencies/checkouts/ZeeQL3/Sources/ZeeQL/Access/ModelPattern.swift (in target 'ZeeQL' from project 'ZeeQL3')
cd /Users/admin/builder/spi-builder-workspace/.swiftpm/xcode
builtin-SwiftPerFileCompile ModelPattern.swift
SwiftCompile normal arm64 /Users/admin/builder/spi-builder-workspace/.dependencies/checkouts/ZeeQL3/Sources/ZeeQL/Access/ModelSQLizer.swift (in target 'ZeeQL' from project 'ZeeQL3')
cd /Users/admin/builder/spi-builder-workspace/.swiftpm/xcode
builtin-SwiftPerFileCompile ModelSQLizer.swift
SwiftCompile normal arm64 /Users/admin/builder/spi-builder-workspace/.dependencies/checkouts/ZeeQL3/Sources/ZeeQL/Access/Property.swift (in target 'ZeeQL' from project 'ZeeQL3')
cd /Users/admin/builder/spi-builder-workspace/.swiftpm/xcode
builtin-SwiftPerFileCompile Property.swift
SwiftCompile normal arm64 /Users/admin/builder/spi-builder-workspace/.dependencies/checkouts/ZeeQL3/Sources/ZeeQL/Access/Relationship.swift (in target 'ZeeQL' from project 'ZeeQL3')
cd /Users/admin/builder/spi-builder-workspace/.swiftpm/xcode
builtin-SwiftPerFileCompile Relationship.swift
SwiftCompile normal arm64 /Users/admin/builder/spi-builder-workspace/.dependencies/checkouts/ZeeQL3/Sources/ZeeQL/Access/SQLAttributeChange.swift (in target 'ZeeQL' from project 'ZeeQL3')
cd /Users/admin/builder/spi-builder-workspace/.swiftpm/xcode
builtin-SwiftPerFileCompile SQLAttributeChange.swift
SwiftCompile normal arm64 /Users/admin/builder/spi-builder-workspace/.dependencies/checkouts/ZeeQL3/Sources/ZeeQL/Access/SQLExpression.swift (in target 'ZeeQL' from project 'ZeeQL3')
cd /Users/admin/builder/spi-builder-workspace/.swiftpm/xcode
builtin-SwiftPerFileCompile SQLExpression.swift
SwiftCompile normal arm64 /Users/admin/builder/spi-builder-workspace/.dependencies/checkouts/ZeeQL3/Sources/ZeeQL/Access/SQLExpressionFactory.swift (in target 'ZeeQL' from project 'ZeeQL3')
cd /Users/admin/builder/spi-builder-workspace/.swiftpm/xcode
builtin-SwiftPerFileCompile SQLExpressionFactory.swift
SwiftCompile normal arm64 /Users/admin/builder/spi-builder-workspace/.dependencies/checkouts/ZeeQL3/Sources/ZeeQL/Access/SQLForeignKey.swift (in target 'ZeeQL' from project 'ZeeQL3')
cd /Users/admin/builder/spi-builder-workspace/.swiftpm/xcode
builtin-SwiftPerFileCompile SQLForeignKey.swift
SwiftCompile normal arm64 /Users/admin/builder/spi-builder-workspace/.dependencies/checkouts/ZeeQL3/Sources/ZeeQL/Access/SQLTableGroups.swift (in target 'ZeeQL' from project 'ZeeQL3')
cd /Users/admin/builder/spi-builder-workspace/.swiftpm/xcode
builtin-SwiftPerFileCompile SQLTableGroups.swift
SwiftCompile normal arm64 /Users/admin/builder/spi-builder-workspace/.dependencies/checkouts/ZeeQL3/Sources/ZeeQL/Access/SchemaGeneration.swift (in target 'ZeeQL' from project 'ZeeQL3')
cd /Users/admin/builder/spi-builder-workspace/.swiftpm/xcode
builtin-SwiftPerFileCompile SchemaGeneration.swift
SwiftCompile normal arm64 Compiling\ DatabaseContext.swift,\ DatabaseDataSource.swift,\ DatabaseObject.swift,\ DatabaseOperation.swift,\ Entity.swift,\ FancyModelMaker.swift,\ Join.swift,\ MirrorHelpers.swift,\ Model.swift,\ ModelLoader.swift /Users/admin/builder/spi-builder-workspace/.dependencies/checkouts/ZeeQL3/Sources/ZeeQL/Access/DatabaseContext.swift /Users/admin/builder/spi-builder-workspace/.dependencies/checkouts/ZeeQL3/Sources/ZeeQL/Access/DatabaseDataSource.swift /Users/admin/builder/spi-builder-workspace/.dependencies/checkouts/ZeeQL3/Sources/ZeeQL/Access/DatabaseObject.swift /Users/admin/builder/spi-builder-workspace/.dependencies/checkouts/ZeeQL3/Sources/ZeeQL/Access/DatabaseOperation.swift /Users/admin/builder/spi-builder-workspace/.dependencies/checkouts/ZeeQL3/Sources/ZeeQL/Access/Entity.swift /Users/admin/builder/spi-builder-workspace/.dependencies/checkouts/ZeeQL3/Sources/ZeeQL/Access/FancyModelMaker.swift /Users/admin/builder/spi-builder-workspace/.dependencies/checkouts/ZeeQL3/Sources/ZeeQL/Access/Join.swift /Users/admin/builder/spi-builder-workspace/.dependencies/checkouts/ZeeQL3/Sources/ZeeQL/Access/MirrorHelpers.swift /Users/admin/builder/spi-builder-workspace/.dependencies/checkouts/ZeeQL3/Sources/ZeeQL/Access/Model.swift /Users/admin/builder/spi-builder-workspace/.dependencies/checkouts/ZeeQL3/Sources/ZeeQL/Access/ModelLoader.swift (in target 'ZeeQL' from project 'ZeeQL3')
SwiftCompile normal arm64 /Users/admin/builder/spi-builder-workspace/.dependencies/checkouts/ZeeQL3/Sources/ZeeQL/Access/DatabaseContext.swift (in target 'ZeeQL' from project 'ZeeQL3')
cd /Users/admin/builder/spi-builder-workspace/.swiftpm/xcode
builtin-SwiftPerFileCompile DatabaseContext.swift
SwiftCompile normal arm64 /Users/admin/builder/spi-builder-workspace/.dependencies/checkouts/ZeeQL3/Sources/ZeeQL/Access/DatabaseDataSource.swift (in target 'ZeeQL' from project 'ZeeQL3')
cd /Users/admin/builder/spi-builder-workspace/.swiftpm/xcode
builtin-SwiftPerFileCompile DatabaseDataSource.swift
SwiftCompile normal arm64 /Users/admin/builder/spi-builder-workspace/.dependencies/checkouts/ZeeQL3/Sources/ZeeQL/Access/DatabaseObject.swift (in target 'ZeeQL' from project 'ZeeQL3')
cd /Users/admin/builder/spi-builder-workspace/.swiftpm/xcode
builtin-SwiftPerFileCompile DatabaseObject.swift
SwiftCompile normal arm64 /Users/admin/builder/spi-builder-workspace/.dependencies/checkouts/ZeeQL3/Sources/ZeeQL/Access/DatabaseOperation.swift (in target 'ZeeQL' from project 'ZeeQL3')
cd /Users/admin/builder/spi-builder-workspace/.swiftpm/xcode
builtin-SwiftPerFileCompile DatabaseOperation.swift
SwiftCompile normal arm64 /Users/admin/builder/spi-builder-workspace/.dependencies/checkouts/ZeeQL3/Sources/ZeeQL/Access/Entity.swift (in target 'ZeeQL' from project 'ZeeQL3')
cd /Users/admin/builder/spi-builder-workspace/.swiftpm/xcode
builtin-SwiftPerFileCompile Entity.swift
SwiftCompile normal arm64 /Users/admin/builder/spi-builder-workspace/.dependencies/checkouts/ZeeQL3/Sources/ZeeQL/Access/FancyModelMaker.swift (in target 'ZeeQL' from project 'ZeeQL3')
cd /Users/admin/builder/spi-builder-workspace/.swiftpm/xcode
builtin-SwiftPerFileCompile FancyModelMaker.swift
SwiftCompile normal arm64 /Users/admin/builder/spi-builder-workspace/.dependencies/checkouts/ZeeQL3/Sources/ZeeQL/Access/Join.swift (in target 'ZeeQL' from project 'ZeeQL3')
cd /Users/admin/builder/spi-builder-workspace/.swiftpm/xcode
builtin-SwiftPerFileCompile Join.swift
SwiftCompile normal arm64 /Users/admin/builder/spi-builder-workspace/.dependencies/checkouts/ZeeQL3/Sources/ZeeQL/Access/MirrorHelpers.swift (in target 'ZeeQL' from project 'ZeeQL3')
cd /Users/admin/builder/spi-builder-workspace/.swiftpm/xcode
builtin-SwiftPerFileCompile MirrorHelpers.swift
SwiftCompile normal arm64 /Users/admin/builder/spi-builder-workspace/.dependencies/checkouts/ZeeQL3/Sources/ZeeQL/Access/Model.swift (in target 'ZeeQL' from project 'ZeeQL3')
cd /Users/admin/builder/spi-builder-workspace/.swiftpm/xcode
builtin-SwiftPerFileCompile Model.swift
SwiftCompile normal arm64 /Users/admin/builder/spi-builder-workspace/.dependencies/checkouts/ZeeQL3/Sources/ZeeQL/Access/ModelLoader.swift (in target 'ZeeQL' from project 'ZeeQL3')
cd /Users/admin/builder/spi-builder-workspace/.swiftpm/xcode
builtin-SwiftPerFileCompile ModelLoader.swift
SwiftExplicitDependencyGeneratePcm arm64 /Users/admin/builder/spi-builder-workspace/.derivedData/SDKExplicitPrecompiledModules/Metal-KM8CI04R5X5OUWMGRMNZE4KP.pcm
SwiftExplicitDependencyGeneratePcm arm64 /Users/admin/builder/spi-builder-workspace/.derivedData/SDKExplicitPrecompiledModules/OpenGL-FXV81CD8YS42YTVJKJH1VLGA.pcm
SwiftCompile normal arm64 Compiling\ AttributeKey.swift,\ AttributeValue.swift,\ CodeAttribute.swift,\ CodeEntity.swift,\ CodeRelationship.swift,\ CodeValueAttribute.swift,\ Database.swift,\ DatabaseChannel.swift,\ DatabaseChannelBase.swift,\ DatabaseChannelFetchHelper.swift /Users/admin/builder/spi-builder-workspace/.dependencies/checkouts/ZeeQL3/Sources/ZeeQL/Access/AttributeKey.swift /Users/admin/builder/spi-builder-workspace/.dependencies/checkouts/ZeeQL3/Sources/ZeeQL/Access/AttributeValue.swift /Users/admin/builder/spi-builder-workspace/.dependencies/checkouts/ZeeQL3/Sources/ZeeQL/Access/CodeAttribute.swift /Users/admin/builder/spi-builder-workspace/.dependencies/checkouts/ZeeQL3/Sources/ZeeQL/Access/CodeEntity.swift /Users/admin/builder/spi-builder-workspace/.dependencies/checkouts/ZeeQL3/Sources/ZeeQL/Access/CodeRelationship.swift /Users/admin/builder/spi-builder-workspace/.dependencies/checkouts/ZeeQL3/Sources/ZeeQL/Access/CodeValueAttribute.swift /Users/admin/builder/spi-builder-workspace/.dependencies/checkouts/ZeeQL3/Sources/ZeeQL/Access/Database.swift /Users/admin/builder/spi-builder-workspace/.dependencies/checkouts/ZeeQL3/Sources/ZeeQL/Access/DatabaseChannel.swift /Users/admin/builder/spi-builder-workspace/.dependencies/checkouts/ZeeQL3/Sources/ZeeQL/Access/DatabaseChannelBase.swift /Users/admin/builder/spi-builder-workspace/.dependencies/checkouts/ZeeQL3/Sources/ZeeQL/Access/DatabaseChannelFetchHelper.swift (in target 'ZeeQL' from project 'ZeeQL3')
SwiftCompile normal arm64 /Users/admin/builder/spi-builder-workspace/.dependencies/checkouts/ZeeQL3/Sources/ZeeQL/Access/AttributeKey.swift (in target 'ZeeQL' from project 'ZeeQL3')
cd /Users/admin/builder/spi-builder-workspace/.swiftpm/xcode
builtin-SwiftPerFileCompile AttributeKey.swift
SwiftCompile normal arm64 /Users/admin/builder/spi-builder-workspace/.dependencies/checkouts/ZeeQL3/Sources/ZeeQL/Access/AttributeValue.swift (in target 'ZeeQL' from project 'ZeeQL3')
cd /Users/admin/builder/spi-builder-workspace/.swiftpm/xcode
builtin-SwiftPerFileCompile AttributeValue.swift
SwiftCompile normal arm64 /Users/admin/builder/spi-builder-workspace/.dependencies/checkouts/ZeeQL3/Sources/ZeeQL/Access/CodeAttribute.swift (in target 'ZeeQL' from project 'ZeeQL3')
cd /Users/admin/builder/spi-builder-workspace/.swiftpm/xcode
builtin-SwiftPerFileCompile CodeAttribute.swift
SwiftCompile normal arm64 /Users/admin/builder/spi-builder-workspace/.dependencies/checkouts/ZeeQL3/Sources/ZeeQL/Access/CodeEntity.swift (in target 'ZeeQL' from project 'ZeeQL3')
cd /Users/admin/builder/spi-builder-workspace/.swiftpm/xcode
builtin-SwiftPerFileCompile CodeEntity.swift
SwiftCompile normal arm64 /Users/admin/builder/spi-builder-workspace/.dependencies/checkouts/ZeeQL3/Sources/ZeeQL/Access/CodeRelationship.swift (in target 'ZeeQL' from project 'ZeeQL3')
cd /Users/admin/builder/spi-builder-workspace/.swiftpm/xcode
builtin-SwiftPerFileCompile CodeRelationship.swift
SwiftCompile normal arm64 /Users/admin/builder/spi-builder-workspace/.dependencies/checkouts/ZeeQL3/Sources/ZeeQL/Access/CodeValueAttribute.swift (in target 'ZeeQL' from project 'ZeeQL3')
cd /Users/admin/builder/spi-builder-workspace/.swiftpm/xcode
builtin-SwiftPerFileCompile CodeValueAttribute.swift
SwiftCompile normal arm64 /Users/admin/builder/spi-builder-workspace/.dependencies/checkouts/ZeeQL3/Sources/ZeeQL/Access/Database.swift (in target 'ZeeQL' from project 'ZeeQL3')
cd /Users/admin/builder/spi-builder-workspace/.swiftpm/xcode
builtin-SwiftPerFileCompile Database.swift
SwiftCompile normal arm64 /Users/admin/builder/spi-builder-workspace/.dependencies/checkouts/ZeeQL3/Sources/ZeeQL/Access/DatabaseChannel.swift (in target 'ZeeQL' from project 'ZeeQL3')
cd /Users/admin/builder/spi-builder-workspace/.swiftpm/xcode
builtin-SwiftPerFileCompile DatabaseChannel.swift
SwiftCompile normal arm64 /Users/admin/builder/spi-builder-workspace/.dependencies/checkouts/ZeeQL3/Sources/ZeeQL/Access/DatabaseChannelBase.swift (in target 'ZeeQL' from project 'ZeeQL3')
cd /Users/admin/builder/spi-builder-workspace/.swiftpm/xcode
builtin-SwiftPerFileCompile DatabaseChannelBase.swift
SwiftCompile normal arm64 /Users/admin/builder/spi-builder-workspace/.dependencies/checkouts/ZeeQL3/Sources/ZeeQL/Access/DatabaseChannelFetchHelper.swift (in target 'ZeeQL' from project 'ZeeQL3')
cd /Users/admin/builder/spi-builder-workspace/.swiftpm/xcode
builtin-SwiftPerFileCompile DatabaseChannelFetchHelper.swift
SwiftCompile normal arm64 Compiling\ KeyComparisonQualifier.swift,\ KeyValueQualifier.swift,\ ModelFetchSpecification.swift,\ NotQualifier.swift,\ ObjectStore.swift,\ ObjectTrackingContext.swift,\ Qualifier.swift,\ QualifierEvaluation.swift,\ QualifierParser.swift /Users/admin/builder/spi-builder-workspace/.dependencies/checkouts/ZeeQL3/Sources/ZeeQL/Control/KeyComparisonQualifier.swift /Users/admin/builder/spi-builder-workspace/.dependencies/checkouts/ZeeQL3/Sources/ZeeQL/Control/KeyValueQualifier.swift /Users/admin/builder/spi-builder-workspace/.dependencies/checkouts/ZeeQL3/Sources/ZeeQL/Control/ModelFetchSpecification.swift /Users/admin/builder/spi-builder-workspace/.dependencies/checkouts/ZeeQL3/Sources/ZeeQL/Control/NotQualifier.swift /Users/admin/builder/spi-builder-workspace/.dependencies/checkouts/ZeeQL3/Sources/ZeeQL/Control/ObjectStore.swift /Users/admin/builder/spi-builder-workspace/.dependencies/checkouts/ZeeQL3/Sources/ZeeQL/Control/ObjectTrackingContext.swift /Users/admin/builder/spi-builder-workspace/.dependencies/checkouts/ZeeQL3/Sources/ZeeQL/Control/Qualifier.swift /Users/admin/builder/spi-builder-workspace/.dependencies/checkouts/ZeeQL3/Sources/ZeeQL/Control/QualifierEvaluation.swift /Users/admin/builder/spi-builder-workspace/.dependencies/checkouts/ZeeQL3/Sources/ZeeQL/Control/QualifierParser.swift (in target 'ZeeQL' from project 'ZeeQL3')
SwiftCompile normal arm64 /Users/admin/builder/spi-builder-workspace/.dependencies/checkouts/ZeeQL3/Sources/ZeeQL/Control/KeyComparisonQualifier.swift (in target 'ZeeQL' from project 'ZeeQL3')
cd /Users/admin/builder/spi-builder-workspace/.swiftpm/xcode
builtin-SwiftPerFileCompile KeyComparisonQualifier.swift
SwiftCompile normal arm64 /Users/admin/builder/spi-builder-workspace/.dependencies/checkouts/ZeeQL3/Sources/ZeeQL/Control/KeyValueQualifier.swift (in target 'ZeeQL' from project 'ZeeQL3')
cd /Users/admin/builder/spi-builder-workspace/.swiftpm/xcode
builtin-SwiftPerFileCompile KeyValueQualifier.swift
SwiftCompile normal arm64 /Users/admin/builder/spi-builder-workspace/.dependencies/checkouts/ZeeQL3/Sources/ZeeQL/Control/ModelFetchSpecification.swift (in target 'ZeeQL' from project 'ZeeQL3')
cd /Users/admin/builder/spi-builder-workspace/.swiftpm/xcode
builtin-SwiftPerFileCompile ModelFetchSpecification.swift
SwiftCompile normal arm64 /Users/admin/builder/spi-builder-workspace/.dependencies/checkouts/ZeeQL3/Sources/ZeeQL/Control/NotQualifier.swift (in target 'ZeeQL' from project 'ZeeQL3')
cd /Users/admin/builder/spi-builder-workspace/.swiftpm/xcode
builtin-SwiftPerFileCompile NotQualifier.swift
SwiftCompile normal arm64 /Users/admin/builder/spi-builder-workspace/.dependencies/checkouts/ZeeQL3/Sources/ZeeQL/Control/ObjectStore.swift (in target 'ZeeQL' from project 'ZeeQL3')
cd /Users/admin/builder/spi-builder-workspace/.swiftpm/xcode
builtin-SwiftPerFileCompile ObjectStore.swift
SwiftCompile normal arm64 /Users/admin/builder/spi-builder-workspace/.dependencies/checkouts/ZeeQL3/Sources/ZeeQL/Control/ObjectTrackingContext.swift (in target 'ZeeQL' from project 'ZeeQL3')
cd /Users/admin/builder/spi-builder-workspace/.swiftpm/xcode
builtin-SwiftPerFileCompile ObjectTrackingContext.swift
SwiftCompile normal arm64 /Users/admin/builder/spi-builder-workspace/.dependencies/checkouts/ZeeQL3/Sources/ZeeQL/Control/Qualifier.swift (in target 'ZeeQL' from project 'ZeeQL3')
cd /Users/admin/builder/spi-builder-workspace/.swiftpm/xcode
builtin-SwiftPerFileCompile Qualifier.swift
SwiftCompile normal arm64 /Users/admin/builder/spi-builder-workspace/.dependencies/checkouts/ZeeQL3/Sources/ZeeQL/Control/QualifierEvaluation.swift (in target 'ZeeQL' from project 'ZeeQL3')
cd /Users/admin/builder/spi-builder-workspace/.swiftpm/xcode
builtin-SwiftPerFileCompile QualifierEvaluation.swift
SwiftCompile normal arm64 /Users/admin/builder/spi-builder-workspace/.dependencies/checkouts/ZeeQL3/Sources/ZeeQL/Control/QualifierParser.swift (in target 'ZeeQL' from project 'ZeeQL3')
cd /Users/admin/builder/spi-builder-workspace/.swiftpm/xcode
builtin-SwiftPerFileCompile QualifierParser.swift
SwiftCompile normal arm64 Compiling\ AdaptorChannelPool.swift,\ AdaptorDataSource.swift,\ AdaptorError.swift,\ AdaptorModelFetch.swift,\ AdaptorOperation.swift,\ AdaptorQueryColumnRepresentable.swift,\ AdaptorQueryType.swift,\ AdaptorRecord.swift,\ AdaptorRecordSchema.swift,\ Attribute.swift /Users/admin/builder/spi-builder-workspace/.dependencies/checkouts/ZeeQL3/Sources/ZeeQL/Access/AdaptorChannelPool.swift /Users/admin/builder/spi-builder-workspace/.dependencies/checkouts/ZeeQL3/Sources/ZeeQL/Access/AdaptorDataSource.swift /Users/admin/builder/spi-builder-workspace/.dependencies/checkouts/ZeeQL3/Sources/ZeeQL/Access/AdaptorError.swift /Users/admin/builder/spi-builder-workspace/.dependencies/checkouts/ZeeQL3/Sources/ZeeQL/Access/AdaptorModelFetch.swift /Users/admin/builder/spi-builder-workspace/.dependencies/checkouts/ZeeQL3/Sources/ZeeQL/Access/AdaptorOperation.swift /Users/admin/builder/spi-builder-workspace/.dependencies/checkouts/ZeeQL3/Sources/ZeeQL/Access/AdaptorQueryColumnRepresentable.swift /Users/admin/builder/spi-builder-workspace/.dependencies/checkouts/ZeeQL3/Sources/ZeeQL/Access/AdaptorQueryType.swift /Users/admin/builder/spi-builder-workspace/.dependencies/checkouts/ZeeQL3/Sources/ZeeQL/Access/AdaptorRecord.swift /Users/admin/builder/spi-builder-workspace/.dependencies/checkouts/ZeeQL3/Sources/ZeeQL/Access/AdaptorRecordSchema.swift /Users/admin/builder/spi-builder-workspace/.dependencies/checkouts/ZeeQL3/Sources/ZeeQL/Access/Attribute.swift (in target 'ZeeQL' from project 'ZeeQL3')
SwiftCompile normal arm64 /Users/admin/builder/spi-builder-workspace/.dependencies/checkouts/ZeeQL3/Sources/ZeeQL/Access/AdaptorChannelPool.swift (in target 'ZeeQL' from project 'ZeeQL3')
cd /Users/admin/builder/spi-builder-workspace/.swiftpm/xcode
builtin-SwiftPerFileCompile AdaptorChannelPool.swift
SwiftCompile normal arm64 /Users/admin/builder/spi-builder-workspace/.dependencies/checkouts/ZeeQL3/Sources/ZeeQL/Access/AdaptorDataSource.swift (in target 'ZeeQL' from project 'ZeeQL3')
cd /Users/admin/builder/spi-builder-workspace/.swiftpm/xcode
builtin-SwiftPerFileCompile AdaptorDataSource.swift
SwiftCompile normal arm64 /Users/admin/builder/spi-builder-workspace/.dependencies/checkouts/ZeeQL3/Sources/ZeeQL/Access/AdaptorError.swift (in target 'ZeeQL' from project 'ZeeQL3')
cd /Users/admin/builder/spi-builder-workspace/.swiftpm/xcode
builtin-SwiftPerFileCompile AdaptorError.swift
SwiftCompile normal arm64 /Users/admin/builder/spi-builder-workspace/.dependencies/checkouts/ZeeQL3/Sources/ZeeQL/Access/AdaptorModelFetch.swift (in target 'ZeeQL' from project 'ZeeQL3')
cd /Users/admin/builder/spi-builder-workspace/.swiftpm/xcode
builtin-SwiftPerFileCompile AdaptorModelFetch.swift
SwiftCompile normal arm64 /Users/admin/builder/spi-builder-workspace/.dependencies/checkouts/ZeeQL3/Sources/ZeeQL/Access/AdaptorOperation.swift (in target 'ZeeQL' from project 'ZeeQL3')
cd /Users/admin/builder/spi-builder-workspace/.swiftpm/xcode
builtin-SwiftPerFileCompile AdaptorOperation.swift
SwiftCompile normal arm64 /Users/admin/builder/spi-builder-workspace/.dependencies/checkouts/ZeeQL3/Sources/ZeeQL/Access/AdaptorQueryColumnRepresentable.swift (in target 'ZeeQL' from project 'ZeeQL3')
cd /Users/admin/builder/spi-builder-workspace/.swiftpm/xcode
builtin-SwiftPerFileCompile AdaptorQueryColumnRepresentable.swift
SwiftCompile normal arm64 /Users/admin/builder/spi-builder-workspace/.dependencies/checkouts/ZeeQL3/Sources/ZeeQL/Access/AdaptorQueryType.swift (in target 'ZeeQL' from project 'ZeeQL3')
cd /Users/admin/builder/spi-builder-workspace/.swiftpm/xcode
builtin-SwiftPerFileCompile AdaptorQueryType.swift
SwiftCompile normal arm64 /Users/admin/builder/spi-builder-workspace/.dependencies/checkouts/ZeeQL3/Sources/ZeeQL/Access/AdaptorRecord.swift (in target 'ZeeQL' from project 'ZeeQL3')
cd /Users/admin/builder/spi-builder-workspace/.swiftpm/xcode
builtin-SwiftPerFileCompile AdaptorRecord.swift
SwiftCompile normal arm64 /Users/admin/builder/spi-builder-workspace/.dependencies/checkouts/ZeeQL3/Sources/ZeeQL/Access/AdaptorRecordSchema.swift (in target 'ZeeQL' from project 'ZeeQL3')
cd /Users/admin/builder/spi-builder-workspace/.swiftpm/xcode
builtin-SwiftPerFileCompile AdaptorRecordSchema.swift
SwiftCompile normal arm64 /Users/admin/builder/spi-builder-workspace/.dependencies/checkouts/ZeeQL3/Sources/ZeeQL/Access/Attribute.swift (in target 'ZeeQL' from project 'ZeeQL3')
cd /Users/admin/builder/spi-builder-workspace/.swiftpm/xcode
builtin-SwiftPerFileCompile Attribute.swift
SwiftCompile normal arm64 Compiling\ OpenDateInterval.swift,\ Pluralize.swift,\ SimpleKVC.swift,\ SmartDescription.swift,\ SQLite3Adaptor.swift,\ SQLite3AdaptorChannel.swift,\ SQLite3Expression.swift,\ SQLite3ModelFetch.swift,\ SQLite3SchemaSynchronizationFactory.swift /Users/admin/builder/spi-builder-workspace/.dependencies/checkouts/ZeeQL3/Sources/ZeeQL/Foundation/OpenDateInterval.swift /Users/admin/builder/spi-builder-workspace/.dependencies/checkouts/ZeeQL3/Sources/ZeeQL/Foundation/Pluralize.swift /Users/admin/builder/spi-builder-workspace/.dependencies/checkouts/ZeeQL3/Sources/ZeeQL/Foundation/SimpleKVC.swift /Users/admin/builder/spi-builder-workspace/.dependencies/checkouts/ZeeQL3/Sources/ZeeQL/Foundation/SmartDescription.swift /Users/admin/builder/spi-builder-workspace/.dependencies/checkouts/ZeeQL3/Sources/ZeeQL/SQLite3Adaptor/SQLite3Adaptor.swift /Users/admin/builder/spi-builder-workspace/.dependencies/checkouts/ZeeQL3/Sources/ZeeQL/SQLite3Adaptor/SQLite3AdaptorChannel.swift /Users/admin/builder/spi-builder-workspace/.dependencies/checkouts/ZeeQL3/Sources/ZeeQL/SQLite3Adaptor/SQLite3Expression.swift /Users/admin/builder/spi-builder-workspace/.dependencies/checkouts/ZeeQL3/Sources/ZeeQL/SQLite3Adaptor/SQLite3ModelFetch.swift /Users/admin/builder/spi-builder-workspace/.dependencies/checkouts/ZeeQL3/Sources/ZeeQL/SQLite3Adaptor/SQLite3SchemaSynchronizationFactory.swift (in target 'ZeeQL' from project 'ZeeQL3')
SwiftCompile normal arm64 /Users/admin/builder/spi-builder-workspace/.dependencies/checkouts/ZeeQL3/Sources/ZeeQL/Foundation/OpenDateInterval.swift (in target 'ZeeQL' from project 'ZeeQL3')
cd /Users/admin/builder/spi-builder-workspace/.swiftpm/xcode
builtin-SwiftPerFileCompile OpenDateInterval.swift
SwiftCompile normal arm64 /Users/admin/builder/spi-builder-workspace/.dependencies/checkouts/ZeeQL3/Sources/ZeeQL/Foundation/Pluralize.swift (in target 'ZeeQL' from project 'ZeeQL3')
cd /Users/admin/builder/spi-builder-workspace/.swiftpm/xcode
builtin-SwiftPerFileCompile Pluralize.swift
SwiftCompile normal arm64 /Users/admin/builder/spi-builder-workspace/.dependencies/checkouts/ZeeQL3/Sources/ZeeQL/Foundation/SimpleKVC.swift (in target 'ZeeQL' from project 'ZeeQL3')
cd /Users/admin/builder/spi-builder-workspace/.swiftpm/xcode
builtin-SwiftPerFileCompile SimpleKVC.swift
SwiftCompile normal arm64 /Users/admin/builder/spi-builder-workspace/.dependencies/checkouts/ZeeQL3/Sources/ZeeQL/Foundation/SmartDescription.swift (in target 'ZeeQL' from project 'ZeeQL3')
cd /Users/admin/builder/spi-builder-workspace/.swiftpm/xcode
builtin-SwiftPerFileCompile SmartDescription.swift
SwiftCompile normal arm64 /Users/admin/builder/spi-builder-workspace/.dependencies/checkouts/ZeeQL3/Sources/ZeeQL/SQLite3Adaptor/SQLite3Adaptor.swift (in target 'ZeeQL' from project 'ZeeQL3')
cd /Users/admin/builder/spi-builder-workspace/.swiftpm/xcode
builtin-SwiftPerFileCompile SQLite3Adaptor.swift
SwiftCompile normal arm64 /Users/admin/builder/spi-builder-workspace/.dependencies/checkouts/ZeeQL3/Sources/ZeeQL/SQLite3Adaptor/SQLite3AdaptorChannel.swift (in target 'ZeeQL' from project 'ZeeQL3')
cd /Users/admin/builder/spi-builder-workspace/.swiftpm/xcode
builtin-SwiftPerFileCompile SQLite3AdaptorChannel.swift
SwiftCompile normal arm64 /Users/admin/builder/spi-builder-workspace/.dependencies/checkouts/ZeeQL3/Sources/ZeeQL/SQLite3Adaptor/SQLite3Expression.swift (in target 'ZeeQL' from project 'ZeeQL3')
cd /Users/admin/builder/spi-builder-workspace/.swiftpm/xcode
builtin-SwiftPerFileCompile SQLite3Expression.swift
SwiftCompile normal arm64 /Users/admin/builder/spi-builder-workspace/.dependencies/checkouts/ZeeQL3/Sources/ZeeQL/SQLite3Adaptor/SQLite3ModelFetch.swift (in target 'ZeeQL' from project 'ZeeQL3')
cd /Users/admin/builder/spi-builder-workspace/.swiftpm/xcode
builtin-SwiftPerFileCompile SQLite3ModelFetch.swift
SwiftCompile normal arm64 /Users/admin/builder/spi-builder-workspace/.dependencies/checkouts/ZeeQL3/Sources/ZeeQL/SQLite3Adaptor/SQLite3SchemaSynchronizationFactory.swift (in target 'ZeeQL' from project 'ZeeQL3')
cd /Users/admin/builder/spi-builder-workspace/.swiftpm/xcode
builtin-SwiftPerFileCompile SQLite3SchemaSynchronizationFactory.swift
SwiftCompile normal arm64 Compiling\ QualifierVariable.swift,\ SQLQualifier.swift,\ SortOrdering.swift,\ StoreKeyValueCoding.swift,\ AnyOptional.swift,\ Dictionary+Extensions.swift,\ EquatableType.swift,\ KeyValueStringFormatter.swift,\ Logger.swift /Users/admin/builder/spi-builder-workspace/.dependencies/checkouts/ZeeQL3/Sources/ZeeQL/Control/QualifierVariable.swift /Users/admin/builder/spi-builder-workspace/.dependencies/checkouts/ZeeQL3/Sources/ZeeQL/Control/SQLQualifier.swift /Users/admin/builder/spi-builder-workspace/.dependencies/checkouts/ZeeQL3/Sources/ZeeQL/Control/SortOrdering.swift /Users/admin/builder/spi-builder-workspace/.dependencies/checkouts/ZeeQL3/Sources/ZeeQL/Control/StoreKeyValueCoding.swift /Users/admin/builder/spi-builder-workspace/.dependencies/checkouts/ZeeQL3/Sources/ZeeQL/Foundation/AnyOptional.swift /Users/admin/builder/spi-builder-workspace/.dependencies/checkouts/ZeeQL3/Sources/ZeeQL/Foundation/Dictionary+Extensions.swift /Users/admin/builder/spi-builder-workspace/.dependencies/checkouts/ZeeQL3/Sources/ZeeQL/Foundation/EquatableType.swift /Users/admin/builder/spi-builder-workspace/.dependencies/checkouts/ZeeQL3/Sources/ZeeQL/Foundation/KeyValueStringFormatter.swift /Users/admin/builder/spi-builder-workspace/.dependencies/checkouts/ZeeQL3/Sources/ZeeQL/Foundation/Logger.swift (in target 'ZeeQL' from project 'ZeeQL3')
SwiftCompile normal arm64 /Users/admin/builder/spi-builder-workspace/.dependencies/checkouts/ZeeQL3/Sources/ZeeQL/Control/QualifierVariable.swift (in target 'ZeeQL' from project 'ZeeQL3')
cd /Users/admin/builder/spi-builder-workspace/.swiftpm/xcode
builtin-SwiftPerFileCompile QualifierVariable.swift
SwiftCompile normal arm64 /Users/admin/builder/spi-builder-workspace/.dependencies/checkouts/ZeeQL3/Sources/ZeeQL/Control/SQLQualifier.swift (in target 'ZeeQL' from project 'ZeeQL3')
cd /Users/admin/builder/spi-builder-workspace/.swiftpm/xcode
builtin-SwiftPerFileCompile SQLQualifier.swift
SwiftCompile normal arm64 /Users/admin/builder/spi-builder-workspace/.dependencies/checkouts/ZeeQL3/Sources/ZeeQL/Control/SortOrdering.swift (in target 'ZeeQL' from project 'ZeeQL3')
cd /Users/admin/builder/spi-builder-workspace/.swiftpm/xcode
builtin-SwiftPerFileCompile SortOrdering.swift
SwiftCompile normal arm64 /Users/admin/builder/spi-builder-workspace/.dependencies/checkouts/ZeeQL3/Sources/ZeeQL/Control/StoreKeyValueCoding.swift (in target 'ZeeQL' from project 'ZeeQL3')
cd /Users/admin/builder/spi-builder-workspace/.swiftpm/xcode
builtin-SwiftPerFileCompile StoreKeyValueCoding.swift
SwiftCompile normal arm64 /Users/admin/builder/spi-builder-workspace/.dependencies/checkouts/ZeeQL3/Sources/ZeeQL/Foundation/AnyOptional.swift (in target 'ZeeQL' from project 'ZeeQL3')
cd /Users/admin/builder/spi-builder-workspace/.swiftpm/xcode
builtin-SwiftPerFileCompile AnyOptional.swift
SwiftCompile normal arm64 /Users/admin/builder/spi-builder-workspace/.dependencies/checkouts/ZeeQL3/Sources/ZeeQL/Foundation/Dictionary+Extensions.swift (in target 'ZeeQL' from project 'ZeeQL3')
cd /Users/admin/builder/spi-builder-workspace/.swiftpm/xcode
builtin-SwiftPerFileCompile Dictionary+Extensions.swift
SwiftCompile normal arm64 /Users/admin/builder/spi-builder-workspace/.dependencies/checkouts/ZeeQL3/Sources/ZeeQL/Foundation/EquatableType.swift (in target 'ZeeQL' from project 'ZeeQL3')
cd /Users/admin/builder/spi-builder-workspace/.swiftpm/xcode
builtin-SwiftPerFileCompile EquatableType.swift
SwiftCompile normal arm64 /Users/admin/builder/spi-builder-workspace/.dependencies/checkouts/ZeeQL3/Sources/ZeeQL/Foundation/KeyValueStringFormatter.swift (in target 'ZeeQL' from project 'ZeeQL3')
cd /Users/admin/builder/spi-builder-workspace/.swiftpm/xcode
builtin-SwiftPerFileCompile KeyValueStringFormatter.swift
SwiftCompile normal arm64 /Users/admin/builder/spi-builder-workspace/.dependencies/checkouts/ZeeQL3/Sources/ZeeQL/Foundation/Logger.swift (in target 'ZeeQL' from project 'ZeeQL3')
cd /Users/admin/builder/spi-builder-workspace/.swiftpm/xcode
builtin-SwiftPerFileCompile Logger.swift
SwiftCompile normal arm64 Compiling\ SchemaSynchronization.swift,\ SchemaSynchronizationFactory.swift,\ TypedDatabaseChannel.swift,\ TypedFetchSpecification.swift,\ ZeeQLTypes.swift,\ ArrayDataSource.swift,\ BooleanQualifier.swift,\ ComparisonOperation.swift,\ CompoundQualifier.swift,\ Constant.swift /Users/admin/builder/spi-builder-workspace/.dependencies/checkouts/ZeeQL3/Sources/ZeeQL/Access/SchemaSynchronization.swift /Users/admin/builder/spi-builder-workspace/.dependencies/checkouts/ZeeQL3/Sources/ZeeQL/Access/SchemaSynchronizationFactory.swift /Users/admin/builder/spi-builder-workspace/.dependencies/checkouts/ZeeQL3/Sources/ZeeQL/Access/TypedDatabaseChannel.swift /Users/admin/builder/spi-builder-workspace/.dependencies/checkouts/ZeeQL3/Sources/ZeeQL/Access/TypedFetchSpecification.swift /Users/admin/builder/spi-builder-workspace/.dependencies/checkouts/ZeeQL3/Sources/ZeeQL/Access/ZeeQLTypes.swift /Users/admin/builder/spi-builder-workspace/.dependencies/checkouts/ZeeQL3/Sources/ZeeQL/Control/ArrayDataSource.swift /Users/admin/builder/spi-builder-workspace/.dependencies/checkouts/ZeeQL3/Sources/ZeeQL/Control/BooleanQualifier.swift /Users/admin/builder/spi-builder-workspace/.dependencies/checkouts/ZeeQL3/Sources/ZeeQL/Control/ComparisonOperation.swift /Users/admin/builder/spi-builder-workspace/.dependencies/checkouts/ZeeQL3/Sources/ZeeQL/Control/CompoundQualifier.swift /Users/admin/builder/spi-builder-workspace/.dependencies/checkouts/ZeeQL3/Sources/ZeeQL/Control/Constant.swift (in target 'ZeeQL' from project 'ZeeQL3')
SwiftCompile normal arm64 /Users/admin/builder/spi-builder-workspace/.dependencies/checkouts/ZeeQL3/Sources/ZeeQL/Access/SchemaSynchronization.swift (in target 'ZeeQL' from project 'ZeeQL3')
cd /Users/admin/builder/spi-builder-workspace/.swiftpm/xcode
builtin-SwiftPerFileCompile SchemaSynchronization.swift
SwiftCompile normal arm64 /Users/admin/builder/spi-builder-workspace/.dependencies/checkouts/ZeeQL3/Sources/ZeeQL/Access/SchemaSynchronizationFactory.swift (in target 'ZeeQL' from project 'ZeeQL3')
cd /Users/admin/builder/spi-builder-workspace/.swiftpm/xcode
builtin-SwiftPerFileCompile SchemaSynchronizationFactory.swift
SwiftCompile normal arm64 /Users/admin/builder/spi-builder-workspace/.dependencies/checkouts/ZeeQL3/Sources/ZeeQL/Access/TypedDatabaseChannel.swift (in target 'ZeeQL' from project 'ZeeQL3')
cd /Users/admin/builder/spi-builder-workspace/.swiftpm/xcode
builtin-SwiftPerFileCompile TypedDatabaseChannel.swift
SwiftCompile normal arm64 /Users/admin/builder/spi-builder-workspace/.dependencies/checkouts/ZeeQL3/Sources/ZeeQL/Access/TypedFetchSpecification.swift (in target 'ZeeQL' from project 'ZeeQL3')
cd /Users/admin/builder/spi-builder-workspace/.swiftpm/xcode
builtin-SwiftPerFileCompile TypedFetchSpecification.swift
SwiftCompile normal arm64 /Users/admin/builder/spi-builder-workspace/.dependencies/checkouts/ZeeQL3/Sources/ZeeQL/Access/ZeeQLTypes.swift (in target 'ZeeQL' from project 'ZeeQL3')
cd /Users/admin/builder/spi-builder-workspace/.swiftpm/xcode
builtin-SwiftPerFileCompile ZeeQLTypes.swift
SwiftCompile normal arm64 /Users/admin/builder/spi-builder-workspace/.dependencies/checkouts/ZeeQL3/Sources/ZeeQL/Control/ArrayDataSource.swift (in target 'ZeeQL' from project 'ZeeQL3')
cd /Users/admin/builder/spi-builder-workspace/.swiftpm/xcode
builtin-SwiftPerFileCompile ArrayDataSource.swift
SwiftCompile normal arm64 /Users/admin/builder/spi-builder-workspace/.dependencies/checkouts/ZeeQL3/Sources/ZeeQL/Control/BooleanQualifier.swift (in target 'ZeeQL' from project 'ZeeQL3')
cd /Users/admin/builder/spi-builder-workspace/.swiftpm/xcode
builtin-SwiftPerFileCompile BooleanQualifier.swift
SwiftCompile normal arm64 /Users/admin/builder/spi-builder-workspace/.dependencies/checkouts/ZeeQL3/Sources/ZeeQL/Control/ComparisonOperation.swift (in target 'ZeeQL' from project 'ZeeQL3')
cd /Users/admin/builder/spi-builder-workspace/.swiftpm/xcode
builtin-SwiftPerFileCompile ComparisonOperation.swift
SwiftCompile normal arm64 /Users/admin/builder/spi-builder-workspace/.dependencies/checkouts/ZeeQL3/Sources/ZeeQL/Control/CompoundQualifier.swift (in target 'ZeeQL' from project 'ZeeQL3')
cd /Users/admin/builder/spi-builder-workspace/.swiftpm/xcode
builtin-SwiftPerFileCompile CompoundQualifier.swift
SwiftCompile normal arm64 /Users/admin/builder/spi-builder-workspace/.dependencies/checkouts/ZeeQL3/Sources/ZeeQL/Control/Constant.swift (in target 'ZeeQL' from project 'ZeeQL3')
cd /Users/admin/builder/spi-builder-workspace/.swiftpm/xcode
builtin-SwiftPerFileCompile Constant.swift
SwiftExplicitDependencyGeneratePcm arm64 /Users/admin/builder/spi-builder-workspace/.derivedData/SDKExplicitPrecompiledModules/CoreVideo-11TKSDKW0L2K02H4B9ZHWLM3B.pcm
SwiftDriverJobDiscovery normal arm64 Compiling KeyComparisonQualifier.swift, KeyValueQualifier.swift, ModelFetchSpecification.swift, NotQualifier.swift, ObjectStore.swift, ObjectTrackingContext.swift, Qualifier.swift, QualifierEvaluation.swift, QualifierParser.swift (in target 'ZeeQL' from project 'ZeeQL3')
SwiftCompile normal arm64 Compiling\ DataSource.swift,\ EntityType+Builder.swift,\ EntityType.swift,\ Expression.swift,\ ExpressionEvaluation.swift,\ FetchSpecification+Builder.swift,\ FetchSpecification.swift,\ GlobalID.swift,\ Key.swift /Users/admin/builder/spi-builder-workspace/.dependencies/checkouts/ZeeQL3/Sources/ZeeQL/Control/DataSource.swift /Users/admin/builder/spi-builder-workspace/.dependencies/checkouts/ZeeQL3/Sources/ZeeQL/Control/EntityType+Builder.swift /Users/admin/builder/spi-builder-workspace/.dependencies/checkouts/ZeeQL3/Sources/ZeeQL/Control/EntityType.swift /Users/admin/builder/spi-builder-workspace/.dependencies/checkouts/ZeeQL3/Sources/ZeeQL/Control/Expression.swift /Users/admin/builder/spi-builder-workspace/.dependencies/checkouts/ZeeQL3/Sources/ZeeQL/Control/ExpressionEvaluation.swift /Users/admin/builder/spi-builder-workspace/.dependencies/checkouts/ZeeQL3/Sources/ZeeQL/Control/FetchSpecification+Builder.swift /Users/admin/builder/spi-builder-workspace/.dependencies/checkouts/ZeeQL3/Sources/ZeeQL/Control/FetchSpecification.swift /Users/admin/builder/spi-builder-workspace/.dependencies/checkouts/ZeeQL3/Sources/ZeeQL/Control/GlobalID.swift /Users/admin/builder/spi-builder-workspace/.dependencies/checkouts/ZeeQL3/Sources/ZeeQL/Control/Key.swift (in target 'ZeeQL' from project 'ZeeQL3')
SwiftCompile normal arm64 /Users/admin/builder/spi-builder-workspace/.dependencies/checkouts/ZeeQL3/Sources/ZeeQL/Control/DataSource.swift (in target 'ZeeQL' from project 'ZeeQL3')
cd /Users/admin/builder/spi-builder-workspace/.swiftpm/xcode
builtin-SwiftPerFileCompile DataSource.swift
SwiftCompile normal arm64 /Users/admin/builder/spi-builder-workspace/.dependencies/checkouts/ZeeQL3/Sources/ZeeQL/Control/EntityType+Builder.swift (in target 'ZeeQL' from project 'ZeeQL3')
cd /Users/admin/builder/spi-builder-workspace/.swiftpm/xcode
builtin-SwiftPerFileCompile EntityType+Builder.swift
SwiftCompile normal arm64 /Users/admin/builder/spi-builder-workspace/.dependencies/checkouts/ZeeQL3/Sources/ZeeQL/Control/EntityType.swift (in target 'ZeeQL' from project 'ZeeQL3')
cd /Users/admin/builder/spi-builder-workspace/.swiftpm/xcode
builtin-SwiftPerFileCompile EntityType.swift
SwiftCompile normal arm64 /Users/admin/builder/spi-builder-workspace/.dependencies/checkouts/ZeeQL3/Sources/ZeeQL/Control/Expression.swift (in target 'ZeeQL' from project 'ZeeQL3')
cd /Users/admin/builder/spi-builder-workspace/.swiftpm/xcode
builtin-SwiftPerFileCompile Expression.swift
SwiftCompile normal arm64 /Users/admin/builder/spi-builder-workspace/.dependencies/checkouts/ZeeQL3/Sources/ZeeQL/Control/ExpressionEvaluation.swift (in target 'ZeeQL' from project 'ZeeQL3')
cd /Users/admin/builder/spi-builder-workspace/.swiftpm/xcode
builtin-SwiftPerFileCompile ExpressionEvaluation.swift
SwiftCompile normal arm64 /Users/admin/builder/spi-builder-workspace/.dependencies/checkouts/ZeeQL3/Sources/ZeeQL/Control/FetchSpecification+Builder.swift (in target 'ZeeQL' from project 'ZeeQL3')
cd /Users/admin/builder/spi-builder-workspace/.swiftpm/xcode
builtin-SwiftPerFileCompile FetchSpecification+Builder.swift
SwiftCompile normal arm64 /Users/admin/builder/spi-builder-workspace/.dependencies/checkouts/ZeeQL3/Sources/ZeeQL/Control/FetchSpecification.swift (in target 'ZeeQL' from project 'ZeeQL3')
cd /Users/admin/builder/spi-builder-workspace/.swiftpm/xcode
builtin-SwiftPerFileCompile FetchSpecification.swift
SwiftCompile normal arm64 /Users/admin/builder/spi-builder-workspace/.dependencies/checkouts/ZeeQL3/Sources/ZeeQL/Control/GlobalID.swift (in target 'ZeeQL' from project 'ZeeQL3')
cd /Users/admin/builder/spi-builder-workspace/.swiftpm/xcode
builtin-SwiftPerFileCompile GlobalID.swift
SwiftCompile normal arm64 /Users/admin/builder/spi-builder-workspace/.dependencies/checkouts/ZeeQL3/Sources/ZeeQL/Control/Key.swift (in target 'ZeeQL' from project 'ZeeQL3')
cd /Users/admin/builder/spi-builder-workspace/.swiftpm/xcode
builtin-SwiftPerFileCompile Key.swift
SwiftExplicitDependencyGeneratePcm arm64 /Users/admin/builder/spi-builder-workspace/.derivedData/SDKExplicitPrecompiledModules/QuartzCore-AP21NXF3BYPWOG416U3DI6QME.pcm
SwiftDriverJobDiscovery normal arm64 Emitting module for ZeeQL (in target 'ZeeQL' from project 'ZeeQL3')
SwiftDriver\ Compilation\ Requirements ZeeQL normal arm64 com.apple.xcode.tools.swift.compiler (in target 'ZeeQL' from project 'ZeeQL3')
cd /Users/admin/builder/spi-builder-workspace/.swiftpm/xcode
builtin-Swift-Compilation-Requirements -- /Applications/Xcode-27.0.0-Release.Candidate.app/Contents/Developer/Toolchains/XcodeDefault.xctoolchain/usr/bin/swiftc -parse-as-library -module-name ZeeQL -Onone @/Users/admin/builder/spi-builder-workspace/.derivedData/Build/Intermediates.noindex/ZeeQL3.build/Debug/ZeeQL-t.build/Objects-normal/arm64/ZeeQL.SwiftFileList -DSWIFT_PACKAGE -DDEBUG -DSWIFT_MODULE_RESOURCE_BUNDLE_UNAVAILABLE -Xcc -fmodule-map-file\=/Users/admin/builder/spi-builder-workspace/.dependencies/checkouts/CSQLite3/Sources/CSQLite3/module.modulemap -DXcode -plugin-path /Applications/Xcode-27.0.0-Release.Candidate.app/Contents/Developer/Toolchains/XcodeDefault.xctoolchain/usr/lib/swift/host/plugins/testing -enable-experimental-feature DebugDescriptionMacro -sdk /Applications/Xcode-27.0.0-Release.Candidate.app/Contents/Developer/Platforms/MacOSX.platform/Developer/SDKs/MacOSX27.0.sdk -target arm64-apple-macos12.0 -g -module-cache-path /Users/admin/builder/spi-builder-workspace/.derivedData/ModuleCache.noindex -Xfrontend -serialize-debugging-options -enable-testing -suppress-warnings -index-store-path /Users/admin/builder/spi-builder-workspace/.derivedData/Index.noindex/DataStore -Xcc -D_LIBCPP_HARDENING_MODE\=_LIBCPP_HARDENING_MODE_DEBUG -swift-version 5 -I /Users/admin/builder/spi-builder-workspace/.derivedData/Build/Products/Debug -Isystem /Applications/Xcode-27.0.0-Release.Candidate.app/Contents/Developer/Platforms/MacOSX.platform/Developer/usr/lib -F /Users/admin/builder/spi-builder-workspace/.derivedData/Build/Products/Debug -F /Applications/Xcode-27.0.0-Release.Candidate.app/Contents/Developer/Platforms/MacOSX.platform/Developer/Library/Frameworks -c -j10 -enable-batch-mode -incremental -Xcc -ivfsstatcache -Xcc /Users/admin/builder/spi-builder-workspace/.derivedData/SDKStatCaches.noindex/macosx27.0-26A425-e829b21a6f8c9b70876ba0858053c0446a22442a12e9d48fe1a705f55a1adfc4.sdkstatcache -output-file-map /Users/admin/builder/spi-builder-workspace/.derivedData/Build/Intermediates.noindex/ZeeQL3.build/Debug/ZeeQL-t.build/Objects-normal/arm64/ZeeQL-OutputFileMap.json -save-temps -no-color-diagnostics -explicit-module-build -module-cache-path /Users/admin/builder/spi-builder-workspace/.derivedData/Build/Intermediates.noindex/SwiftExplicitPrecompiledModules -clang-scanner-module-cache-path /Users/admin/builder/spi-builder-workspace/.derivedData/ModuleCache.noindex -sdk-module-cache-path /Users/admin/builder/spi-builder-workspace/.derivedData/SDKExplicitPrecompiledModules -emit-dependencies -emit-module -emit-module-path /Users/admin/builder/spi-builder-workspace/.derivedData/Build/Intermediates.noindex/ZeeQL3.build/Debug/ZeeQL-t.build/Objects-normal/arm64/ZeeQL.swiftmodule -serialize-diagnostics -dependency-scan-serialize-diagnostics-path /Users/admin/builder/spi-builder-workspace/.derivedData/Build/Intermediates.noindex/ZeeQL3.build/Debug/ZeeQL-t.build/Objects-normal/arm64/ZeeQL-dependency-scan.dia -validate-clang-modules-once -clang-build-session-file /Users/admin/builder/spi-builder-workspace/.derivedData/ModuleCache.noindex/Session.modulevalidation -Xcc -fmodules-prune-interval\=86400 -Xcc -fmodules-prune-after\=345600 -emit-const-values -const-gather-protocols-list /Users/admin/builder/spi-builder-workspace/.derivedData/Build/Intermediates.noindex/ZeeQL3.build/Debug/ZeeQL-t.build/Objects-normal/arm64/ZeeQL_const_extract_protocols.json -Xcc -I/Users/admin/builder/spi-builder-workspace/.derivedData/Build/Products/Debug/include -Xcc -I/Users/admin/builder/spi-builder-workspace/.derivedData/Build/Intermediates.noindex/ZeeQL3.build/Debug/ZeeQL-t.build/DerivedSources-normal/arm64 -Xcc -I/Users/admin/builder/spi-builder-workspace/.derivedData/Build/Intermediates.noindex/ZeeQL3.build/Debug/ZeeQL-t.build/DerivedSources/arm64 -Xcc -I/Users/admin/builder/spi-builder-workspace/.derivedData/Build/Intermediates.noindex/ZeeQL3.build/Debug/ZeeQL-t.build/DerivedSources -Xcc -DSWIFT_PACKAGE -Xcc -DDEBUG\=1 -emit-objc-header -emit-objc-header-path /Users/admin/builder/spi-builder-workspace/.derivedData/Build/Intermediates.noindex/ZeeQL3.build/Debug/ZeeQL-t.build/Objects-normal/arm64/ZeeQL-Swift.h -working-directory /Users/admin/builder/spi-builder-workspace/.swiftpm/xcode -experimental-emit-module-separately -disable-cmo
SwiftExplicitDependencyGeneratePcm arm64 /Users/admin/builder/spi-builder-workspace/.derivedData/SDKExplicitPrecompiledModules/SwiftUICore-ESLJM4CVIQEQNCRTK6KPAF1I7.pcm
SwiftMergeGeneratedHeaders /Users/admin/builder/spi-builder-workspace/.derivedData/Build/Intermediates.noindex/GeneratedModuleMaps/ZeeQL-Swift.h /Users/admin/builder/spi-builder-workspace/.derivedData/Build/Intermediates.noindex/ZeeQL3.build/Debug/ZeeQL-t.build/Objects-normal/arm64/ZeeQL-Swift.h (in target 'ZeeQL' from project 'ZeeQL3')
cd /Users/admin/builder/spi-builder-workspace/.dependencies/checkouts/ZeeQL3
builtin-swiftHeaderTool -arch arm64 /Users/admin/builder/spi-builder-workspace/.derivedData/Build/Intermediates.noindex/ZeeQL3.build/Debug/ZeeQL-t.build/Objects-normal/arm64/ZeeQL-Swift.h -o /Users/admin/builder/spi-builder-workspace/.derivedData/Build/Intermediates.noindex/GeneratedModuleMaps/ZeeQL-Swift.h
Copy /Users/admin/builder/spi-builder-workspace/.derivedData/Build/Products/Debug/ZeeQL.swiftmodule/arm64-apple-macos.swiftmodule /Users/admin/builder/spi-builder-workspace/.derivedData/Build/Intermediates.noindex/ZeeQL3.build/Debug/ZeeQL-t.build/Objects-normal/arm64/ZeeQL.swiftmodule (in target 'ZeeQL' from project 'ZeeQL3')
cd /Users/admin/builder/spi-builder-workspace/.dependencies/checkouts/ZeeQL3
builtin-copy -exclude .DS_Store -exclude CVS -exclude .svn -exclude .git -exclude .hg -resolve-src-symlinks -rename /Users/admin/builder/spi-builder-workspace/.derivedData/Build/Intermediates.noindex/ZeeQL3.build/Debug/ZeeQL-t.build/Objects-normal/arm64/ZeeQL.swiftmodule /Users/admin/builder/spi-builder-workspace/.derivedData/Build/Products/Debug/ZeeQL.swiftmodule/arm64-apple-macos.swiftmodule
Copy /Users/admin/builder/spi-builder-workspace/.derivedData/Build/Products/Debug/ZeeQL.swiftmodule/arm64-apple-macos.swiftdoc /Users/admin/builder/spi-builder-workspace/.derivedData/Build/Intermediates.noindex/ZeeQL3.build/Debug/ZeeQL-t.build/Objects-normal/arm64/ZeeQL.swiftdoc (in target 'ZeeQL' from project 'ZeeQL3')
cd /Users/admin/builder/spi-builder-workspace/.dependencies/checkouts/ZeeQL3
builtin-copy -exclude .DS_Store -exclude CVS -exclude .svn -exclude .git -exclude .hg -resolve-src-symlinks -rename /Users/admin/builder/spi-builder-workspace/.derivedData/Build/Intermediates.noindex/ZeeQL3.build/Debug/ZeeQL-t.build/Objects-normal/arm64/ZeeQL.swiftdoc /Users/admin/builder/spi-builder-workspace/.derivedData/Build/Products/Debug/ZeeQL.swiftmodule/arm64-apple-macos.swiftdoc
Copy /Users/admin/builder/spi-builder-workspace/.derivedData/Build/Products/Debug/ZeeQL.swiftmodule/arm64-apple-macos.abi.json /Users/admin/builder/spi-builder-workspace/.derivedData/Build/Intermediates.noindex/ZeeQL3.build/Debug/ZeeQL-t.build/Objects-normal/arm64/ZeeQL.abi.json (in target 'ZeeQL' from project 'ZeeQL3')
cd /Users/admin/builder/spi-builder-workspace/.dependencies/checkouts/ZeeQL3
builtin-copy -exclude .DS_Store -exclude CVS -exclude .svn -exclude .git -exclude .hg -resolve-src-symlinks -rename /Users/admin/builder/spi-builder-workspace/.derivedData/Build/Intermediates.noindex/ZeeQL3.build/Debug/ZeeQL-t.build/Objects-normal/arm64/ZeeQL.abi.json /Users/admin/builder/spi-builder-workspace/.derivedData/Build/Products/Debug/ZeeQL.swiftmodule/arm64-apple-macos.abi.json
Copy /Users/admin/builder/spi-builder-workspace/.derivedData/Build/Products/Debug/ZeeQL.swiftmodule/Project/arm64-apple-macos.swiftsourceinfo /Users/admin/builder/spi-builder-workspace/.derivedData/Build/Intermediates.noindex/ZeeQL3.build/Debug/ZeeQL-t.build/Objects-normal/arm64/ZeeQL.swiftsourceinfo (in target 'ZeeQL' from project 'ZeeQL3')
cd /Users/admin/builder/spi-builder-workspace/.dependencies/checkouts/ZeeQL3
builtin-copy -exclude .DS_Store -exclude CVS -exclude .svn -exclude .git -exclude .hg -resolve-src-symlinks -rename /Users/admin/builder/spi-builder-workspace/.derivedData/Build/Intermediates.noindex/ZeeQL3.build/Debug/ZeeQL-t.build/Objects-normal/arm64/ZeeQL.swiftsourceinfo /Users/admin/builder/spi-builder-workspace/.derivedData/Build/Products/Debug/ZeeQL.swiftmodule/Project/arm64-apple-macos.swiftsourceinfo
SwiftExplicitDependencyGeneratePcm arm64 /Users/admin/builder/spi-builder-workspace/.derivedData/SDKExplicitPrecompiledModules/CoreMedia-699WGYGEEF2LGFEEGSCM9Y1UF.pcm
SwiftExplicitDependencyGeneratePcm arm64 /Users/admin/builder/spi-builder-workspace/.derivedData/SDKExplicitPrecompiledModules/CoreImage-AKYY8VSFWQ6KIIXG3EQJ7PW5T.pcm
SwiftExplicitDependencyGeneratePcm arm64 /Users/admin/builder/spi-builder-workspace/.derivedData/SDKExplicitPrecompiledModules/AppKit-C2WRQ26QXORUMMNQB0M8H4QYD.pcm
SwiftExplicitDependencyGeneratePcm arm64 /Users/admin/builder/spi-builder-workspace/.derivedData/SDKExplicitPrecompiledModules/SwiftUI-5IEOINZEJ69OCDVRMHPS5W4XI.pcm
SwiftEmitModule normal arm64 Emitting\ module\ for\ SwiftUIRules (in target 'SwiftUIRules' from project 'SwiftUIRules')
SwiftCompile normal arm64 (in target 'SwiftUIRules' from project 'SwiftUIRules')
cd /Users/admin/builder/spi-builder-workspace/.swiftpm/xcode
SwiftDriverJobDiscovery normal arm64 Compiling DataSource.swift, EntityType+Builder.swift, EntityType.swift, Expression.swift, ExpressionEvaluation.swift, FetchSpecification+Builder.swift, FetchSpecification.swift, GlobalID.swift, Key.swift (in target 'ZeeQL' from project 'ZeeQL3')
SwiftCompile normal arm64 Compiling\ DynamicEnvironmentValues.swift,\ AssignmentOperators.swift /Users/admin/builder/spi-builder-workspace/.dependencies/checkouts/SwiftUIRules/Sources/SwiftUIRules/DynamicEnvironment/DynamicEnvironmentValues.swift /Users/admin/builder/spi-builder-workspace/.dependencies/checkouts/SwiftUIRules/Sources/SwiftUIRules/Operators/AssignmentOperators.swift (in target 'SwiftUIRules' from project 'SwiftUIRules')
SwiftCompile normal arm64 /Users/admin/builder/spi-builder-workspace/.dependencies/checkouts/SwiftUIRules/Sources/SwiftUIRules/DynamicEnvironment/DynamicEnvironmentValues.swift (in target 'SwiftUIRules' from project 'SwiftUIRules')
cd /Users/admin/builder/spi-builder-workspace/.swiftpm/xcode
builtin-SwiftPerFileCompile DynamicEnvironmentValues.swift
SwiftCompile normal arm64 /Users/admin/builder/spi-builder-workspace/.dependencies/checkouts/SwiftUIRules/Sources/SwiftUIRules/Operators/AssignmentOperators.swift (in target 'SwiftUIRules' from project 'SwiftUIRules')
cd /Users/admin/builder/spi-builder-workspace/.swiftpm/xcode
builtin-SwiftPerFileCompile AssignmentOperators.swift
SwiftDriverJobDiscovery normal arm64 Compiling QualifierVariable.swift, SQLQualifier.swift, SortOrdering.swift, StoreKeyValueCoding.swift, AnyOptional.swift, Dictionary+Extensions.swift, EquatableType.swift, KeyValueStringFormatter.swift, Logger.swift (in target 'ZeeQL' from project 'ZeeQL3')
SwiftCompile normal arm64 Compiling\ RuleAction.swift,\ RuleCandidate.swift,\ RuleKeyAssignment.swift /Users/admin/builder/spi-builder-workspace/.dependencies/checkouts/SwiftUIRules/Sources/SwiftUIRules/Assignments/RuleAction.swift /Users/admin/builder/spi-builder-workspace/.dependencies/checkouts/SwiftUIRules/Sources/SwiftUIRules/Assignments/RuleCandidate.swift /Users/admin/builder/spi-builder-workspace/.dependencies/checkouts/SwiftUIRules/Sources/SwiftUIRules/Assignments/RuleKeyAssignment.swift (in target 'SwiftUIRules' from project 'SwiftUIRules')
SwiftCompile normal arm64 /Users/admin/builder/spi-builder-workspace/.dependencies/checkouts/SwiftUIRules/Sources/SwiftUIRules/Assignments/RuleAction.swift (in target 'SwiftUIRules' from project 'SwiftUIRules')
cd /Users/admin/builder/spi-builder-workspace/.swiftpm/xcode
builtin-SwiftPerFileCompile RuleAction.swift
SwiftCompile normal arm64 /Users/admin/builder/spi-builder-workspace/.dependencies/checkouts/SwiftUIRules/Sources/SwiftUIRules/Assignments/RuleCandidate.swift (in target 'SwiftUIRules' from project 'SwiftUIRules')
cd /Users/admin/builder/spi-builder-workspace/.swiftpm/xcode
builtin-SwiftPerFileCompile RuleCandidate.swift
SwiftCompile normal arm64 /Users/admin/builder/spi-builder-workspace/.dependencies/checkouts/SwiftUIRules/Sources/SwiftUIRules/Assignments/RuleKeyAssignment.swift (in target 'SwiftUIRules' from project 'SwiftUIRules')
cd /Users/admin/builder/spi-builder-workspace/.swiftpm/xcode
builtin-SwiftPerFileCompile RuleKeyAssignment.swift
SwiftDriverJobDiscovery normal arm64 Compiling SchemaSynchronization.swift, SchemaSynchronizationFactory.swift, TypedDatabaseChannel.swift, TypedFetchSpecification.swift, ZeeQLTypes.swift, ArrayDataSource.swift, BooleanQualifier.swift, ComparisonOperation.swift, CompoundQualifier.swift, Constant.swift (in target 'ZeeQL' from project 'ZeeQL3')
SwiftCompile normal arm64 Compiling\ Rule.swift,\ RuleContext.swift /Users/admin/builder/spi-builder-workspace/.dependencies/checkouts/SwiftUIRules/Sources/SwiftUIRules/Rule.swift /Users/admin/builder/spi-builder-workspace/.dependencies/checkouts/SwiftUIRules/Sources/SwiftUIRules/RuleContext.swift (in target 'SwiftUIRules' from project 'SwiftUIRules')
SwiftCompile normal arm64 /Users/admin/builder/spi-builder-workspace/.dependencies/checkouts/SwiftUIRules/Sources/SwiftUIRules/Rule.swift (in target 'SwiftUIRules' from project 'SwiftUIRules')
cd /Users/admin/builder/spi-builder-workspace/.swiftpm/xcode
builtin-SwiftPerFileCompile Rule.swift
SwiftCompile normal arm64 /Users/admin/builder/spi-builder-workspace/.dependencies/checkouts/SwiftUIRules/Sources/SwiftUIRules/RuleContext.swift (in target 'SwiftUIRules' from project 'SwiftUIRules')
cd /Users/admin/builder/spi-builder-workspace/.swiftpm/xcode
builtin-SwiftPerFileCompile RuleContext.swift
SwiftCompile normal arm64 Compiling\ RuleOperators.swift,\ RuleBoolPredicate.swift /Users/admin/builder/spi-builder-workspace/.dependencies/checkouts/SwiftUIRules/Sources/SwiftUIRules/Operators/RuleOperators.swift /Users/admin/builder/spi-builder-workspace/.dependencies/checkouts/SwiftUIRules/Sources/SwiftUIRules/Predicates/RuleBoolPredicate.swift (in target 'SwiftUIRules' from project 'SwiftUIRules')
SwiftCompile normal arm64 /Users/admin/builder/spi-builder-workspace/.dependencies/checkouts/SwiftUIRules/Sources/SwiftUIRules/Operators/RuleOperators.swift (in target 'SwiftUIRules' from project 'SwiftUIRules')
cd /Users/admin/builder/spi-builder-workspace/.swiftpm/xcode
builtin-SwiftPerFileCompile RuleOperators.swift
SwiftCompile normal arm64 /Users/admin/builder/spi-builder-workspace/.dependencies/checkouts/SwiftUIRules/Sources/SwiftUIRules/Predicates/RuleBoolPredicate.swift (in target 'SwiftUIRules' from project 'SwiftUIRules')
cd /Users/admin/builder/spi-builder-workspace/.swiftpm/xcode
builtin-SwiftPerFileCompile RuleBoolPredicate.swift
SwiftDriverJobDiscovery normal arm64 Compiling AdaptorChannelPool.swift, AdaptorDataSource.swift, AdaptorError.swift, AdaptorModelFetch.swift, AdaptorOperation.swift, AdaptorQueryColumnRepresentable.swift, AdaptorQueryType.swift, AdaptorRecord.swift, AdaptorRecordSchema.swift, Attribute.swift (in target 'ZeeQL' from project 'ZeeQL3')
SwiftCompile normal arm64 Compiling\ RuleClosurePredicate.swift,\ RuleCompoundPredicate.swift /Users/admin/builder/spi-builder-workspace/.dependencies/checkouts/SwiftUIRules/Sources/SwiftUIRules/Predicates/RuleClosurePredicate.swift /Users/admin/builder/spi-builder-workspace/.dependencies/checkouts/SwiftUIRules/Sources/SwiftUIRules/Predicates/RuleCompoundPredicate.swift (in target 'SwiftUIRules' from project 'SwiftUIRules')
SwiftCompile normal arm64 /Users/admin/builder/spi-builder-workspace/.dependencies/checkouts/SwiftUIRules/Sources/SwiftUIRules/Predicates/RuleClosurePredicate.swift (in target 'SwiftUIRules' from project 'SwiftUIRules')
cd /Users/admin/builder/spi-builder-workspace/.swiftpm/xcode
builtin-SwiftPerFileCompile RuleClosurePredicate.swift
SwiftCompile normal arm64 /Users/admin/builder/spi-builder-workspace/.dependencies/checkouts/SwiftUIRules/Sources/SwiftUIRules/Predicates/RuleCompoundPredicate.swift (in target 'SwiftUIRules' from project 'SwiftUIRules')
cd /Users/admin/builder/spi-builder-workspace/.swiftpm/xcode
builtin-SwiftPerFileCompile RuleCompoundPredicate.swift
SwiftCompile normal arm64 Compiling\ RuleModel.swift,\ RuleDebug.swift /Users/admin/builder/spi-builder-workspace/.dependencies/checkouts/SwiftUIRules/Sources/SwiftUIRules/RuleModel.swift /Users/admin/builder/spi-builder-workspace/.dependencies/checkouts/SwiftUIRules/Sources/SwiftUIRules/Support/RuleDebug.swift (in target 'SwiftUIRules' from project 'SwiftUIRules')
SwiftCompile normal arm64 /Users/admin/builder/spi-builder-workspace/.dependencies/checkouts/SwiftUIRules/Sources/SwiftUIRules/RuleModel.swift (in target 'SwiftUIRules' from project 'SwiftUIRules')
cd /Users/admin/builder/spi-builder-workspace/.swiftpm/xcode
builtin-SwiftPerFileCompile RuleModel.swift
SwiftCompile normal arm64 /Users/admin/builder/spi-builder-workspace/.dependencies/checkouts/SwiftUIRules/Sources/SwiftUIRules/Support/RuleDebug.swift (in target 'SwiftUIRules' from project 'SwiftUIRules')
cd /Users/admin/builder/spi-builder-workspace/.swiftpm/xcode
builtin-SwiftPerFileCompile RuleDebug.swift
SwiftCompile normal arm64 Compiling\ DynamicEnvironmentKey.swift,\ DynamicEnvironmentPathes.swift /Users/admin/builder/spi-builder-workspace/.dependencies/checkouts/SwiftUIRules/Sources/SwiftUIRules/DynamicEnvironment/DynamicEnvironmentKey.swift /Users/admin/builder/spi-builder-workspace/.dependencies/checkouts/SwiftUIRules/Sources/SwiftUIRules/DynamicEnvironment/DynamicEnvironmentPathes.swift (in target 'SwiftUIRules' from project 'SwiftUIRules')
SwiftCompile normal arm64 /Users/admin/builder/spi-builder-workspace/.dependencies/checkouts/SwiftUIRules/Sources/SwiftUIRules/DynamicEnvironment/DynamicEnvironmentKey.swift (in target 'SwiftUIRules' from project 'SwiftUIRules')
cd /Users/admin/builder/spi-builder-workspace/.swiftpm/xcode
builtin-SwiftPerFileCompile DynamicEnvironmentKey.swift
SwiftCompile normal arm64 /Users/admin/builder/spi-builder-workspace/.dependencies/checkouts/SwiftUIRules/Sources/SwiftUIRules/DynamicEnvironment/DynamicEnvironmentPathes.swift (in target 'SwiftUIRules' from project 'SwiftUIRules')
cd /Users/admin/builder/spi-builder-workspace/.swiftpm/xcode
builtin-SwiftPerFileCompile DynamicEnvironmentPathes.swift
SwiftCompile normal arm64 Compiling\ CompoundPredicateOperators.swift,\ KeyPathPredicateOperators.swift /Users/admin/builder/spi-builder-workspace/.dependencies/checkouts/SwiftUIRules/Sources/SwiftUIRules/Operators/CompoundPredicateOperators.swift /Users/admin/builder/spi-builder-workspace/.dependencies/checkouts/SwiftUIRules/Sources/SwiftUIRules/Operators/KeyPathPredicateOperators.swift (in target 'SwiftUIRules' from project 'SwiftUIRules')
SwiftCompile normal arm64 /Users/admin/builder/spi-builder-workspace/.dependencies/checkouts/SwiftUIRules/Sources/SwiftUIRules/Operators/CompoundPredicateOperators.swift (in target 'SwiftUIRules' from project 'SwiftUIRules')
cd /Users/admin/builder/spi-builder-workspace/.swiftpm/xcode
builtin-SwiftPerFileCompile CompoundPredicateOperators.swift
SwiftCompile normal arm64 /Users/admin/builder/spi-builder-workspace/.dependencies/checkouts/SwiftUIRules/Sources/SwiftUIRules/Operators/KeyPathPredicateOperators.swift (in target 'SwiftUIRules' from project 'SwiftUIRules')
cd /Users/admin/builder/spi-builder-workspace/.swiftpm/xcode
builtin-SwiftPerFileCompile KeyPathPredicateOperators.swift
SwiftCompile normal arm64 Compiling\ RuleTypeIDAssignment.swift,\ RuleTypeIDPathAssignment.swift,\ RuleValueAssignment.swift /Users/admin/builder/spi-builder-workspace/.dependencies/checkouts/SwiftUIRules/Sources/SwiftUIRules/Assignments/RuleTypeIDAssignment.swift /Users/admin/builder/spi-builder-workspace/.dependencies/checkouts/SwiftUIRules/Sources/SwiftUIRules/Assignments/RuleTypeIDPathAssignment.swift /Users/admin/builder/spi-builder-workspace/.dependencies/checkouts/SwiftUIRules/Sources/SwiftUIRules/Assignments/RuleValueAssignment.swift (in target 'SwiftUIRules' from project 'SwiftUIRules')
SwiftCompile normal arm64 /Users/admin/builder/spi-builder-workspace/.dependencies/checkouts/SwiftUIRules/Sources/SwiftUIRules/Assignments/RuleTypeIDAssignment.swift (in target 'SwiftUIRules' from project 'SwiftUIRules')
cd /Users/admin/builder/spi-builder-workspace/.swiftpm/xcode
builtin-SwiftPerFileCompile RuleTypeIDAssignment.swift
SwiftCompile normal arm64 /Users/admin/builder/spi-builder-workspace/.dependencies/checkouts/SwiftUIRules/Sources/SwiftUIRules/Assignments/RuleTypeIDPathAssignment.swift (in target 'SwiftUIRules' from project 'SwiftUIRules')
cd /Users/admin/builder/spi-builder-workspace/.swiftpm/xcode
builtin-SwiftPerFileCompile RuleTypeIDPathAssignment.swift
SwiftCompile normal arm64 /Users/admin/builder/spi-builder-workspace/.dependencies/checkouts/SwiftUIRules/Sources/SwiftUIRules/Assignments/RuleValueAssignment.swift (in target 'SwiftUIRules' from project 'SwiftUIRules')
cd /Users/admin/builder/spi-builder-workspace/.swiftpm/xcode
builtin-SwiftPerFileCompile RuleValueAssignment.swift
SwiftDriverJobDiscovery normal arm64 Compiling AccessDataSource.swift, AccessDataSourceError.swift, AccessDataSourceFinders.swift, ActiveDataSource.swift, ActiveRecord.swift, ActiveRecordType.swift, Adaptor+Async.swift, Adaptor.swift, AdaptorAsyncRunner.swift, AdaptorChannel.swift (in target 'ZeeQL' from project 'ZeeQL3')
SwiftDriverJobDiscovery normal arm64 Compiling AttributeKey.swift, AttributeValue.swift, CodeAttribute.swift, CodeEntity.swift, CodeRelationship.swift, CodeValueAttribute.swift, Database.swift, DatabaseChannel.swift, DatabaseChannelBase.swift, DatabaseChannelFetchHelper.swift (in target 'ZeeQL' from project 'ZeeQL3')
SwiftDriverJobDiscovery normal arm64 Compiling ModelPattern.swift, ModelSQLizer.swift, Property.swift, Relationship.swift, SQLAttributeChange.swift, SQLExpression.swift, SQLExpressionFactory.swift, SQLForeignKey.swift, SQLTableGroups.swift, SchemaGeneration.swift (in target 'ZeeQL' from project 'ZeeQL3')
SwiftDriverJobDiscovery normal arm64 Compiling DatabaseContext.swift, DatabaseDataSource.swift, DatabaseObject.swift, DatabaseOperation.swift, Entity.swift, FancyModelMaker.swift, Join.swift, MirrorHelpers.swift, Model.swift, ModelLoader.swift (in target 'ZeeQL' from project 'ZeeQL3')
SwiftDriverJobDiscovery normal arm64 Compiling OpenDateInterval.swift, Pluralize.swift, SimpleKVC.swift, SmartDescription.swift, SQLite3Adaptor.swift, SQLite3AdaptorChannel.swift, SQLite3Expression.swift, SQLite3ModelFetch.swift, SQLite3SchemaSynchronizationFactory.swift (in target 'ZeeQL' from project 'ZeeQL3')
SwiftDriverJobDiscovery normal arm64 Emitting module for SwiftUIRules (in target 'SwiftUIRules' from project 'SwiftUIRules')
SwiftDriver\ Compilation ZeeQL normal arm64 com.apple.xcode.tools.swift.compiler (in target 'ZeeQL' from project 'ZeeQL3')
cd /Users/admin/builder/spi-builder-workspace/.swiftpm/xcode
builtin-Swift-Compilation -- /Applications/Xcode-27.0.0-Release.Candidate.app/Contents/Developer/Toolchains/XcodeDefault.xctoolchain/usr/bin/swiftc -parse-as-library -module-name ZeeQL -Onone @/Users/admin/builder/spi-builder-workspace/.derivedData/Build/Intermediates.noindex/ZeeQL3.build/Debug/ZeeQL-t.build/Objects-normal/arm64/ZeeQL.SwiftFileList -DSWIFT_PACKAGE -DDEBUG -DSWIFT_MODULE_RESOURCE_BUNDLE_UNAVAILABLE -Xcc -fmodule-map-file\=/Users/admin/builder/spi-builder-workspace/.dependencies/checkouts/CSQLite3/Sources/CSQLite3/module.modulemap -DXcode -plugin-path /Applications/Xcode-27.0.0-Release.Candidate.app/Contents/Developer/Toolchains/XcodeDefault.xctoolchain/usr/lib/swift/host/plugins/testing -enable-experimental-feature DebugDescriptionMacro -sdk /Applications/Xcode-27.0.0-Release.Candidate.app/Contents/Developer/Platforms/MacOSX.platform/Developer/SDKs/MacOSX27.0.sdk -target arm64-apple-macos12.0 -g -module-cache-path /Users/admin/builder/spi-builder-workspace/.derivedData/ModuleCache.noindex -Xfrontend -serialize-debugging-options -enable-testing -suppress-warnings -index-store-path /Users/admin/builder/spi-builder-workspace/.derivedData/Index.noindex/DataStore -Xcc -D_LIBCPP_HARDENING_MODE\=_LIBCPP_HARDENING_MODE_DEBUG -swift-version 5 -I /Users/admin/builder/spi-builder-workspace/.derivedData/Build/Products/Debug -Isystem /Applications/Xcode-27.0.0-Release.Candidate.app/Contents/Developer/Platforms/MacOSX.platform/Developer/usr/lib -F /Users/admin/builder/spi-builder-workspace/.derivedData/Build/Products/Debug -F /Applications/Xcode-27.0.0-Release.Candidate.app/Contents/Developer/Platforms/MacOSX.platform/Developer/Library/Frameworks -c -j10 -enable-batch-mode -incremental -Xcc -ivfsstatcache -Xcc /Users/admin/builder/spi-builder-workspace/.derivedData/SDKStatCaches.noindex/macosx27.0-26A425-e829b21a6f8c9b70876ba0858053c0446a22442a12e9d48fe1a705f55a1adfc4.sdkstatcache -output-file-map /Users/admin/builder/spi-builder-workspace/.derivedData/Build/Intermediates.noindex/ZeeQL3.build/Debug/ZeeQL-t.build/Objects-normal/arm64/ZeeQL-OutputFileMap.json -save-temps -no-color-diagnostics -explicit-module-build -module-cache-path /Users/admin/builder/spi-builder-workspace/.derivedData/Build/Intermediates.noindex/SwiftExplicitPrecompiledModules -clang-scanner-module-cache-path /Users/admin/builder/spi-builder-workspace/.derivedData/ModuleCache.noindex -sdk-module-cache-path /Users/admin/builder/spi-builder-workspace/.derivedData/SDKExplicitPrecompiledModules -emit-dependencies -emit-module -emit-module-path /Users/admin/builder/spi-builder-workspace/.derivedData/Build/Intermediates.noindex/ZeeQL3.build/Debug/ZeeQL-t.build/Objects-normal/arm64/ZeeQL.swiftmodule -serialize-diagnostics -dependency-scan-serialize-diagnostics-path /Users/admin/builder/spi-builder-workspace/.derivedData/Build/Intermediates.noindex/ZeeQL3.build/Debug/ZeeQL-t.build/Objects-normal/arm64/ZeeQL-dependency-scan.dia -validate-clang-modules-once -clang-build-session-file /Users/admin/builder/spi-builder-workspace/.derivedData/ModuleCache.noindex/Session.modulevalidation -Xcc -fmodules-prune-interval\=86400 -Xcc -fmodules-prune-after\=345600 -emit-const-values -const-gather-protocols-list /Users/admin/builder/spi-builder-workspace/.derivedData/Build/Intermediates.noindex/ZeeQL3.build/Debug/ZeeQL-t.build/Objects-normal/arm64/ZeeQL_const_extract_protocols.json -Xcc -I/Users/admin/builder/spi-builder-workspace/.derivedData/Build/Products/Debug/include -Xcc -I/Users/admin/builder/spi-builder-workspace/.derivedData/Build/Intermediates.noindex/ZeeQL3.build/Debug/ZeeQL-t.build/DerivedSources-normal/arm64 -Xcc -I/Users/admin/builder/spi-builder-workspace/.derivedData/Build/Intermediates.noindex/ZeeQL3.build/Debug/ZeeQL-t.build/DerivedSources/arm64 -Xcc -I/Users/admin/builder/spi-builder-workspace/.derivedData/Build/Intermediates.noindex/ZeeQL3.build/Debug/ZeeQL-t.build/DerivedSources -Xcc -DSWIFT_PACKAGE -Xcc -DDEBUG\=1 -emit-objc-header -emit-objc-header-path /Users/admin/builder/spi-builder-workspace/.derivedData/Build/Intermediates.noindex/ZeeQL3.build/Debug/ZeeQL-t.build/Objects-normal/arm64/ZeeQL-Swift.h -working-directory /Users/admin/builder/spi-builder-workspace/.swiftpm/xcode -experimental-emit-module-separately -disable-cmo
SwiftDriver\ Compilation\ Requirements SwiftUIRules normal arm64 com.apple.xcode.tools.swift.compiler (in target 'SwiftUIRules' from project 'SwiftUIRules')
cd /Users/admin/builder/spi-builder-workspace/.swiftpm/xcode
builtin-Swift-Compilation-Requirements -- /Applications/Xcode-27.0.0-Release.Candidate.app/Contents/Developer/Toolchains/XcodeDefault.xctoolchain/usr/bin/swiftc -parse-as-library -module-name SwiftUIRules -Onone @/Users/admin/builder/spi-builder-workspace/.derivedData/Build/Intermediates.noindex/SwiftUIRules.build/Debug/SwiftUIRules-t.build/Objects-normal/arm64/SwiftUIRules.SwiftFileList -DSWIFT_PACKAGE -DDEBUG -DSWIFT_MODULE_RESOURCE_BUNDLE_UNAVAILABLE -DXcode -plugin-path /Applications/Xcode-27.0.0-Release.Candidate.app/Contents/Developer/Toolchains/XcodeDefault.xctoolchain/usr/lib/swift/host/plugins/testing -enable-experimental-feature DebugDescriptionMacro -sdk /Applications/Xcode-27.0.0-Release.Candidate.app/Contents/Developer/Platforms/MacOSX.platform/Developer/SDKs/MacOSX27.0.sdk -target arm64-apple-macos12.0 -g -module-cache-path /Users/admin/builder/spi-builder-workspace/.derivedData/ModuleCache.noindex -Xfrontend -serialize-debugging-options -enable-testing -suppress-warnings -index-store-path /Users/admin/builder/spi-builder-workspace/.derivedData/Index.noindex/DataStore -Xcc -D_LIBCPP_HARDENING_MODE\=_LIBCPP_HARDENING_MODE_DEBUG -swift-version 5 -I /Users/admin/builder/spi-builder-workspace/.derivedData/Build/Products/Debug -Isystem /Applications/Xcode-27.0.0-Release.Candidate.app/Contents/Developer/Platforms/MacOSX.platform/Developer/usr/lib -F /Users/admin/builder/spi-builder-workspace/.derivedData/Build/Products/Debug -F /Applications/Xcode-27.0.0-Release.Candidate.app/Contents/Developer/Platforms/MacOSX.platform/Developer/Library/Frameworks -c -j10 -enable-batch-mode -incremental -Xcc -ivfsstatcache -Xcc /Users/admin/builder/spi-builder-workspace/.derivedData/SDKStatCaches.noindex/macosx27.0-26A425-e829b21a6f8c9b70876ba0858053c0446a22442a12e9d48fe1a705f55a1adfc4.sdkstatcache -output-file-map /Users/admin/builder/spi-builder-workspace/.derivedData/Build/Intermediates.noindex/SwiftUIRules.build/Debug/SwiftUIRules-t.build/Objects-normal/arm64/SwiftUIRules-OutputFileMap.json -save-temps -no-color-diagnostics -explicit-module-build -module-cache-path /Users/admin/builder/spi-builder-workspace/.derivedData/Build/Intermediates.noindex/SwiftExplicitPrecompiledModules -clang-scanner-module-cache-path /Users/admin/builder/spi-builder-workspace/.derivedData/ModuleCache.noindex -sdk-module-cache-path /Users/admin/builder/spi-builder-workspace/.derivedData/SDKExplicitPrecompiledModules -emit-dependencies -emit-module -emit-module-path /Users/admin/builder/spi-builder-workspace/.derivedData/Build/Intermediates.noindex/SwiftUIRules.build/Debug/SwiftUIRules-t.build/Objects-normal/arm64/SwiftUIRules.swiftmodule -serialize-diagnostics -dependency-scan-serialize-diagnostics-path /Users/admin/builder/spi-builder-workspace/.derivedData/Build/Intermediates.noindex/SwiftUIRules.build/Debug/SwiftUIRules-t.build/Objects-normal/arm64/SwiftUIRules-dependency-scan.dia -validate-clang-modules-once -clang-build-session-file /Users/admin/builder/spi-builder-workspace/.derivedData/ModuleCache.noindex/Session.modulevalidation -Xcc -fmodules-prune-interval\=86400 -Xcc -fmodules-prune-after\=345600 -emit-const-values -const-gather-protocols-list /Users/admin/builder/spi-builder-workspace/.derivedData/Build/Intermediates.noindex/SwiftUIRules.build/Debug/SwiftUIRules-t.build/Objects-normal/arm64/SwiftUIRules_const_extract_protocols.json -Xcc -I/Users/admin/builder/spi-builder-workspace/.derivedData/Build/Products/Debug/include -Xcc -I/Users/admin/builder/spi-builder-workspace/.derivedData/Build/Intermediates.noindex/SwiftUIRules.build/Debug/SwiftUIRules-t.build/DerivedSources-normal/arm64 -Xcc -I/Users/admin/builder/spi-builder-workspace/.derivedData/Build/Intermediates.noindex/SwiftUIRules.build/Debug/SwiftUIRules-t.build/DerivedSources/arm64 -Xcc -I/Users/admin/builder/spi-builder-workspace/.derivedData/Build/Intermediates.noindex/SwiftUIRules.build/Debug/SwiftUIRules-t.build/DerivedSources -Xcc -DSWIFT_PACKAGE -Xcc -DDEBUG\=1 -emit-objc-header -emit-objc-header-path /Users/admin/builder/spi-builder-workspace/.derivedData/Build/Intermediates.noindex/SwiftUIRules.build/Debug/SwiftUIRules-t.build/Objects-normal/arm64/SwiftUIRules-Swift.h -working-directory /Users/admin/builder/spi-builder-workspace/.swiftpm/xcode -experimental-emit-module-separately -disable-cmo
SwiftCompile normal arm64 Compiling\ RuleKeyPathPredicate.swift,\ RulePredicate.swift /Users/admin/builder/spi-builder-workspace/.dependencies/checkouts/SwiftUIRules/Sources/SwiftUIRules/Predicates/RuleKeyPathPredicate.swift /Users/admin/builder/spi-builder-workspace/.dependencies/checkouts/SwiftUIRules/Sources/SwiftUIRules/Predicates/RulePredicate.swift (in target 'SwiftUIRules' from project 'SwiftUIRules')
SwiftCompile normal arm64 /Users/admin/builder/spi-builder-workspace/.dependencies/checkouts/SwiftUIRules/Sources/SwiftUIRules/Predicates/RuleKeyPathPredicate.swift (in target 'SwiftUIRules' from project 'SwiftUIRules')
cd /Users/admin/builder/spi-builder-workspace/.swiftpm/xcode
builtin-SwiftPerFileCompile RuleKeyPathPredicate.swift
SwiftCompile normal arm64 /Users/admin/builder/spi-builder-workspace/.dependencies/checkouts/SwiftUIRules/Sources/SwiftUIRules/Predicates/RulePredicate.swift (in target 'SwiftUIRules' from project 'SwiftUIRules')
cd /Users/admin/builder/spi-builder-workspace/.swiftpm/xcode
builtin-SwiftPerFileCompile RulePredicate.swift
SwiftMergeGeneratedHeaders /Users/admin/builder/spi-builder-workspace/.derivedData/Build/Intermediates.noindex/GeneratedModuleMaps/SwiftUIRules-Swift.h /Users/admin/builder/spi-builder-workspace/.derivedData/Build/Intermediates.noindex/SwiftUIRules.build/Debug/SwiftUIRules-t.build/Objects-normal/arm64/SwiftUIRules-Swift.h (in target 'SwiftUIRules' from project 'SwiftUIRules')
cd /Users/admin/builder/spi-builder-workspace/.dependencies/checkouts/SwiftUIRules
builtin-swiftHeaderTool -arch arm64 /Users/admin/builder/spi-builder-workspace/.derivedData/Build/Intermediates.noindex/SwiftUIRules.build/Debug/SwiftUIRules-t.build/Objects-normal/arm64/SwiftUIRules-Swift.h -o /Users/admin/builder/spi-builder-workspace/.derivedData/Build/Intermediates.noindex/GeneratedModuleMaps/SwiftUIRules-Swift.h
SwiftDriverJobDiscovery normal arm64 Compiling RuleOperators.swift, RuleBoolPredicate.swift (in target 'SwiftUIRules' from project 'SwiftUIRules')
Copy /Users/admin/builder/spi-builder-workspace/.derivedData/Build/Products/Debug/SwiftUIRules.swiftmodule/arm64-apple-macos.swiftmodule /Users/admin/builder/spi-builder-workspace/.derivedData/Build/Intermediates.noindex/SwiftUIRules.build/Debug/SwiftUIRules-t.build/Objects-normal/arm64/SwiftUIRules.swiftmodule (in target 'SwiftUIRules' from project 'SwiftUIRules')
cd /Users/admin/builder/spi-builder-workspace/.dependencies/checkouts/SwiftUIRules
builtin-copy -exclude .DS_Store -exclude CVS -exclude .svn -exclude .git -exclude .hg -resolve-src-symlinks -rename /Users/admin/builder/spi-builder-workspace/.derivedData/Build/Intermediates.noindex/SwiftUIRules.build/Debug/SwiftUIRules-t.build/Objects-normal/arm64/SwiftUIRules.swiftmodule /Users/admin/builder/spi-builder-workspace/.derivedData/Build/Products/Debug/SwiftUIRules.swiftmodule/arm64-apple-macos.swiftmodule
Copy /Users/admin/builder/spi-builder-workspace/.derivedData/Build/Products/Debug/SwiftUIRules.swiftmodule/arm64-apple-macos.swiftdoc /Users/admin/builder/spi-builder-workspace/.derivedData/Build/Intermediates.noindex/SwiftUIRules.build/Debug/SwiftUIRules-t.build/Objects-normal/arm64/SwiftUIRules.swiftdoc (in target 'SwiftUIRules' from project 'SwiftUIRules')
cd /Users/admin/builder/spi-builder-workspace/.dependencies/checkouts/SwiftUIRules
builtin-copy -exclude .DS_Store -exclude CVS -exclude .svn -exclude .git -exclude .hg -resolve-src-symlinks -rename /Users/admin/builder/spi-builder-workspace/.derivedData/Build/Intermediates.noindex/SwiftUIRules.build/Debug/SwiftUIRules-t.build/Objects-normal/arm64/SwiftUIRules.swiftdoc /Users/admin/builder/spi-builder-workspace/.derivedData/Build/Products/Debug/SwiftUIRules.swiftmodule/arm64-apple-macos.swiftdoc
SwiftDriverJobDiscovery normal arm64 Compiling RuleAction.swift, RuleCandidate.swift, RuleKeyAssignment.swift (in target 'SwiftUIRules' from project 'SwiftUIRules')
Copy /Users/admin/builder/spi-builder-workspace/.derivedData/Build/Products/Debug/SwiftUIRules.swiftmodule/arm64-apple-macos.abi.json /Users/admin/builder/spi-builder-workspace/.derivedData/Build/Intermediates.noindex/SwiftUIRules.build/Debug/SwiftUIRules-t.build/Objects-normal/arm64/SwiftUIRules.abi.json (in target 'SwiftUIRules' from project 'SwiftUIRules')
cd /Users/admin/builder/spi-builder-workspace/.dependencies/checkouts/SwiftUIRules
builtin-copy -exclude .DS_Store -exclude CVS -exclude .svn -exclude .git -exclude .hg -resolve-src-symlinks -rename /Users/admin/builder/spi-builder-workspace/.derivedData/Build/Intermediates.noindex/SwiftUIRules.build/Debug/SwiftUIRules-t.build/Objects-normal/arm64/SwiftUIRules.abi.json /Users/admin/builder/spi-builder-workspace/.derivedData/Build/Products/Debug/SwiftUIRules.swiftmodule/arm64-apple-macos.abi.json
Copy /Users/admin/builder/spi-builder-workspace/.derivedData/Build/Products/Debug/SwiftUIRules.swiftmodule/Project/arm64-apple-macos.swiftsourceinfo /Users/admin/builder/spi-builder-workspace/.derivedData/Build/Intermediates.noindex/SwiftUIRules.build/Debug/SwiftUIRules-t.build/Objects-normal/arm64/SwiftUIRules.swiftsourceinfo (in target 'SwiftUIRules' from project 'SwiftUIRules')
cd /Users/admin/builder/spi-builder-workspace/.dependencies/checkouts/SwiftUIRules
builtin-copy -exclude .DS_Store -exclude CVS -exclude .svn -exclude .git -exclude .hg -resolve-src-symlinks -rename /Users/admin/builder/spi-builder-workspace/.derivedData/Build/Intermediates.noindex/SwiftUIRules.build/Debug/SwiftUIRules-t.build/Objects-normal/arm64/SwiftUIRules.swiftsourceinfo /Users/admin/builder/spi-builder-workspace/.derivedData/Build/Products/Debug/SwiftUIRules.swiftmodule/Project/arm64-apple-macos.swiftsourceinfo
Ld /Users/admin/builder/spi-builder-workspace/.derivedData/Build/Products/Debug/ZeeQL.o normal (in target 'ZeeQL' from project 'ZeeQL3')
cd /Users/admin/builder/spi-builder-workspace/.dependencies/checkouts/ZeeQL3
/Applications/Xcode-27.0.0-Release.Candidate.app/Contents/Developer/Toolchains/XcodeDefault.xctoolchain/usr/bin/clang -Xlinker -reproducible -target arm64-apple-macos12.0 -r -isysroot /Applications/Xcode-27.0.0-Release.Candidate.app/Contents/Developer/Platforms/MacOSX.platform/Developer/SDKs/MacOSX27.0.sdk -O0 -w -Xlinker -no_warn_duplicate_libraries -F/Users/admin/builder/spi-builder-workspace/.derivedData/Build/Intermediates.noindex/EagerLinkingTBDs/Debug -F/Users/admin/builder/spi-builder-workspace/.derivedData/Build/Products/Debug -iframework /Applications/Xcode-27.0.0-Release.Candidate.app/Contents/Developer/Platforms/MacOSX.platform/Developer/Library/Frameworks -filelist /Users/admin/builder/spi-builder-workspace/.derivedData/Build/Intermediates.noindex/ZeeQL3.build/Debug/ZeeQL-t.build/Objects-normal/arm64/ZeeQL.LinkFileList -nostdlib -Xlinker -object_path_lto -Xlinker /Users/admin/builder/spi-builder-workspace/.derivedData/Build/Intermediates.noindex/ZeeQL3.build/Debug/ZeeQL-t.build/Objects-normal/arm64/ZeeQL_lto.o -Xlinker -no_deduplicate -Xlinker -dependency_info -Xlinker /Users/admin/builder/spi-builder-workspace/.derivedData/Build/Intermediates.noindex/ZeeQL3.build/Debug/ZeeQL-t.build/Objects-normal/arm64/ZeeQL_dependency_info.dat -fobjc-link-runtime -L/Applications/Xcode-27.0.0-Release.Candidate.app/Contents/Developer/Toolchains/XcodeDefault.xctoolchain/usr/lib/swift/macosx -L/usr/lib/swift -Xlinker -add_ast_path -Xlinker /Users/admin/builder/spi-builder-workspace/.derivedData/Build/Intermediates.noindex/ZeeQL3.build/Debug/ZeeQL-t.build/Objects-normal/arm64/ZeeQL.swiftmodule -o /Users/admin/builder/spi-builder-workspace/.derivedData/Build/Products/Debug/ZeeQL.o
SwiftDriver ZeeQLCombine normal arm64 com.apple.xcode.tools.swift.compiler (in target 'ZeeQLCombine' from project 'ZeeQL3Combine')
cd /Users/admin/builder/spi-builder-workspace/.swiftpm/xcode
builtin-SwiftDriver -- /Applications/Xcode-27.0.0-Release.Candidate.app/Contents/Developer/Toolchains/XcodeDefault.xctoolchain/usr/bin/swiftc -parse-as-library -module-name ZeeQLCombine -Onone @/Users/admin/builder/spi-builder-workspace/.derivedData/Build/Intermediates.noindex/ZeeQL3Combine.build/Debug/ZeeQLCombine-t.build/Objects-normal/arm64/ZeeQLCombine.SwiftFileList -DSWIFT_PACKAGE -DDEBUG -DSWIFT_MODULE_RESOURCE_BUNDLE_UNAVAILABLE -Xcc -fmodule-map-file\=/Users/admin/builder/spi-builder-workspace/.dependencies/checkouts/CSQLite3/Sources/CSQLite3/module.modulemap -DXcode -plugin-path /Applications/Xcode-27.0.0-Release.Candidate.app/Contents/Developer/Toolchains/XcodeDefault.xctoolchain/usr/lib/swift/host/plugins/testing -enable-experimental-feature DebugDescriptionMacro -sdk /Applications/Xcode-27.0.0-Release.Candidate.app/Contents/Developer/Platforms/MacOSX.platform/Developer/SDKs/MacOSX27.0.sdk -target arm64-apple-macos12.0 -g -module-cache-path /Users/admin/builder/spi-builder-workspace/.derivedData/ModuleCache.noindex -Xfrontend -serialize-debugging-options -enable-testing -suppress-warnings -index-store-path /Users/admin/builder/spi-builder-workspace/.derivedData/Index.noindex/DataStore -Xcc -D_LIBCPP_HARDENING_MODE\=_LIBCPP_HARDENING_MODE_DEBUG -swift-version 5 -I /Users/admin/builder/spi-builder-workspace/.derivedData/Build/Products/Debug -Isystem /Applications/Xcode-27.0.0-Release.Candidate.app/Contents/Developer/Platforms/MacOSX.platform/Developer/usr/lib -F /Users/admin/builder/spi-builder-workspace/.derivedData/Build/Products/Debug/PackageFrameworks -F /Users/admin/builder/spi-builder-workspace/.derivedData/Build/Products/Debug -F /Applications/Xcode-27.0.0-Release.Candidate.app/Contents/Developer/Platforms/MacOSX.platform/Developer/Library/Frameworks -c -j10 -enable-batch-mode -incremental -Xcc -ivfsstatcache -Xcc /Users/admin/builder/spi-builder-workspace/.derivedData/SDKStatCaches.noindex/macosx27.0-26A425-e829b21a6f8c9b70876ba0858053c0446a22442a12e9d48fe1a705f55a1adfc4.sdkstatcache -output-file-map /Users/admin/builder/spi-builder-workspace/.derivedData/Build/Intermediates.noindex/ZeeQL3Combine.build/Debug/ZeeQLCombine-t.build/Objects-normal/arm64/ZeeQLCombine-OutputFileMap.json -save-temps -no-color-diagnostics -explicit-module-build -module-cache-path /Users/admin/builder/spi-builder-workspace/.derivedData/Build/Intermediates.noindex/SwiftExplicitPrecompiledModules -clang-scanner-module-cache-path /Users/admin/builder/spi-builder-workspace/.derivedData/ModuleCache.noindex -sdk-module-cache-path /Users/admin/builder/spi-builder-workspace/.derivedData/SDKExplicitPrecompiledModules -emit-dependencies -emit-module -emit-module-path /Users/admin/builder/spi-builder-workspace/.derivedData/Build/Intermediates.noindex/ZeeQL3Combine.build/Debug/ZeeQLCombine-t.build/Objects-normal/arm64/ZeeQLCombine.swiftmodule -serialize-diagnostics -dependency-scan-serialize-diagnostics-path /Users/admin/builder/spi-builder-workspace/.derivedData/Build/Intermediates.noindex/ZeeQL3Combine.build/Debug/ZeeQLCombine-t.build/Objects-normal/arm64/ZeeQLCombine-dependency-scan.dia -validate-clang-modules-once -clang-build-session-file /Users/admin/builder/spi-builder-workspace/.derivedData/ModuleCache.noindex/Session.modulevalidation -Xcc -fmodules-prune-interval\=86400 -Xcc -fmodules-prune-after\=345600 -emit-const-values -const-gather-protocols-list /Users/admin/builder/spi-builder-workspace/.derivedData/Build/Intermediates.noindex/ZeeQL3Combine.build/Debug/ZeeQLCombine-t.build/Objects-normal/arm64/ZeeQLCombine_const_extract_protocols.json -Xcc -I/Users/admin/builder/spi-builder-workspace/.derivedData/Build/Products/Debug/include -Xcc -I/Users/admin/builder/spi-builder-workspace/.derivedData/Build/Intermediates.noindex/ZeeQL3Combine.build/Debug/ZeeQLCombine-t.build/DerivedSources-normal/arm64 -Xcc -I/Users/admin/builder/spi-builder-workspace/.derivedData/Build/Intermediates.noindex/ZeeQL3Combine.build/Debug/ZeeQLCombine-t.build/DerivedSources/arm64 -Xcc -I/Users/admin/builder/spi-builder-workspace/.derivedData/Build/Intermediates.noindex/ZeeQL3Combine.build/Debug/ZeeQLCombine-t.build/DerivedSources -Xcc -DSWIFT_PACKAGE -Xcc -DDEBUG\=1 -emit-objc-header -emit-objc-header-path /Users/admin/builder/spi-builder-workspace/.derivedData/Build/Intermediates.noindex/ZeeQL3Combine.build/Debug/ZeeQLCombine-t.build/Objects-normal/arm64/ZeeQLCombine-Swift.h -working-directory /Users/admin/builder/spi-builder-workspace/.swiftpm/xcode -experimental-emit-module-separately -disable-cmo
SwiftDriverJobDiscovery normal arm64 Compiling CompoundPredicateOperators.swift, KeyPathPredicateOperators.swift (in target 'SwiftUIRules' from project 'SwiftUIRules')
SwiftDriverJobDiscovery normal arm64 Compiling RuleClosurePredicate.swift, RuleCompoundPredicate.swift (in target 'SwiftUIRules' from project 'SwiftUIRules')
ExtractAppIntentsMetadata (in target 'ZeeQL' from project 'ZeeQL3')
cd /Users/admin/builder/spi-builder-workspace/.dependencies/checkouts/ZeeQL3
/Applications/Xcode-27.0.0-Release.Candidate.app/Contents/Developer/Toolchains/XcodeDefault.xctoolchain/usr/bin/appintentsmetadataprocessor --toolchain-dir /var/run/com.apple.security.cryptexd/mnt/com.apple.MobileAsset.MetalToolchain-v27.1.266.1.IDXbpD/Metal.xctoolchain --module-name ZeeQL --sdk-root /Applications/Xcode-27.0.0-Release.Candidate.app/Contents/Developer/Platforms/MacOSX.platform/Developer/SDKs/MacOSX27.0.sdk --xcode-version 27A266a --platform-family macOS --deployment-target 12.0 --bundle-identifier zeeql3.ZeeQL --output /Users/admin/builder/spi-builder-workspace/.derivedData/Build/Products/Debug/ZeeQL.appintents --target-triple arm64-apple-macos12.0 --binary-file /Users/admin/builder/spi-builder-workspace/.derivedData/Build/Products/Debug/ZeeQL.o --dependency-file /Users/admin/builder/spi-builder-workspace/.derivedData/Build/Intermediates.noindex/ZeeQL3.build/Debug/ZeeQL-t.build/Objects-normal/arm64/ZeeQL_dependency_info.dat --stringsdata-file /Users/admin/builder/spi-builder-workspace/.derivedData/Build/Intermediates.noindex/ZeeQL3.build/Debug/ZeeQL-t.build/Objects-normal/arm64/ExtractedAppShortcutsMetadata.stringsdata --source-file-list /Users/admin/builder/spi-builder-workspace/.derivedData/Build/Intermediates.noindex/ZeeQL3.build/Debug/ZeeQL-t.build/Objects-normal/arm64/ZeeQL.SwiftFileList --metadata-file-list /Users/admin/builder/spi-builder-workspace/.derivedData/Build/Intermediates.noindex/ZeeQL3.build/Debug/ZeeQL-t.build/ZeeQL.DependencyMetadataFileList --static-metadata-file-list /Users/admin/builder/spi-builder-workspace/.derivedData/Build/Intermediates.noindex/ZeeQL3.build/Debug/ZeeQL-t.build/ZeeQL.DependencyStaticMetadataFileList --swift-const-vals-list /Users/admin/builder/spi-builder-workspace/.derivedData/Build/Intermediates.noindex/ZeeQL3.build/Debug/ZeeQL-t.build/Objects-normal/arm64/ZeeQL.SwiftConstValuesFileList --force --compile-time-extraction --deployment-aware-processing --no-app-shortcuts-localization
2026-09-17 12:54:52.676 appintentsmetadataprocessor[938:5677] Starting appintentsmetadataprocessor export
2026-09-17 12:54:52.779 appintentsmetadataprocessor[938:5677] Extracted no relevant App Intents symbols, skipping writing output
SwiftDriverJobDiscovery normal arm64 Compiling RuleTypeIDAssignment.swift, RuleTypeIDPathAssignment.swift, RuleValueAssignment.swift (in target 'SwiftUIRules' from project 'SwiftUIRules')
SwiftDriverJobDiscovery normal arm64 Compiling RuleModel.swift, RuleDebug.swift (in target 'SwiftUIRules' from project 'SwiftUIRules')
SwiftDriverJobDiscovery normal arm64 Compiling RuleKeyPathPredicate.swift, RulePredicate.swift (in target 'SwiftUIRules' from project 'SwiftUIRules')
SwiftCompile normal arm64 Compiling\ Adaptor.swift /Users/admin/builder/spi-builder-workspace/.dependencies/checkouts/ZeeQL3Combine/Sources/ZeeQLCombine/Adaptor.swift (in target 'ZeeQLCombine' from project 'ZeeQL3Combine')
SwiftCompile normal arm64 /Users/admin/builder/spi-builder-workspace/.dependencies/checkouts/ZeeQL3Combine/Sources/ZeeQLCombine/Adaptor.swift (in target 'ZeeQLCombine' from project 'ZeeQL3Combine')
cd /Users/admin/builder/spi-builder-workspace/.swiftpm/xcode
builtin-SwiftPerFileCompile Adaptor.swift
SwiftEmitModule normal arm64 Emitting\ module\ for\ ZeeQLCombine (in target 'ZeeQLCombine' from project 'ZeeQL3Combine')
SwiftCompile normal arm64 (in target 'ZeeQLCombine' from project 'ZeeQL3Combine')
cd /Users/admin/builder/spi-builder-workspace/.swiftpm/xcode
SwiftCompile normal arm64 Compiling\ ReExports.swift /Users/admin/builder/spi-builder-workspace/.dependencies/checkouts/ZeeQL3Combine/Sources/ZeeQLCombine/ReExports.swift (in target 'ZeeQLCombine' from project 'ZeeQL3Combine')
SwiftCompile normal arm64 /Users/admin/builder/spi-builder-workspace/.dependencies/checkouts/ZeeQL3Combine/Sources/ZeeQLCombine/ReExports.swift (in target 'ZeeQLCombine' from project 'ZeeQL3Combine')
cd /Users/admin/builder/spi-builder-workspace/.swiftpm/xcode
builtin-SwiftPerFileCompile ReExports.swift
SwiftCompile normal arm64 Compiling\ AccessDataSourcePublisher.swift /Users/admin/builder/spi-builder-workspace/.dependencies/checkouts/ZeeQL3Combine/Sources/ZeeQLCombine/AccessDataSourcePublisher.swift (in target 'ZeeQLCombine' from project 'ZeeQL3Combine')
SwiftCompile normal arm64 /Users/admin/builder/spi-builder-workspace/.dependencies/checkouts/ZeeQL3Combine/Sources/ZeeQLCombine/AccessDataSourcePublisher.swift (in target 'ZeeQLCombine' from project 'ZeeQL3Combine')
cd /Users/admin/builder/spi-builder-workspace/.swiftpm/xcode
builtin-SwiftPerFileCompile AccessDataSourcePublisher.swift
SwiftCompile normal arm64 Compiling\ OActiveRecord.swift /Users/admin/builder/spi-builder-workspace/.dependencies/checkouts/ZeeQL3Combine/Sources/ZeeQLCombine/OActiveRecord.swift (in target 'ZeeQLCombine' from project 'ZeeQL3Combine')
SwiftCompile normal arm64 /Users/admin/builder/spi-builder-workspace/.dependencies/checkouts/ZeeQL3Combine/Sources/ZeeQLCombine/OActiveRecord.swift (in target 'ZeeQLCombine' from project 'ZeeQL3Combine')
cd /Users/admin/builder/spi-builder-workspace/.swiftpm/xcode
builtin-SwiftPerFileCompile OActiveRecord.swift
SwiftCompile normal arm64 Compiling\ AccessDataSource.swift /Users/admin/builder/spi-builder-workspace/.dependencies/checkouts/ZeeQL3Combine/Sources/ZeeQLCombine/AccessDataSource.swift (in target 'ZeeQLCombine' from project 'ZeeQL3Combine')
/Users/admin/builder/spi-builder-workspace/.dependencies/checkouts/ZeeQL3Combine/Sources/ZeeQLCombine/AccessDataSource.swift:75:48: error: type 'AccessDataSourceError' has no member 'MissingEntity'
73 | {
74 | guard let entity = entity else {
75 | return Fail(error: AccessDataSourceError.MissingEntity)
| `- error: type 'AccessDataSourceError' has no member 'MissingEntity'
76 | .eraseToAnyPublisher()
77 | }
Failed frontend command:
/Applications/Xcode-27.0.0-Release.Candidate.app/Contents/Developer/Toolchains/XcodeDefault.xctoolchain/usr/bin/swift-frontend -frontend -c -primary-file /Users/admin/builder/spi-builder-workspace/.dependencies/checkouts/ZeeQL3Combine/Sources/ZeeQLCombine/AccessDataSource.swift /Users/admin/builder/spi-builder-workspace/.dependencies/checkouts/ZeeQL3Combine/Sources/ZeeQLCombine/AccessDataSourcePublisher.swift /Users/admin/builder/spi-builder-workspace/.dependencies/checkouts/ZeeQL3Combine/Sources/ZeeQLCombine/Adaptor.swift /Users/admin/builder/spi-builder-workspace/.dependencies/checkouts/ZeeQL3Combine/Sources/ZeeQLCombine/OActiveRecord.swift /Users/admin/builder/spi-builder-workspace/.dependencies/checkouts/ZeeQL3Combine/Sources/ZeeQLCombine/ReExports.swift -emit-dependencies-path /Users/admin/builder/spi-builder-workspace/.derivedData/Build/Intermediates.noindex/ZeeQL3Combine.build/Debug/ZeeQLCombine-t.build/Objects-normal/arm64/AccessDataSource.d -emit-const-values-path /Users/admin/builder/spi-builder-workspace/.derivedData/Build/Intermediates.noindex/ZeeQL3Combine.build/Debug/ZeeQLCombine-t.build/Objects-normal/arm64/AccessDataSource.swiftconstvalues -emit-reference-dependencies-path /Users/admin/builder/spi-builder-workspace/.derivedData/Build/Intermediates.noindex/ZeeQL3Combine.build/Debug/ZeeQLCombine-t.build/Objects-normal/arm64/AccessDataSource.swiftdeps -serialize-diagnostics-path /Users/admin/builder/spi-builder-workspace/.derivedData/Build/Intermediates.noindex/ZeeQL3Combine.build/Debug/ZeeQLCombine-t.build/Objects-normal/arm64/AccessDataSource.dia -target arm64-apple-macos12.0 -module-can-import-version Combine 3023 0 -disable-cross-import-overlay-search -load-resolved-plugin /Applications/Xcode-27.0.0-Release.Candidate.app/Contents/Developer/Platforms/MacOSX.platform/Developer/usr/lib/swift/host/plugins/libFoundationMacros.dylib\#/Applications/Xcode-27.0.0-Release.Candidate.app/Contents/Developer/Platforms/MacOSX.platform/Developer/usr/bin/swift-plugin-server\#FoundationMacros -load-resolved-plugin /Applications/Xcode-27.0.0-Release.Candidate.app/Contents/Developer/Platforms/MacOSX.platform/Developer/usr/lib/swift/host/plugins/libObservationMacros.dylib\#/Applications/Xcode-27.0.0-Release.Candidate.app/Contents/Developer/Platforms/MacOSX.platform/Developer/usr/bin/swift-plugin-server\#ObservationMacros -load-resolved-plugin /Applications/Xcode-27.0.0-Release.Candidate.app/Contents/Developer/Platforms/MacOSX.platform/Developer/usr/lib/swift/host/plugins/libSwiftMacros.dylib\#/Applications/Xcode-27.0.0-Release.Candidate.app/Contents/Developer/Platforms/MacOSX.platform/Developer/usr/bin/swift-plugin-server\#SwiftMacros -disable-implicit-swift-modules -Xcc -fno-implicit-modules -Xcc -fno-implicit-module-maps -explicit-swift-module-map-file /Users/admin/builder/spi-builder-workspace/.derivedData/Build/Intermediates.noindex/ZeeQL3Combine.build/Debug/ZeeQLCombine-t.build/Objects-normal/arm64/ZeeQLCombine-dependencies-1.json -Xllvm -aarch64-use-tbi -enable-objc-interop -stack-check -sdk /Applications/Xcode-27.0.0-Release.Candidate.app/Contents/Developer/Platforms/MacOSX.platform/Developer/SDKs/MacOSX27.0.sdk -I /Users/admin/builder/spi-builder-workspace/.derivedData/Build/Products/Debug -Isystem /Applications/Xcode-27.0.0-Release.Candidate.app/Contents/Developer/Platforms/MacOSX.platform/Developer/usr/lib -F /Users/admin/builder/spi-builder-workspace/.derivedData/Build/Products/Debug/PackageFrameworks -F /Users/admin/builder/spi-builder-workspace/.derivedData/Build/Products/Debug -F /Applications/Xcode-27.0.0-Release.Candidate.app/Contents/Developer/Platforms/MacOSX.platform/Developer/Library/Frameworks -module-cache-path /Users/admin/builder/spi-builder-workspace/.derivedData/Build/Intermediates.noindex/SwiftExplicitPrecompiledModules -no-color-diagnostics -Xcc -fno-color-diagnostics -enable-testing -g -debug-info-format\=dwarf -dwarf-version\=4 -suppress-warnings -swift-version 5 -Onone -D SWIFT_PACKAGE -D DEBUG -D SWIFT_MODULE_RESOURCE_BUNDLE_UNAVAILABLE -D Xcode -serialize-debugging-options -enable-experimental-feature DebugDescriptionMacro -empty-abi-descriptor -validate-clang-modules-once -clang-build-session-file /Users/admin/builder/spi-builder-workspace/.derivedData/ModuleCache.noindex/Session.modulevalidation -Xcc -working-directory -Xcc /Users/admin/builder/spi-builder-workspace/.swiftpm/xcode -enable-anonymous-context-mangled-names -file-compilation-dir /Users/admin/builder/spi-builder-workspace/.swiftpm/xcode -Xcc -fmodule-map-file\=/Users/admin/builder/spi-builder-workspace/.dependencies/checkouts/CSQLite3/Sources/CSQLite3/module.modulemap -Xcc -D_LIBCPP_HARDENING_MODE\=_LIBCPP_HARDENING_MODE_DEBUG -Xcc -ivfsstatcache -Xcc /Users/admin/builder/spi-builder-workspace/.derivedData/SDKStatCaches.noindex/macosx27.0-26A425-e829b21a6f8c9b70876ba0858053c0446a22442a12e9d48fe1a705f55a1adfc4.sdkstatcache -Xcc -fmodules-prune-interval\=86400 -Xcc -fmodules-prune-after\=345600 -Xcc -I/Users/admin/builder/spi-builder-workspace/.derivedData/Build/Products/Debug/include -Xcc -I/Users/admin/builder/spi-builder-workspace/.derivedData/Build/Intermediates.noindex/ZeeQL3Combine.build/Debug/ZeeQLCombine-t.build/DerivedSources-normal/arm64 -Xcc -I/Users/admin/builder/spi-builder-workspace/.derivedData/Build/Intermediates.noindex/ZeeQL3Combine.build/Debug/ZeeQLCombine-t.build/DerivedSources/arm64 -Xcc -I/Users/admin/builder/spi-builder-workspace/.derivedData/Build/Intermediates.noindex/ZeeQL3Combine.build/Debug/ZeeQLCombine-t.build/DerivedSources -Xcc -DSWIFT_PACKAGE -Xcc -DDEBUG\=1 -no-auto-bridging-header-chaining -module-name ZeeQLCombine -const-gather-protocols-file /Users/admin/builder/spi-builder-workspace/.derivedData/Build/Intermediates.noindex/ZeeQL3Combine.build/Debug/ZeeQLCombine-t.build/Objects-normal/arm64/ZeeQLCombine_const_extract_protocols.json -disable-clang-spi -clang-target arm64-apple-macos27.0 -target-sdk-version 27.0 -target-sdk-name macosx27.0 -in-process-plugin-server-path /Applications/Xcode-27.0.0-Release.Candidate.app/Contents/Developer/Toolchains/XcodeDefault.xctoolchain/usr/lib/swift/host/libSwiftInProcPluginServer.dylib -parse-as-library -o /Users/admin/builder/spi-builder-workspace/.derivedData/Build/Intermediates.noindex/ZeeQL3Combine.build/Debug/ZeeQLCombine-t.build/Objects-normal/arm64/AccessDataSource.o -debug-module-path /Users/admin/builder/spi-builder-workspace/.derivedData/Build/Intermediates.noindex/ZeeQL3Combine.build/Debug/ZeeQLCombine-t.build/Objects-normal/arm64/ZeeQLCombine.swiftmodule -index-unit-output-path /ZeeQL3Combine.build/Debug/ZeeQLCombine-t.build/Objects-normal/arm64/AccessDataSource.o -index-store-path /Users/admin/builder/spi-builder-workspace/.derivedData/Index.noindex/DataStore -index-system-modules
SwiftCompile normal arm64 /Users/admin/builder/spi-builder-workspace/.dependencies/checkouts/ZeeQL3Combine/Sources/ZeeQLCombine/AccessDataSource.swift (in target 'ZeeQLCombine' from project 'ZeeQL3Combine')
cd /Users/admin/builder/spi-builder-workspace/.swiftpm/xcode
builtin-SwiftPerFileCompile AccessDataSource.swift
SwiftDriverJobDiscovery normal arm64 Compiling ReExports.swift (in target 'ZeeQLCombine' from project 'ZeeQL3Combine')
PruneExplicitPrecompiledModules /Users/admin/builder/spi-builder-workspace/.derivedData/SDKExplicitPrecompiledModules
PruneExplicitPrecompiledModules /Users/admin/builder/spi-builder-workspace/.derivedData/Build/Intermediates.noindex/ExplicitPrecompiledModules
PruneExplicitPrecompiledModules /Users/admin/builder/spi-builder-workspace/.derivedData/Build/Intermediates.noindex/SwiftExplicitPrecompiledModules
2026-09-17 12:54:42.539 xcodebuild[798:4955] [MT] IDERunDestination: Supported platforms for the buildables in the current scheme is empty.
--- xcodebuild: WARNING: Using the first of multiple matching destinations:
{ platform:macOS, arch:arm64, id:2923d74317ee5d2d03867b73f0ad927401e3e6ca, name:My Mac }
{ platform:macOS, arch:arm64, variant:Mac Catalyst, id:2923d74317ee5d2d03867b73f0ad927401e3e6ca, name:My Mac }
{ platform:macOS, arch:arm64, variant:DriverKit, id:2923d74317ee5d2d03867b73f0ad927401e3e6ca, name:My Mac }
{ platform:macOS, arch:arm64, variant:Designed for [iPad,iPhone], id:2923d74317ee5d2d03867b73f0ad927401e3e6ca, name:My Mac }
** BUILD FAILED **
The following build commands failed:
SwiftCompile normal arm64 Compiling\ AccessDataSource.swift /Users/admin/builder/spi-builder-workspace/.dependencies/checkouts/ZeeQL3Combine/Sources/ZeeQLCombine/AccessDataSource.swift (in target 'ZeeQLCombine' from project 'ZeeQL3Combine')
SwiftCompile normal arm64 /Users/admin/builder/spi-builder-workspace/.dependencies/checkouts/ZeeQL3Combine/Sources/ZeeQLCombine/AccessDataSource.swift (in target 'ZeeQLCombine' from project 'ZeeQL3Combine')
Building workspace DirectToSwiftUI with scheme DirectToSwiftUI
(3 failures)
Command line invocation:
/Applications/Xcode-27.0.0-Release.Candidate.app/Contents/Developer/usr/bin/xcodebuild -IDEClonedSourcePackagesDirPathOverride=/Users/admin/builder/spi-builder-workspace/.dependencies -resolvePackageDependencies
Resolve Package Graph
Resolved source packages:
ZeeQL3: https://github.com/ZeeQL/ZeeQL3.git @ 0.10.0
SwiftUIRules: https://github.com/DirectToSwift/SwiftUIRules.git @ 0.2.0
DirectToSwiftUI: /Users/admin/builder/spi-builder-workspace
CSQLite3: https://github.com/ZeeQL/CSQLite3.git @ 2.0.3
ZeeQL3Combine: https://github.com/ZeeQL/ZeeQL3Combine.git @ 0.2.0
resolved source packages: ZeeQL3, SwiftUIRules, DirectToSwiftUI, CSQLite3, ZeeQL3Combine
2026-09-17 12:54:54.042 xcodebuild[945:5768] [MT] IDERunDestination: Supported platforms for the buildables in the current scheme is empty.
{
"dependencies" : [
{
"identity" : "swiftuirules",
"requirement" : {
"range" : [
{
"lower_bound" : "0.2.0",
"upper_bound" : "1.0.0"
}
]
},
"type" : "sourceControl",
"url" : "https://github.com/DirectToSwift/SwiftUIRules.git"
},
{
"identity" : "zeeql3",
"requirement" : {
"range" : [
{
"lower_bound" : "0.9.4",
"upper_bound" : "1.0.0"
}
]
},
"type" : "sourceControl",
"url" : "https://github.com/ZeeQL/ZeeQL3.git"
},
{
"identity" : "zeeql3combine",
"requirement" : {
"range" : [
{
"lower_bound" : "0.1.5",
"upper_bound" : "1.0.0"
}
]
},
"type" : "sourceControl",
"url" : "https://github.com/ZeeQL/ZeeQL3Combine.git"
}
],
"manifest_display_name" : "DirectToSwiftUI",
"name" : "DirectToSwiftUI",
"path" : "/Users/admin/builder/spi-builder-workspace",
"platforms" : [
{
"name" : "macos",
"version" : "10.15"
},
{
"name" : "ios",
"version" : "13.0"
},
{
"name" : "watchos",
"version" : "6.0"
}
],
"products" : [
{
"name" : "DirectToSwiftUI",
"targets" : [
"DirectToSwiftUI"
],
"type" : {
"library" : [
"automatic"
]
}
}
],
"targets" : [
{
"c99name" : "DirectToSwiftUI",
"module_type" : "SwiftTarget",
"name" : "DirectToSwiftUI",
"path" : "Sources/DirectToSwiftUI",
"product_dependencies" : [
"SwiftUIRules",
"ZeeQL",
"ZeeQLCombine"
],
"product_memberships" : [
"DirectToSwiftUI"
],
"sources" : [
"D2SMainView.swift",
"DefaultRules.swift",
"Environment/ContextKVC.swift",
"Environment/DefaultAssignment/ActiveRecordDefaults.swift",
"Environment/DefaultAssignment/DatabaseDefaults.swift",
"Environment/DefaultAssignment/DefaultAssignment.swift",
"Environment/DefaultAssignment/EntityDefaults.swift",
"Environment/DefaultAssignment/ModelDefaults.swift",
"Environment/EnvironmentKeys.swift",
"Environment/EnvironmentPathes.swift",
"Environment/ViewModifiers.swift",
"Support/AppKit/D2SInspectWindow.swift",
"Support/AppKit/D2SMainWindow.swift",
"Support/FoundationExtras.swift",
"Support/Hashes.swift",
"Support/Platform.swift",
"Support/ReExport.swift",
"Support/SwiftUI/D2STransformingFormatter.swift",
"Support/SwiftUI/FormatterBinding.swift",
"Support/ZeeQL/ActiveRecordBindings.swift",
"Support/ZeeQL/AttributeExtras.swift",
"Support/ZeeQL/D2SEditValidation.swift",
"Support/ZeeQL/DetailDataSource.swift",
"Support/ZeeQL/DummyImplementations.swift",
"Support/ZeeQL/EntityExtras.swift",
"Support/ZeeQL/KVCBindings.swift",
"Support/ZeeQL/ModelExtras.swift",
"ViewModel/D2SDisplayGroup.swift",
"ViewModel/D2SFault.swift",
"ViewModel/D2SObjectAction.swift",
"ViewModel/D2SRuleEnvironment.swift",
"ViewModel/D2SToOneFetch.swift",
"ViewModel/SparseFaultArray.swift",
"Views/BasicLook/BasicLook.swift",
"Views/BasicLook/PageWrapper/EntityMasterDetailPage.swift",
"Views/BasicLook/PageWrapper/EntitySidebar.swift",
"Views/BasicLook/PageWrapper/MasterDetail.swift",
"Views/BasicLook/PageWrapper/NavigationPage.swift",
"Views/BasicLook/Pages/AppKit/WindowQueryList.swift",
"Views/BasicLook/Pages/Edit.swift",
"Views/BasicLook/Pages/EntityList.swift",
"Views/BasicLook/Pages/Inspect.swift",
"Views/BasicLook/Pages/Login.swift",
"Views/BasicLook/Pages/QueryList.swift",
"Views/BasicLook/Pages/Select.swift",
"Views/BasicLook/Pages/SmallQueryList.swift",
"Views/BasicLook/Pages/UIKit/MobileQueryList.swift",
"Views/BasicLook/Pages/UIKit/MobileSelect.swift",
"Views/BasicLook/Properties/Display/DisplayBool.swift",
"Views/BasicLook/Properties/Display/DisplayDate.swift",
"Views/BasicLook/Properties/Display/DisplayEmail.swift",
"Views/BasicLook/Properties/Display/DisplayPassword.swift",
"Views/BasicLook/Properties/Display/DisplayString.swift",
"Views/BasicLook/Properties/Edit/EditBool.swift",
"Views/BasicLook/Properties/Edit/EditDate.swift",
"Views/BasicLook/Properties/Edit/EditLargeString.swift",
"Views/BasicLook/Properties/Edit/EditNumber.swift",
"Views/BasicLook/Properties/Edit/EditString.swift",
"Views/BasicLook/Properties/Relationships/DisplayToOneSummary.swift",
"Views/BasicLook/Properties/Relationships/DisplayToOneTitle.swift",
"Views/BasicLook/Properties/Relationships/EditToOne.swift",
"Views/BasicLook/Reusable/D2SComponentView.swift",
"Views/BasicLook/Reusable/D2SDisplayProperties.swift",
"Views/BasicLook/Reusable/D2SDisplayPropertiesList.swift",
"Views/BasicLook/Reusable/D2SFaultContainer.swift",
"Views/BasicLook/Reusable/D2SFaultObjectLink.swift",
"Views/BasicLook/Reusable/D2SNavigationLink.swift",
"Views/BasicLook/Reusable/D2SNilText.swift",
"Views/BasicLook/Reusable/D2SPropertyName.swift",
"Views/BasicLook/Reusable/D2SRowFault.swift",
"Views/BasicLook/Reusable/D2SSummaryView.swift",
"Views/BasicLook/Reusable/D2STitleText.swift",
"Views/BasicLook/Reusable/D2STitledSummaryView.swift",
"Views/BasicLook/Reusable/D2SToOneContainer.swift",
"Views/BasicLook/Reusable/D2SToOneLink.swift",
"Views/BasicLook/Rows/NamedToManyLink.swift",
"Views/BasicLook/Rows/PropertyNameAsTitle.swift",
"Views/BasicLook/Rows/PropertyNameValue.swift",
"Views/BasicLook/Rows/PropertyValue.swift",
"Views/Debug/D2SDebugBox.swift",
"Views/Debug/D2SDebugDatabaseInfo.swift",
"Views/Debug/D2SDebugEntityDetails.swift",
"Views/Debug/D2SDebugEntityInfo.swift",
"Views/Debug/D2SDebugFormatter.swift",
"Views/Debug/D2SDebugLabel.swift",
"Views/Debug/D2SDebugObjectEditInfo.swift",
"Views/DefaultLook.swift",
"Views/Generic/D2SEntityPageView.swift",
"Views/Generic/D2SPageView.swift",
"Views/Misc/ListEnabledDatePicker.swift",
"Views/Misc/MultilineEditor.swift",
"Views/Misc/SearchField.swift",
"Views/Misc/Spinner.swift",
"ZeeQLRules/KVCRulePredicate.swift",
"ZeeQLRules/KVCRuleSelfAssignment.swift",
"ZeeQLRules/RuleClosurePredicateExtras.swift",
"ZeeQLRules/RuleKeyPathAssignment.swift",
"ZeeQLRules/RuleKeyPathPredicateExtras.swift",
"ZeeQLRules/RuleModelExtras.swift",
"ZeeQLRules/RuleOperatorExtras.swift",
"ZeeQLRules/ZeeQLRuleParser.swift"
],
"type" : "library"
}
],
"tools_version" : "5.1"
}
{
"workspace" : {
"name" : "DirectToSwiftUI",
"schemes" : [
"DirectToSwiftUI"
]
}
}
2026-09-17 12:54:55.311 xcodebuild[953:5837] [MT] IDERunDestination: Supported platforms for the buildables in the current scheme is empty.
Running build ...
env DEVELOPER_DIR=/Applications/Xcode-27.0.0-Release.Candidate.app xcrun xcodebuild -IDEClonedSourcePackagesDirPathOverride=$PWD/.dependencies -skipMacroValidation -skipPackagePluginValidation -derivedDataPath $PWD/.derivedData build -scheme DirectToSwiftUI -destination platform=macOS,arch=arm64
Command line invocation:
/Applications/Xcode-27.0.0-Release.Candidate.app/Contents/Developer/usr/bin/xcodebuild -IDEClonedSourcePackagesDirPathOverride=/Users/admin/builder/spi-builder-workspace/.dependencies -skipMacroValidation -skipPackagePluginValidation -derivedDataPath /Users/admin/builder/spi-builder-workspace/.derivedData build -scheme DirectToSwiftUI -destination platform=macOS,arch=arm64
Resolve Package Graph
Resolved source packages:
DirectToSwiftUI: /Users/admin/builder/spi-builder-workspace
ZeeQL3: https://github.com/ZeeQL/ZeeQL3.git @ 0.10.0
ZeeQL3Combine: https://github.com/ZeeQL/ZeeQL3Combine.git @ 0.2.0
SwiftUIRules: https://github.com/DirectToSwift/SwiftUIRules.git @ 0.2.0
CSQLite3: https://github.com/ZeeQL/CSQLite3.git @ 2.0.3
ComputePackagePrebuildTargetDependencyGraph
Prepare packages
CreateBuildRequest
SendProjectDescription
CreateBuildOperation
ComputeTargetDependencyGraph
note: Building targets in dependency order
note: Target dependency graph (10 targets)
Target 'DirectToSwiftUI-product' in project 'DirectToSwiftUI'
➜ Explicit dependency on target 'DirectToSwiftUI' in project 'DirectToSwiftUI'
➜ Explicit dependency on target 'SwiftUIRules-product' in project 'SwiftUIRules'
➜ Explicit dependency on target 'ZeeQL-product' in project 'ZeeQL3'
➜ Explicit dependency on target 'ZeeQLCombine-product' in project 'ZeeQL3Combine'
Target 'DirectToSwiftUI' in project 'DirectToSwiftUI'
➜ Explicit dependency on target 'SwiftUIRules-product' in project 'SwiftUIRules'
➜ Explicit dependency on target 'ZeeQL-product' in project 'ZeeQL3'
➜ Explicit dependency on target 'ZeeQLCombine-product' in project 'ZeeQL3Combine'
Target 'ZeeQLCombine-product' in project 'ZeeQL3Combine'
➜ Explicit dependency on target 'ZeeQLCombine' in project 'ZeeQL3Combine'
➜ Explicit dependency on target 'ZeeQL-product' in project 'ZeeQL3'
Target 'ZeeQLCombine' in project 'ZeeQL3Combine'
➜ Explicit dependency on target 'ZeeQL-product' in project 'ZeeQL3'
Target 'ZeeQL-product' in project 'ZeeQL3'
➜ Explicit dependency on target 'ZeeQL' in project 'ZeeQL3'
➜ Explicit dependency on target 'CSQLite3-product' in project 'CSQLite3'
Target 'ZeeQL' in project 'ZeeQL3'
➜ Explicit dependency on target 'CSQLite3-product' in project 'CSQLite3'
Target 'CSQLite3-product' in project 'CSQLite3'
➜ Explicit dependency on target 'CSQLite3' in project 'CSQLite3'
Target 'CSQLite3' in project 'CSQLite3' (no dependencies)
Target 'SwiftUIRules-product' in project 'SwiftUIRules'
➜ Explicit dependency on target 'SwiftUIRules' in project 'SwiftUIRules'
Target 'SwiftUIRules' in project 'SwiftUIRules' (no dependencies)
GatherProvisioningInputs
CreateBuildDescription
ClangStatCache /Applications/Xcode-27.0.0-Release.Candidate.app/Contents/Developer/Toolchains/XcodeDefault.xctoolchain/usr/bin/clang-stat-cache /Applications/Xcode-27.0.0-Release.Candidate.app/Contents/Developer/Platforms/MacOSX.platform/Developer/SDKs/MacOSX27.0.sdk /Users/admin/builder/spi-builder-workspace/.derivedData/SDKStatCaches.noindex/macosx27.0-26A425-e829b21a6f8c9b70876ba0858053c0446a22442a12e9d48fe1a705f55a1adfc4.sdkstatcache
cd /Users/admin/builder/spi-builder-workspace/.swiftpm/xcode
/Applications/Xcode-27.0.0-Release.Candidate.app/Contents/Developer/Toolchains/XcodeDefault.xctoolchain/usr/bin/clang-stat-cache /Applications/Xcode-27.0.0-Release.Candidate.app/Contents/Developer/Platforms/MacOSX.platform/Developer/SDKs/MacOSX27.0.sdk -o /Users/admin/builder/spi-builder-workspace/.derivedData/SDKStatCaches.noindex/macosx27.0-26A425-e829b21a6f8c9b70876ba0858053c0446a22442a12e9d48fe1a705f55a1adfc4.sdkstatcache
SwiftDriver ZeeQLCombine normal arm64 com.apple.xcode.tools.swift.compiler (in target 'ZeeQLCombine' from project 'ZeeQL3Combine')
cd /Users/admin/builder/spi-builder-workspace/.swiftpm/xcode
builtin-SwiftDriver -- /Applications/Xcode-27.0.0-Release.Candidate.app/Contents/Developer/Toolchains/XcodeDefault.xctoolchain/usr/bin/swiftc -parse-as-library -module-name ZeeQLCombine -Onone @/Users/admin/builder/spi-builder-workspace/.derivedData/Build/Intermediates.noindex/ZeeQL3Combine.build/Debug/ZeeQLCombine-t.build/Objects-normal/arm64/ZeeQLCombine.SwiftFileList -DSWIFT_PACKAGE -DDEBUG -DSWIFT_MODULE_RESOURCE_BUNDLE_UNAVAILABLE -Xcc -fmodule-map-file\=/Users/admin/builder/spi-builder-workspace/.dependencies/checkouts/CSQLite3/Sources/CSQLite3/module.modulemap -DXcode -plugin-path /Applications/Xcode-27.0.0-Release.Candidate.app/Contents/Developer/Toolchains/XcodeDefault.xctoolchain/usr/lib/swift/host/plugins/testing -enable-experimental-feature DebugDescriptionMacro -sdk /Applications/Xcode-27.0.0-Release.Candidate.app/Contents/Developer/Platforms/MacOSX.platform/Developer/SDKs/MacOSX27.0.sdk -target arm64-apple-macos12.0 -g -module-cache-path /Users/admin/builder/spi-builder-workspace/.derivedData/ModuleCache.noindex -Xfrontend -serialize-debugging-options -enable-testing -suppress-warnings -index-store-path /Users/admin/builder/spi-builder-workspace/.derivedData/Index.noindex/DataStore -Xcc -D_LIBCPP_HARDENING_MODE\=_LIBCPP_HARDENING_MODE_DEBUG -swift-version 5 -I /Users/admin/builder/spi-builder-workspace/.derivedData/Build/Products/Debug -Isystem /Applications/Xcode-27.0.0-Release.Candidate.app/Contents/Developer/Platforms/MacOSX.platform/Developer/usr/lib -F /Users/admin/builder/spi-builder-workspace/.derivedData/Build/Products/Debug/PackageFrameworks -F /Users/admin/builder/spi-builder-workspace/.derivedData/Build/Products/Debug -F /Applications/Xcode-27.0.0-Release.Candidate.app/Contents/Developer/Platforms/MacOSX.platform/Developer/Library/Frameworks -c -j10 -enable-batch-mode -incremental -Xcc -ivfsstatcache -Xcc /Users/admin/builder/spi-builder-workspace/.derivedData/SDKStatCaches.noindex/macosx27.0-26A425-e829b21a6f8c9b70876ba0858053c0446a22442a12e9d48fe1a705f55a1adfc4.sdkstatcache -output-file-map /Users/admin/builder/spi-builder-workspace/.derivedData/Build/Intermediates.noindex/ZeeQL3Combine.build/Debug/ZeeQLCombine-t.build/Objects-normal/arm64/ZeeQLCombine-OutputFileMap.json -save-temps -no-color-diagnostics -explicit-module-build -module-cache-path /Users/admin/builder/spi-builder-workspace/.derivedData/Build/Intermediates.noindex/SwiftExplicitPrecompiledModules -clang-scanner-module-cache-path /Users/admin/builder/spi-builder-workspace/.derivedData/ModuleCache.noindex -sdk-module-cache-path /Users/admin/builder/spi-builder-workspace/.derivedData/SDKExplicitPrecompiledModules -emit-dependencies -emit-module -emit-module-path /Users/admin/builder/spi-builder-workspace/.derivedData/Build/Intermediates.noindex/ZeeQL3Combine.build/Debug/ZeeQLCombine-t.build/Objects-normal/arm64/ZeeQLCombine.swiftmodule -serialize-diagnostics -dependency-scan-serialize-diagnostics-path /Users/admin/builder/spi-builder-workspace/.derivedData/Build/Intermediates.noindex/ZeeQL3Combine.build/Debug/ZeeQLCombine-t.build/Objects-normal/arm64/ZeeQLCombine-dependency-scan.dia -validate-clang-modules-once -clang-build-session-file /Users/admin/builder/spi-builder-workspace/.derivedData/ModuleCache.noindex/Session.modulevalidation -Xcc -fmodules-prune-interval\=86400 -Xcc -fmodules-prune-after\=345600 -emit-const-values -const-gather-protocols-list /Users/admin/builder/spi-builder-workspace/.derivedData/Build/Intermediates.noindex/ZeeQL3Combine.build/Debug/ZeeQLCombine-t.build/Objects-normal/arm64/ZeeQLCombine_const_extract_protocols.json -Xcc -I/Users/admin/builder/spi-builder-workspace/.derivedData/Build/Products/Debug/include -Xcc -I/Users/admin/builder/spi-builder-workspace/.derivedData/Build/Intermediates.noindex/ZeeQL3Combine.build/Debug/ZeeQLCombine-t.build/DerivedSources-normal/arm64 -Xcc -I/Users/admin/builder/spi-builder-workspace/.derivedData/Build/Intermediates.noindex/ZeeQL3Combine.build/Debug/ZeeQLCombine-t.build/DerivedSources/arm64 -Xcc -I/Users/admin/builder/spi-builder-workspace/.derivedData/Build/Intermediates.noindex/ZeeQL3Combine.build/Debug/ZeeQLCombine-t.build/DerivedSources -Xcc -DSWIFT_PACKAGE -Xcc -DDEBUG\=1 -emit-objc-header -emit-objc-header-path /Users/admin/builder/spi-builder-workspace/.derivedData/Build/Intermediates.noindex/ZeeQL3Combine.build/Debug/ZeeQLCombine-t.build/Objects-normal/arm64/ZeeQLCombine-Swift.h -working-directory /Users/admin/builder/spi-builder-workspace/.swiftpm/xcode -experimental-emit-module-separately -disable-cmo
SwiftDriver SwiftUIRules normal arm64 com.apple.xcode.tools.swift.compiler (in target 'SwiftUIRules' from project 'SwiftUIRules')
cd /Users/admin/builder/spi-builder-workspace/.swiftpm/xcode
builtin-SwiftDriver -- /Applications/Xcode-27.0.0-Release.Candidate.app/Contents/Developer/Toolchains/XcodeDefault.xctoolchain/usr/bin/swiftc -parse-as-library -module-name SwiftUIRules -Onone @/Users/admin/builder/spi-builder-workspace/.derivedData/Build/Intermediates.noindex/SwiftUIRules.build/Debug/SwiftUIRules-t.build/Objects-normal/arm64/SwiftUIRules.SwiftFileList -DSWIFT_PACKAGE -DDEBUG -DSWIFT_MODULE_RESOURCE_BUNDLE_UNAVAILABLE -DXcode -plugin-path /Applications/Xcode-27.0.0-Release.Candidate.app/Contents/Developer/Toolchains/XcodeDefault.xctoolchain/usr/lib/swift/host/plugins/testing -enable-experimental-feature DebugDescriptionMacro -sdk /Applications/Xcode-27.0.0-Release.Candidate.app/Contents/Developer/Platforms/MacOSX.platform/Developer/SDKs/MacOSX27.0.sdk -target arm64-apple-macos12.0 -g -module-cache-path /Users/admin/builder/spi-builder-workspace/.derivedData/ModuleCache.noindex -Xfrontend -serialize-debugging-options -enable-testing -suppress-warnings -index-store-path /Users/admin/builder/spi-builder-workspace/.derivedData/Index.noindex/DataStore -Xcc -D_LIBCPP_HARDENING_MODE\=_LIBCPP_HARDENING_MODE_DEBUG -swift-version 5 -I /Users/admin/builder/spi-builder-workspace/.derivedData/Build/Products/Debug -Isystem /Applications/Xcode-27.0.0-Release.Candidate.app/Contents/Developer/Platforms/MacOSX.platform/Developer/usr/lib -F /Users/admin/builder/spi-builder-workspace/.derivedData/Build/Products/Debug -F /Applications/Xcode-27.0.0-Release.Candidate.app/Contents/Developer/Platforms/MacOSX.platform/Developer/Library/Frameworks -c -j10 -enable-batch-mode -incremental -Xcc -ivfsstatcache -Xcc /Users/admin/builder/spi-builder-workspace/.derivedData/SDKStatCaches.noindex/macosx27.0-26A425-e829b21a6f8c9b70876ba0858053c0446a22442a12e9d48fe1a705f55a1adfc4.sdkstatcache -output-file-map /Users/admin/builder/spi-builder-workspace/.derivedData/Build/Intermediates.noindex/SwiftUIRules.build/Debug/SwiftUIRules-t.build/Objects-normal/arm64/SwiftUIRules-OutputFileMap.json -save-temps -no-color-diagnostics -explicit-module-build -module-cache-path /Users/admin/builder/spi-builder-workspace/.derivedData/Build/Intermediates.noindex/SwiftExplicitPrecompiledModules -clang-scanner-module-cache-path /Users/admin/builder/spi-builder-workspace/.derivedData/ModuleCache.noindex -sdk-module-cache-path /Users/admin/builder/spi-builder-workspace/.derivedData/SDKExplicitPrecompiledModules -emit-dependencies -emit-module -emit-module-path /Users/admin/builder/spi-builder-workspace/.derivedData/Build/Intermediates.noindex/SwiftUIRules.build/Debug/SwiftUIRules-t.build/Objects-normal/arm64/SwiftUIRules.swiftmodule -serialize-diagnostics -dependency-scan-serialize-diagnostics-path /Users/admin/builder/spi-builder-workspace/.derivedData/Build/Intermediates.noindex/SwiftUIRules.build/Debug/SwiftUIRules-t.build/Objects-normal/arm64/SwiftUIRules-dependency-scan.dia -validate-clang-modules-once -clang-build-session-file /Users/admin/builder/spi-builder-workspace/.derivedData/ModuleCache.noindex/Session.modulevalidation -Xcc -fmodules-prune-interval\=86400 -Xcc -fmodules-prune-after\=345600 -emit-const-values -const-gather-protocols-list /Users/admin/builder/spi-builder-workspace/.derivedData/Build/Intermediates.noindex/SwiftUIRules.build/Debug/SwiftUIRules-t.build/Objects-normal/arm64/SwiftUIRules_const_extract_protocols.json -Xcc -I/Users/admin/builder/spi-builder-workspace/.derivedData/Build/Products/Debug/include -Xcc -I/Users/admin/builder/spi-builder-workspace/.derivedData/Build/Intermediates.noindex/SwiftUIRules.build/Debug/SwiftUIRules-t.build/DerivedSources-normal/arm64 -Xcc -I/Users/admin/builder/spi-builder-workspace/.derivedData/Build/Intermediates.noindex/SwiftUIRules.build/Debug/SwiftUIRules-t.build/DerivedSources/arm64 -Xcc -I/Users/admin/builder/spi-builder-workspace/.derivedData/Build/Intermediates.noindex/SwiftUIRules.build/Debug/SwiftUIRules-t.build/DerivedSources -Xcc -DSWIFT_PACKAGE -Xcc -DDEBUG\=1 -emit-objc-header -emit-objc-header-path /Users/admin/builder/spi-builder-workspace/.derivedData/Build/Intermediates.noindex/SwiftUIRules.build/Debug/SwiftUIRules-t.build/Objects-normal/arm64/SwiftUIRules-Swift.h -working-directory /Users/admin/builder/spi-builder-workspace/.swiftpm/xcode -experimental-emit-module-separately -disable-cmo
SwiftCompile normal arm64 Compiling\ OActiveRecord.swift /Users/admin/builder/spi-builder-workspace/.dependencies/checkouts/ZeeQL3Combine/Sources/ZeeQLCombine/OActiveRecord.swift (in target 'ZeeQLCombine' from project 'ZeeQL3Combine')
SwiftCompile normal arm64 /Users/admin/builder/spi-builder-workspace/.dependencies/checkouts/ZeeQL3Combine/Sources/ZeeQLCombine/OActiveRecord.swift (in target 'ZeeQLCombine' from project 'ZeeQL3Combine')
cd /Users/admin/builder/spi-builder-workspace/.swiftpm/xcode
builtin-SwiftPerFileCompile OActiveRecord.swift
SwiftCompile normal arm64 Compiling\ AccessDataSourcePublisher.swift /Users/admin/builder/spi-builder-workspace/.dependencies/checkouts/ZeeQL3Combine/Sources/ZeeQLCombine/AccessDataSourcePublisher.swift (in target 'ZeeQLCombine' from project 'ZeeQL3Combine')
SwiftCompile normal arm64 /Users/admin/builder/spi-builder-workspace/.dependencies/checkouts/ZeeQL3Combine/Sources/ZeeQLCombine/AccessDataSourcePublisher.swift (in target 'ZeeQLCombine' from project 'ZeeQL3Combine')
cd /Users/admin/builder/spi-builder-workspace/.swiftpm/xcode
builtin-SwiftPerFileCompile AccessDataSourcePublisher.swift
SwiftEmitModule normal arm64 Emitting\ module\ for\ ZeeQLCombine (in target 'ZeeQLCombine' from project 'ZeeQL3Combine')
SwiftCompile normal arm64 (in target 'ZeeQLCombine' from project 'ZeeQL3Combine')
cd /Users/admin/builder/spi-builder-workspace/.swiftpm/xcode
SwiftCompile normal arm64 Compiling\ AccessDataSource.swift /Users/admin/builder/spi-builder-workspace/.dependencies/checkouts/ZeeQL3Combine/Sources/ZeeQLCombine/AccessDataSource.swift (in target 'ZeeQLCombine' from project 'ZeeQL3Combine')
/Users/admin/builder/spi-builder-workspace/.dependencies/checkouts/ZeeQL3Combine/Sources/ZeeQLCombine/AccessDataSource.swift:75:48: error: type 'AccessDataSourceError' has no member 'MissingEntity'
73 | {
74 | guard let entity = entity else {
75 | return Fail(error: AccessDataSourceError.MissingEntity)
| `- error: type 'AccessDataSourceError' has no member 'MissingEntity'
76 | .eraseToAnyPublisher()
77 | }
Failed frontend command:
/Applications/Xcode-27.0.0-Release.Candidate.app/Contents/Developer/Toolchains/XcodeDefault.xctoolchain/usr/bin/swift-frontend -frontend -c -primary-file /Users/admin/builder/spi-builder-workspace/.dependencies/checkouts/ZeeQL3Combine/Sources/ZeeQLCombine/AccessDataSource.swift /Users/admin/builder/spi-builder-workspace/.dependencies/checkouts/ZeeQL3Combine/Sources/ZeeQLCombine/AccessDataSourcePublisher.swift /Users/admin/builder/spi-builder-workspace/.dependencies/checkouts/ZeeQL3Combine/Sources/ZeeQLCombine/Adaptor.swift /Users/admin/builder/spi-builder-workspace/.dependencies/checkouts/ZeeQL3Combine/Sources/ZeeQLCombine/OActiveRecord.swift /Users/admin/builder/spi-builder-workspace/.dependencies/checkouts/ZeeQL3Combine/Sources/ZeeQLCombine/ReExports.swift -emit-dependencies-path /Users/admin/builder/spi-builder-workspace/.derivedData/Build/Intermediates.noindex/ZeeQL3Combine.build/Debug/ZeeQLCombine-t.build/Objects-normal/arm64/AccessDataSource.d -emit-const-values-path /Users/admin/builder/spi-builder-workspace/.derivedData/Build/Intermediates.noindex/ZeeQL3Combine.build/Debug/ZeeQLCombine-t.build/Objects-normal/arm64/AccessDataSource.swiftconstvalues -emit-reference-dependencies-path /Users/admin/builder/spi-builder-workspace/.derivedData/Build/Intermediates.noindex/ZeeQL3Combine.build/Debug/ZeeQLCombine-t.build/Objects-normal/arm64/AccessDataSource.swiftdeps -serialize-diagnostics-path /Users/admin/builder/spi-builder-workspace/.derivedData/Build/Intermediates.noindex/ZeeQL3Combine.build/Debug/ZeeQLCombine-t.build/Objects-normal/arm64/AccessDataSource.dia -target arm64-apple-macos12.0 -module-can-import-version Combine 3023 0 -disable-cross-import-overlay-search -load-resolved-plugin /Applications/Xcode-27.0.0-Release.Candidate.app/Contents/Developer/Platforms/MacOSX.platform/Developer/usr/lib/swift/host/plugins/libFoundationMacros.dylib\#/Applications/Xcode-27.0.0-Release.Candidate.app/Contents/Developer/Platforms/MacOSX.platform/Developer/usr/bin/swift-plugin-server\#FoundationMacros -load-resolved-plugin /Applications/Xcode-27.0.0-Release.Candidate.app/Contents/Developer/Platforms/MacOSX.platform/Developer/usr/lib/swift/host/plugins/libObservationMacros.dylib\#/Applications/Xcode-27.0.0-Release.Candidate.app/Contents/Developer/Platforms/MacOSX.platform/Developer/usr/bin/swift-plugin-server\#ObservationMacros -load-resolved-plugin /Applications/Xcode-27.0.0-Release.Candidate.app/Contents/Developer/Platforms/MacOSX.platform/Developer/usr/lib/swift/host/plugins/libSwiftMacros.dylib\#/Applications/Xcode-27.0.0-Release.Candidate.app/Contents/Developer/Platforms/MacOSX.platform/Developer/usr/bin/swift-plugin-server\#SwiftMacros -disable-implicit-swift-modules -Xcc -fno-implicit-modules -Xcc -fno-implicit-module-maps -explicit-swift-module-map-file /Users/admin/builder/spi-builder-workspace/.derivedData/Build/Intermediates.noindex/ZeeQL3Combine.build/Debug/ZeeQLCombine-t.build/Objects-normal/arm64/ZeeQLCombine-dependencies-1.json -Xllvm -aarch64-use-tbi -enable-objc-interop -stack-check -sdk /Applications/Xcode-27.0.0-Release.Candidate.app/Contents/Developer/Platforms/MacOSX.platform/Developer/SDKs/MacOSX27.0.sdk -I /Users/admin/builder/spi-builder-workspace/.derivedData/Build/Products/Debug -Isystem /Applications/Xcode-27.0.0-Release.Candidate.app/Contents/Developer/Platforms/MacOSX.platform/Developer/usr/lib -F /Users/admin/builder/spi-builder-workspace/.derivedData/Build/Products/Debug/PackageFrameworks -F /Users/admin/builder/spi-builder-workspace/.derivedData/Build/Products/Debug -F /Applications/Xcode-27.0.0-Release.Candidate.app/Contents/Developer/Platforms/MacOSX.platform/Developer/Library/Frameworks -module-cache-path /Users/admin/builder/spi-builder-workspace/.derivedData/Build/Intermediates.noindex/SwiftExplicitPrecompiledModules -no-color-diagnostics -Xcc -fno-color-diagnostics -enable-testing -g -debug-info-format\=dwarf -dwarf-version\=4 -suppress-warnings -swift-version 5 -Onone -D SWIFT_PACKAGE -D DEBUG -D SWIFT_MODULE_RESOURCE_BUNDLE_UNAVAILABLE -D Xcode -serialize-debugging-options -enable-experimental-feature DebugDescriptionMacro -empty-abi-descriptor -validate-clang-modules-once -clang-build-session-file /Users/admin/builder/spi-builder-workspace/.derivedData/ModuleCache.noindex/Session.modulevalidation -Xcc -working-directory -Xcc /Users/admin/builder/spi-builder-workspace/.swiftpm/xcode -enable-anonymous-context-mangled-names -file-compilation-dir /Users/admin/builder/spi-builder-workspace/.swiftpm/xcode -Xcc -fmodule-map-file\=/Users/admin/builder/spi-builder-workspace/.dependencies/checkouts/CSQLite3/Sources/CSQLite3/module.modulemap -Xcc -D_LIBCPP_HARDENING_MODE\=_LIBCPP_HARDENING_MODE_DEBUG -Xcc -ivfsstatcache -Xcc /Users/admin/builder/spi-builder-workspace/.derivedData/SDKStatCaches.noindex/macosx27.0-26A425-e829b21a6f8c9b70876ba0858053c0446a22442a12e9d48fe1a705f55a1adfc4.sdkstatcache -Xcc -fmodules-prune-interval\=86400 -Xcc -fmodules-prune-after\=345600 -Xcc -I/Users/admin/builder/spi-builder-workspace/.derivedData/Build/Products/Debug/include -Xcc -I/Users/admin/builder/spi-builder-workspace/.derivedData/Build/Intermediates.noindex/ZeeQL3Combine.build/Debug/ZeeQLCombine-t.build/DerivedSources-normal/arm64 -Xcc -I/Users/admin/builder/spi-builder-workspace/.derivedData/Build/Intermediates.noindex/ZeeQL3Combine.build/Debug/ZeeQLCombine-t.build/DerivedSources/arm64 -Xcc -I/Users/admin/builder/spi-builder-workspace/.derivedData/Build/Intermediates.noindex/ZeeQL3Combine.build/Debug/ZeeQLCombine-t.build/DerivedSources -Xcc -DSWIFT_PACKAGE -Xcc -DDEBUG\=1 -no-auto-bridging-header-chaining -module-name ZeeQLCombine -const-gather-protocols-file /Users/admin/builder/spi-builder-workspace/.derivedData/Build/Intermediates.noindex/ZeeQL3Combine.build/Debug/ZeeQLCombine-t.build/Objects-normal/arm64/ZeeQLCombine_const_extract_protocols.json -disable-clang-spi -clang-target arm64-apple-macos27.0 -target-sdk-version 27.0 -target-sdk-name macosx27.0 -in-process-plugin-server-path /Applications/Xcode-27.0.0-Release.Candidate.app/Contents/Developer/Toolchains/XcodeDefault.xctoolchain/usr/lib/swift/host/libSwiftInProcPluginServer.dylib -parse-as-library -o /Users/admin/builder/spi-builder-workspace/.derivedData/Build/Intermediates.noindex/ZeeQL3Combine.build/Debug/ZeeQLCombine-t.build/Objects-normal/arm64/AccessDataSource.o -debug-module-path /Users/admin/builder/spi-builder-workspace/.derivedData/Build/Intermediates.noindex/ZeeQL3Combine.build/Debug/ZeeQLCombine-t.build/Objects-normal/arm64/ZeeQLCombine.swiftmodule -index-unit-output-path /ZeeQL3Combine.build/Debug/ZeeQLCombine-t.build/Objects-normal/arm64/AccessDataSource.o -index-store-path /Users/admin/builder/spi-builder-workspace/.derivedData/Index.noindex/DataStore -index-system-modules
SwiftCompile normal arm64 /Users/admin/builder/spi-builder-workspace/.dependencies/checkouts/ZeeQL3Combine/Sources/ZeeQLCombine/AccessDataSource.swift (in target 'ZeeQLCombine' from project 'ZeeQL3Combine')
cd /Users/admin/builder/spi-builder-workspace/.swiftpm/xcode
builtin-SwiftPerFileCompile AccessDataSource.swift
SwiftCompile normal arm64 Compiling\ Adaptor.swift /Users/admin/builder/spi-builder-workspace/.dependencies/checkouts/ZeeQL3Combine/Sources/ZeeQLCombine/Adaptor.swift (in target 'ZeeQLCombine' from project 'ZeeQL3Combine')
SwiftCompile normal arm64 /Users/admin/builder/spi-builder-workspace/.dependencies/checkouts/ZeeQL3Combine/Sources/ZeeQLCombine/Adaptor.swift (in target 'ZeeQLCombine' from project 'ZeeQL3Combine')
cd /Users/admin/builder/spi-builder-workspace/.swiftpm/xcode
builtin-SwiftPerFileCompile Adaptor.swift
SwiftEmitModule normal arm64 Emitting\ module\ for\ SwiftUIRules (in target 'SwiftUIRules' from project 'SwiftUIRules')
SwiftCompile normal arm64 (in target 'SwiftUIRules' from project 'SwiftUIRules')
cd /Users/admin/builder/spi-builder-workspace/.swiftpm/xcode
SwiftCompile normal arm64 Compiling\ DynamicEnvironmentValues.swift /Users/admin/builder/spi-builder-workspace/.dependencies/checkouts/SwiftUIRules/Sources/SwiftUIRules/DynamicEnvironment/DynamicEnvironmentValues.swift (in target 'SwiftUIRules' from project 'SwiftUIRules')
SwiftCompile normal arm64 /Users/admin/builder/spi-builder-workspace/.dependencies/checkouts/SwiftUIRules/Sources/SwiftUIRules/DynamicEnvironment/DynamicEnvironmentValues.swift (in target 'SwiftUIRules' from project 'SwiftUIRules')
cd /Users/admin/builder/spi-builder-workspace/.swiftpm/xcode
builtin-SwiftPerFileCompile DynamicEnvironmentValues.swift
SwiftCompile normal arm64 Compiling\ Rule.swift /Users/admin/builder/spi-builder-workspace/.dependencies/checkouts/SwiftUIRules/Sources/SwiftUIRules/Rule.swift (in target 'SwiftUIRules' from project 'SwiftUIRules')
SwiftCompile normal arm64 /Users/admin/builder/spi-builder-workspace/.dependencies/checkouts/SwiftUIRules/Sources/SwiftUIRules/Rule.swift (in target 'SwiftUIRules' from project 'SwiftUIRules')
cd /Users/admin/builder/spi-builder-workspace/.swiftpm/xcode
builtin-SwiftPerFileCompile Rule.swift
SwiftCompile normal arm64 Compiling\ DynamicEnvironmentPathes.swift /Users/admin/builder/spi-builder-workspace/.dependencies/checkouts/SwiftUIRules/Sources/SwiftUIRules/DynamicEnvironment/DynamicEnvironmentPathes.swift (in target 'SwiftUIRules' from project 'SwiftUIRules')
SwiftCompile normal arm64 /Users/admin/builder/spi-builder-workspace/.dependencies/checkouts/SwiftUIRules/Sources/SwiftUIRules/DynamicEnvironment/DynamicEnvironmentPathes.swift (in target 'SwiftUIRules' from project 'SwiftUIRules')
cd /Users/admin/builder/spi-builder-workspace/.swiftpm/xcode
builtin-SwiftPerFileCompile DynamicEnvironmentPathes.swift
SwiftCompile normal arm64 Compiling\ RuleContext.swift /Users/admin/builder/spi-builder-workspace/.dependencies/checkouts/SwiftUIRules/Sources/SwiftUIRules/RuleContext.swift (in target 'SwiftUIRules' from project 'SwiftUIRules')
SwiftCompile normal arm64 /Users/admin/builder/spi-builder-workspace/.dependencies/checkouts/SwiftUIRules/Sources/SwiftUIRules/RuleContext.swift (in target 'SwiftUIRules' from project 'SwiftUIRules')
cd /Users/admin/builder/spi-builder-workspace/.swiftpm/xcode
builtin-SwiftPerFileCompile RuleContext.swift
SwiftCompile normal arm64 Compiling\ AssignmentOperators.swift /Users/admin/builder/spi-builder-workspace/.dependencies/checkouts/SwiftUIRules/Sources/SwiftUIRules/Operators/AssignmentOperators.swift (in target 'SwiftUIRules' from project 'SwiftUIRules')
SwiftCompile normal arm64 /Users/admin/builder/spi-builder-workspace/.dependencies/checkouts/SwiftUIRules/Sources/SwiftUIRules/Operators/AssignmentOperators.swift (in target 'SwiftUIRules' from project 'SwiftUIRules')
cd /Users/admin/builder/spi-builder-workspace/.swiftpm/xcode
builtin-SwiftPerFileCompile AssignmentOperators.swift
PruneExplicitPrecompiledModules /Users/admin/builder/spi-builder-workspace/.derivedData/SDKExplicitPrecompiledModules
PruneExplicitPrecompiledModules /Users/admin/builder/spi-builder-workspace/.derivedData/Build/Intermediates.noindex/ExplicitPrecompiledModules
PruneExplicitPrecompiledModules /Users/admin/builder/spi-builder-workspace/.derivedData/Build/Intermediates.noindex/SwiftExplicitPrecompiledModules
2026-09-17 12:54:56.320 xcodebuild[954:5860] [MT] IDERunDestination: Supported platforms for the buildables in the current scheme is empty.
--- xcodebuild: WARNING: Using the first of multiple matching destinations:
{ platform:macOS, arch:arm64, id:2923d74317ee5d2d03867b73f0ad927401e3e6ca, name:My Mac }
{ platform:macOS, arch:arm64, variant:Mac Catalyst, id:2923d74317ee5d2d03867b73f0ad927401e3e6ca, name:My Mac }
{ platform:macOS, arch:arm64, variant:DriverKit, id:2923d74317ee5d2d03867b73f0ad927401e3e6ca, name:My Mac }
{ platform:macOS, arch:arm64, variant:Designed for [iPad,iPhone], id:2923d74317ee5d2d03867b73f0ad927401e3e6ca, name:My Mac }
** BUILD FAILED **
The following build commands failed:
SwiftCompile normal arm64 Compiling\ AccessDataSource.swift /Users/admin/builder/spi-builder-workspace/.dependencies/checkouts/ZeeQL3Combine/Sources/ZeeQLCombine/AccessDataSource.swift (in target 'ZeeQLCombine' from project 'ZeeQL3Combine')
SwiftCompile normal arm64 /Users/admin/builder/spi-builder-workspace/.dependencies/checkouts/ZeeQL3Combine/Sources/ZeeQLCombine/AccessDataSource.swift (in target 'ZeeQLCombine' from project 'ZeeQL3Combine')
Building workspace DirectToSwiftUI with scheme DirectToSwiftUI
(3 failures)
BUILD FAILURE 6.4 macosXcodebuild