The Swift Package Index logo.Swift Package Index

Build Information

Failed to build AppMetrica, reference main (bb1c42), with Swift 6.4 for Wasm on 1 Oct 2026 03:21:09 UTC.

Build Command

bash -c docker run --pull=always --rm -v "checkouts-54344844-1":/host -w "$PWD" -e JAVA_HOME="/root/.sdkman/candidates/java/current" -e SPI_BUILD="1" -e SPI_PROCESSING="1" registry.gitlab.com/saguaro1/spi-images:wasm-6.4-latest swift build --swift-sdk swift-6.4.x-DEVELOPMENT-SNAPSHOT-2026-09-04-a_wasm 2>&1

Build Log

========================================
RunAll
========================================
Builder version: 5.1.1
Interrupt handler set up.
========================================
Checkout
========================================
Clone URL: https://github.com/appmetrica/appmetrica-sdk-ios.git
Reference: main
Initialized empty Git repository in /host/spi-builder-workspace/.git/
hint: Using 'master' as the name for the initial branch. This default branch name
hint: is subject to change. To configure the initial branch name to use in all
hint: of your new repositories, which will suppress this warning, call:
hint:
hint: 	git config --global init.defaultBranch <name>
hint:
hint: Names commonly chosen instead of 'master' are 'main', 'trunk' and
hint: 'development'. The just-created branch can be renamed via this command:
hint:
hint: 	git branch -m <name>
From https://github.com/appmetrica/appmetrica-sdk-ios
 * branch            main       -> FETCH_HEAD
 * [new branch]      main       -> origin/main
HEAD is now at bb1c42f up AppMetrica SDK iOS version to 7.1.0 commit_hash:7525916962ee951aecaf1be9aa9b08c93918547e
Cloned https://github.com/appmetrica/appmetrica-sdk-ios.git
Revision (git rev-parse @):
bb1c42fe5cf48d46b56de6776acb0352274008ac
SUCCESS checkout https://github.com/appmetrica/appmetrica-sdk-ios.git at main
========================================
Build
========================================
Selected platform:         wasm
Swift version:             6.4
Building package at path:  $PWD
https://github.com/appmetrica/appmetrica-sdk-ios.git
Running build ...
bash -c docker run --pull=always --rm -v "checkouts-54344844-1":/host -w "$PWD" -e JAVA_HOME="/root/.sdkman/candidates/java/current" -e SPI_BUILD="1" -e SPI_PROCESSING="1" registry.gitlab.com/saguaro1/spi-images:wasm-6.4-latest swift build --swift-sdk swift-6.4.x-DEVELOPMENT-SNAPSHOT-2026-09-04-a_wasm 2>&1
wasm-6.4-latest: Pulling from saguaro1/spi-images
Digest: sha256:4328fdb43c680d205c1d6761b1e3267aa38277eefdda9ddfb17b6a0f1a77857a
Status: Image is up to date for registry.gitlab.com/saguaro1/spi-images:wasm-6.4-latest
Fetching https://github.com/apple/swift-protobuf
Fetching https://github.com/appmetrica/Kiwi
Fetching https://github.com/kstenerud/KSCrash
[1/5899] Fetching kiwi
[5724/54663] Fetching kiwi, kscrash
[7851/109047] Fetching kiwi, kscrash, swift-protobuf
Fetched https://github.com/appmetrica/Kiwi (0.84s)
[4127/103148] Fetching kscrash, swift-protobuf
Fetched https://github.com/apple/swift-protobuf (11.44s)
[9259/48764] Fetching kscrash
Fetched https://github.com/kstenerud/KSCrash (20.97s)
Computing version for https://github.com/kstenerud/KSCrash
Computed https://github.com/kstenerud/KSCrash at 2.5.1 (23.36s)
Computing version for https://github.com/appmetrica/Kiwi
Computed https://github.com/appmetrica/Kiwi at 3.0.2 (0.29s)
Computing version for https://github.com/apple/swift-protobuf
Computed https://github.com/apple/swift-protobuf at 1.38.1 (0.32s)
Creating working copy for https://github.com/appmetrica/Kiwi
Working copy of https://github.com/appmetrica/Kiwi resolved at 3.0.2
Creating working copy for https://github.com/kstenerud/KSCrash
Working copy of https://github.com/kstenerud/KSCrash resolved at 2.5.1
Creating working copy for https://github.com/apple/swift-protobuf
Working copy of https://github.com/apple/swift-protobuf resolved at 1.38.1
warning: 'spi-builder-workspace': ignoring target 'AppMetricaWebKitTests' in package 'spi-builder-workspace'; C language in tests is not yet supported
warning: 'spi-builder-workspace': ignoring target 'AppMetricaStorageUtilsTests' in package 'spi-builder-workspace'; C language in tests is not yet supported
warning: 'spi-builder-workspace': ignoring target 'AppMetricaScreenshotTests' in package 'spi-builder-workspace'; C language in tests is not yet supported
warning: 'spi-builder-workspace': ignoring target 'AppMetricaProtobufUtilsTests' in package 'spi-builder-workspace'; C language in tests is not yet supported
warning: 'spi-builder-workspace': ignoring target 'AppMetricaPlatformTests' in package 'spi-builder-workspace'; C language in tests is not yet supported
warning: 'spi-builder-workspace': ignoring target 'AppMetricaNetworkTests' in package 'spi-builder-workspace'; C language in tests is not yet supported
warning: 'spi-builder-workspace': ignoring target 'AppMetricaLogTests' in package 'spi-builder-workspace'; C language in tests is not yet supported
warning: 'spi-builder-workspace': ignoring target 'AppMetricaKeychainTests' in package 'spi-builder-workspace'; C language in tests is not yet supported
warning: 'spi-builder-workspace': ignoring target 'AppMetricaHostStateTests' in package 'spi-builder-workspace'; C language in tests is not yet supported
warning: 'spi-builder-workspace': ignoring target 'AppMetricaEncodingUtilsTests' in package 'spi-builder-workspace'; C language in tests is not yet supported
warning: 'spi-builder-workspace': ignoring target 'AppMetricaCrashesTests' in package 'spi-builder-workspace'; C language in tests is not yet supported
warning: 'spi-builder-workspace': ignoring target 'AppMetricaCoreUtilsTests' in package 'spi-builder-workspace'; C language in tests is not yet supported
warning: 'spi-builder-workspace': ignoring target 'AppMetricaCoreTests' in package 'spi-builder-workspace'; C language in tests is not yet supported
warning: 'spi-builder-workspace': ignoring target 'AppMetricaAdSupportTests' in package 'spi-builder-workspace'; C language in tests is not yet supported
warning: 'spi-builder-workspace': ignoring target 'AppMetricaWebKitTests' in package 'spi-builder-workspace'; C language in tests is not yet supported
warning: 'spi-builder-workspace': ignoring target 'AppMetricaStorageUtilsTests' in package 'spi-builder-workspace'; C language in tests is not yet supported
warning: 'spi-builder-workspace': ignoring target 'AppMetricaScreenshotTests' in package 'spi-builder-workspace'; C language in tests is not yet supported
warning: 'spi-builder-workspace': ignoring target 'AppMetricaProtobufUtilsTests' in package 'spi-builder-workspace'; C language in tests is not yet supported
warning: 'spi-builder-workspace': ignoring target 'AppMetricaPlatformTests' in package 'spi-builder-workspace'; C language in tests is not yet supported
warning: 'spi-builder-workspace': ignoring target 'AppMetricaNetworkTests' in package 'spi-builder-workspace'; C language in tests is not yet supported
warning: 'spi-builder-workspace': ignoring target 'AppMetricaLogTests' in package 'spi-builder-workspace'; C language in tests is not yet supported
warning: 'spi-builder-workspace': ignoring target 'AppMetricaKeychainTests' in package 'spi-builder-workspace'; C language in tests is not yet supported
warning: 'spi-builder-workspace': ignoring target 'AppMetricaHostStateTests' in package 'spi-builder-workspace'; C language in tests is not yet supported
warning: 'spi-builder-workspace': ignoring target 'AppMetricaEncodingUtilsTests' in package 'spi-builder-workspace'; C language in tests is not yet supported
warning: 'spi-builder-workspace': ignoring target 'AppMetricaCrashesTests' in package 'spi-builder-workspace'; C language in tests is not yet supported
warning: 'spi-builder-workspace': ignoring target 'AppMetricaCoreUtilsTests' in package 'spi-builder-workspace'; C language in tests is not yet supported
warning: 'spi-builder-workspace': ignoring target 'AppMetricaCoreTests' in package 'spi-builder-workspace'; C language in tests is not yet supported
warning: 'spi-builder-workspace': ignoring target 'AppMetricaAdSupportTests' in package 'spi-builder-workspace'; C language in tests is not yet supported
Building for debugging...
[Computing dependencies]
[Provisioning 1 / 68]
[Pre-planning 1 / 1889]
[Planning 451 / 1889]
[Planning 774 / 1889]
[Planning 961 / 1889]
[Planning 1210 / 1889]
[Planning 1510 / 1889]
[Planning 1790 / 1889]
[Planning deferred tasks]
[Describing: 1049 / 4265]
[Constructing 380 / 4265]
[Constructing 1065 / 4265]
[Starting]
[21 / 1179] KSCrashRecordingCore
[129 / 1179] AppMetricaProductFlow
[180 / 1179] AppMetricaKiwi-product
[225 / 1179]
In file included from <built-in>:1:
/host/spi-builder-workspace/.build/out/Intermediates.noindex/KSCrash.build/Debug-webassembly-wasm32/KSCrashRecordingCore-t.build/DerivedSources/resource_bundle_accessor.h:1:9: fatal error: 'Foundation/Foundation.h' file not found
    1 | #import <Foundation/Foundation.h>
      |         ^~~~~~~~~~~~~~~~~~~~~~~~~
1 error generated.
error: CompileC /host/spi-builder-workspace/.build/out/Intermediates.noindex/KSCrash.build/Debug-webassembly-wasm32/KSCrashRecordingCore-t.build/Objects-normal/wasm32/resource_bundle_accessor.o /host/spi-builder-workspace/.build/out/Intermediates.noindex/KSCrash.build/Debug-webassembly-wasm32/KSCrashRecordingCore-t.build/DerivedSources/resource_bundle_accessor.m normal wasm32 objective-c com.apple.compilers.llvm.clang.1_0.compiler failed with a nonzero exit code. Command line:     cd /host

    Using response file: /host/spi-builder-workspace/.build/out/Intermediates.noindex/KSCrash.build/Debug-webassembly-wasm32/KSCrashRecordingCore-t.build/Objects-normal/wasm32/6f95552a3397ee1cec971b90cf334075d5f321c3a3b0689ad55c3d1e24702600-common-args.resp

    /usr/bin/clang -x objective-c -target wasm32-unknown-wasip1 -fmessage-length\=0 -fdiagnostics-show-note-include-stack -fmacro-backtrace-limit\=0 -fcolor-diagnostics -Wno-trigraphs -Wno-missing-field-initializers -Wno-missing-prototypes -Wno-return-type -Wno-implicit-atomic-properties -Wno-objc-interface-ivars -Wno-arc-repeated-use-of-weak -Wno-missing-braces -Wparentheses -Wswitch -Wno-unused-function -Wno-unused-label -Wno-unused-parameter -Wno-unused-variable -Wunused-value -Wno-empty-body -Wno-uninitialized -Wno-unknown-pragmas -w -Wno-shadow -Wno-four-char-constants -Wno-conversion -Wno-constant-conversion -Wno-int-conversion -Wno-bool-conversion -Wno-enum-conversion -Wno-float-conversion -Wno-non-literal-null-conversion -Wno-objc-literal-conversion -Wno-shorten-64-to-32 -Wpointer-sign -Wno-newline-eof -Wno-selector -Wno-strict-selector-match -Wno-undeclared-selector -Wno-deprecated-implementations -Wno-implicit-fallthrough -fstrict-aliasing -Wprotocol -Wdeprecated-declarations -Wno-sign-conversion -Wno-infinite-recursion -Wno-comma -Wno-block-capture-autoreleasing -Wno-strict-prototypes -Wno-semicolon-before-method-body --sysroot /root/.swiftpm/swift-sdks/swift-6.4.x-DEVELOPMENT-SNAPSHOT-2026-09-04-a_wasm.artifactbundle/swift-6.4.x-DEVELOPMENT-SNAPSHOT-2026-09-04-a_wasm/wasm32-unknown-wasip1/WASI.sdk @/host/spi-builder-workspace/.build/out/Intermediates.noindex/KSCrash.build/Debug-webassembly-wasm32/KSCrashRecordingCore-t.build/Objects-normal/wasm32/6f95552a3397ee1cec971b90cf334075d5f321c3a3b0689ad55c3d1e24702600-common-args.resp -include /host/spi-builder-workspace/.build/out/Intermediates.noindex/KSCrash.build/Debug-webassembly-wasm32/KSCrashRecordingCore-t.build/DerivedSources/resource_bundle_accessor.h -MMD -MT dependencies -MF /host/spi-builder-workspace/.build/out/Intermediates.noindex/KSCrash.build/Debug-webassembly-wasm32/KSCrashRecordingCore-t.build/Objects-normal/wasm32/resource_bundle_accessor.d --serialize-diagnostics /host/spi-builder-workspace/.build/out/Intermediates.noindex/KSCrash.build/Debug-webassembly-wasm32/KSCrashRecordingCore-t.build/Objects-normal/wasm32/resource_bundle_accessor.dia -c /host/spi-builder-workspace/.build/out/Intermediates.noindex/KSCrash.build/Debug-webassembly-wasm32/KSCrashRecordingCore-t.build/DerivedSources/resource_bundle_accessor.m -o /host/spi-builder-workspace/.build/out/Intermediates.noindex/KSCrash.build/Debug-webassembly-wasm32/KSCrashRecordingCore-t.build/Objects-normal/wasm32/resource_bundle_accessor.o
[242 / 1180] KSCrashRecordingCore
In file included from /host/spi-builder-workspace/.build/checkouts/KSCrash/Sources/KSCrashRecordingCore/KSThread.c:27:
/host/spi-builder-workspace/.build/checkouts/KSCrash/Sources/KSCrashRecordingCore/include/KSThread.h:43:9: error: unknown type name 'uintptr_t'
   43 | typedef uintptr_t KSThread;
      |         ^
/host/spi-builder-workspace/.build/checkouts/KSCrash/Sources/KSCrashRecordingCore/KSThread.c:33:10: fatal error: 'dispatch/dispatch.h' file not found
   33 | #include <dispatch/dispatch.h>
      |          ^~~~~~~~~~~~~~~~~~~~~
2 errors generated.
error: CompileC /host/spi-builder-workspace/.build/out/Intermediates.noindex/KSCrash.build/Debug-webassembly-wasm32/KSCrashRecordingCore-t.build/Objects-normal/wasm32/KSThread.o /host/spi-builder-workspace/.build/checkouts/KSCrash/Sources/KSCrashRecordingCore/KSThread.c normal wasm32 c com.apple.compilers.llvm.clang.1_0.compiler failed with a nonzero exit code. Command line:     cd /host

    Using response file: /host/spi-builder-workspace/.build/out/Intermediates.noindex/KSCrash.build/Debug-webassembly-wasm32/KSCrashRecordingCore-t.build/Objects-normal/wasm32/9f65232cb83f8421e3a495a5062eba382369c975104ee97bafc405ab795bfc5e-common-args.resp

    /usr/bin/clang -x c -target wasm32-unknown-wasip1 -fmessage-length\=0 -fdiagnostics-show-note-include-stack -fmacro-backtrace-limit\=0 -fcolor-diagnostics -Wno-trigraphs -Wno-missing-field-initializers -Wno-missing-prototypes -Wno-return-type -Wno-missing-braces -Wparentheses -Wswitch -Wno-unused-function -Wno-unused-label -Wno-unused-parameter -Wno-unused-variable -Wunused-value -Wno-empty-body -Wno-uninitialized -Wno-unknown-pragmas -w -Wno-shadow -Wno-four-char-constants -Wno-conversion -Wno-constant-conversion -Wno-int-conversion -Wno-bool-conversion -Wno-enum-conversion -Wno-float-conversion -Wno-non-literal-null-conversion -Wno-objc-literal-conversion -Wno-shorten-64-to-32 -Wpointer-sign -Wno-newline-eof -Wno-implicit-fallthrough -fstrict-aliasing -Wdeprecated-declarations -Wno-sign-conversion -Wno-infinite-recursion -Wno-comma -Wno-block-capture-autoreleasing -Wno-strict-prototypes -Wno-semicolon-before-method-body --sysroot /root/.swiftpm/swift-sdks/swift-6.4.x-DEVELOPMENT-SNAPSHOT-2026-09-04-a_wasm.artifactbundle/swift-6.4.x-DEVELOPMENT-SNAPSHOT-2026-09-04-a_wasm/wasm32-unknown-wasip1/WASI.sdk @/host/spi-builder-workspace/.build/out/Intermediates.noindex/KSCrash.build/Debug-webassembly-wasm32/KSCrashRecordingCore-t.build/Objects-normal/wasm32/9f65232cb83f8421e3a495a5062eba382369c975104ee97bafc405ab795bfc5e-common-args.resp -MMD -MT dependencies -MF /host/spi-builder-workspace/.build/out/Intermediates.noindex/KSCrash.build/Debug-webassembly-wasm32/KSCrashRecordingCore-t.build/Objects-normal/wasm32/KSThread.d --serialize-diagnostics /host/spi-builder-workspace/.build/out/Intermediates.noindex/KSCrash.build/Debug-webassembly-wasm32/KSCrashRecordingCore-t.build/Objects-normal/wasm32/KSThread.dia -c /host/spi-builder-workspace/.build/checkouts/KSCrash/Sources/KSCrashRecordingCore/KSThread.c -o /host/spi-builder-workspace/.build/out/Intermediates.noindex/KSCrash.build/Debug-webassembly-wasm32/KSCrashRecordingCore-t.build/Objects-normal/wasm32/KSThread.o
In file included from /host/spi-builder-workspace/.build/checkouts/KSCrash/Sources/KSCrashRecordingCore/KSStackCursor_SelfThread.c:25:
In file included from /host/spi-builder-workspace/.build/checkouts/KSCrash/Sources/KSCrashRecordingCore/include/KSStackCursor_SelfThread.h:29:
In file included from /host/spi-builder-workspace/.build/checkouts/KSCrash/Sources/KSCrashRecordingCore/include/KSStackCursor.h:32:
/host/spi-builder-workspace/.build/checkouts/KSCrash/Sources/KSCrashRecordingCore/include/KSMachineContext.h:30:10: fatal error: 'mach/mach.h' file not found
   30 | #include <mach/mach.h>
      |          ^~~~~~~~~~~~~
1 error generated.
error: CompileC /host/spi-builder-workspace/.build/out/Intermediates.noindex/KSCrash.build/Debug-webassembly-wasm32/KSCrashRecordingCore-t.build/Objects-normal/wasm32/KSStackCursor_SelfThread.o /host/spi-builder-workspace/.build/checkouts/KSCrash/Sources/KSCrashRecordingCore/KSStackCursor_SelfThread.c normal wasm32 c com.apple.compilers.llvm.clang.1_0.compiler failed with a nonzero exit code. Command line:     cd /host

    Using response file: /host/spi-builder-workspace/.build/out/Intermediates.noindex/KSCrash.build/Debug-webassembly-wasm32/KSCrashRecordingCore-t.build/Objects-normal/wasm32/9f65232cb83f8421e3a495a5062eba382369c975104ee97bafc405ab795bfc5e-common-args.resp

    /usr/bin/clang -x c -target wasm32-unknown-wasip1 -fmessage-length\=0 -fdiagnostics-show-note-include-stack -fmacro-backtrace-limit\=0 -fcolor-diagnostics -Wno-trigraphs -Wno-missing-field-initializers -Wno-missing-prototypes -Wno-return-type -Wno-missing-braces -Wparentheses -Wswitch -Wno-unused-function -Wno-unused-label -Wno-unused-parameter -Wno-unused-variable -Wunused-value -Wno-empty-body -Wno-uninitialized -Wno-unknown-pragmas -w -Wno-shadow -Wno-four-char-constants -Wno-conversion -Wno-constant-conversion -Wno-int-conversion -Wno-bool-conversion -Wno-enum-conversion -Wno-float-conversion -Wno-non-literal-null-conversion -Wno-objc-literal-conversion -Wno-shorten-64-to-32 -Wpointer-sign -Wno-newline-eof -Wno-implicit-fallthrough -fstrict-aliasing -Wdeprecated-declarations -Wno-sign-conversion -Wno-infinite-recursion -Wno-comma -Wno-block-capture-autoreleasing -Wno-strict-prototypes -Wno-semicolon-before-method-body --sysroot /root/.swiftpm/swift-sdks/swift-6.4.x-DEVELOPMENT-SNAPSHOT-2026-09-04-a_wasm.artifactbundle/swift-6.4.x-DEVELOPMENT-SNAPSHOT-2026-09-04-a_wasm/wasm32-unknown-wasip1/WASI.sdk @/host/spi-builder-workspace/.build/out/Intermediates.noindex/KSCrash.build/Debug-webassembly-wasm32/KSCrashRecordingCore-t.build/Objects-normal/wasm32/9f65232cb83f8421e3a495a5062eba382369c975104ee97bafc405ab795bfc5e-common-args.resp -MMD -MT dependencies -MF /host/spi-builder-workspace/.build/out/Intermediates.noindex/KSCrash.build/Debug-webassembly-wasm32/KSCrashRecordingCore-t.build/Objects-normal/wasm32/KSStackCursor_SelfThread.d --serialize-diagnostics /host/spi-builder-workspace/.build/out/Intermediates.noindex/KSCrash.build/Debug-webassembly-wasm32/KSCrashRecordingCore-t.build/Objects-normal/wasm32/KSStackCursor_SelfThread.dia -c /host/spi-builder-workspace/.build/checkouts/KSCrash/Sources/KSCrashRecordingCore/KSStackCursor_SelfThread.c -o /host/spi-builder-workspace/.build/out/Intermediates.noindex/KSCrash.build/Debug-webassembly-wasm32/KSCrashRecordingCore-t.build/Objects-normal/wasm32/KSStackCursor_SelfThread.o
error: Build failed
BUILD FAILURE 6.4 wasm