Build Information
Failed to build SlideOverCard, reference 3.0.1 (e38be0), with Swift 6.4 for tvOS using Xcode 27.0 on 20 Sep 2026 12:21:39 UTC.
Build Command
env DEVELOPER_DIR=/Applications/Xcode-27.0.0-Release.Candidate.app xcrun xcodebuild -IDEClonedSourcePackagesDirPathOverride=$PWD/.dependencies -skipMacroValidation -skipPackagePluginValidation -derivedDataPath $PWD/.derivedData build -scheme SlideOverCard -destination generic/platform=tvOSBuild Log
========================================
RunAll
========================================
Builder version: 5.1.0
Interrupt handler set up.
========================================
Checkout
========================================
Clone URL: https://github.com/joogps/SlideOverCard.git
Reference: 3.0.1
Initialized empty Git repository in /Users/admin/builder/spi-builder-workspace/.git/
From https://github.com/joogps/SlideOverCard
* tag 3.0.1 -> FETCH_HEAD
HEAD is now at e38be07 Update SOCModifier.swift
Cloned https://github.com/joogps/SlideOverCard.git
Revision (git rev-parse @):
e38be074ab7a5b46d0a18f550bf94972a0f582c6
SUCCESS checkout https://github.com/joogps/SlideOverCard.git at 3.0.1
========================================
Build
========================================
Selected platform: tvOS
Swift version: 6.4
Building package at path: $PWD
https://github.com/joogps/SlideOverCard.git
Command line invocation:
/Applications/Xcode-27.0.0-Release.Candidate.app/Contents/Developer/usr/bin/xcodebuild -IDEClonedSourcePackagesDirPathOverride=/Users/admin/builder/spi-builder-workspace/.dependencies -resolvePackageDependencies
Resolve Package Graph
Resolve Package Graph
Resolved source packages:
SlideOverCard: /Users/admin/builder/spi-builder-workspace
resolved source packages: SlideOverCard
2026-09-20 08:20:48.372 xcodebuild[529:3036] [MT] IDERunDestination: Supported platforms for the buildables in the current scheme is empty.
{
"dependencies" : [
],
"manifest_display_name" : "SlideOverCard",
"name" : "SlideOverCard",
"path" : "/Users/admin/builder/spi-builder-workspace",
"platforms" : [
{
"name" : "ios",
"version" : "13.0"
}
],
"products" : [
{
"name" : "SlideOverCard",
"targets" : [
"SlideOverCard"
],
"type" : {
"library" : [
"automatic"
]
}
}
],
"targets" : [
{
"c99name" : "SlideOverCard",
"module_type" : "SwiftTarget",
"name" : "SlideOverCard",
"path" : "Sources/SlideOverCard",
"product_memberships" : [
"SlideOverCard"
],
"sources" : [
"Accessories.swift",
"Helper/Animation+Default.swift",
"Helper/ColorScheme+UIKit.swift",
"Helper/UIScreen+CornerRadius.swift",
"Helper/UIWindow+TopViewController.swift",
"Helper/View+Modifiers.swift",
"Helper/WindowAccessor.swift",
"SOCManager.swift",
"SOCModel.swift",
"SOCModifier.swift",
"SOCOptions.swift",
"SOCStyle.swift",
"SlideOverCard.swift"
],
"type" : "library"
}
],
"tools_version" : "5.3"
}
{
"workspace" : {
"name" : "SlideOverCard",
"schemes" : [
"SlideOverCard"
]
}
}
2026-09-20 08:21:29.058 xcodebuild[647:4139] [MT] IDERunDestination: Supported platforms for the buildables in the current scheme is empty.
Running build ...
env DEVELOPER_DIR=/Applications/Xcode-27.0.0-Release.Candidate.app xcrun xcodebuild -IDEClonedSourcePackagesDirPathOverride=$PWD/.dependencies -skipMacroValidation -skipPackagePluginValidation -derivedDataPath $PWD/.derivedData build -scheme SlideOverCard -destination generic/platform=tvOS
Command line invocation:
/Applications/Xcode-27.0.0-Release.Candidate.app/Contents/Developer/usr/bin/xcodebuild -IDEClonedSourcePackagesDirPathOverride=/Users/admin/builder/spi-builder-workspace/.dependencies -skipMacroValidation -skipPackagePluginValidation -derivedDataPath /Users/admin/builder/spi-builder-workspace/.derivedData build -scheme SlideOverCard -destination generic/platform=tvOS
Resolve Package Graph
Resolved source packages:
SlideOverCard: /Users/admin/builder/spi-builder-workspace
ComputePackagePrebuildTargetDependencyGraph
Prepare packages
CreateBuildRequest
SendProjectDescription
CreateBuildOperation
ComputeTargetDependencyGraph
note: Building targets in dependency order
note: Target dependency graph (2 targets)
Target 'SlideOverCard-product' in project 'SlideOverCard'
➜ Explicit dependency on target 'SlideOverCard' in project 'SlideOverCard'
Target 'SlideOverCard' in project 'SlideOverCard' (no dependencies)
GatherProvisioningInputs
CreateBuildDescription
ExecuteExternalTool /Applications/Xcode-27.0.0-Release.Candidate.app/Contents/Developer/Toolchains/XcodeDefault.xctoolchain/usr/bin/clang -v -E -dM -isysroot /Applications/Xcode-27.0.0-Release.Candidate.app/Contents/Developer/Platforms/AppleTVOS.platform/Developer/SDKs/AppleTVOS27.0.sdk -x c -c /dev/null
ExecuteExternalTool /Applications/Xcode-27.0.0-Release.Candidate.app/Contents/Developer/Toolchains/XcodeDefault.xctoolchain/usr/bin/swiftc --version
ExecuteExternalTool /Applications/Xcode-27.0.0-Release.Candidate.app/Contents/Developer/Toolchains/XcodeDefault.xctoolchain/usr/bin/ld -version_details
Build description signature: 386b0661f7a67c9f7222ea8441542002
Build description path: /Users/admin/builder/spi-builder-workspace/.derivedData/Build/Intermediates.noindex/XCBuildData/386b0661f7a67c9f7222ea8441542002.xcbuilddata
CreateBuildDirectory /Users/admin/builder/spi-builder-workspace/.derivedData/SDKExplicitPrecompiledModules
cd /Users/admin/builder/spi-builder-workspace/.swiftpm/xcode
builtin-create-build-directory /Users/admin/builder/spi-builder-workspace/.derivedData/SDKExplicitPrecompiledModules
CreateBuildDirectory /Users/admin/builder/spi-builder-workspace/.derivedData/ModuleCache.noindex
cd /Users/admin/builder/spi-builder-workspace/.swiftpm/xcode
builtin-create-build-directory /Users/admin/builder/spi-builder-workspace/.derivedData/ModuleCache.noindex
CreateBuildDirectory /Users/admin/builder/spi-builder-workspace/.derivedData/CompilationCache.noindex
cd /Users/admin/builder/spi-builder-workspace/.swiftpm/xcode
builtin-create-build-directory /Users/admin/builder/spi-builder-workspace/.derivedData/CompilationCache.noindex
CreateBuildDirectory /Users/admin/builder/spi-builder-workspace/.derivedData/Build/Intermediates.noindex
cd /Users/admin/builder/spi-builder-workspace/.swiftpm/xcode
builtin-create-build-directory /Users/admin/builder/spi-builder-workspace/.derivedData/Build/Intermediates.noindex
CreateBuildDirectory /Users/admin/builder/spi-builder-workspace/.derivedData/Build/Products
cd /Users/admin/builder/spi-builder-workspace/.swiftpm/xcode
builtin-create-build-directory /Users/admin/builder/spi-builder-workspace/.derivedData/Build/Products
ClangStatCache /Applications/Xcode-27.0.0-Release.Candidate.app/Contents/Developer/Toolchains/XcodeDefault.xctoolchain/usr/bin/clang-stat-cache /Applications/Xcode-27.0.0-Release.Candidate.app/Contents/Developer/Platforms/AppleTVOS.platform/Developer/SDKs/AppleTVOS27.0.sdk /Users/admin/builder/spi-builder-workspace/.derivedData/SDKStatCaches.noindex/appletvos27.0-24J360-e829b21a6f8c9b70876ba0858053c044b32bfd8d43560033f8d89884cdb90028.sdkstatcache
cd /Users/admin/builder/spi-builder-workspace/.swiftpm/xcode
/Applications/Xcode-27.0.0-Release.Candidate.app/Contents/Developer/Toolchains/XcodeDefault.xctoolchain/usr/bin/clang-stat-cache /Applications/Xcode-27.0.0-Release.Candidate.app/Contents/Developer/Platforms/AppleTVOS.platform/Developer/SDKs/AppleTVOS27.0.sdk -o /Users/admin/builder/spi-builder-workspace/.derivedData/SDKStatCaches.noindex/appletvos27.0-24J360-e829b21a6f8c9b70876ba0858053c044b32bfd8d43560033f8d89884cdb90028.sdkstatcache
CreateBuildDirectory /Users/admin/builder/spi-builder-workspace/.derivedData/Build/Intermediates.noindex/SwiftExplicitPrecompiledModules
cd /Users/admin/builder/spi-builder-workspace/.swiftpm/xcode
builtin-create-build-directory /Users/admin/builder/spi-builder-workspace/.derivedData/Build/Intermediates.noindex/SwiftExplicitPrecompiledModules
CreateBuildDirectory /Users/admin/builder/spi-builder-workspace/.derivedData/Build/Intermediates.noindex/ExplicitPrecompiledModules
cd /Users/admin/builder/spi-builder-workspace/.swiftpm/xcode
builtin-create-build-directory /Users/admin/builder/spi-builder-workspace/.derivedData/Build/Intermediates.noindex/ExplicitPrecompiledModules
CreateBuildDirectory /Users/admin/builder/spi-builder-workspace/.derivedData/Build/Intermediates.noindex/PrecompiledHeaders
cd /Users/admin/builder/spi-builder-workspace/.swiftpm/xcode
builtin-create-build-directory /Users/admin/builder/spi-builder-workspace/.derivedData/Build/Intermediates.noindex/PrecompiledHeaders
CreateBuildDirectory /Users/admin/builder/spi-builder-workspace/.derivedData/Build/Products/Debug-appletvos
cd /Users/admin/builder/spi-builder-workspace/.swiftpm/xcode
builtin-create-build-directory /Users/admin/builder/spi-builder-workspace/.derivedData/Build/Products/Debug-appletvos
CreateBuildDirectory /Users/admin/builder/spi-builder-workspace/.derivedData/Build/Intermediates.noindex/EagerLinkingTBDs/Debug-appletvos
cd /Users/admin/builder/spi-builder-workspace/.swiftpm/xcode
builtin-create-build-directory /Users/admin/builder/spi-builder-workspace/.derivedData/Build/Intermediates.noindex/EagerLinkingTBDs/Debug-appletvos
CreateBuildDirectory /Users/admin/builder/spi-builder-workspace/.derivedData/Build/Products/Debug-appletvos/PackageFrameworks
cd /Users/admin/builder/spi-builder-workspace/.swiftpm/xcode
builtin-create-build-directory /Users/admin/builder/spi-builder-workspace/.derivedData/Build/Products/Debug-appletvos/PackageFrameworks
WriteAuxiliaryFile /Users/admin/builder/spi-builder-workspace/.derivedData/Build/Intermediates.noindex/SlideOverCard.build/Debug-appletvos/SlideOverCard-t.build/SlideOverCard.DependencyStaticMetadataFileList (in target 'SlideOverCard' from project 'SlideOverCard')
cd /Users/admin/builder/spi-builder-workspace
write-file /Users/admin/builder/spi-builder-workspace/.derivedData/Build/Intermediates.noindex/SlideOverCard.build/Debug-appletvos/SlideOverCard-t.build/SlideOverCard.DependencyStaticMetadataFileList
WriteAuxiliaryFile /Users/admin/builder/spi-builder-workspace/.derivedData/Build/Intermediates.noindex/SlideOverCard.build/Debug-appletvos/SlideOverCard-t.build/SlideOverCard.DependencyMetadataFileList (in target 'SlideOverCard' from project 'SlideOverCard')
cd /Users/admin/builder/spi-builder-workspace
write-file /Users/admin/builder/spi-builder-workspace/.derivedData/Build/Intermediates.noindex/SlideOverCard.build/Debug-appletvos/SlideOverCard-t.build/SlideOverCard.DependencyMetadataFileList
WriteAuxiliaryFile /Users/admin/builder/spi-builder-workspace/.derivedData/Build/Intermediates.noindex/SlideOverCard.build/Debug-appletvos/SlideOverCard-t.build/SlideOverCard.modulemap (in target 'SlideOverCard' from project 'SlideOverCard')
cd /Users/admin/builder/spi-builder-workspace
write-file /Users/admin/builder/spi-builder-workspace/.derivedData/Build/Intermediates.noindex/SlideOverCard.build/Debug-appletvos/SlideOverCard-t.build/SlideOverCard.modulemap
WriteAuxiliaryFile /Users/admin/builder/spi-builder-workspace/.derivedData/Build/Intermediates.noindex/SlideOverCard.build/Debug-appletvos/SlideOverCard-t.build/Objects-normal/arm64/SlideOverCard.LinkFileList (in target 'SlideOverCard' from project 'SlideOverCard')
cd /Users/admin/builder/spi-builder-workspace
write-file /Users/admin/builder/spi-builder-workspace/.derivedData/Build/Intermediates.noindex/SlideOverCard.build/Debug-appletvos/SlideOverCard-t.build/Objects-normal/arm64/SlideOverCard.LinkFileList
WriteAuxiliaryFile /Users/admin/builder/spi-builder-workspace/.derivedData/Build/Intermediates.noindex/SlideOverCard.build/Debug-appletvos/SlideOverCard-t.build/Objects-normal/arm64/SlideOverCard.SwiftFileList (in target 'SlideOverCard' from project 'SlideOverCard')
cd /Users/admin/builder/spi-builder-workspace
write-file /Users/admin/builder/spi-builder-workspace/.derivedData/Build/Intermediates.noindex/SlideOverCard.build/Debug-appletvos/SlideOverCard-t.build/Objects-normal/arm64/SlideOverCard.SwiftFileList
WriteAuxiliaryFile /Users/admin/builder/spi-builder-workspace/.derivedData/Build/Intermediates.noindex/SlideOverCard.build/Debug-appletvos/SlideOverCard-t.build/Objects-normal/arm64/SlideOverCard.SwiftConstValuesFileList (in target 'SlideOverCard' from project 'SlideOverCard')
cd /Users/admin/builder/spi-builder-workspace
write-file /Users/admin/builder/spi-builder-workspace/.derivedData/Build/Intermediates.noindex/SlideOverCard.build/Debug-appletvos/SlideOverCard-t.build/Objects-normal/arm64/SlideOverCard.SwiftConstValuesFileList
WriteAuxiliaryFile /Users/admin/builder/spi-builder-workspace/.derivedData/Build/Intermediates.noindex/SlideOverCard.build/Debug-appletvos/SlideOverCard-t.build/Objects-normal/arm64/SlideOverCard_const_extract_protocols.json (in target 'SlideOverCard' from project 'SlideOverCard')
cd /Users/admin/builder/spi-builder-workspace
write-file /Users/admin/builder/spi-builder-workspace/.derivedData/Build/Intermediates.noindex/SlideOverCard.build/Debug-appletvos/SlideOverCard-t.build/Objects-normal/arm64/SlideOverCard_const_extract_protocols.json
WriteAuxiliaryFile /Users/admin/builder/spi-builder-workspace/.derivedData/Build/Intermediates.noindex/SlideOverCard.build/Debug-appletvos/SlideOverCard-t.build/Objects-normal/arm64/SlideOverCard-OutputFileMap.json (in target 'SlideOverCard' from project 'SlideOverCard')
cd /Users/admin/builder/spi-builder-workspace
write-file /Users/admin/builder/spi-builder-workspace/.derivedData/Build/Intermediates.noindex/SlideOverCard.build/Debug-appletvos/SlideOverCard-t.build/Objects-normal/arm64/SlideOverCard-OutputFileMap.json
Copy /Users/admin/builder/spi-builder-workspace/.derivedData/Build/Intermediates.noindex/GeneratedModuleMaps-appletvos/SlideOverCard.modulemap /Users/admin/builder/spi-builder-workspace/.derivedData/Build/Intermediates.noindex/SlideOverCard.build/Debug-appletvos/SlideOverCard-t.build/SlideOverCard.modulemap (in target 'SlideOverCard' from project 'SlideOverCard')
cd /Users/admin/builder/spi-builder-workspace
builtin-copy -exclude .DS_Store -exclude CVS -exclude .svn -exclude .git -exclude .hg -resolve-src-symlinks /Users/admin/builder/spi-builder-workspace/.derivedData/Build/Intermediates.noindex/SlideOverCard.build/Debug-appletvos/SlideOverCard-t.build/SlideOverCard.modulemap /Users/admin/builder/spi-builder-workspace/.derivedData/Build/Intermediates.noindex/GeneratedModuleMaps-appletvos
SwiftDriver SlideOverCard normal arm64 com.apple.xcode.tools.swift.compiler (in target 'SlideOverCard' from project 'SlideOverCard')
cd /Users/admin/builder/spi-builder-workspace/.swiftpm/xcode
builtin-SwiftDriver -- /Applications/Xcode-27.0.0-Release.Candidate.app/Contents/Developer/Toolchains/XcodeDefault.xctoolchain/usr/bin/swiftc -parse-as-library -module-name SlideOverCard -Onone @/Users/admin/builder/spi-builder-workspace/.derivedData/Build/Intermediates.noindex/SlideOverCard.build/Debug-appletvos/SlideOverCard-t.build/Objects-normal/arm64/SlideOverCard.SwiftFileList -DSWIFT_PACKAGE -DDEBUG -DSWIFT_MODULE_RESOURCE_BUNDLE_UNAVAILABLE -DXcode -plugin-path /Applications/Xcode-27.0.0-Release.Candidate.app/Contents/Developer/Toolchains/XcodeDefault.xctoolchain/usr/lib/swift/host/plugins/testing -enable-experimental-feature DebugDescriptionMacro -sdk /Applications/Xcode-27.0.0-Release.Candidate.app/Contents/Developer/Platforms/AppleTVOS.platform/Developer/SDKs/AppleTVOS27.0.sdk -target arm64-apple-tvos15.0 -g -module-cache-path /Users/admin/builder/spi-builder-workspace/.derivedData/ModuleCache.noindex -Xfrontend -serialize-debugging-options -enable-testing -index-store-path /Users/admin/builder/spi-builder-workspace/.derivedData/Index.noindex/DataStore -Xcc -D_LIBCPP_HARDENING_MODE\=_LIBCPP_HARDENING_MODE_DEBUG -swift-version 5 -I /Users/admin/builder/spi-builder-workspace/.derivedData/Build/Products/Debug-appletvos -Isystem /Applications/Xcode-27.0.0-Release.Candidate.app/Contents/Developer/Platforms/AppleTVOS.platform/Developer/usr/lib -F /Users/admin/builder/spi-builder-workspace/.derivedData/Build/Products/Debug-appletvos -F /Applications/Xcode-27.0.0-Release.Candidate.app/Contents/Developer/Platforms/AppleTVOS.platform/Developer/Library/Frameworks -F /Applications/Xcode-27.0.0-Release.Candidate.app/Contents/Developer/Platforms/AppleTVOS.platform/Developer/SDKs/AppleTVOS27.0.sdk/Developer/Library/Frameworks -c -j10 -enable-batch-mode -incremental -Xcc -ivfsstatcache -Xcc /Users/admin/builder/spi-builder-workspace/.derivedData/SDKStatCaches.noindex/appletvos27.0-24J360-e829b21a6f8c9b70876ba0858053c044b32bfd8d43560033f8d89884cdb90028.sdkstatcache -output-file-map /Users/admin/builder/spi-builder-workspace/.derivedData/Build/Intermediates.noindex/SlideOverCard.build/Debug-appletvos/SlideOverCard-t.build/Objects-normal/arm64/SlideOverCard-OutputFileMap.json -save-temps -no-color-diagnostics -explicit-module-build -module-cache-path /Users/admin/builder/spi-builder-workspace/.derivedData/Build/Intermediates.noindex/SwiftExplicitPrecompiledModules -clang-scanner-module-cache-path /Users/admin/builder/spi-builder-workspace/.derivedData/ModuleCache.noindex -sdk-module-cache-path /Users/admin/builder/spi-builder-workspace/.derivedData/SDKExplicitPrecompiledModules -emit-dependencies -emit-module -emit-module-path /Users/admin/builder/spi-builder-workspace/.derivedData/Build/Intermediates.noindex/SlideOverCard.build/Debug-appletvos/SlideOverCard-t.build/Objects-normal/arm64/SlideOverCard.swiftmodule -serialize-diagnostics -dependency-scan-serialize-diagnostics-path /Users/admin/builder/spi-builder-workspace/.derivedData/Build/Intermediates.noindex/SlideOverCard.build/Debug-appletvos/SlideOverCard-t.build/Objects-normal/arm64/SlideOverCard-dependency-scan.dia -validate-clang-modules-once -clang-build-session-file /Users/admin/builder/spi-builder-workspace/.derivedData/ModuleCache.noindex/Session.modulevalidation -Xcc -fmodules-prune-interval\=86400 -Xcc -fmodules-prune-after\=345600 -emit-const-values -const-gather-protocols-list /Users/admin/builder/spi-builder-workspace/.derivedData/Build/Intermediates.noindex/SlideOverCard.build/Debug-appletvos/SlideOverCard-t.build/Objects-normal/arm64/SlideOverCard_const_extract_protocols.json -Xcc -I/Users/admin/builder/spi-builder-workspace/.derivedData/Build/Products/Debug-appletvos/include -Xcc -I/Users/admin/builder/spi-builder-workspace/.derivedData/Build/Intermediates.noindex/SlideOverCard.build/Debug-appletvos/SlideOverCard-t.build/DerivedSources-normal/arm64 -Xcc -I/Users/admin/builder/spi-builder-workspace/.derivedData/Build/Intermediates.noindex/SlideOverCard.build/Debug-appletvos/SlideOverCard-t.build/DerivedSources/arm64 -Xcc -I/Users/admin/builder/spi-builder-workspace/.derivedData/Build/Intermediates.noindex/SlideOverCard.build/Debug-appletvos/SlideOverCard-t.build/DerivedSources -Xcc -DSWIFT_PACKAGE -Xcc -DDEBUG\=1 -emit-objc-header -emit-objc-header-path /Users/admin/builder/spi-builder-workspace/.derivedData/Build/Intermediates.noindex/SlideOverCard.build/Debug-appletvos/SlideOverCard-t.build/Objects-normal/arm64/SlideOverCard-Swift.h -working-directory /Users/admin/builder/spi-builder-workspace/.swiftpm/xcode -experimental-emit-module-separately -disable-cmo
SwiftExplicitDependencyGeneratePcm arm64 /Users/admin/builder/spi-builder-workspace/.derivedData/SDKExplicitPrecompiledModules/ptrauth-8X2KEPL7CTRPS40TUB9APHPK6.pcm
SwiftExplicitDependencyGeneratePcm arm64 /Users/admin/builder/spi-builder-workspace/.derivedData/SDKExplicitPrecompiledModules/_Builtin_stdarg-BO2OCAUYVAXDRVQWQ8ISKGNUQ.pcm
SwiftExplicitDependencyGeneratePcm arm64 /Users/admin/builder/spi-builder-workspace/.derivedData/SDKExplicitPrecompiledModules/SwiftShims-8N4EXJ4RUJTR8K9OO3CMOH1EP.pcm
SwiftExplicitDependencyGeneratePcm arm64 /Users/admin/builder/spi-builder-workspace/.derivedData/SDKExplicitPrecompiledModules/DeveloperToolsSupport-B1X8RI63V48AJRTH2RK6JAARV.pcm
SwiftExplicitDependencyGeneratePcm arm64 /Users/admin/builder/spi-builder-workspace/.derivedData/SDKExplicitPrecompiledModules/_Builtin_stddef-9ZJZ6FDEZNKTZU8YLPMFT9RAQ.pcm
SwiftExplicitDependencyGeneratePcm arm64 /Users/admin/builder/spi-builder-workspace/.derivedData/SDKExplicitPrecompiledModules/_Builtin_float-8ZJAYZ85YBOAOP52Y9H6IUNP3.pcm
SwiftExplicitDependencyGeneratePcm arm64 /Users/admin/builder/spi-builder-workspace/.derivedData/SDKExplicitPrecompiledModules/_SwiftConcurrencyShims-BY5PD8KF1L5KF6F4Q69HE3TJ4.pcm
SwiftExplicitDependencyGeneratePcm arm64 /Users/admin/builder/spi-builder-workspace/.derivedData/SDKExplicitPrecompiledModules/_Builtin_stdbool-AHRDH5EKLY6D04C5E42F3VCQI.pcm
SwiftExplicitDependencyGeneratePcm arm64 /Users/admin/builder/spi-builder-workspace/.derivedData/SDKExplicitPrecompiledModules/ptrcheck-2AZ6B5IBYD3RRRTFWN2ONASY3.pcm
SwiftExplicitDependencyGeneratePcm arm64 /Users/admin/builder/spi-builder-workspace/.derivedData/SDKExplicitPrecompiledModules/_AvailabilityInternal-BV2EDDP0MI5QJDDPEEV4D9D3V.pcm
SwiftExplicitDependencyGeneratePcm arm64 /Users/admin/builder/spi-builder-workspace/.derivedData/SDKExplicitPrecompiledModules/_DarwinFoundation1-JOTYMOA1YZCIJ2NON6FQ848O.pcm
SwiftExplicitDependencyGeneratePcm arm64 /Users/admin/builder/spi-builder-workspace/.derivedData/SDKExplicitPrecompiledModules/_DarwinFoundation2-AOGAN1O02NKXRJN5V73AV3V3M.pcm
SwiftExplicitDependencyGeneratePcm arm64 /Users/admin/builder/spi-builder-workspace/.derivedData/SDKExplicitPrecompiledModules/_Builtin_limits-7JU2HP127LIT1X9E2V3D8WZ1.pcm
SwiftExplicitDependencyGeneratePcm arm64 /Users/admin/builder/spi-builder-workspace/.derivedData/SDKExplicitPrecompiledModules/sys_types-8GCAV1YMG5UUGHUID3CA20TCH.pcm
SwiftExplicitDependencyGeneratePcm arm64 /Users/admin/builder/spi-builder-workspace/.derivedData/SDKExplicitPrecompiledModules/string_h-6EVHP7A717OUS5DMC78F79HWO.pcm
SwiftExplicitDependencyGeneratePcm arm64 /Users/admin/builder/spi-builder-workspace/.derivedData/SDKExplicitPrecompiledModules/_Builtin_tgmath-7ULT1EUHDHW4OZPSTT33H6QGE.pcm
SwiftExplicitDependencyGeneratePcm arm64 /Users/admin/builder/spi-builder-workspace/.derivedData/SDKExplicitPrecompiledModules/_Builtin_stdint-6NFTB6IBKS143IVPGT1EKB7HO.pcm
SwiftExplicitDependencyGeneratePcm arm64 /Users/admin/builder/spi-builder-workspace/.derivedData/SDKExplicitPrecompiledModules/_DarwinFoundation3-8SR3855WDFHQPR6G9GHOI2C07.pcm
SwiftExplicitDependencyGeneratePcm arm64 /Users/admin/builder/spi-builder-workspace/.derivedData/SDKExplicitPrecompiledModules/_Builtin_intrinsics-437O2R2NID4WAQVENR63GR82C.pcm
SwiftExplicitDependencyGeneratePcm arm64 /Users/admin/builder/spi-builder-workspace/.derivedData/SDKExplicitPrecompiledModules/_Builtin_stdatomic-3YXHN678NGYM3NL9POJ2HVEIF.pcm
SwiftExplicitDependencyGeneratePcm arm64 /Users/admin/builder/spi-builder-workspace/.derivedData/SDKExplicitPrecompiledModules/_Builtin_inttypes-6X1IQ3QK9KEVKXOK9Y79EW7J3.pcm
SwiftExplicitDependencyGeneratePcm arm64 /Users/admin/builder/spi-builder-workspace/.derivedData/SDKExplicitPrecompiledModules/Darwin-DBSQAVBBPC3D2OMU5ZI2RXMST.pcm
SwiftExplicitDependencyGeneratePcm arm64 /Users/admin/builder/spi-builder-workspace/.derivedData/SDKExplicitPrecompiledModules/simd-117QUXEUT3Z7UQCUYWV2UA228.pcm
SwiftExplicitDependencyGeneratePcm arm64 /Users/admin/builder/spi-builder-workspace/.derivedData/SDKExplicitPrecompiledModules/MachO-EH3F5PJCIZG05NO51CEFSZYPW.pcm
SwiftExplicitDependencyGeneratePcm arm64 /Users/admin/builder/spi-builder-workspace/.derivedData/SDKExplicitPrecompiledModules/ObjectiveC-5250FDCE56N8508OR6XUYDKZM.pcm
SwiftExplicitDependencyGeneratePcm arm64 /Users/admin/builder/spi-builder-workspace/.derivedData/SDKExplicitPrecompiledModules/os_object-E2DGZ0SX0TULQHULZRPO6OKNW.pcm
SwiftExplicitDependencyGeneratePcm arm64 /Users/admin/builder/spi-builder-workspace/.derivedData/SDKExplicitPrecompiledModules/os_workgroup-DBUFF7811DKMX7VPBOJPGGF1U.pcm
SwiftExplicitDependencyGeneratePcm arm64 /Users/admin/builder/spi-builder-workspace/.derivedData/SDKExplicitPrecompiledModules/Dispatch-1QL58A0V50C39KVAIC6C38SHL.pcm
SwiftExplicitDependencyGeneratePcm arm64 /Users/admin/builder/spi-builder-workspace/.derivedData/SDKExplicitPrecompiledModules/Spatial-7U8NLEFXSB8BR7PJQGVMF5A4Q.pcm
SwiftExplicitDependencyGeneratePcm arm64 /Users/admin/builder/spi-builder-workspace/.derivedData/SDKExplicitPrecompiledModules/XPC-6O2DJFT3QUJ7QKTD3SNUB6PCR.pcm
SwiftExplicitDependencyGeneratePcm arm64 /Users/admin/builder/spi-builder-workspace/.derivedData/SDKExplicitPrecompiledModules/CoreFoundation-7TPJ7ENDC4L1A1ESHYI9TXS0D.pcm
SwiftExplicitDependencyGeneratePcm arm64 /Users/admin/builder/spi-builder-workspace/.derivedData/SDKExplicitPrecompiledModules/os-3GJI8H0BNAEZPQPQ1V0VVY3FY.pcm
SwiftExplicitDependencyGeneratePcm arm64 /Users/admin/builder/spi-builder-workspace/.derivedData/SDKExplicitPrecompiledModules/CFNetwork-2CUR2VK9S3S3WPFXPNXNUWYGN.pcm
SwiftExplicitDependencyGeneratePcm arm64 /Users/admin/builder/spi-builder-workspace/.derivedData/SDKExplicitPrecompiledModules/CoreGraphics-CWSP3J98S2658BYCVL6RP99T3.pcm
SwiftExplicitDependencyGeneratePcm arm64 /Users/admin/builder/spi-builder-workspace/.derivedData/SDKExplicitPrecompiledModules/Security-8VMXEKVDA3MHUH9AOTP905DID.pcm
SwiftExplicitDependencyGeneratePcm arm64 /Users/admin/builder/spi-builder-workspace/.derivedData/SDKExplicitPrecompiledModules/CoreAudioTypes-E7EH96HAL3G83QSWLT7VWYIP4.pcm
SwiftExplicitDependencyGeneratePcm arm64 /Users/admin/builder/spi-builder-workspace/.derivedData/SDKExplicitPrecompiledModules/CoreAudio-6IR1XRM0Q9YQZMFW89F3H4V3X.pcm
SwiftExplicitDependencyGeneratePcm arm64 /Users/admin/builder/spi-builder-workspace/.derivedData/SDKExplicitPrecompiledModules/Foundation-BSSIP64DIGUKMAYJOG1WPQ78X.pcm
SwiftExplicitDependencyGeneratePcm arm64 /Users/admin/builder/spi-builder-workspace/.derivedData/SDKExplicitPrecompiledModules/CoreText-59NY7PABM0I4V978161FOC04A.pcm
SwiftExplicitDependencyGeneratePcm arm64 /Users/admin/builder/spi-builder-workspace/.derivedData/SDKExplicitPrecompiledModules/ImageIO-88D4CLEBD4CLWQKT78PZ6H1O8.pcm
SwiftExplicitDependencyGeneratePcm arm64 /Users/admin/builder/spi-builder-workspace/.derivedData/SDKExplicitPrecompiledModules/Symbols-B5AU9VM9Y7NU79RLMH13Z4IFM.pcm
SwiftExplicitDependencyGeneratePcm arm64 /Users/admin/builder/spi-builder-workspace/.derivedData/SDKExplicitPrecompiledModules/UniformTypeIdentifiers-95CC8U42ZA9STP5K6GP9ZVJS5.pcm
SwiftExplicitDependencyGeneratePcm arm64 /Users/admin/builder/spi-builder-workspace/.derivedData/SDKExplicitPrecompiledModules/CoreTransferable-7V4O8DATEQ9F7SDNTCW8YWLG3.pcm
SwiftExplicitDependencyGeneratePcm arm64 /Users/admin/builder/spi-builder-workspace/.derivedData/SDKExplicitPrecompiledModules/_LocationEssentials-ETSJ65FELPWR8WH8G49R1DF2E.pcm
SwiftExplicitDependencyGeneratePcm arm64 /Users/admin/builder/spi-builder-workspace/.derivedData/SDKExplicitPrecompiledModules/DataDetection-37JIYZ2GWDA1L166PP1D9JKAF.pcm
SwiftExplicitDependencyGeneratePcm arm64 /Users/admin/builder/spi-builder-workspace/.derivedData/SDKExplicitPrecompiledModules/OSLog-7OT6HHTMY0ZFEQJ095LJZ6NLC.pcm
SwiftExplicitDependencyGeneratePcm arm64 /Users/admin/builder/spi-builder-workspace/.derivedData/SDKExplicitPrecompiledModules/CoreData-DYMPHH3PH8AX9I1FHA4VFJ675.pcm
SwiftExplicitDependencyGeneratePcm arm64 /Users/admin/builder/spi-builder-workspace/.derivedData/SDKExplicitPrecompiledModules/UIUtilities-6ZFJ1AK4H8IBGEBMYQBWGBYLK.pcm
SwiftExplicitDependencyGeneratePcm arm64 /Users/admin/builder/spi-builder-workspace/.derivedData/SDKExplicitPrecompiledModules/Accessibility-B6BODGZ4MQQTY0PBC4SHRP009.pcm
SwiftExplicitDependencyGeneratePcm arm64 /Users/admin/builder/spi-builder-workspace/.derivedData/SDKExplicitPrecompiledModules/IOSurface-38FJ1CKX9FV2RD97O64Z7QB17.pcm
SwiftExplicitDependencyGeneratePcm arm64 /Users/admin/builder/spi-builder-workspace/.derivedData/SDKExplicitPrecompiledModules/UserNotifications-E9ZW5TH066WIJWH9080RC5NG4.pcm
SwiftExplicitDependencyGeneratePcm arm64 /Users/admin/builder/spi-builder-workspace/.derivedData/SDKExplicitPrecompiledModules/CoreLocation-YVXXAOMVX0JH2KO1XTTKTY51.pcm
SwiftExplicitDependencyGeneratePcm arm64 /Users/admin/builder/spi-builder-workspace/.derivedData/SDKExplicitPrecompiledModules/OpenGLES-4NY99CNDU9WUNUYEIXSS1QFGE.pcm
SwiftExplicitDependencyGeneratePcm arm64 /Users/admin/builder/spi-builder-workspace/.derivedData/SDKExplicitPrecompiledModules/Metal-2KYBS7IML1SD788M91YV7Q0CC.pcm
SwiftExplicitDependencyGeneratePcm arm64 /Users/admin/builder/spi-builder-workspace/.derivedData/SDKExplicitPrecompiledModules/CoreVideo-DPU0PB5X0XLSVA2ETRGI6FJBM.pcm
SwiftExplicitDependencyGeneratePcm arm64 /Users/admin/builder/spi-builder-workspace/.derivedData/SDKExplicitPrecompiledModules/CoreImage-7S2AFJ8EIY3DUFYLEAX1JR1QV.pcm
SwiftExplicitDependencyGeneratePcm arm64 /Users/admin/builder/spi-builder-workspace/.derivedData/SDKExplicitPrecompiledModules/QuartzCore-DJSYAWKXFGVSAK5CQMOB3JSR.pcm
SwiftExplicitDependencyGeneratePcm arm64 /Users/admin/builder/spi-builder-workspace/.derivedData/SDKExplicitPrecompiledModules/CoreMedia-4OUKVT03LV547KZJDPPJRJ4F8.pcm
SwiftExplicitDependencyGeneratePcm arm64 /Users/admin/builder/spi-builder-workspace/.derivedData/SDKExplicitPrecompiledModules/SwiftUICore-543QU5V2NHKUFCYFJDKUJ7NYG.pcm
SwiftExplicitDependencyGeneratePcm arm64 /Users/admin/builder/spi-builder-workspace/.derivedData/SDKExplicitPrecompiledModules/UIKit-1TKWN7VC2X6N3ITMRVA2G0EB2.pcm
SwiftExplicitDependencyGeneratePcm arm64 /Users/admin/builder/spi-builder-workspace/.derivedData/SDKExplicitPrecompiledModules/SwiftUI-7BV1YDT6IZWW6B8OC6ENV0Y0F.pcm
SwiftEmitModule normal arm64 Emitting\ module\ for\ SlideOverCard (in target 'SlideOverCard' from project 'SlideOverCard')
SwiftCompile normal arm64 (in target 'SlideOverCard' from project 'SlideOverCard')
cd /Users/admin/builder/spi-builder-workspace/.swiftpm/xcode
/Users/admin/builder/spi-builder-workspace/Sources/SlideOverCard/SOCStyle.swift:35:35: error: 'systemGray6' is unavailable in tvOS
33 | outerPadding: CGFloat = 6.0,
34 | dimmingOpacity: CGFloat = 0.3,
35 | style: S = Color(.systemGray6)) {
| `- error: 'systemGray6' is unavailable in tvOS
36 | self.cornerRadii = cornerRadii
37 | self.continuous = continuous
/Applications/Xcode-27.0.0-Release.Candidate.app/Contents/Developer/Platforms/AppleTVOS.platform/Developer/SDKs/AppleTVOS27.0.sdk/System/Library/Frameworks/UIKit.framework/Headers/UIInterface.h:150:49: note: 'systemGray6' has been explicitly marked unavailable here
148 | @property (class, nonatomic, readonly) UIColor *systemGray4Color API_AVAILABLE(ios(13.0)) API_UNAVAILABLE(tvos, watchos);
149 | @property (class, nonatomic, readonly) UIColor *systemGray5Color API_AVAILABLE(ios(13.0)) API_UNAVAILABLE(tvos, watchos);
150 | @property (class, nonatomic, readonly) UIColor *systemGray6Color API_AVAILABLE(ios(13.0)) API_UNAVAILABLE(tvos, watchos);
| `- note: 'systemGray6' has been explicitly marked unavailable here
151 |
152 | #pragma mark Tint color
Failed frontend command:
/Applications/Xcode-27.0.0-Release.Candidate.app/Contents/Developer/Toolchains/XcodeDefault.xctoolchain/usr/bin/swift-frontend -frontend -emit-module -experimental-skip-non-inlinable-function-bodies-without-types /Users/admin/builder/spi-builder-workspace/Sources/SlideOverCard/Accessories.swift /Users/admin/builder/spi-builder-workspace/Sources/SlideOverCard/Helper/Animation+Default.swift /Users/admin/builder/spi-builder-workspace/Sources/SlideOverCard/Helper/ColorScheme+UIKit.swift /Users/admin/builder/spi-builder-workspace/Sources/SlideOverCard/Helper/UIScreen+CornerRadius.swift /Users/admin/builder/spi-builder-workspace/Sources/SlideOverCard/Helper/UIWindow+TopViewController.swift /Users/admin/builder/spi-builder-workspace/Sources/SlideOverCard/Helper/View+Modifiers.swift /Users/admin/builder/spi-builder-workspace/Sources/SlideOverCard/Helper/WindowAccessor.swift /Users/admin/builder/spi-builder-workspace/Sources/SlideOverCard/SOCManager.swift /Users/admin/builder/spi-builder-workspace/Sources/SlideOverCard/SOCModel.swift /Users/admin/builder/spi-builder-workspace/Sources/SlideOverCard/SOCModifier.swift /Users/admin/builder/spi-builder-workspace/Sources/SlideOverCard/SOCOptions.swift /Users/admin/builder/spi-builder-workspace/Sources/SlideOverCard/SOCStyle.swift /Users/admin/builder/spi-builder-workspace/Sources/SlideOverCard/SlideOverCard.swift -target arm64-apple-tvos15.0 -disable-cross-import-overlay-search -load-resolved-plugin /Applications/Xcode-27.0.0-Release.Candidate.app/Contents/Developer/Platforms/AppleTVOS.platform/Developer/usr/lib/swift/host/plugins/libFoundationMacros.dylib\#/Applications/Xcode-27.0.0-Release.Candidate.app/Contents/Developer/Platforms/AppleTVOS.platform/Developer/usr/bin/swift-plugin-server\#FoundationMacros -load-resolved-plugin /Applications/Xcode-27.0.0-Release.Candidate.app/Contents/Developer/Platforms/AppleTVOS.platform/Developer/usr/lib/swift/host/plugins/libObservationMacros.dylib\#/Applications/Xcode-27.0.0-Release.Candidate.app/Contents/Developer/Platforms/AppleTVOS.platform/Developer/usr/bin/swift-plugin-server\#ObservationMacros -load-resolved-plugin /Applications/Xcode-27.0.0-Release.Candidate.app/Contents/Developer/Platforms/AppleTVOS.platform/Developer/usr/lib/swift/host/plugins/libPreviewsMacros.dylib\#/Applications/Xcode-27.0.0-Release.Candidate.app/Contents/Developer/Platforms/AppleTVOS.platform/Developer/usr/bin/swift-plugin-server\#PreviewsMacros -load-resolved-plugin /Applications/Xcode-27.0.0-Release.Candidate.app/Contents/Developer/Platforms/AppleTVOS.platform/Developer/usr/lib/swift/host/plugins/libSwiftMacros.dylib\#/Applications/Xcode-27.0.0-Release.Candidate.app/Contents/Developer/Platforms/AppleTVOS.platform/Developer/usr/bin/swift-plugin-server\#SwiftMacros -load-resolved-plugin /Applications/Xcode-27.0.0-Release.Candidate.app/Contents/Developer/Platforms/AppleTVOS.platform/Developer/usr/lib/swift/host/plugins/libSwiftUIMacros.dylib\#/Applications/Xcode-27.0.0-Release.Candidate.app/Contents/Developer/Platforms/AppleTVOS.platform/Developer/usr/bin/swift-plugin-server\#SwiftUIMacros -disable-implicit-swift-modules -Xcc -fno-implicit-modules -Xcc -fno-implicit-module-maps -explicit-swift-module-map-file /Users/admin/builder/spi-builder-workspace/.derivedData/Build/Intermediates.noindex/SlideOverCard.build/Debug-appletvos/SlideOverCard-t.build/Objects-normal/arm64/SlideOverCard-dependencies-1.json -Xllvm -aarch64-use-tbi -enable-objc-interop -stack-check -sdk /Applications/Xcode-27.0.0-Release.Candidate.app/Contents/Developer/Platforms/AppleTVOS.platform/Developer/SDKs/AppleTVOS27.0.sdk -I /Users/admin/builder/spi-builder-workspace/.derivedData/Build/Products/Debug-appletvos -Isystem /Applications/Xcode-27.0.0-Release.Candidate.app/Contents/Developer/Platforms/AppleTVOS.platform/Developer/usr/lib -F /Users/admin/builder/spi-builder-workspace/.derivedData/Build/Products/Debug-appletvos -F /Applications/Xcode-27.0.0-Release.Candidate.app/Contents/Developer/Platforms/AppleTVOS.platform/Developer/Library/Frameworks -F /Applications/Xcode-27.0.0-Release.Candidate.app/Contents/Developer/Platforms/AppleTVOS.platform/Developer/SDKs/AppleTVOS27.0.sdk/Developer/Library/Frameworks -module-cache-path /Users/admin/builder/spi-builder-workspace/.derivedData/Build/Intermediates.noindex/SwiftExplicitPrecompiledModules -no-color-diagnostics -Xcc -fno-color-diagnostics -enable-testing -g -debug-info-format\=dwarf -dwarf-version\=4 -swift-version 5 -Onone -D SWIFT_PACKAGE -D DEBUG -D SWIFT_MODULE_RESOURCE_BUNDLE_UNAVAILABLE -D Xcode -serialize-debugging-options -enable-experimental-feature DebugDescriptionMacro -empty-abi-descriptor -validate-clang-modules-once -clang-build-session-file /Users/admin/builder/spi-builder-workspace/.derivedData/ModuleCache.noindex/Session.modulevalidation -Xcc -working-directory -Xcc /Users/admin/builder/spi-builder-workspace/.swiftpm/xcode -enable-anonymous-context-mangled-names -file-compilation-dir /Users/admin/builder/spi-builder-workspace/.swiftpm/xcode -Xcc -D_LIBCPP_HARDENING_MODE\=_LIBCPP_HARDENING_MODE_DEBUG -Xcc -ivfsstatcache -Xcc /Users/admin/builder/spi-builder-workspace/.derivedData/SDKStatCaches.noindex/appletvos27.0-24J360-e829b21a6f8c9b70876ba0858053c044b32bfd8d43560033f8d89884cdb90028.sdkstatcache -Xcc -fmodules-prune-interval\=86400 -Xcc -fmodules-prune-after\=345600 -Xcc -I/Users/admin/builder/spi-builder-workspace/.derivedData/Build/Products/Debug-appletvos/include -Xcc -I/Users/admin/builder/spi-builder-workspace/.derivedData/Build/Intermediates.noindex/SlideOverCard.build/Debug-appletvos/SlideOverCard-t.build/DerivedSources-normal/arm64 -Xcc -I/Users/admin/builder/spi-builder-workspace/.derivedData/Build/Intermediates.noindex/SlideOverCard.build/Debug-appletvos/SlideOverCard-t.build/DerivedSources/arm64 -Xcc -I/Users/admin/builder/spi-builder-workspace/.derivedData/Build/Intermediates.noindex/SlideOverCard.build/Debug-appletvos/SlideOverCard-t.build/DerivedSources -Xcc -DSWIFT_PACKAGE -Xcc -DDEBUG\=1 -no-auto-bridging-header-chaining -module-name SlideOverCard -const-gather-protocols-file /Users/admin/builder/spi-builder-workspace/.derivedData/Build/Intermediates.noindex/SlideOverCard.build/Debug-appletvos/SlideOverCard-t.build/Objects-normal/arm64/SlideOverCard_const_extract_protocols.json -disable-clang-spi -clang-target arm64-apple-tvos27.0 -target-sdk-version 27.0 -target-sdk-name appletvos27.0 -in-process-plugin-server-path /Applications/Xcode-27.0.0-Release.Candidate.app/Contents/Developer/Toolchains/XcodeDefault.xctoolchain/usr/lib/swift/host/libSwiftInProcPluginServer.dylib -emit-module-doc-path /Users/admin/builder/spi-builder-workspace/.derivedData/Build/Intermediates.noindex/SlideOverCard.build/Debug-appletvos/SlideOverCard-t.build/Objects-normal/arm64/SlideOverCard.swiftdoc -emit-module-source-info-path /Users/admin/builder/spi-builder-workspace/.derivedData/Build/Intermediates.noindex/SlideOverCard.build/Debug-appletvos/SlideOverCard-t.build/Objects-normal/arm64/SlideOverCard.swiftsourceinfo -emit-objc-header-path /Users/admin/builder/spi-builder-workspace/.derivedData/Build/Intermediates.noindex/SlideOverCard.build/Debug-appletvos/SlideOverCard-t.build/Objects-normal/arm64/SlideOverCard-Swift.h -serialize-diagnostics-path /Users/admin/builder/spi-builder-workspace/.derivedData/Build/Intermediates.noindex/SlideOverCard.build/Debug-appletvos/SlideOverCard-t.build/Objects-normal/arm64/SlideOverCard-primary-emit-module.dia -emit-dependencies-path /Users/admin/builder/spi-builder-workspace/.derivedData/Build/Intermediates.noindex/SlideOverCard.build/Debug-appletvos/SlideOverCard-t.build/Objects-normal/arm64/SlideOverCard-primary-emit-module.d -parse-as-library -o /Users/admin/builder/spi-builder-workspace/.derivedData/Build/Intermediates.noindex/SlideOverCard.build/Debug-appletvos/SlideOverCard-t.build/Objects-normal/arm64/SlideOverCard.swiftmodule -emit-abi-descriptor-path /Users/admin/builder/spi-builder-workspace/.derivedData/Build/Intermediates.noindex/SlideOverCard.build/Debug-appletvos/SlideOverCard-t.build/Objects-normal/arm64/SlideOverCard.abi.json
SwiftCompile normal arm64 Compiling\ SOCOptions.swift /Users/admin/builder/spi-builder-workspace/Sources/SlideOverCard/SOCOptions.swift (in target 'SlideOverCard' from project 'SlideOverCard')
SwiftCompile normal arm64 /Users/admin/builder/spi-builder-workspace/Sources/SlideOverCard/SOCOptions.swift (in target 'SlideOverCard' from project 'SlideOverCard')
cd /Users/admin/builder/spi-builder-workspace/.swiftpm/xcode
builtin-SwiftPerFileCompile SOCOptions.swift
SwiftCompile normal arm64 Compiling\ SOCStyle.swift /Users/admin/builder/spi-builder-workspace/Sources/SlideOverCard/SOCStyle.swift (in target 'SlideOverCard' from project 'SlideOverCard')
/Users/admin/builder/spi-builder-workspace/Sources/SlideOverCard/SOCStyle.swift:18:35: error: 'systemGray6' is unavailable in tvOS
16 | outerPadding: CGFloat = 6.0,
17 | dimmingOpacity: CGFloat = 0.3,
18 | style: S = Color(.systemGray6)) {
| `- error: 'systemGray6' is unavailable in tvOS
19 | let cornerRadius = cornerRadius ?? (UIScreen.main.displayCornerRadius ?? 41.5)-outerPadding/2.0
20 |
/Applications/Xcode-27.0.0-Release.Candidate.app/Contents/Developer/Platforms/AppleTVOS.platform/Developer/SDKs/AppleTVOS27.0.sdk/System/Library/Frameworks/UIKit.framework/Headers/UIInterface.h:150:49: note: 'systemGray6' has been explicitly marked unavailable here
148 | @property (class, nonatomic, readonly) UIColor *systemGray4Color API_AVAILABLE(ios(13.0)) API_UNAVAILABLE(tvos, watchos);
149 | @property (class, nonatomic, readonly) UIColor *systemGray5Color API_AVAILABLE(ios(13.0)) API_UNAVAILABLE(tvos, watchos);
150 | @property (class, nonatomic, readonly) UIColor *systemGray6Color API_AVAILABLE(ios(13.0)) API_UNAVAILABLE(tvos, watchos);
| `- note: 'systemGray6' has been explicitly marked unavailable here
151 |
152 | #pragma mark Tint color
SwiftCompile normal arm64 /Users/admin/builder/spi-builder-workspace/Sources/SlideOverCard/SOCStyle.swift (in target 'SlideOverCard' from project 'SlideOverCard')
cd /Users/admin/builder/spi-builder-workspace/.swiftpm/xcode
builtin-SwiftPerFileCompile SOCStyle.swift
SwiftCompile normal arm64 Compiling\ SOCModifier.swift /Users/admin/builder/spi-builder-workspace/Sources/SlideOverCard/SOCModifier.swift (in target 'SlideOverCard' from project 'SlideOverCard')
SwiftCompile normal arm64 /Users/admin/builder/spi-builder-workspace/Sources/SlideOverCard/SOCModifier.swift (in target 'SlideOverCard' from project 'SlideOverCard')
cd /Users/admin/builder/spi-builder-workspace/.swiftpm/xcode
builtin-SwiftPerFileCompile SOCModifier.swift
SwiftCompile normal arm64 Compiling\ WindowAccessor.swift /Users/admin/builder/spi-builder-workspace/Sources/SlideOverCard/Helper/WindowAccessor.swift (in target 'SlideOverCard' from project 'SlideOverCard')
SwiftCompile normal arm64 /Users/admin/builder/spi-builder-workspace/Sources/SlideOverCard/Helper/WindowAccessor.swift (in target 'SlideOverCard' from project 'SlideOverCard')
cd /Users/admin/builder/spi-builder-workspace/.swiftpm/xcode
builtin-SwiftPerFileCompile WindowAccessor.swift
SwiftCompile normal arm64 Compiling\ ColorScheme+UIKit.swift,\ UIScreen+CornerRadius.swift /Users/admin/builder/spi-builder-workspace/Sources/SlideOverCard/Helper/ColorScheme+UIKit.swift /Users/admin/builder/spi-builder-workspace/Sources/SlideOverCard/Helper/UIScreen+CornerRadius.swift (in target 'SlideOverCard' from project 'SlideOverCard')
SwiftCompile normal arm64 /Users/admin/builder/spi-builder-workspace/Sources/SlideOverCard/Helper/ColorScheme+UIKit.swift (in target 'SlideOverCard' from project 'SlideOverCard')
cd /Users/admin/builder/spi-builder-workspace/.swiftpm/xcode
builtin-SwiftPerFileCompile ColorScheme+UIKit.swift
SwiftCompile normal arm64 /Users/admin/builder/spi-builder-workspace/Sources/SlideOverCard/Helper/UIScreen+CornerRadius.swift (in target 'SlideOverCard' from project 'SlideOverCard')
cd /Users/admin/builder/spi-builder-workspace/.swiftpm/xcode
builtin-SwiftPerFileCompile UIScreen+CornerRadius.swift
SwiftCompile normal arm64 Compiling\ SOCModel.swift /Users/admin/builder/spi-builder-workspace/Sources/SlideOverCard/SOCModel.swift (in target 'SlideOverCard' from project 'SlideOverCard')
SwiftCompile normal arm64 /Users/admin/builder/spi-builder-workspace/Sources/SlideOverCard/SOCModel.swift (in target 'SlideOverCard' from project 'SlideOverCard')
cd /Users/admin/builder/spi-builder-workspace/.swiftpm/xcode
builtin-SwiftPerFileCompile SOCModel.swift
SwiftCompile normal arm64 Compiling\ SlideOverCard.swift /Users/admin/builder/spi-builder-workspace/Sources/SlideOverCard/SlideOverCard.swift (in target 'SlideOverCard' from project 'SlideOverCard')
SwiftCompile normal arm64 /Users/admin/builder/spi-builder-workspace/Sources/SlideOverCard/SlideOverCard.swift (in target 'SlideOverCard' from project 'SlideOverCard')
cd /Users/admin/builder/spi-builder-workspace/.swiftpm/xcode
builtin-SwiftPerFileCompile SlideOverCard.swift
SwiftCompile normal arm64 Compiling\ SOCManager.swift /Users/admin/builder/spi-builder-workspace/Sources/SlideOverCard/SOCManager.swift (in target 'SlideOverCard' from project 'SlideOverCard')
SwiftCompile normal arm64 /Users/admin/builder/spi-builder-workspace/Sources/SlideOverCard/SOCManager.swift (in target 'SlideOverCard' from project 'SlideOverCard')
cd /Users/admin/builder/spi-builder-workspace/.swiftpm/xcode
builtin-SwiftPerFileCompile SOCManager.swift
SwiftCompile normal arm64 Compiling\ UIWindow+TopViewController.swift,\ View+Modifiers.swift /Users/admin/builder/spi-builder-workspace/Sources/SlideOverCard/Helper/UIWindow+TopViewController.swift /Users/admin/builder/spi-builder-workspace/Sources/SlideOverCard/Helper/View+Modifiers.swift (in target 'SlideOverCard' from project 'SlideOverCard')
SwiftCompile normal arm64 /Users/admin/builder/spi-builder-workspace/Sources/SlideOverCard/Helper/UIWindow+TopViewController.swift (in target 'SlideOverCard' from project 'SlideOverCard')
cd /Users/admin/builder/spi-builder-workspace/.swiftpm/xcode
builtin-SwiftPerFileCompile UIWindow+TopViewController.swift
SwiftCompile normal arm64 /Users/admin/builder/spi-builder-workspace/Sources/SlideOverCard/Helper/View+Modifiers.swift (in target 'SlideOverCard' from project 'SlideOverCard')
cd /Users/admin/builder/spi-builder-workspace/.swiftpm/xcode
builtin-SwiftPerFileCompile View+Modifiers.swift
SwiftCompile normal arm64 Compiling\ Accessories.swift,\ Animation+Default.swift /Users/admin/builder/spi-builder-workspace/Sources/SlideOverCard/Accessories.swift /Users/admin/builder/spi-builder-workspace/Sources/SlideOverCard/Helper/Animation+Default.swift (in target 'SlideOverCard' from project 'SlideOverCard')
SwiftCompile normal arm64 /Users/admin/builder/spi-builder-workspace/Sources/SlideOverCard/Accessories.swift (in target 'SlideOverCard' from project 'SlideOverCard')
cd /Users/admin/builder/spi-builder-workspace/.swiftpm/xcode
builtin-SwiftPerFileCompile Accessories.swift
SwiftCompile normal arm64 /Users/admin/builder/spi-builder-workspace/Sources/SlideOverCard/Helper/Animation+Default.swift (in target 'SlideOverCard' from project 'SlideOverCard')
cd /Users/admin/builder/spi-builder-workspace/.swiftpm/xcode
builtin-SwiftPerFileCompile Animation+Default.swift
PruneExplicitPrecompiledModules /Users/admin/builder/spi-builder-workspace/.derivedData/Build/Intermediates.noindex/SwiftExplicitPrecompiledModules
PruneExplicitPrecompiledModules /Users/admin/builder/spi-builder-workspace/.derivedData/Build/Intermediates.noindex/ExplicitPrecompiledModules
PruneExplicitPrecompiledModules /Users/admin/builder/spi-builder-workspace/.derivedData/SDKExplicitPrecompiledModules
2026-09-20 08:21:30.590 xcodebuild[648:4182] [MT] IDERunDestination: Supported platforms for the buildables in the current scheme is empty.
** BUILD FAILED **
The following build commands failed:
SwiftCompile normal arm64 (in target 'SlideOverCard' from project 'SlideOverCard')
SwiftEmitModule normal arm64 Emitting\ module\ for\ SlideOverCard (in target 'SlideOverCard' from project 'SlideOverCard')
Building workspace SlideOverCard with scheme SlideOverCard
(3 failures)
Command line invocation:
/Applications/Xcode-27.0.0-Release.Candidate.app/Contents/Developer/usr/bin/xcodebuild -IDEClonedSourcePackagesDirPathOverride=/Users/admin/builder/spi-builder-workspace/.dependencies -resolvePackageDependencies
Resolve Package Graph
Resolved source packages:
SlideOverCard: /Users/admin/builder/spi-builder-workspace
resolved source packages: SlideOverCard
2026-09-20 08:21:36.616 xcodebuild[737:4550] [MT] IDERunDestination: Supported platforms for the buildables in the current scheme is empty.
{
"dependencies" : [
],
"manifest_display_name" : "SlideOverCard",
"name" : "SlideOverCard",
"path" : "/Users/admin/builder/spi-builder-workspace",
"platforms" : [
{
"name" : "ios",
"version" : "13.0"
}
],
"products" : [
{
"name" : "SlideOverCard",
"targets" : [
"SlideOverCard"
],
"type" : {
"library" : [
"automatic"
]
}
}
],
"targets" : [
{
"c99name" : "SlideOverCard",
"module_type" : "SwiftTarget",
"name" : "SlideOverCard",
"path" : "Sources/SlideOverCard",
"product_memberships" : [
"SlideOverCard"
],
"sources" : [
"Accessories.swift",
"Helper/Animation+Default.swift",
"Helper/ColorScheme+UIKit.swift",
"Helper/UIScreen+CornerRadius.swift",
"Helper/UIWindow+TopViewController.swift",
"Helper/View+Modifiers.swift",
"Helper/WindowAccessor.swift",
"SOCManager.swift",
"SOCModel.swift",
"SOCModifier.swift",
"SOCOptions.swift",
"SOCStyle.swift",
"SlideOverCard.swift"
],
"type" : "library"
}
],
"tools_version" : "5.3"
}
{
"workspace" : {
"name" : "SlideOverCard",
"schemes" : [
"SlideOverCard"
]
}
}
2026-09-20 08:21:37.810 xcodebuild[745:4620] [MT] IDERunDestination: Supported platforms for the buildables in the current scheme is empty.
Running build ...
env DEVELOPER_DIR=/Applications/Xcode-27.0.0-Release.Candidate.app xcrun xcodebuild -IDEClonedSourcePackagesDirPathOverride=$PWD/.dependencies -skipMacroValidation -skipPackagePluginValidation -derivedDataPath $PWD/.derivedData build -scheme SlideOverCard -destination generic/platform=tvOS
Command line invocation:
/Applications/Xcode-27.0.0-Release.Candidate.app/Contents/Developer/usr/bin/xcodebuild -IDEClonedSourcePackagesDirPathOverride=/Users/admin/builder/spi-builder-workspace/.dependencies -skipMacroValidation -skipPackagePluginValidation -derivedDataPath /Users/admin/builder/spi-builder-workspace/.derivedData build -scheme SlideOverCard -destination generic/platform=tvOS
Resolve Package Graph
Resolved source packages:
SlideOverCard: /Users/admin/builder/spi-builder-workspace
ComputePackagePrebuildTargetDependencyGraph
Prepare packages
CreateBuildRequest
SendProjectDescription
CreateBuildOperation
ComputeTargetDependencyGraph
note: Building targets in dependency order
note: Target dependency graph (2 targets)
Target 'SlideOverCard-product' in project 'SlideOverCard'
➜ Explicit dependency on target 'SlideOverCard' in project 'SlideOverCard'
Target 'SlideOverCard' in project 'SlideOverCard' (no dependencies)
GatherProvisioningInputs
CreateBuildDescription
ClangStatCache /Applications/Xcode-27.0.0-Release.Candidate.app/Contents/Developer/Toolchains/XcodeDefault.xctoolchain/usr/bin/clang-stat-cache /Applications/Xcode-27.0.0-Release.Candidate.app/Contents/Developer/Platforms/AppleTVOS.platform/Developer/SDKs/AppleTVOS27.0.sdk /Users/admin/builder/spi-builder-workspace/.derivedData/SDKStatCaches.noindex/appletvos27.0-24J360-e829b21a6f8c9b70876ba0858053c044b32bfd8d43560033f8d89884cdb90028.sdkstatcache
cd /Users/admin/builder/spi-builder-workspace/.swiftpm/xcode
/Applications/Xcode-27.0.0-Release.Candidate.app/Contents/Developer/Toolchains/XcodeDefault.xctoolchain/usr/bin/clang-stat-cache /Applications/Xcode-27.0.0-Release.Candidate.app/Contents/Developer/Platforms/AppleTVOS.platform/Developer/SDKs/AppleTVOS27.0.sdk -o /Users/admin/builder/spi-builder-workspace/.derivedData/SDKStatCaches.noindex/appletvos27.0-24J360-e829b21a6f8c9b70876ba0858053c044b32bfd8d43560033f8d89884cdb90028.sdkstatcache
SwiftDriver SlideOverCard normal arm64 com.apple.xcode.tools.swift.compiler (in target 'SlideOverCard' from project 'SlideOverCard')
cd /Users/admin/builder/spi-builder-workspace/.swiftpm/xcode
builtin-SwiftDriver -- /Applications/Xcode-27.0.0-Release.Candidate.app/Contents/Developer/Toolchains/XcodeDefault.xctoolchain/usr/bin/swiftc -parse-as-library -module-name SlideOverCard -Onone @/Users/admin/builder/spi-builder-workspace/.derivedData/Build/Intermediates.noindex/SlideOverCard.build/Debug-appletvos/SlideOverCard-t.build/Objects-normal/arm64/SlideOverCard.SwiftFileList -DSWIFT_PACKAGE -DDEBUG -DSWIFT_MODULE_RESOURCE_BUNDLE_UNAVAILABLE -DXcode -plugin-path /Applications/Xcode-27.0.0-Release.Candidate.app/Contents/Developer/Toolchains/XcodeDefault.xctoolchain/usr/lib/swift/host/plugins/testing -enable-experimental-feature DebugDescriptionMacro -sdk /Applications/Xcode-27.0.0-Release.Candidate.app/Contents/Developer/Platforms/AppleTVOS.platform/Developer/SDKs/AppleTVOS27.0.sdk -target arm64-apple-tvos15.0 -g -module-cache-path /Users/admin/builder/spi-builder-workspace/.derivedData/ModuleCache.noindex -Xfrontend -serialize-debugging-options -enable-testing -index-store-path /Users/admin/builder/spi-builder-workspace/.derivedData/Index.noindex/DataStore -Xcc -D_LIBCPP_HARDENING_MODE\=_LIBCPP_HARDENING_MODE_DEBUG -swift-version 5 -I /Users/admin/builder/spi-builder-workspace/.derivedData/Build/Products/Debug-appletvos -Isystem /Applications/Xcode-27.0.0-Release.Candidate.app/Contents/Developer/Platforms/AppleTVOS.platform/Developer/usr/lib -F /Users/admin/builder/spi-builder-workspace/.derivedData/Build/Products/Debug-appletvos -F /Applications/Xcode-27.0.0-Release.Candidate.app/Contents/Developer/Platforms/AppleTVOS.platform/Developer/Library/Frameworks -F /Applications/Xcode-27.0.0-Release.Candidate.app/Contents/Developer/Platforms/AppleTVOS.platform/Developer/SDKs/AppleTVOS27.0.sdk/Developer/Library/Frameworks -c -j10 -enable-batch-mode -incremental -Xcc -ivfsstatcache -Xcc /Users/admin/builder/spi-builder-workspace/.derivedData/SDKStatCaches.noindex/appletvos27.0-24J360-e829b21a6f8c9b70876ba0858053c044b32bfd8d43560033f8d89884cdb90028.sdkstatcache -output-file-map /Users/admin/builder/spi-builder-workspace/.derivedData/Build/Intermediates.noindex/SlideOverCard.build/Debug-appletvos/SlideOverCard-t.build/Objects-normal/arm64/SlideOverCard-OutputFileMap.json -save-temps -no-color-diagnostics -explicit-module-build -module-cache-path /Users/admin/builder/spi-builder-workspace/.derivedData/Build/Intermediates.noindex/SwiftExplicitPrecompiledModules -clang-scanner-module-cache-path /Users/admin/builder/spi-builder-workspace/.derivedData/ModuleCache.noindex -sdk-module-cache-path /Users/admin/builder/spi-builder-workspace/.derivedData/SDKExplicitPrecompiledModules -emit-dependencies -emit-module -emit-module-path /Users/admin/builder/spi-builder-workspace/.derivedData/Build/Intermediates.noindex/SlideOverCard.build/Debug-appletvos/SlideOverCard-t.build/Objects-normal/arm64/SlideOverCard.swiftmodule -serialize-diagnostics -dependency-scan-serialize-diagnostics-path /Users/admin/builder/spi-builder-workspace/.derivedData/Build/Intermediates.noindex/SlideOverCard.build/Debug-appletvos/SlideOverCard-t.build/Objects-normal/arm64/SlideOverCard-dependency-scan.dia -validate-clang-modules-once -clang-build-session-file /Users/admin/builder/spi-builder-workspace/.derivedData/ModuleCache.noindex/Session.modulevalidation -Xcc -fmodules-prune-interval\=86400 -Xcc -fmodules-prune-after\=345600 -emit-const-values -const-gather-protocols-list /Users/admin/builder/spi-builder-workspace/.derivedData/Build/Intermediates.noindex/SlideOverCard.build/Debug-appletvos/SlideOverCard-t.build/Objects-normal/arm64/SlideOverCard_const_extract_protocols.json -Xcc -I/Users/admin/builder/spi-builder-workspace/.derivedData/Build/Products/Debug-appletvos/include -Xcc -I/Users/admin/builder/spi-builder-workspace/.derivedData/Build/Intermediates.noindex/SlideOverCard.build/Debug-appletvos/SlideOverCard-t.build/DerivedSources-normal/arm64 -Xcc -I/Users/admin/builder/spi-builder-workspace/.derivedData/Build/Intermediates.noindex/SlideOverCard.build/Debug-appletvos/SlideOverCard-t.build/DerivedSources/arm64 -Xcc -I/Users/admin/builder/spi-builder-workspace/.derivedData/Build/Intermediates.noindex/SlideOverCard.build/Debug-appletvos/SlideOverCard-t.build/DerivedSources -Xcc -DSWIFT_PACKAGE -Xcc -DDEBUG\=1 -emit-objc-header -emit-objc-header-path /Users/admin/builder/spi-builder-workspace/.derivedData/Build/Intermediates.noindex/SlideOverCard.build/Debug-appletvos/SlideOverCard-t.build/Objects-normal/arm64/SlideOverCard-Swift.h -working-directory /Users/admin/builder/spi-builder-workspace/.swiftpm/xcode -experimental-emit-module-separately -disable-cmo
SwiftCompile normal arm64 Compiling\ SOCManager.swift /Users/admin/builder/spi-builder-workspace/Sources/SlideOverCard/SOCManager.swift (in target 'SlideOverCard' from project 'SlideOverCard')
SwiftCompile normal arm64 /Users/admin/builder/spi-builder-workspace/Sources/SlideOverCard/SOCManager.swift (in target 'SlideOverCard' from project 'SlideOverCard')
cd /Users/admin/builder/spi-builder-workspace/.swiftpm/xcode
builtin-SwiftPerFileCompile SOCManager.swift
SwiftCompile normal arm64 Compiling\ SOCOptions.swift /Users/admin/builder/spi-builder-workspace/Sources/SlideOverCard/SOCOptions.swift (in target 'SlideOverCard' from project 'SlideOverCard')
SwiftCompile normal arm64 /Users/admin/builder/spi-builder-workspace/Sources/SlideOverCard/SOCOptions.swift (in target 'SlideOverCard' from project 'SlideOverCard')
cd /Users/admin/builder/spi-builder-workspace/.swiftpm/xcode
builtin-SwiftPerFileCompile SOCOptions.swift
SwiftCompile normal arm64 Compiling\ SlideOverCard.swift /Users/admin/builder/spi-builder-workspace/Sources/SlideOverCard/SlideOverCard.swift (in target 'SlideOverCard' from project 'SlideOverCard')
SwiftCompile normal arm64 /Users/admin/builder/spi-builder-workspace/Sources/SlideOverCard/SlideOverCard.swift (in target 'SlideOverCard' from project 'SlideOverCard')
cd /Users/admin/builder/spi-builder-workspace/.swiftpm/xcode
builtin-SwiftPerFileCompile SlideOverCard.swift
SwiftCompile normal arm64 Compiling\ UIWindow+TopViewController.swift,\ View+Modifiers.swift /Users/admin/builder/spi-builder-workspace/Sources/SlideOverCard/Helper/UIWindow+TopViewController.swift /Users/admin/builder/spi-builder-workspace/Sources/SlideOverCard/Helper/View+Modifiers.swift (in target 'SlideOverCard' from project 'SlideOverCard')
SwiftCompile normal arm64 /Users/admin/builder/spi-builder-workspace/Sources/SlideOverCard/Helper/UIWindow+TopViewController.swift (in target 'SlideOverCard' from project 'SlideOverCard')
cd /Users/admin/builder/spi-builder-workspace/.swiftpm/xcode
builtin-SwiftPerFileCompile UIWindow+TopViewController.swift
SwiftCompile normal arm64 /Users/admin/builder/spi-builder-workspace/Sources/SlideOverCard/Helper/View+Modifiers.swift (in target 'SlideOverCard' from project 'SlideOverCard')
cd /Users/admin/builder/spi-builder-workspace/.swiftpm/xcode
builtin-SwiftPerFileCompile View+Modifiers.swift
SwiftCompile normal arm64 Compiling\ WindowAccessor.swift /Users/admin/builder/spi-builder-workspace/Sources/SlideOverCard/Helper/WindowAccessor.swift (in target 'SlideOverCard' from project 'SlideOverCard')
SwiftCompile normal arm64 /Users/admin/builder/spi-builder-workspace/Sources/SlideOverCard/Helper/WindowAccessor.swift (in target 'SlideOverCard' from project 'SlideOverCard')
cd /Users/admin/builder/spi-builder-workspace/.swiftpm/xcode
builtin-SwiftPerFileCompile WindowAccessor.swift
SwiftCompile normal arm64 Compiling\ ColorScheme+UIKit.swift,\ UIScreen+CornerRadius.swift /Users/admin/builder/spi-builder-workspace/Sources/SlideOverCard/Helper/ColorScheme+UIKit.swift /Users/admin/builder/spi-builder-workspace/Sources/SlideOverCard/Helper/UIScreen+CornerRadius.swift (in target 'SlideOverCard' from project 'SlideOverCard')
SwiftCompile normal arm64 /Users/admin/builder/spi-builder-workspace/Sources/SlideOverCard/Helper/ColorScheme+UIKit.swift (in target 'SlideOverCard' from project 'SlideOverCard')
cd /Users/admin/builder/spi-builder-workspace/.swiftpm/xcode
builtin-SwiftPerFileCompile ColorScheme+UIKit.swift
SwiftCompile normal arm64 /Users/admin/builder/spi-builder-workspace/Sources/SlideOverCard/Helper/UIScreen+CornerRadius.swift (in target 'SlideOverCard' from project 'SlideOverCard')
cd /Users/admin/builder/spi-builder-workspace/.swiftpm/xcode
builtin-SwiftPerFileCompile UIScreen+CornerRadius.swift
SwiftCompile normal arm64 Compiling\ SOCModifier.swift /Users/admin/builder/spi-builder-workspace/Sources/SlideOverCard/SOCModifier.swift (in target 'SlideOverCard' from project 'SlideOverCard')
SwiftCompile normal arm64 /Users/admin/builder/spi-builder-workspace/Sources/SlideOverCard/SOCModifier.swift (in target 'SlideOverCard' from project 'SlideOverCard')
cd /Users/admin/builder/spi-builder-workspace/.swiftpm/xcode
builtin-SwiftPerFileCompile SOCModifier.swift
SwiftCompile normal arm64 Compiling\ Accessories.swift,\ Animation+Default.swift /Users/admin/builder/spi-builder-workspace/Sources/SlideOverCard/Accessories.swift /Users/admin/builder/spi-builder-workspace/Sources/SlideOverCard/Helper/Animation+Default.swift (in target 'SlideOverCard' from project 'SlideOverCard')
SwiftCompile normal arm64 /Users/admin/builder/spi-builder-workspace/Sources/SlideOverCard/Accessories.swift (in target 'SlideOverCard' from project 'SlideOverCard')
cd /Users/admin/builder/spi-builder-workspace/.swiftpm/xcode
builtin-SwiftPerFileCompile Accessories.swift
SwiftCompile normal arm64 /Users/admin/builder/spi-builder-workspace/Sources/SlideOverCard/Helper/Animation+Default.swift (in target 'SlideOverCard' from project 'SlideOverCard')
cd /Users/admin/builder/spi-builder-workspace/.swiftpm/xcode
builtin-SwiftPerFileCompile Animation+Default.swift
SwiftEmitModule normal arm64 Emitting\ module\ for\ SlideOverCard (in target 'SlideOverCard' from project 'SlideOverCard')
/Users/admin/builder/spi-builder-workspace/Sources/SlideOverCard/SOCStyle.swift:35:35: error: 'systemGray6' is unavailable in tvOS
33 | outerPadding: CGFloat = 6.0,
34 | dimmingOpacity: CGFloat = 0.3,
35 | style: S = Color(.systemGray6)) {
| `- error: 'systemGray6' is unavailable in tvOS
36 | self.cornerRadii = cornerRadii
37 | self.continuous = continuous
/Applications/Xcode-27.0.0-Release.Candidate.app/Contents/Developer/Platforms/AppleTVOS.platform/Developer/SDKs/AppleTVOS27.0.sdk/System/Library/Frameworks/UIKit.framework/Headers/UIInterface.h:150:49: note: 'systemGray6' has been explicitly marked unavailable here
148 | @property (class, nonatomic, readonly) UIColor *systemGray4Color API_AVAILABLE(ios(13.0)) API_UNAVAILABLE(tvos, watchos);
149 | @property (class, nonatomic, readonly) UIColor *systemGray5Color API_AVAILABLE(ios(13.0)) API_UNAVAILABLE(tvos, watchos);
150 | @property (class, nonatomic, readonly) UIColor *systemGray6Color API_AVAILABLE(ios(13.0)) API_UNAVAILABLE(tvos, watchos);
| `- note: 'systemGray6' has been explicitly marked unavailable here
151 |
152 | #pragma mark Tint color
Failed frontend command:
/Applications/Xcode-27.0.0-Release.Candidate.app/Contents/Developer/Toolchains/XcodeDefault.xctoolchain/usr/bin/swift-frontend -frontend -emit-module -experimental-skip-non-inlinable-function-bodies-without-types /Users/admin/builder/spi-builder-workspace/Sources/SlideOverCard/Accessories.swift /Users/admin/builder/spi-builder-workspace/Sources/SlideOverCard/Helper/Animation+Default.swift /Users/admin/builder/spi-builder-workspace/Sources/SlideOverCard/Helper/ColorScheme+UIKit.swift /Users/admin/builder/spi-builder-workspace/Sources/SlideOverCard/Helper/UIScreen+CornerRadius.swift /Users/admin/builder/spi-builder-workspace/Sources/SlideOverCard/Helper/UIWindow+TopViewController.swift /Users/admin/builder/spi-builder-workspace/Sources/SlideOverCard/Helper/View+Modifiers.swift /Users/admin/builder/spi-builder-workspace/Sources/SlideOverCard/Helper/WindowAccessor.swift /Users/admin/builder/spi-builder-workspace/Sources/SlideOverCard/SOCManager.swift /Users/admin/builder/spi-builder-workspace/Sources/SlideOverCard/SOCModel.swift /Users/admin/builder/spi-builder-workspace/Sources/SlideOverCard/SOCModifier.swift /Users/admin/builder/spi-builder-workspace/Sources/SlideOverCard/SOCOptions.swift /Users/admin/builder/spi-builder-workspace/Sources/SlideOverCard/SOCStyle.swift /Users/admin/builder/spi-builder-workspace/Sources/SlideOverCard/SlideOverCard.swift -target arm64-apple-tvos15.0 -disable-cross-import-overlay-search -load-resolved-plugin /Applications/Xcode-27.0.0-Release.Candidate.app/Contents/Developer/Platforms/AppleTVOS.platform/Developer/usr/lib/swift/host/plugins/libFoundationMacros.dylib\#/Applications/Xcode-27.0.0-Release.Candidate.app/Contents/Developer/Platforms/AppleTVOS.platform/Developer/usr/bin/swift-plugin-server\#FoundationMacros -load-resolved-plugin /Applications/Xcode-27.0.0-Release.Candidate.app/Contents/Developer/Platforms/AppleTVOS.platform/Developer/usr/lib/swift/host/plugins/libObservationMacros.dylib\#/Applications/Xcode-27.0.0-Release.Candidate.app/Contents/Developer/Platforms/AppleTVOS.platform/Developer/usr/bin/swift-plugin-server\#ObservationMacros -load-resolved-plugin /Applications/Xcode-27.0.0-Release.Candidate.app/Contents/Developer/Platforms/AppleTVOS.platform/Developer/usr/lib/swift/host/plugins/libPreviewsMacros.dylib\#/Applications/Xcode-27.0.0-Release.Candidate.app/Contents/Developer/Platforms/AppleTVOS.platform/Developer/usr/bin/swift-plugin-server\#PreviewsMacros -load-resolved-plugin /Applications/Xcode-27.0.0-Release.Candidate.app/Contents/Developer/Platforms/AppleTVOS.platform/Developer/usr/lib/swift/host/plugins/libSwiftMacros.dylib\#/Applications/Xcode-27.0.0-Release.Candidate.app/Contents/Developer/Platforms/AppleTVOS.platform/Developer/usr/bin/swift-plugin-server\#SwiftMacros -load-resolved-plugin /Applications/Xcode-27.0.0-Release.Candidate.app/Contents/Developer/Platforms/AppleTVOS.platform/Developer/usr/lib/swift/host/plugins/libSwiftUIMacros.dylib\#/Applications/Xcode-27.0.0-Release.Candidate.app/Contents/Developer/Platforms/AppleTVOS.platform/Developer/usr/bin/swift-plugin-server\#SwiftUIMacros -disable-implicit-swift-modules -Xcc -fno-implicit-modules -Xcc -fno-implicit-module-maps -explicit-swift-module-map-file /Users/admin/builder/spi-builder-workspace/.derivedData/Build/Intermediates.noindex/SlideOverCard.build/Debug-appletvos/SlideOverCard-t.build/Objects-normal/arm64/SlideOverCard-dependencies-1.json -Xllvm -aarch64-use-tbi -enable-objc-interop -stack-check -sdk /Applications/Xcode-27.0.0-Release.Candidate.app/Contents/Developer/Platforms/AppleTVOS.platform/Developer/SDKs/AppleTVOS27.0.sdk -I /Users/admin/builder/spi-builder-workspace/.derivedData/Build/Products/Debug-appletvos -Isystem /Applications/Xcode-27.0.0-Release.Candidate.app/Contents/Developer/Platforms/AppleTVOS.platform/Developer/usr/lib -F /Users/admin/builder/spi-builder-workspace/.derivedData/Build/Products/Debug-appletvos -F /Applications/Xcode-27.0.0-Release.Candidate.app/Contents/Developer/Platforms/AppleTVOS.platform/Developer/Library/Frameworks -F /Applications/Xcode-27.0.0-Release.Candidate.app/Contents/Developer/Platforms/AppleTVOS.platform/Developer/SDKs/AppleTVOS27.0.sdk/Developer/Library/Frameworks -module-cache-path /Users/admin/builder/spi-builder-workspace/.derivedData/Build/Intermediates.noindex/SwiftExplicitPrecompiledModules -no-color-diagnostics -Xcc -fno-color-diagnostics -enable-testing -g -debug-info-format\=dwarf -dwarf-version\=4 -swift-version 5 -Onone -D SWIFT_PACKAGE -D DEBUG -D SWIFT_MODULE_RESOURCE_BUNDLE_UNAVAILABLE -D Xcode -serialize-debugging-options -enable-experimental-feature DebugDescriptionMacro -empty-abi-descriptor -validate-clang-modules-once -clang-build-session-file /Users/admin/builder/spi-builder-workspace/.derivedData/ModuleCache.noindex/Session.modulevalidation -Xcc -working-directory -Xcc /Users/admin/builder/spi-builder-workspace/.swiftpm/xcode -enable-anonymous-context-mangled-names -file-compilation-dir /Users/admin/builder/spi-builder-workspace/.swiftpm/xcode -Xcc -D_LIBCPP_HARDENING_MODE\=_LIBCPP_HARDENING_MODE_DEBUG -Xcc -ivfsstatcache -Xcc /Users/admin/builder/spi-builder-workspace/.derivedData/SDKStatCaches.noindex/appletvos27.0-24J360-e829b21a6f8c9b70876ba0858053c044b32bfd8d43560033f8d89884cdb90028.sdkstatcache -Xcc -fmodules-prune-interval\=86400 -Xcc -fmodules-prune-after\=345600 -Xcc -I/Users/admin/builder/spi-builder-workspace/.derivedData/Build/Products/Debug-appletvos/include -Xcc -I/Users/admin/builder/spi-builder-workspace/.derivedData/Build/Intermediates.noindex/SlideOverCard.build/Debug-appletvos/SlideOverCard-t.build/DerivedSources-normal/arm64 -Xcc -I/Users/admin/builder/spi-builder-workspace/.derivedData/Build/Intermediates.noindex/SlideOverCard.build/Debug-appletvos/SlideOverCard-t.build/DerivedSources/arm64 -Xcc -I/Users/admin/builder/spi-builder-workspace/.derivedData/Build/Intermediates.noindex/SlideOverCard.build/Debug-appletvos/SlideOverCard-t.build/DerivedSources -Xcc -DSWIFT_PACKAGE -Xcc -DDEBUG\=1 -no-auto-bridging-header-chaining -module-name SlideOverCard -const-gather-protocols-file /Users/admin/builder/spi-builder-workspace/.derivedData/Build/Intermediates.noindex/SlideOverCard.build/Debug-appletvos/SlideOverCard-t.build/Objects-normal/arm64/SlideOverCard_const_extract_protocols.json -disable-clang-spi -clang-target arm64-apple-tvos27.0 -target-sdk-version 27.0 -target-sdk-name appletvos27.0 -in-process-plugin-server-path /Applications/Xcode-27.0.0-Release.Candidate.app/Contents/Developer/Toolchains/XcodeDefault.xctoolchain/usr/lib/swift/host/libSwiftInProcPluginServer.dylib -emit-module-doc-path /Users/admin/builder/spi-builder-workspace/.derivedData/Build/Intermediates.noindex/SlideOverCard.build/Debug-appletvos/SlideOverCard-t.build/Objects-normal/arm64/SlideOverCard.swiftdoc -emit-module-source-info-path /Users/admin/builder/spi-builder-workspace/.derivedData/Build/Intermediates.noindex/SlideOverCard.build/Debug-appletvos/SlideOverCard-t.build/Objects-normal/arm64/SlideOverCard.swiftsourceinfo -emit-objc-header-path /Users/admin/builder/spi-builder-workspace/.derivedData/Build/Intermediates.noindex/SlideOverCard.build/Debug-appletvos/SlideOverCard-t.build/Objects-normal/arm64/SlideOverCard-Swift.h -serialize-diagnostics-path /Users/admin/builder/spi-builder-workspace/.derivedData/Build/Intermediates.noindex/SlideOverCard.build/Debug-appletvos/SlideOverCard-t.build/Objects-normal/arm64/SlideOverCard-primary-emit-module.dia -emit-dependencies-path /Users/admin/builder/spi-builder-workspace/.derivedData/Build/Intermediates.noindex/SlideOverCard.build/Debug-appletvos/SlideOverCard-t.build/Objects-normal/arm64/SlideOverCard-primary-emit-module.d -parse-as-library -o /Users/admin/builder/spi-builder-workspace/.derivedData/Build/Intermediates.noindex/SlideOverCard.build/Debug-appletvos/SlideOverCard-t.build/Objects-normal/arm64/SlideOverCard.swiftmodule -emit-abi-descriptor-path /Users/admin/builder/spi-builder-workspace/.derivedData/Build/Intermediates.noindex/SlideOverCard.build/Debug-appletvos/SlideOverCard-t.build/Objects-normal/arm64/SlideOverCard.abi.json
SwiftCompile normal arm64 (in target 'SlideOverCard' from project 'SlideOverCard')
cd /Users/admin/builder/spi-builder-workspace/.swiftpm/xcode
SwiftCompile normal arm64 Compiling\ SOCModel.swift /Users/admin/builder/spi-builder-workspace/Sources/SlideOverCard/SOCModel.swift (in target 'SlideOverCard' from project 'SlideOverCard')
SwiftCompile normal arm64 /Users/admin/builder/spi-builder-workspace/Sources/SlideOverCard/SOCModel.swift (in target 'SlideOverCard' from project 'SlideOverCard')
cd /Users/admin/builder/spi-builder-workspace/.swiftpm/xcode
builtin-SwiftPerFileCompile SOCModel.swift
SwiftCompile normal arm64 Compiling\ SOCStyle.swift /Users/admin/builder/spi-builder-workspace/Sources/SlideOverCard/SOCStyle.swift (in target 'SlideOverCard' from project 'SlideOverCard')
SwiftCompile normal arm64 /Users/admin/builder/spi-builder-workspace/Sources/SlideOverCard/SOCStyle.swift (in target 'SlideOverCard' from project 'SlideOverCard')
cd /Users/admin/builder/spi-builder-workspace/.swiftpm/xcode
builtin-SwiftPerFileCompile SOCStyle.swift
PruneExplicitPrecompiledModules /Users/admin/builder/spi-builder-workspace/.derivedData/Build/Intermediates.noindex/ExplicitPrecompiledModules
PruneExplicitPrecompiledModules /Users/admin/builder/spi-builder-workspace/.derivedData/Build/Intermediates.noindex/SwiftExplicitPrecompiledModules
PruneExplicitPrecompiledModules /Users/admin/builder/spi-builder-workspace/.derivedData/SDKExplicitPrecompiledModules
2026-09-20 08:21:38.771 xcodebuild[746:4652] [MT] IDERunDestination: Supported platforms for the buildables in the current scheme is empty.
** BUILD FAILED **
The following build commands failed:
SwiftEmitModule normal arm64 Emitting\ module\ for\ SlideOverCard (in target 'SlideOverCard' from project 'SlideOverCard')
SwiftCompile normal arm64 (in target 'SlideOverCard' from project 'SlideOverCard')
Building workspace SlideOverCard with scheme SlideOverCard
(3 failures)
BUILD FAILURE 6.4 tvOS