The Swift Package Index logo.Swift Package Index

Build Information

Failed to build ComponentsKit, reference 1.7.1 (0bfa4f), with Swift 6.1 for Wasm on 12 Jul 2026 13:20:54 UTC.

Build Command

bash -c docker run --pull=always --rm -v "checkouts-53886769-0":/host -w "$PWD" -e JAVA_HOME="/root/.sdkman/candidates/java/current" -e SPI_BUILD="1" -e SPI_PROCESSING="1" registry.gitlab.com/saguaro1/spi-images:wasm-6.1-latest swift build --swift-sdk wasm32-unknown-wasi 2>&1

Build Log

========================================
RunAll
========================================
Builder version: 0e64495ecc1688c3b3e031a5ef1348b5c05091ae
Interrupt handler set up.
========================================
Checkout
========================================
Clone URL: https://github.com/componentskit/ComponentsKit.git
Reference: 1.7.1
Initialized empty Git repository in /host/spi-builder-workspace/.git/
hint: Using 'master' as the name for the initial branch. This default branch name
hint: is subject to change. To configure the initial branch name to use in all
hint: of your new repositories, which will suppress this warning, call:
hint:
hint: 	git config --global init.defaultBranch <name>
hint:
hint: Names commonly chosen instead of 'master' are 'main', 'trunk' and
hint: 'development'. The just-created branch can be renamed via this command:
hint:
hint: 	git branch -m <name>
From https://github.com/componentskit/ComponentsKit
 * tag               1.7.1      -> FETCH_HEAD
HEAD is now at 0bfa4ff Merge pull request #121 from componentskit/dev
Cloned https://github.com/componentskit/ComponentsKit.git
Revision (git rev-parse @):
0bfa4ff32bb990d7e21b731050579b74fdafed2b
SUCCESS checkout https://github.com/componentskit/ComponentsKit.git at 1.7.1
========================================
Build
========================================
Selected platform:         wasm
Swift version:             6.1
Building package at path:  $PWD
https://github.com/componentskit/ComponentsKit.git
https://github.com/componentskit/ComponentsKit.git
WARNING: environment variable SUPPRESS_SWIFT_6_FLAGS is not set
Running build ...
bash -c docker run --pull=always --rm -v "checkouts-53886769-0":/host -w "$PWD" -e JAVA_HOME="/root/.sdkman/candidates/java/current" -e SPI_BUILD="1" -e SPI_PROCESSING="1" registry.gitlab.com/saguaro1/spi-images:wasm-6.1-latest swift build --swift-sdk wasm32-unknown-wasi -Xswiftc -Xfrontend -Xswiftc -stats-output-dir -Xswiftc -Xfrontend -Xswiftc .stats -Xswiftc -strict-concurrency=complete -Xswiftc -enable-upcoming-feature -Xswiftc StrictConcurrency -Xswiftc -enable-upcoming-feature -Xswiftc DisableOutwardActorInference -Xswiftc -enable-upcoming-feature -Xswiftc GlobalActorIsolatedTypesUsability -Xswiftc -enable-upcoming-feature -Xswiftc InferSendableFromCaptures 2>&1
wasm-6.1-latest: Pulling from saguaro1/spi-images
Digest: sha256:1ad245dad3d2ae0004e1afbc92334bd39884ed9ca587cf04d0a8d5f640fb02e9
Status: Image is up to date for registry.gitlab.com/saguaro1/spi-images:wasm-6.1-latest
Fetching https://github.com/componentskit/AutoLayout
[1/35] Fetching autolayout
Fetched https://github.com/componentskit/AutoLayout from cache (0.37s)
Computing version for https://github.com/componentskit/AutoLayout
Computed https://github.com/componentskit/AutoLayout at 1.0.1 (0.59s)
Creating working copy for https://github.com/componentskit/AutoLayout
Working copy of https://github.com/componentskit/AutoLayout resolved at 1.0.1
warning: 'spi-builder-workspace': found 1 file(s) which are unhandled; explicitly declare them as resources or exclude from the target
    /host/spi-builder-workspace/Sources/ComponentsKit/Resources/Assets.xcassets
Building for debugging...
[0/4] Copying PrivacyInfo.xcprivacy
[0/4] Write sources
[3/4] Write swift-version-24593BA9C3E375BF.txt
[5/9] Compiling AutoLayout LayoutConstraintsBuilder.swift
/host/spi-builder-workspace/.build/checkouts/AutoLayout/Sources/AutoLayout/LayoutConstraints.swift:1:8: error: no such module 'UIKit'
 1 | import UIKit
   |        `- error: no such module 'UIKit'
 2 |
 3 | /// A structure that holds references to various layout constraints applied to a view.
[6/9] Compiling AutoLayout UIView+Layout.swift
/host/spi-builder-workspace/.build/checkouts/AutoLayout/Sources/AutoLayout/LayoutConstraints.swift:1:8: error: no such module 'UIKit'
 1 | import UIKit
   |        `- error: no such module 'UIKit'
 2 |
 3 | /// A structure that holds references to various layout constraints applied to a view.
error: emit-module command failed with exit code 1 (use -v to see invocation)
[7/9] Emitting module AutoLayout
/host/spi-builder-workspace/.build/checkouts/AutoLayout/Sources/AutoLayout/LayoutConstraints.swift:1:8: error: no such module 'UIKit'
 1 | import UIKit
   |        `- error: no such module 'UIKit'
 2 |
 3 | /// A structure that holds references to various layout constraints applied to a view.
[8/9] Compiling AutoLayout LayoutConstraints.swift
/host/spi-builder-workspace/.build/checkouts/AutoLayout/Sources/AutoLayout/LayoutConstraints.swift:1:8: error: no such module 'UIKit'
 1 | import UIKit
   |        `- error: no such module 'UIKit'
 2 |
 3 | /// A structure that holds references to various layout constraints applied to a view.
[9/9] Compiling AutoLayout LayoutConstraints+Helpers.swift
/host/spi-builder-workspace/.build/checkouts/AutoLayout/Sources/AutoLayout/LayoutConstraints.swift:1:8: error: no such module 'UIKit'
 1 | import UIKit
   |        `- error: no such module 'UIKit'
 2 |
 3 | /// A structure that holds references to various layout constraints applied to a view.
Running build ...
bash -c docker run --pull=always --rm -v "checkouts-53886769-0":/host -w "$PWD" -e JAVA_HOME="/root/.sdkman/candidates/java/current" -e SPI_BUILD="1" -e SPI_PROCESSING="1" registry.gitlab.com/saguaro1/spi-images:wasm-6.1-latest swift build --swift-sdk wasm32-unknown-wasi 2>&1
wasm-6.1-latest: Pulling from saguaro1/spi-images
Digest: sha256:1ad245dad3d2ae0004e1afbc92334bd39884ed9ca587cf04d0a8d5f640fb02e9
Status: Image is up to date for registry.gitlab.com/saguaro1/spi-images:wasm-6.1-latest
warning: 'spi-builder-workspace': found 1 file(s) which are unhandled; explicitly declare them as resources or exclude from the target
    /host/spi-builder-workspace/Sources/ComponentsKit/Resources/Assets.xcassets
[0/1] Planning build
Building for debugging...
[0/1] Write swift-version-24593BA9C3E375BF.txt
error: emit-module command failed with exit code 1 (use -v to see invocation)
[2/6] Emitting module AutoLayout
/host/spi-builder-workspace/.build/checkouts/AutoLayout/Sources/AutoLayout/LayoutConstraints.swift:1:8: error: no such module 'UIKit'
 1 | import UIKit
   |        `- error: no such module 'UIKit'
 2 |
 3 | /// A structure that holds references to various layout constraints applied to a view.
[3/6] Compiling AutoLayout LayoutConstraints+Helpers.swift
/host/spi-builder-workspace/.build/checkouts/AutoLayout/Sources/AutoLayout/LayoutConstraints.swift:1:8: error: no such module 'UIKit'
 1 | import UIKit
   |        `- error: no such module 'UIKit'
 2 |
 3 | /// A structure that holds references to various layout constraints applied to a view.
[4/6] Compiling AutoLayout LayoutConstraints.swift
/host/spi-builder-workspace/.build/checkouts/AutoLayout/Sources/AutoLayout/LayoutConstraints.swift:1:8: error: no such module 'UIKit'
 1 | import UIKit
   |        `- error: no such module 'UIKit'
 2 |
 3 | /// A structure that holds references to various layout constraints applied to a view.
[5/6] Compiling AutoLayout UIView+Layout.swift
/host/spi-builder-workspace/.build/checkouts/AutoLayout/Sources/AutoLayout/LayoutConstraints.swift:1:8: error: no such module 'UIKit'
 1 | import UIKit
   |        `- error: no such module 'UIKit'
 2 |
 3 | /// A structure that holds references to various layout constraints applied to a view.
[6/6] Compiling AutoLayout LayoutConstraintsBuilder.swift
/host/spi-builder-workspace/.build/checkouts/AutoLayout/Sources/AutoLayout/LayoutConstraints.swift:1:8: error: no such module 'UIKit'
 1 | import UIKit
   |        `- error: no such module 'UIKit'
 2 |
 3 | /// A structure that holds references to various layout constraints applied to a view.
BUILD FAILURE 6.1 wasm