Build Information
Failed to build DevFoundation, reference 1.11.0 (255ec7), with Swift 6.2 for Wasm on 12 Aug 2026 09:23:57 UTC.
Build Command
bash -c docker run --pull=always --rm -v "checkouts-53886769-0":/host -w "$PWD" -e JAVA_HOME="/root/.sdkman/candidates/java/current" -e SPI_BUILD="1" -e SPI_PROCESSING="1" registry.gitlab.com/saguaro1/spi-images:wasm-6.2-latest swift build --swift-sdk swift-6.2-RELEASE_wasm 2>&1Build Log
========================================
RunAll
========================================
Builder version: 729ceb5fcd9493dc13ee340bc4f0908bd201f85d
Interrupt handler set up.
========================================
Checkout
========================================
Clone URL: https://github.com/DevKitOrganization/DevFoundation.git
Reference: 1.11.0
Initialized empty Git repository in /host/spi-builder-workspace/.git/
hint: Using 'master' as the name for the initial branch. This default branch name
hint: is subject to change. To configure the initial branch name to use in all
hint: of your new repositories, which will suppress this warning, call:
hint:
hint: git config --global init.defaultBranch <name>
hint:
hint: Names commonly chosen instead of 'master' are 'main', 'trunk' and
hint: 'development'. The just-created branch can be renamed via this command:
hint:
hint: git branch -m <name>
From https://github.com/DevKitOrganization/DevFoundation
* tag 1.11.0 -> FETCH_HEAD
HEAD is now at 255ec7a Only use remote localized format strings when explicitly allowed
Cloned https://github.com/DevKitOrganization/DevFoundation.git
Revision (git rev-parse @):
255ec7a9b6d91f172b4dbd3023f4720b885e27ca
SPI manifest file found: $PWD/.spi.yml
SUCCESS checkout https://github.com/DevKitOrganization/DevFoundation.git at 1.11.0
========================================
Build
========================================
Selected platform: wasm
Swift version: 6.2
Building package at path: $PWD
https://github.com/DevKitOrganization/DevFoundation.git
Running build ...
bash -c docker run --pull=always --rm -v "checkouts-53886769-0":/host -w "$PWD" -e JAVA_HOME="/root/.sdkman/candidates/java/current" -e SPI_BUILD="1" -e SPI_PROCESSING="1" registry.gitlab.com/saguaro1/spi-images:wasm-6.2-latest swift build --swift-sdk swift-6.2-RELEASE_wasm 2>&1
wasm-6.2-latest: Pulling from saguaro1/spi-images
Digest: sha256:70428a4f4110aef5b17a27427e965f31cf3855e8cf1dfdc416ed61c780337965
Status: Image is up to date for registry.gitlab.com/saguaro1/spi-images:wasm-6.2-latest
Fetching https://github.com/swiftlang/swift-syntax.git
Fetching https://github.com/apple/swift-numerics.git
Fetching https://github.com/apple/swift-async-algorithms.git
Fetching https://github.com/DevKitOrganization/DevTesting
Fetching https://github.com/prachigauriar/URLMock.git
Fetching https://github.com/apple/swift-argument-parser.git
[1/4619] Fetching urlmock
[186/5133] Fetching urlmock, devtesting
[700/11788] Fetching urlmock, devtesting, swift-async-algorithms
[747/18341] Fetching urlmock, devtesting, swift-async-algorithms, swift-numerics
[2199/36625] Fetching urlmock, devtesting, swift-async-algorithms, swift-numerics, swift-argument-parser
Fetched https://github.com/apple/swift-argument-parser.git from cache (0.79s)
Fetched https://github.com/DevKitOrganization/DevTesting from cache (0.85s)
Fetched https://github.com/prachigauriar/URLMock.git from cache (0.86s)
[1/76467] Fetching swift-syntax
Fetched https://github.com/apple/swift-numerics.git from cache (2.72s)
Fetched https://github.com/apple/swift-async-algorithms.git from cache (2.72s)
Fetched https://github.com/swiftlang/swift-syntax.git from cache (2.74s)
Computing version for https://github.com/prachigauriar/URLMock.git
Computed https://github.com/prachigauriar/URLMock.git at 1.3.6 (3.61s)
Computing version for https://github.com/swiftlang/swift-syntax.git
Computed https://github.com/swiftlang/swift-syntax.git at 602.0.0 (0.25s)
Computing version for https://github.com/DevKitOrganization/DevTesting
Computed https://github.com/DevKitOrganization/DevTesting at 1.6.0 (0.14s)
Computing version for https://github.com/apple/swift-numerics.git
Computed https://github.com/apple/swift-numerics.git at 1.1.1 (0.13s)
Computing version for https://github.com/apple/swift-async-algorithms.git
Computed https://github.com/apple/swift-async-algorithms.git at 1.1.5 (0.19s)
Fetching https://github.com/apple/swift-collections.git
[1/26599] Fetching swift-collections
Fetched https://github.com/apple/swift-collections.git from cache (1.07s)
Computing version for https://github.com/apple/swift-collections.git
Computed https://github.com/apple/swift-collections.git at 1.6.0 (1.31s)
Computing version for https://github.com/apple/swift-argument-parser.git
Computed https://github.com/apple/swift-argument-parser.git at 1.8.2 (0.15s)
Creating working copy for https://github.com/swiftlang/swift-syntax.git
Working copy of https://github.com/swiftlang/swift-syntax.git resolved at 602.0.0
Creating working copy for https://github.com/apple/swift-argument-parser.git
Working copy of https://github.com/apple/swift-argument-parser.git resolved at 1.8.2
Creating working copy for https://github.com/apple/swift-collections.git
Working copy of https://github.com/apple/swift-collections.git resolved at 1.6.0
Creating working copy for https://github.com/apple/swift-numerics.git
Working copy of https://github.com/apple/swift-numerics.git resolved at 1.1.1
Creating working copy for https://github.com/apple/swift-async-algorithms.git
Working copy of https://github.com/apple/swift-async-algorithms.git resolved at 1.1.5
Creating working copy for https://github.com/DevKitOrganization/DevTesting
Working copy of https://github.com/DevKitOrganization/DevTesting resolved at 1.6.0
Creating working copy for https://github.com/prachigauriar/URLMock.git
Working copy of https://github.com/prachigauriar/URLMock.git resolved at 1.3.6
Downloading package prebuilt https://download.swift.org/prebuilts/swift-syntax/602.0.0/swift-6.2-RELEASE-MacroSupport-ubuntu_jammy_x86_64.tar.gz
Downloaded https://download.swift.org/prebuilts/swift-syntax/602.0.0/swift-6.2-RELEASE-MacroSupport-ubuntu_jammy_x86_64.tar.gz (0.20s)
[1/1] Compiling plugin GenerateManual
[2/2] Compiling plugin GenerateDoccReference
Building for debugging...
[2/27] Write sources
[12/27] Write swift-version-24593BA9C3E375BF.txt
[14/52] Emitting module InternalCollectionsUtilities
[15/54] Compiling InternalCollectionsUtilities UnsafeMutableRawBufferPointer+Extras.swift
[16/54] Compiling InternalCollectionsUtilities UnsafeRawBufferPointer+Extras.swift
[17/54] Compiling InternalCollectionsUtilities _SortedCollection.swift
[18/54] Compiling InternalCollectionsUtilities _UniqueCollection.swift
[19/54] Compiling InternalCollectionsUtilities Integer rank.swift
[20/54] Compiling InternalCollectionsUtilities UInt+first and last set bit.swift
[21/54] Compiling InternalCollectionsUtilities UInt+reversed.swift
[22/54] Compiling InternalCollectionsUtilities String+Padding.swift
[23/54] Compiling InternalCollectionsUtilities _UnsafeBitSet+Index.swift
[24/54] Compiling InternalCollectionsUtilities _UnsafeBitSet+_Word.swift
[25/54] Compiling InternalCollectionsUtilities _UnsafeBitSet.swift
[26/54] Compiling InternalCollectionsUtilities UnsafeBufferPointer+Extras.swift
[27/54] Compiling InternalCollectionsUtilities UnsafeMutableBufferPointer+Extras.swift
[28/54] Compiling InternalCollectionsUtilities LifetimeOverride.swift
[29/54] Compiling InternalCollectionsUtilities RandomAccessCollection+Offsets.swift
[30/54] Compiling InternalCollectionsUtilities Span+Extras.swift
[31/54] Compiling InternalCollectionsUtilities Debugging.swift
[32/54] Compiling InternalCollectionsUtilities Descriptions.swift
[33/54] Compiling InternalCollectionsUtilities FixedWidthInteger+roundUpToPowerOfTwo.swift
[35/55] Emitting module ArgumentParserToolInfo
[36/55] Compiling ArgumentParserToolInfo ToolInfo.swift
[36/56] Wrapping AST for InternalCollectionsUtilities for debugging
[38/104] Wrapping AST for ArgumentParserToolInfo for debugging
[40/122] Compiling OrderedCollections OrderedSet+Insertions.swift
[41/122] Compiling OrderedCollections OrderedSet+Invariants.swift
[42/122] Compiling OrderedCollections OrderedSet+Move.swift
[43/122] Compiling OrderedCollections OrderedSet+Partial MutableCollection.swift
[44/122] Compiling OrderedCollections OrderedSet+Partial RangeReplaceableCollection.swift
[45/122] Compiling OrderedCollections OrderedDictionary+Partial MutableCollection.swift
[46/122] Compiling OrderedCollections OrderedDictionary+Partial RangeReplaceableCollection.swift
[47/122] Compiling OrderedCollections OrderedDictionary+Sendable.swift
[48/122] Compiling OrderedCollections OrderedDictionary+Sequence.swift
[49/122] Compiling OrderedCollections _HashTable+Bucket.swift
[50/200] Compiling ArgumentParser ParsedValues.swift
[51/200] Compiling ArgumentParser ParserError.swift
[52/200] Compiling ArgumentParser SplitArguments.swift
[53/200] Compiling ArgumentParser DumpHelpGenerator.swift
[54/200] Compiling ArgumentParser Mutex.swift
[55/200] Compiling ArgumentParser CommandParser.swift
[56/200] Compiling ArgumentParser InputKey.swift
[57/200] Compiling ArgumentParser InputOrigin.swift
[58/200] Compiling ArgumentParser Name.swift
[59/200] Compiling ArgumentParser Parsed.swift
[60/200] Compiling ArgumentParser Platform.swift
[61/200] Compiling ArgumentParser SequenceExtensions.swift
[62/200] Compiling ArgumentParser StringExtensions.swift
[63/200] Compiling ArgumentParser SwiftExtensions.swift
[64/200] Compiling ArgumentParser AsyncParsableCommand.swift
[65/200] Compiling ArgumentParser CommandConfiguration.swift
[66/200] Compiling ArgumentParser CommandGroup.swift
[67/200] Compiling ArgumentParser EnumerableFlag.swift
[68/200] Compiling ArgumentParser ExpressibleByArgument.swift
[69/200] Compiling ArgumentParser Option.swift
[70/200] Compiling ArgumentParser OptionGroup.swift
[71/200] Compiling ArgumentParser BashCompletionsGenerator.swift
[72/200] Compiling ArgumentParser CompletionsGenerator.swift
[73/200] Compiling ArgumentParser FishCompletionsGenerator.swift
[74/200] Compiling ArgumentParser ArgumentVisibility.swift
[75/200] Compiling ArgumentParser CompletionKind.swift
[76/200] Compiling ArgumentParser Errors.swift
[77/200] Compiling ArgumentParser Flag.swift
[78/200] Compiling ArgumentParser NameSpecification.swift
[79/200] Emitting module ContainersPreview
[80/201] Wrapping AST for ContainersPreview for debugging
[82/242] Compiling ArgumentParser HelpCommand.swift
[83/242] Compiling ArgumentParser HelpGenerator.swift
[84/242] Compiling ArgumentParser MessageInfo.swift
[85/242] Compiling ArgumentParser UsageGenerator.swift
[86/242] Compiling ArgumentParser CollectionExtensions.swift
[87/242] Compiling ArgumentParser Foundation.swift
[88/242] Compiling OrderedCollections OrderedSet+RandomAccessCollection.swift
[89/242] Compiling OrderedCollections OrderedSet+ReserveCapacity.swift
[90/242] Compiling OrderedCollections OrderedSet+Partial SetAlgebra formSymmetricDifference.swift
[91/242] Compiling OrderedCollections OrderedSet+Partial SetAlgebra formUnion.swift
[92/242] Compiling OrderedCollections OrderedSet+Partial SetAlgebra intersection.swift
[93/242] Compiling OrderedCollections OrderedSet+Partial SetAlgebra isDisjoint.swift
[94/242] Compiling OrderedCollections OrderedSet+Partial SetAlgebra isEqualSet.swift
[95/242] Compiling OrderedCollections OrderedSet+Partial SetAlgebra isStrictSubset.swift
[96/242] Compiling OrderedCollections OrderedSet+Partial SetAlgebra isStrictSuperset.swift
[97/242] Compiling OrderedCollections OrderedSet+Partial SetAlgebra isSubset.swift
[98/249] Compiling DequeModule _DequeBuffer.swift
[99/249] Compiling DequeModule _DequeBufferHeader.swift
[100/249] Compiling DequeModule RigidDeque+Append.swift
[101/249] Compiling DequeModule RigidDeque+Consumption.swift
[102/249] Compiling DequeModule RigidDeque+Container.swift
[103/249] Compiling DequeModule RigidDeque+Descriptions.swift
[104/254] Compiling DequeModule UniqueDeque+Hashable.swift
[105/254] Compiling DequeModule UniqueDeque+Initializers.swift
[106/254] Compiling DequeModule UniqueDeque+Insertions.swift
[107/254] Compiling DequeModule UniqueDeque+Prepend.swift
[108/254] Compiling DequeModule UniqueDeque+Removals.swift
[109/254] Compiling DequeModule UniqueDeque+Container.swift
[110/254] Compiling DequeModule UniqueDeque+Deprecated.swift
[111/254] Compiling DequeModule UniqueDeque+Descriptions.swift
[112/254] Compiling DequeModule UniqueDeque+Equatable.swift
[113/254] Compiling DequeModule UniqueDeque+Experimental.swift
[114/254] Compiling DequeModule RigidDeque+Equatable.swift
[115/254] Compiling DequeModule RigidDeque+Experimental.swift
[116/254] Compiling DequeModule RigidDeque+Hashable.swift
[117/254] Compiling DequeModule RigidDeque+Initializers.swift
[118/254] Compiling DequeModule RigidDeque+Insertions.swift
[119/254] Compiling DequeModule RigidDeque+Prepend.swift
[120/254] Compiling DequeModule RigidDeque+Removals.swift
[121/254] Compiling DequeModule RigidDeque+Replacements.swift
[122/254] Compiling DequeModule RigidDeque+Testing.swift
[123/254] Compiling DequeModule RigidDeque.swift
[124/254] Compiling DequeModule UniqueDeque+Append.swift
[125/254] Compiling DequeModule UniqueDeque+Consumption.swift
[126/254] Compiling DequeModule Deque+Codable.swift
[127/254] Compiling DequeModule Deque+Collection.swift
[128/254] Compiling DequeModule Deque+CustomReflectable.swift
[129/254] Compiling DequeModule Deque+Descriptions.swift
[130/254] Compiling DequeModule Deque+Equatable.swift
[131/254] Compiling DequeModule Deque+ExpressibleByArrayLiteral.swift
[132/254] Compiling DequeModule Deque+Extras.swift
[133/254] Compiling DequeModule Deque+Hashable.swift
[150/254] Compiling DequeModule Deque+Testing.swift
[151/254] Compiling DequeModule Deque._Storage.swift
[152/254] Compiling DequeModule Deque._UnsafeHandle.swift
[153/254] Compiling DequeModule Deque.swift
[164/254] Compiling OrderedCollections OrderedSet+Sendable.swift
[165/254] Compiling OrderedCollections OrderedSet+SubSequence.swift
[166/254] Compiling OrderedCollections OrderedSet+Testing.swift
[167/254] Compiling OrderedCollections OrderedSet+UnorderedView.swift
[168/254] Compiling OrderedCollections OrderedSet+UnstableInternals.swift
[169/254] Compiling OrderedCollections OrderedSet.swift
[170/254] Compiling OrderedCollections _UnsafeBitset.swift
[185/254] Emitting module OrderedCollections
[186/255] Wrapping AST for OrderedCollections for debugging
[194/261] Emitting module DequeModule
[195/261] Compiling RemoteLocalizationMacros RemoteLocalizationMacrosPlugin.swift
[196/261] Compiling RemoteLocalizationMacros RemoteLocalizedStringMacroError.swift
[197/261] Compiling RemoteLocalizationMacros RemoteLocalizedStringMacro.swift
[198/261] Compiling RemoteLocalizationMacros RemoteLocalizedStringWithFormatMacro.swift
[199/261] Emitting module RemoteLocalizationMacros
[200/261] Emitting module ArgumentParser
[201/262] Wrapping AST for RemoteLocalizationMacros for debugging
[202/262] Write Objects.LinkFileList
[204/262] Compiling DequeModule UniqueDeque+Replacements.swift
[205/262] Compiling DequeModule UniqueDeque.swift
[206/262] Compiling DequeModule _DequeSlot.swift
[207/262] Compiling DequeModule _UnsafeDequeHandle.swift
[208/262] Compiling DequeModule _UnsafeDequeSegments.swift
[209/263] Wrapping AST for DequeModule for debugging
[223/316] Compiling AsyncAlgorithms AsyncMerge3Sequence.swift
[224/316] Compiling AsyncAlgorithms MergeStateMachine.swift
[225/316] Compiling AsyncAlgorithms MergeStorage.swift
[226/316] Compiling AsyncAlgorithms MultiProducerSingleConsumerAsyncChannel+Internal.swift
[227/316] Compiling AsyncAlgorithms MultiProducerSingleConsumerAsyncChannel.swift
[228/316] Compiling AsyncAlgorithms RangeReplaceableCollection.swift
[229/316] Compiling AsyncAlgorithms DebounceStorage.swift
[230/316] Compiling AsyncAlgorithms Dictionary.swift
[231/316] Compiling AsyncAlgorithms UnboundedBufferStateMachine.swift
[232/316] Compiling AsyncAlgorithms UnboundedBufferStorage.swift
[233/316] Compiling AsyncAlgorithms AsyncChannel.swift
[234/316] Compiling AsyncAlgorithms AsyncThrowingChannel.swift
[235/316] Compiling AsyncAlgorithms ChannelStateMachine.swift
[236/316] Compiling AsyncAlgorithms AsyncRemoveDuplicatesSequence.swift
[237/316] Compiling AsyncAlgorithms AsyncShareSequence.swift
[238/316] Compiling AsyncAlgorithms AsyncCombineLatest3Sequence.swift
[239/316] Compiling AsyncAlgorithms CombineLatestStateMachine.swift
[240/316] Compiling AsyncAlgorithms CombineLatestStorage.swift
[241/316] Compiling AsyncAlgorithms AsyncDebounceSequence.swift
[242/316] Compiling AsyncAlgorithms DebounceStateMachine.swift
[243/316] Compiling AsyncAlgorithms AsyncSyncSequence.swift
[244/316] Compiling AsyncAlgorithms AsyncThrottleSequence.swift
[245/316] Compiling AsyncAlgorithms AsyncThrowingExclusiveReductionsSequence.swift
[246/316] Compiling AsyncAlgorithms AsyncThrowingInclusiveReductionsSequence.swift
[247/316] Compiling AsyncAlgorithms AsyncTimerSequence.swift
[248/316] Compiling AsyncAlgorithms AsyncBufferSequence.swift
[249/316] Compiling AsyncAlgorithms BoundedBufferStateMachine.swift
[250/316] Compiling AsyncAlgorithms BoundedBufferStorage.swift
[251/316] Compiling AsyncAlgorithms AsyncCompactedSequence.swift
[252/316] Compiling AsyncAlgorithms AsyncExclusiveReductionsSequence.swift
[253/316] Compiling AsyncAlgorithms AsyncInclusiveReductionsSequence.swift
[254/316] Compiling AsyncAlgorithms AsyncJoinedBySeparatorSequence.swift
[255/316] Compiling AsyncAlgorithms AsyncJoinedSequence.swift
[256/316] Compiling AsyncAlgorithms AsyncMapErrorSequence.swift
[257/317] Linking RemoteLocalizationMacros-tool
[258/317] Wrapping AST for ArgumentParser for debugging
[260/317] Compiling AsyncAlgorithms AsyncAdjacentPairsSequence.swift
[261/317] Compiling AsyncAlgorithms AsyncBufferedByteIterator.swift
[262/317] Compiling AsyncAlgorithms AsyncChain2Sequence.swift
[263/317] Compiling AsyncAlgorithms AsyncChain3Sequence.swift
[264/317] Compiling AsyncAlgorithms AsyncChunkedByGroupSequence.swift
[265/317] Compiling AsyncAlgorithms AsyncChunkedOnProjectionSequence.swift
[266/317] Compiling AsyncAlgorithms AsyncChunksOfCountOrSignalSequence.swift
[267/317] Compiling AsyncAlgorithms AsyncChunksOfCountSequence.swift
[268/324] Emitting module AsyncAlgorithms
[269/324] Compiling AsyncAlgorithms AsyncFlatMapLatestSequence.swift
[270/324] Compiling AsyncAlgorithms FlatMapLatestStateMachine.swift
[271/324] Compiling AsyncAlgorithms FlatMapLatestStorage.swift
[272/324] Compiling AsyncAlgorithms Disconnected.swift
[273/324] Compiling AsyncAlgorithms _TinyArray.swift
[274/324] Compiling AsyncAlgorithms AsyncInterspersedSequence.swift
[275/324] Compiling AsyncAlgorithms Locking.swift
[276/324] Compiling AsyncAlgorithms Rethrow.swift
[277/324] Compiling AsyncAlgorithms SetAlgebra.swift
[278/324] Compiling AsyncAlgorithms UnsafeTransfer.swift
[279/324] Compiling AsyncAlgorithms AsyncZip2Sequence.swift
[280/324] Compiling AsyncAlgorithms AsyncZip3Sequence.swift
[281/324] Compiling AsyncAlgorithms ZipStateMachine.swift
[282/324] Compiling AsyncAlgorithms ZipStorage.swift
[288/324] Compiling AsyncAlgorithms ChannelStorage.swift
[289/324] Compiling AsyncAlgorithms AsyncCombineLatest2Sequence.swift
[313/324] Compiling AsyncAlgorithms AsyncMerge2Sequence.swift
[320/325] Wrapping AST for AsyncAlgorithms for debugging
error: emit-module command failed with exit code 1 (use -v to see invocation)
[322/398] Emitting module DevFoundation
/host/spi-builder-workspace/Sources/DevFoundation/Date Providers/DateProviders.swift:10:8: error: no such module 'os'
8 | import Foundation
9 | import Synchronization
10 | import os
| `- error: no such module 'os'
11 |
12 | /// DevFoundation’s logger for outputting information about date providers.
[323/408] Compiling DevFoundation DispatchQueue+NonOvercommitting.swift
/host/spi-builder-workspace/Sources/DevFoundation/Date Providers/DateProviders.swift:10:8: error: no such module 'os'
8 | import Foundation
9 | import Synchronization
10 | import os
| `- error: no such module 'os'
11 |
12 | /// DevFoundation’s logger for outputting information about date providers.
[324/408] Compiling DevFoundation DispatchQueue+Standard.swift
/host/spi-builder-workspace/Sources/DevFoundation/Date Providers/DateProviders.swift:10:8: error: no such module 'os'
8 | import Foundation
9 | import Synchronization
10 | import os
| `- error: no such module 'os'
11 |
12 | /// DevFoundation’s logger for outputting information about date providers.
[325/408] Compiling DevFoundation ExecutionGroup.swift
/host/spi-builder-workspace/Sources/DevFoundation/Date Providers/DateProviders.swift:10:8: error: no such module 'os'
8 | import Foundation
9 | import Synchronization
10 | import os
| `- error: no such module 'os'
11 |
12 | /// DevFoundation’s logger for outputting information about date providers.
[326/408] Compiling DevFoundation WithTimeout.swift
/host/spi-builder-workspace/Sources/DevFoundation/Date Providers/DateProviders.swift:10:8: error: no such module 'os'
8 | import Foundation
9 | import Synchronization
10 | import os
| `- error: no such module 'os'
11 |
12 | /// DevFoundation’s logger for outputting information about date providers.
[327/408] Compiling DevFoundation DateProvider.swift
/host/spi-builder-workspace/Sources/DevFoundation/Date Providers/DateProviders.swift:10:8: error: no such module 'os'
8 | import Foundation
9 | import Synchronization
10 | import os
| `- error: no such module 'os'
11 |
12 | /// DevFoundation’s logger for outputting information about date providers.
[328/408] Compiling DevFoundation DateProviders.swift
/host/spi-builder-workspace/Sources/DevFoundation/Date Providers/DateProviders.swift:10:8: error: no such module 'os'
8 | import Foundation
9 | import Synchronization
10 | import os
| `- error: no such module 'os'
11 |
12 | /// DevFoundation’s logger for outputting information about date providers.
[329/408] Compiling DevFoundation OffsetDateProvider.swift
/host/spi-builder-workspace/Sources/DevFoundation/Date Providers/DateProviders.swift:10:8: error: no such module 'os'
8 | import Foundation
9 | import Synchronization
10 | import os
| `- error: no such module 'os'
11 |
12 | /// DevFoundation’s logger for outputting information about date providers.
[330/408] Compiling DevFoundation ScaledDateProvider.swift
/host/spi-builder-workspace/Sources/DevFoundation/Date Providers/DateProviders.swift:10:8: error: no such module 'os'
8 | import Foundation
9 | import Synchronization
10 | import os
| `- error: no such module 'os'
11 |
12 | /// DevFoundation’s logger for outputting information about date providers.
[331/408] Compiling DevFoundation SystemDateProvider.swift
/host/spi-builder-workspace/Sources/DevFoundation/Date Providers/DateProviders.swift:10:8: error: no such module 'os'
8 | import Foundation
9 | import Synchronization
10 | import os
| `- error: no such module 'os'
11 |
12 | /// DevFoundation’s logger for outputting information about date providers.
[332/408] Compiling DevFoundation DevFoundation.swift
/host/spi-builder-workspace/Sources/DevFoundation/Date Providers/DateProviders.swift:10:8: error: no such module 'os'
8 | import Foundation
9 | import Synchronization
10 | import os
| `- error: no such module 'os'
11 |
12 | /// DevFoundation’s logger for outputting information about date providers.
[333/408] Compiling DevFoundation BusEvent.swift
/host/spi-builder-workspace/Sources/DevFoundation/Date Providers/DateProviders.swift:10:8: error: no such module 'os'
8 | import Foundation
9 | import Synchronization
10 | import os
| `- error: no such module 'os'
11 |
12 | /// DevFoundation’s logger for outputting information about date providers.
[334/408] Compiling DevFoundation HTTPMethod.swift
/host/spi-builder-workspace/Sources/DevFoundation/Date Providers/DateProviders.swift:10:8: error: no such module 'os'
8 | import Foundation
9 | import Synchronization
10 | import os
| `- error: no such module 'os'
11 |
12 | /// DevFoundation’s logger for outputting information about date providers.
[335/408] Compiling DevFoundation HTTPResponse.swift
/host/spi-builder-workspace/Sources/DevFoundation/Date Providers/DateProviders.swift:10:8: error: no such module 'os'
8 | import Foundation
9 | import Synchronization
10 | import os
| `- error: no such module 'os'
11 |
12 | /// DevFoundation’s logger for outputting information about date providers.
[336/408] Compiling DevFoundation HTTPStatusCode.swift
/host/spi-builder-workspace/Sources/DevFoundation/Date Providers/DateProviders.swift:10:8: error: no such module 'os'
8 | import Foundation
9 | import Synchronization
10 | import os
| `- error: no such module 'os'
11 |
12 | /// DevFoundation’s logger for outputting information about date providers.
[337/408] Compiling DevFoundation MediaType.swift
/host/spi-builder-workspace/Sources/DevFoundation/Date Providers/DateProviders.swift:10:8: error: no such module 'os'
8 | import Foundation
9 | import Synchronization
10 | import os
| `- error: no such module 'os'
11 |
12 | /// DevFoundation’s logger for outputting information about date providers.
[338/408] Compiling DevFoundation URLPathComponent.swift
/host/spi-builder-workspace/Sources/DevFoundation/Date Providers/DateProviders.swift:10:8: error: no such module 'os'
8 | import Foundation
9 | import Synchronization
10 | import os
| `- error: no such module 'os'
11 |
12 | /// DevFoundation’s logger for outputting information about date providers.
[339/408] Compiling DevFoundation AnyRequestCondition.swift
/host/spi-builder-workspace/Sources/DevFoundation/Date Providers/DateProviders.swift:10:8: error: no such module 'os'
8 | import Foundation
9 | import Synchronization
10 | import os
| `- error: no such module 'os'
11 |
12 | /// DevFoundation’s logger for outputting information about date providers.
[340/408] Compiling DevFoundation BodyEquals.swift
/host/spi-builder-workspace/Sources/DevFoundation/Date Providers/DateProviders.swift:10:8: error: no such module 'os'
8 | import Foundation
9 | import Synchronization
10 | import os
| `- error: no such module 'os'
11 |
12 | /// DevFoundation’s logger for outputting information about date providers.
[341/408] Compiling DevFoundation BodyEqualsDecodable.swift
/host/spi-builder-workspace/Sources/DevFoundation/Date Providers/DateProviders.swift:10:8: error: no such module 'os'
8 | import Foundation
9 | import Synchronization
10 | import os
| `- error: no such module 'os'
11 |
12 | /// DevFoundation’s logger for outputting information about date providers.
[342/408] Compiling DevFoundation HTTPMethodIsOneOf.swift
/host/spi-builder-workspace/Sources/DevFoundation/Date Providers/DateProviders.swift:10:8: error: no such module 'os'
8 | import Foundation
9 | import Synchronization
10 | import os
| `- error: no such module 'os'
11 |
12 | /// DevFoundation’s logger for outputting information about date providers.
[343/408] Compiling DevFoundation HeaderItemsContains.swift
/host/spi-builder-workspace/Sources/DevFoundation/Date Providers/DateProviders.swift:10:8: error: no such module 'os'
8 | import Foundation
9 | import Synchronization
10 | import os
| `- error: no such module 'os'
11 |
12 | /// DevFoundation’s logger for outputting information about date providers.
[344/408] Compiling DevFoundation RandomAccessPager.swift
/host/spi-builder-workspace/Sources/DevFoundation/Date Providers/DateProviders.swift:10:8: error: no such module 'os'
8 | import Foundation
9 | import Synchronization
10 | import os
| `- error: no such module 'os'
11 |
12 | /// DevFoundation’s logger for outputting information about date providers.
[345/408] Compiling DevFoundation SequentialPager.swift
/host/spi-builder-workspace/Sources/DevFoundation/Date Providers/DateProviders.swift:10:8: error: no such module 'os'
8 | import Foundation
9 | import Synchronization
10 | import os
| `- error: no such module 'os'
11 |
12 | /// DevFoundation’s logger for outputting information about date providers.
[346/408] Compiling DevFoundation Bundle+RemoteContent.swift
/host/spi-builder-workspace/Sources/DevFoundation/Date Providers/DateProviders.swift:10:8: error: no such module 'os'
8 | import Foundation
9 | import Synchronization
10 | import os
| `- error: no such module 'os'
11 |
12 | /// DevFoundation’s logger for outputting information about date providers.
[347/408] Compiling DevFoundation RemoteLocalizedFormatStringPolicy.swift
/host/spi-builder-workspace/Sources/DevFoundation/Date Providers/DateProviders.swift:10:8: error: no such module 'os'
8 | import Foundation
9 | import Synchronization
10 | import os
| `- error: no such module 'os'
11 |
12 | /// DevFoundation’s logger for outputting information about date providers.
[348/408] Compiling DevFoundation RemoteLocalizedString.swift
/host/spi-builder-workspace/Sources/DevFoundation/Date Providers/DateProviders.swift:10:8: error: no such module 'os'
8 | import Foundation
9 | import Synchronization
10 | import os
| `- error: no such module 'os'
11 |
12 | /// DevFoundation’s logger for outputting information about date providers.
[349/408] Compiling DevFoundation AnySendableHashable.swift
/host/spi-builder-workspace/Sources/DevFoundation/Date Providers/DateProviders.swift:10:8: error: no such module 'os'
8 | import Foundation
9 | import Synchronization
10 | import os
| `- error: no such module 'os'
11 |
12 | /// DevFoundation’s logger for outputting information about date providers.
[350/408] Compiling DevFoundation CurrentValueMulticaster.swift
/host/spi-builder-workspace/Sources/DevFoundation/Date Providers/DateProviders.swift:10:8: error: no such module 'os'
8 | import Foundation
9 | import Synchronization
10 | import os
| `- error: no such module 'os'
11 |
12 | /// DevFoundation’s logger for outputting information about date providers.
[351/408] Compiling DevFoundation DottedHierarchicalID.swift
/host/spi-builder-workspace/Sources/DevFoundation/Date Providers/DateProviders.swift:10:8: error: no such module 'os'
8 | import Foundation
9 | import Synchronization
10 | import os
| `- error: no such module 'os'
11 |
12 | /// DevFoundation’s logger for outputting information about date providers.
[352/408] Compiling DevFoundation ExpiringValue.swift
/host/spi-builder-workspace/Sources/DevFoundation/Date Providers/DateProviders.swift:10:8: error: no such module 'os'
8 | import Foundation
9 | import Synchronization
10 | import os
| `- error: no such module 'os'
11 |
12 | /// DevFoundation’s logger for outputting information about date providers.
[353/408] Compiling DevFoundation GibberishGenerator.swift
/host/spi-builder-workspace/Sources/DevFoundation/Date Providers/DateProviders.swift:10:8: error: no such module 'os'
8 | import Foundation
9 | import Synchronization
10 | import os
| `- error: no such module 'os'
11 |
12 | /// DevFoundation’s logger for outputting information about date providers.
[354/408] Compiling DevFoundation HeaderItemsEquals.swift
/host/spi-builder-workspace/Sources/DevFoundation/Date Providers/DateProviders.swift:10:8: error: no such module 'os'
8 | import Foundation
9 | import Synchronization
10 | import os
| `- error: no such module 'os'
11 |
12 | /// DevFoundation’s logger for outputting information about date providers.
[355/408] Compiling DevFoundation HostIsOneOf.swift
/host/spi-builder-workspace/Sources/DevFoundation/Date Providers/DateProviders.swift:10:8: error: no such module 'os'
8 | import Foundation
9 | import Synchronization
10 | import os
| `- error: no such module 'os'
11 |
12 | /// DevFoundation’s logger for outputting information about date providers.
[356/408] Compiling DevFoundation PathMatches.swift
/host/spi-builder-workspace/Sources/DevFoundation/Date Providers/DateProviders.swift:10:8: error: no such module 'os'
8 | import Foundation
9 | import Synchronization
10 | import os
| `- error: no such module 'os'
11 |
12 | /// DevFoundation’s logger for outputting information about date providers.
[357/408] Compiling DevFoundation QueryItemsContains.swift
/host/spi-builder-workspace/Sources/DevFoundation/Date Providers/DateProviders.swift:10:8: error: no such module 'os'
8 | import Foundation
9 | import Synchronization
10 | import os
| `- error: no such module 'os'
11 |
12 | /// DevFoundation’s logger for outputting information about date providers.
[358/408] Compiling DevFoundation QueryItemsEquals.swift
/host/spi-builder-workspace/Sources/DevFoundation/Date Providers/DateProviders.swift:10:8: error: no such module 'os'
8 | import Foundation
9 | import Synchronization
10 | import os
| `- error: no such module 'os'
11 |
12 | /// DevFoundation’s logger for outputting information about date providers.
[359/408] Compiling DevFoundation SchemeIsOneOf.swift
/host/spi-builder-workspace/Sources/DevFoundation/Date Providers/DateProviders.swift:10:8: error: no such module 'os'
8 | import Foundation
9 | import Synchronization
10 | import os
| `- error: no such module 'os'
11 |
12 | /// DevFoundation’s logger for outputting information about date providers.
[360/408] Compiling DevFoundation URLMatches.swift
/host/spi-builder-workspace/Sources/DevFoundation/Date Providers/DateProviders.swift:10:8: error: no such module 'os'
8 | import Foundation
9 | import Synchronization
10 | import os
| `- error: no such module 'os'
11 |
12 | /// DevFoundation’s logger for outputting information about date providers.
[361/408] Compiling DevFoundation RequestComponents.swift
/host/spi-builder-workspace/Sources/DevFoundation/Date Providers/DateProviders.swift:10:8: error: no such module 'os'
8 | import Foundation
9 | import Synchronization
10 | import os
| `- error: no such module 'os'
11 |
12 | /// DevFoundation’s logger for outputting information about date providers.
[362/408] Compiling DevFoundation RequestCondition.swift
/host/spi-builder-workspace/Sources/DevFoundation/Date Providers/DateProviders.swift:10:8: error: no such module 'os'
8 | import Foundation
9 | import Synchronization
10 | import os
| `- error: no such module 'os'
11 |
12 | /// DevFoundation’s logger for outputting information about date providers.
[363/408] Compiling DevFoundation Responder.swift
/host/spi-builder-workspace/Sources/DevFoundation/Date Providers/DateProviders.swift:10:8: error: no such module 'os'
8 | import Foundation
9 | import Synchronization
10 | import os
| `- error: no such module 'os'
11 |
12 | /// DevFoundation’s logger for outputting information about date providers.
[364/408] Compiling DevFoundation ResponseGenerator.swift
/host/spi-builder-workspace/Sources/DevFoundation/Date Providers/DateProviders.swift:10:8: error: no such module 'os'
8 | import Foundation
9 | import Synchronization
10 | import os
| `- error: no such module 'os'
11 |
12 | /// DevFoundation’s logger for outputting information about date providers.
[365/408] Compiling DevFoundation SimulatedURLRequestLoader.swift
/host/spi-builder-workspace/Sources/DevFoundation/Date Providers/DateProviders.swift:10:8: error: no such module 'os'
8 | import Foundation
9 | import Synchronization
10 | import os
| `- error: no such module 'os'
11 |
12 | /// DevFoundation’s logger for outputting information about date providers.
[366/408] Compiling DevFoundation SuccessResponseTemplate.swift
/host/spi-builder-workspace/Sources/DevFoundation/Date Providers/DateProviders.swift:10:8: error: no such module 'os'
8 | import Foundation
9 | import Synchronization
10 | import os
| `- error: no such module 'os'
11 |
12 | /// DevFoundation’s logger for outputting information about date providers.
[367/408] Compiling DevFoundation UnfulfillableRequestError.swift
/host/spi-builder-workspace/Sources/DevFoundation/Date Providers/DateProviders.swift:10:8: error: no such module 'os'
8 | import Foundation
9 | import Synchronization
10 | import os
| `- error: no such module 'os'
11 |
12 | /// DevFoundation’s logger for outputting information about date providers.
[368/408] Compiling DevFoundation BaseURLConfiguring.swift
/host/spi-builder-workspace/Sources/DevFoundation/Date Providers/DateProviders.swift:10:8: error: no such module 'os'
8 | import Foundation
9 | import Synchronization
10 | import os
| `- error: no such module 'os'
11 |
12 | /// DevFoundation’s logger for outputting information about date providers.
[369/408] Compiling DevFoundation JSONBodyWebServiceRequest.swift
/host/spi-builder-workspace/Sources/DevFoundation/Date Providers/DateProviders.swift:10:8: error: no such module 'os'
8 | import Foundation
9 | import Synchronization
10 | import os
| `- error: no such module 'os'
11 |
12 | /// DevFoundation’s logger for outputting information about date providers.
[370/408] Compiling DevFoundation SingleBaseURLConfiguration.swift
/host/spi-builder-workspace/Sources/DevFoundation/Date Providers/DateProviders.swift:10:8: error: no such module 'os'
8 | import Foundation
9 | import Synchronization
10 | import os
| `- error: no such module 'os'
11 |
12 | /// DevFoundation’s logger for outputting information about date providers.
[371/408] Compiling DevFoundation WebServiceClient.swift
/host/spi-builder-workspace/Sources/DevFoundation/Date Providers/DateProviders.swift:10:8: error: no such module 'os'
8 | import Foundation
9 | import Synchronization
10 | import os
| `- error: no such module 'os'
11 |
12 | /// DevFoundation’s logger for outputting information about date providers.
[372/408] Compiling DevFoundation WebServiceRequest.swift
/host/spi-builder-workspace/Sources/DevFoundation/Date Providers/DateProviders.swift:10:8: error: no such module 'os'
8 | import Foundation
9 | import Synchronization
10 | import os
| `- error: no such module 'os'
11 |
12 | /// DevFoundation’s logger for outputting information about date providers.
[373/408] Compiling DevFoundation OffsetPage.swift
/host/spi-builder-workspace/Sources/DevFoundation/Date Providers/DateProviders.swift:10:8: error: no such module 'os'
8 | import Foundation
9 | import Synchronization
10 | import os
| `- error: no such module 'os'
11 |
12 | /// DevFoundation’s logger for outputting information about date providers.
[374/408] Compiling DevFoundation LiveQuerySchedulingStrategy.swift
/host/spi-builder-workspace/Sources/DevFoundation/Date Providers/DateProviders.swift:10:8: error: no such module 'os'
8 | import Foundation
9 | import Synchronization
10 | import os
| `- error: no such module 'os'
11 |
12 | /// DevFoundation’s logger for outputting information about date providers.
[375/408] Compiling DevFoundation InvalidHTTPStatusCodeError.swift
/host/spi-builder-workspace/Sources/DevFoundation/Date Providers/DateProviders.swift:10:8: error: no such module 'os'
8 | import Foundation
9 | import Synchronization
10 | import os
| `- error: no such module 'os'
11 |
12 | /// DevFoundation’s logger for outputting information about date providers.
[376/408] Compiling DevFoundation InvalidWebServiceRequestError.swift
/host/spi-builder-workspace/Sources/DevFoundation/Date Providers/DateProviders.swift:10:8: error: no such module 'os'
8 | import Foundation
9 | import Synchronization
10 | import os
| `- error: no such module 'os'
11 |
12 | /// DevFoundation’s logger for outputting information about date providers.
[377/408] Compiling DevFoundation NonHTTPURLResponseError.swift
/host/spi-builder-workspace/Sources/DevFoundation/Date Providers/DateProviders.swift:10:8: error: no such module 'os'
8 | import Foundation
9 | import Synchronization
10 | import os
| `- error: no such module 'os'
11 |
12 | /// DevFoundation’s logger for outputting information about date providers.
[378/408] Compiling DevFoundation HTTPClient.swift
/host/spi-builder-workspace/Sources/DevFoundation/Date Providers/DateProviders.swift:10:8: error: no such module 'os'
8 | import Foundation
9 | import Synchronization
10 | import os
| `- error: no such module 'os'
11 |
12 | /// DevFoundation’s logger for outputting information about date providers.
[379/408] Compiling DevFoundation HTTPClientInterceptor.swift
/host/spi-builder-workspace/Sources/DevFoundation/Date Providers/DateProviders.swift:10:8: error: no such module 'os'
8 | import Foundation
9 | import Synchronization
10 | import os
| `- error: no such module 'os'
11 |
12 | /// DevFoundation’s logger for outputting information about date providers.
[380/408] Compiling DevFoundation URLRequestLoader.swift
/host/spi-builder-workspace/Sources/DevFoundation/Date Providers/DateProviders.swift:10:8: error: no such module 'os'
8 | import Foundation
9 | import Synchronization
10 | import os
| `- error: no such module 'os'
11 |
12 | /// DevFoundation’s logger for outputting information about date providers.
[381/408] Compiling DevFoundation HTTPBody.swift
/host/spi-builder-workspace/Sources/DevFoundation/Date Providers/DateProviders.swift:10:8: error: no such module 'os'
8 | import Foundation
9 | import Synchronization
10 | import os
| `- error: no such module 'os'
11 |
12 | /// DevFoundation’s logger for outputting information about date providers.
[382/408] Compiling DevFoundation HTTPHeaderField.swift
/host/spi-builder-workspace/Sources/DevFoundation/Date Providers/DateProviders.swift:10:8: error: no such module 'os'
8 | import Foundation
9 | import Synchronization
10 | import os
| `- error: no such module 'os'
11 |
12 | /// DevFoundation’s logger for outputting information about date providers.
[383/408] Compiling DevFoundation HTTPHeaderItem.swift
/host/spi-builder-workspace/Sources/DevFoundation/Date Providers/DateProviders.swift:10:8: error: no such module 'os'
8 | import Foundation
9 | import Synchronization
10 | import os
| `- error: no such module 'os'
11 |
12 | /// DevFoundation’s logger for outputting information about date providers.
[384/408] Compiling DevFoundation BusEventObserver.swift
/host/spi-builder-workspace/Sources/DevFoundation/Date Providers/DateProviders.swift:10:8: error: no such module 'os'
8 | import Foundation
9 | import Synchronization
10 | import os
| `- error: no such module 'os'
11 |
12 | /// DevFoundation’s logger for outputting information about date providers.
[385/408] Compiling DevFoundation ContextualBusEventObserver.swift
/host/spi-builder-workspace/Sources/DevFoundation/Date Providers/DateProviders.swift:10:8: error: no such module 'os'
8 | import Foundation
9 | import Synchronization
10 | import os
| `- error: no such module 'os'
11 |
12 | /// DevFoundation’s logger for outputting information about date providers.
[386/408] Compiling DevFoundation EventBus.swift
/host/spi-builder-workspace/Sources/DevFoundation/Date Providers/DateProviders.swift:10:8: error: no such module 'os'
8 | import Foundation
9 | import Synchronization
10 | import os
| `- error: no such module 'os'
11 |
12 | /// DevFoundation’s logger for outputting information about date providers.
[387/408] Compiling DevFoundation Data+Obfuscation.swift
/host/spi-builder-workspace/Sources/DevFoundation/Date Providers/DateProviders.swift:10:8: error: no such module 'os'
8 | import Foundation
9 | import Synchronization
10 | import os
| `- error: no such module 'os'
11 |
12 | /// DevFoundation’s logger for outputting information about date providers.
[388/408] Compiling DevFoundation Date+Unix.swift
/host/spi-builder-workspace/Sources/DevFoundation/Date Providers/DateProviders.swift:10:8: error: no such module 'os'
8 | import Foundation
9 | import Synchronization
10 | import os
| `- error: no such module 'os'
11 |
12 | /// DevFoundation’s logger for outputting information about date providers.
[389/408] Compiling DevFoundation Duration+TimeInterval.swift
/host/spi-builder-workspace/Sources/DevFoundation/Date Providers/DateProviders.swift:10:8: error: no such module 'os'
8 | import Foundation
9 | import Synchronization
10 | import os
| `- error: no such module 'os'
11 |
12 | /// DevFoundation’s logger for outputting information about date providers.
[390/408] Compiling DevFoundation FixedWidthInteger+BigEndianData.swift
/host/spi-builder-workspace/Sources/DevFoundation/Date Providers/DateProviders.swift:10:8: error: no such module 'os'
8 | import Foundation
9 | import Synchronization
10 | import os
| `- error: no such module 'os'
11 |
12 | /// DevFoundation’s logger for outputting information about date providers.
[391/408] Compiling DevFoundation RangeReplaceableCollection+RemoveFirst.swift
/host/spi-builder-workspace/Sources/DevFoundation/Date Providers/DateProviders.swift:10:8: error: no such module 'os'
8 | import Foundation
9 | import Synchronization
10 | import os
| `- error: no such module 'os'
11 |
12 | /// DevFoundation’s logger for outputting information about date providers.
[392/408] Compiling DevFoundation Result+CatchingAsync.swift
/host/spi-builder-workspace/Sources/DevFoundation/Date Providers/DateProviders.swift:10:8: error: no such module 'os'
8 | import Foundation
9 | import Synchronization
10 | import os
| `- error: no such module 'os'
11 |
12 | /// DevFoundation’s logger for outputting information about date providers.
[393/408] Compiling DevFoundation LiveQuery.swift
/host/spi-builder-workspace/Sources/DevFoundation/Date Providers/DateProviders.swift:10:8: error: no such module 'os'
8 | import Foundation
9 | import Synchronization
10 | import os
| `- error: no such module 'os'
11 |
12 | /// DevFoundation’s logger for outputting information about date providers.
[394/408] Compiling DevFoundation LiveQueryResultsProducer.swift
/host/spi-builder-workspace/Sources/DevFoundation/Date Providers/DateProviders.swift:10:8: error: no such module 'os'
8 | import Foundation
9 | import Synchronization
10 | import os
| `- error: no such module 'os'
11 |
12 | /// DevFoundation’s logger for outputting information about date providers.
[395/408] Compiling DevFoundation HashableByID.swift
/host/spi-builder-workspace/Sources/DevFoundation/Date Providers/DateProviders.swift:10:8: error: no such module 'os'
8 | import Foundation
9 | import Synchronization
10 | import os
| `- error: no such module 'os'
11 |
12 | /// DevFoundation’s logger for outputting information about date providers.
[396/408] Compiling DevFoundation IdentifiableBySelf.swift
/host/spi-builder-workspace/Sources/DevFoundation/Date Providers/DateProviders.swift:10:8: error: no such module 'os'
8 | import Foundation
9 | import Synchronization
10 | import os
| `- error: no such module 'os'
11 |
12 | /// DevFoundation’s logger for outputting information about date providers.
[397/408] Compiling DevFoundation JSONValue.swift
/host/spi-builder-workspace/Sources/DevFoundation/Date Providers/DateProviders.swift:10:8: error: no such module 'os'
8 | import Foundation
9 | import Synchronization
10 | import os
| `- error: no such module 'os'
11 |
12 | /// DevFoundation’s logger for outputting information about date providers.
[398/408] Compiling DevFoundation ObservableReference.swift
/host/spi-builder-workspace/Sources/DevFoundation/Date Providers/DateProviders.swift:10:8: error: no such module 'os'
8 | import Foundation
9 | import Synchronization
10 | import os
| `- error: no such module 'os'
11 |
12 | /// DevFoundation’s logger for outputting information about date providers.
[399/408] Compiling DevFoundation OptionalRepresentable.swift
/host/spi-builder-workspace/Sources/DevFoundation/Date Providers/DateProviders.swift:10:8: error: no such module 'os'
8 | import Foundation
9 | import Synchronization
10 | import os
| `- error: no such module 'os'
11 |
12 | /// DevFoundation’s logger for outputting information about date providers.
[400/408] Compiling DevFoundation RetryPolicy.swift
/host/spi-builder-workspace/Sources/DevFoundation/Date Providers/DateProviders.swift:10:8: error: no such module 'os'
8 | import Foundation
9 | import Synchronization
10 | import os
| `- error: no such module 'os'
11 |
12 | /// DevFoundation’s logger for outputting information about date providers.
[401/408] Compiling DevFoundation SoftwareComponentID.swift
/host/spi-builder-workspace/Sources/DevFoundation/Date Providers/DateProviders.swift:10:8: error: no such module 'os'
8 | import Foundation
9 | import Synchronization
10 | import os
| `- error: no such module 'os'
11 |
12 | /// DevFoundation’s logger for outputting information about date providers.
[402/408] Compiling DevFoundation TopLevelCoding.swift
/host/spi-builder-workspace/Sources/DevFoundation/Date Providers/DateProviders.swift:10:8: error: no such module 'os'
8 | import Foundation
9 | import Synchronization
10 | import os
| `- error: no such module 'os'
11 |
12 | /// DevFoundation’s logger for outputting information about date providers.
[403/408] Compiling DevFoundation TypedExtensibleEnum.swift
/host/spi-builder-workspace/Sources/DevFoundation/Date Providers/DateProviders.swift:10:8: error: no such module 'os'
8 | import Foundation
9 | import Synchronization
10 | import os
| `- error: no such module 'os'
11 |
12 | /// DevFoundation’s logger for outputting information about date providers.
[404/408] Compiling DevFoundation UserSelection.swift
/host/spi-builder-workspace/Sources/DevFoundation/Date Providers/DateProviders.swift:10:8: error: no such module 'os'
8 | import Foundation
9 | import Synchronization
10 | import os
| `- error: no such module 'os'
11 |
12 | /// DevFoundation’s logger for outputting information about date providers.
BUILD FAILURE 6.2 wasm