Build Information
Failed to build swiftui-toast, reference main (9f2041), with Swift 6.2 for Wasm on 11 Jul 2026 19:51:53 UTC.
Build Command
bash -c docker run --pull=always --rm -v "checkouts-53886769-0":/host -w "$PWD" -e JAVA_HOME="/root/.sdkman/candidates/java/current" -e SPI_BUILD="1" -e SPI_PROCESSING="1" registry.gitlab.com/saguaro1/spi-images:wasm-6.2-latest swift build --swift-sdk swift-6.2-RELEASE_wasm 2>&1Build Log
========================================
RunAll
========================================
Builder version: 0e64495ecc1688c3b3e031a5ef1348b5c05091ae
Interrupt handler set up.
========================================
Checkout
========================================
Clone URL: https://github.com/ivan-magda/swiftui-toast.git
Reference: main
Initialized empty Git repository in /host/spi-builder-workspace/.git/
hint: Using 'master' as the name for the initial branch. This default branch name
hint: is subject to change. To configure the initial branch name to use in all
hint: of your new repositories, which will suppress this warning, call:
hint:
hint: git config --global init.defaultBranch <name>
hint:
hint: Names commonly chosen instead of 'master' are 'main', 'trunk' and
hint: 'development'. The just-created branch can be renamed via this command:
hint:
hint: git branch -m <name>
From https://github.com/ivan-magda/swiftui-toast
* branch main -> FETCH_HEAD
* [new branch] main -> origin/main
HEAD is now at 9f20419 ci: bump actions/checkout from 6 to 7 (#9)
Cloned https://github.com/ivan-magda/swiftui-toast.git
Revision (git rev-parse @):
9f20419d5242093d4fafbb14b57b4b5a47c7644c
SPI manifest file found: $PWD/.spi.yml
SUCCESS checkout https://github.com/ivan-magda/swiftui-toast.git at main
========================================
Build
========================================
Selected platform: wasm
Swift version: 6.2
Building package at path: $PWD
https://github.com/ivan-magda/swiftui-toast.git
Running build ...
bash -c docker run --pull=always --rm -v "checkouts-53886769-0":/host -w "$PWD" -e JAVA_HOME="/root/.sdkman/candidates/java/current" -e SPI_BUILD="1" -e SPI_PROCESSING="1" registry.gitlab.com/saguaro1/spi-images:wasm-6.2-latest swift build --swift-sdk swift-6.2-RELEASE_wasm 2>&1
wasm-6.2-latest: Pulling from saguaro1/spi-images
Digest: sha256:dc8dffc38f1d92eca7ee5312617822470123661393ed20672e77964f9dcaaffb
Status: Image is up to date for registry.gitlab.com/saguaro1/spi-images:wasm-6.2-latest
Fetching https://github.com/swiftlang/swift-docc-plugin
[1/2325] Fetching swift-docc-plugin
Fetched https://github.com/swiftlang/swift-docc-plugin from cache (0.45s)
Computing version for https://github.com/swiftlang/swift-docc-plugin
Computed https://github.com/swiftlang/swift-docc-plugin at 1.5.0 (1.36s)
Fetching https://github.com/swiftlang/swift-docc-symbolkit
[1/3750] Fetching swift-docc-symbolkit
Fetched https://github.com/swiftlang/swift-docc-symbolkit from cache (0.48s)
Computing version for https://github.com/swiftlang/swift-docc-symbolkit
Computed https://github.com/swiftlang/swift-docc-symbolkit at 1.0.0 (0.69s)
Creating working copy for https://github.com/swiftlang/swift-docc-plugin
Working copy of https://github.com/swiftlang/swift-docc-plugin resolved at 1.5.0
Creating working copy for https://github.com/swiftlang/swift-docc-symbolkit
Working copy of https://github.com/swiftlang/swift-docc-symbolkit resolved at 1.0.0
[1/1] Compiling plugin Swift-DocC Preview
[2/2] Compiling plugin Swift-DocC
Building for debugging...
[2/4] Write sources
[3/4] Write swift-version-24593BA9C3E375BF.txt
[5/15] Compiling SwiftUIToast ToastModifier.swift
/host/spi-builder-workspace/Sources/SwiftUIToast/Examples/ToastExamples.swift:1:8: error: no such module 'SwiftUI'
1 | import SwiftUI
| `- error: no such module 'SwiftUI'
2 |
3 | #if DEBUG && os(iOS)
[6/15] Compiling SwiftUIToast ToastType.swift
/host/spi-builder-workspace/Sources/SwiftUIToast/Examples/ToastExamples.swift:1:8: error: no such module 'SwiftUI'
1 | import SwiftUI
| `- error: no such module 'SwiftUI'
2 |
3 | #if DEBUG && os(iOS)
[7/15] Compiling SwiftUIToast ToastPosition.swift
/host/spi-builder-workspace/Sources/SwiftUIToast/Examples/ToastExamples.swift:1:8: error: no such module 'SwiftUI'
1 | import SwiftUI
| `- error: no such module 'SwiftUI'
2 |
3 | #if DEBUG && os(iOS)
[8/16] Compiling SwiftUIToast ToastView.swift
/host/spi-builder-workspace/Sources/SwiftUIToast/Examples/ToastExamples.swift:1:8: error: no such module 'SwiftUI'
1 | import SwiftUI
| `- error: no such module 'SwiftUI'
2 |
3 | #if DEBUG && os(iOS)
[9/16] Compiling SwiftUIToast ToastManager.swift
/host/spi-builder-workspace/Sources/SwiftUIToast/Examples/ToastExamples.swift:1:8: error: no such module 'SwiftUI'
1 | import SwiftUI
| `- error: no such module 'SwiftUI'
2 |
3 | #if DEBUG && os(iOS)
[10/16] Compiling SwiftUIToast ToastAnimation.swift
/host/spi-builder-workspace/Sources/SwiftUIToast/Examples/ToastExamples.swift:1:8: error: no such module 'SwiftUI'
1 | import SwiftUI
| `- error: no such module 'SwiftUI'
2 |
3 | #if DEBUG && os(iOS)
[11/16] Compiling SwiftUIToast ToastConfiguration.swift
/host/spi-builder-workspace/Sources/SwiftUIToast/Examples/ToastExamples.swift:1:8: error: no such module 'SwiftUI'
1 | import SwiftUI
| `- error: no such module 'SwiftUI'
2 |
3 | #if DEBUG && os(iOS)
error: emit-module command failed with exit code 1 (use -v to see invocation)
[12/16] Emitting module SwiftUIToast
/host/spi-builder-workspace/Sources/SwiftUIToast/Examples/ToastExamples.swift:1:8: error: no such module 'SwiftUI'
1 | import SwiftUI
| `- error: no such module 'SwiftUI'
2 |
3 | #if DEBUG && os(iOS)
[13/16] Compiling SwiftUIToast ToastExamples.swift
/host/spi-builder-workspace/Sources/SwiftUIToast/Examples/ToastExamples.swift:1:8: error: no such module 'SwiftUI'
1 | import SwiftUI
| `- error: no such module 'SwiftUI'
2 |
3 | #if DEBUG && os(iOS)
[14/16] Compiling SwiftUIToast View+Toast.swift
/host/spi-builder-workspace/Sources/SwiftUIToast/Examples/ToastExamples.swift:1:8: error: no such module 'SwiftUI'
1 | import SwiftUI
| `- error: no such module 'SwiftUI'
2 |
3 | #if DEBUG && os(iOS)
[15/16] Compiling SwiftUIToast FlipEffect.swift
/host/spi-builder-workspace/Sources/SwiftUIToast/Examples/ToastExamples.swift:1:8: error: no such module 'SwiftUI'
1 | import SwiftUI
| `- error: no such module 'SwiftUI'
2 |
3 | #if DEBUG && os(iOS)
[16/16] Compiling SwiftUIToast LayoutInsets.swift
/host/spi-builder-workspace/Sources/SwiftUIToast/Examples/ToastExamples.swift:1:8: error: no such module 'SwiftUI'
1 | import SwiftUI
| `- error: no such module 'SwiftUI'
2 |
3 | #if DEBUG && os(iOS)
BUILD FAILURE 6.2 wasm