The Swift Package Index logo.Swift Package Index

Build Information

Failed to build Swime, reference master (89ab14), with Swift 6.4 for macOS (Xcode) using Xcode 27.0 on 18 Sep 2026 00:44:15 UTC.

Build Command

env DEVELOPER_DIR=/Applications/Xcode-27.0.0-Release.Candidate.app xcrun xcodebuild -IDEClonedSourcePackagesDirPathOverride=$PWD/.dependencies -skipMacroValidation -skipPackagePluginValidation -derivedDataPath $PWD/.derivedData build -scheme Swime-Package -destination platform=macOS,arch=arm64

Build Log

========================================
RunAll
========================================
Builder version: 5.1.0
Interrupt handler set up.
========================================
Checkout
========================================
Clone URL: https://github.com/sendyhalim/Swime.git
Reference: master
Initialized empty Git repository in /Users/admin/builder/spi-builder-workspace/.git/
From https://github.com/sendyhalim/Swime
 * branch            master     -> FETCH_HEAD
 * [new branch]      master     -> origin/master
HEAD is now at 89ab14c Merge pull request #25 from LostMoa/master
Cloned https://github.com/sendyhalim/Swime.git
Revision (git rev-parse @):
89ab14c5c20dd71382ecd1b5eebd72c4efa4718f
SUCCESS checkout https://github.com/sendyhalim/Swime.git at master
========================================
Build
========================================
Selected platform:         macosXcodebuild
Swift version:             6.4
Building package at path:  $PWD
https://github.com/sendyhalim/Swime.git
Command line invocation:
    /Applications/Xcode-27.0.0-Release.Candidate.app/Contents/Developer/usr/bin/xcodebuild -IDEClonedSourcePackagesDirPathOverride=/Users/admin/builder/spi-builder-workspace/.dependencies -resolvePackageDependencies
resolved source packages:
{
  "dependencies" : [
    {
      "identity" : "quick",
      "requirement" : {
        "range" : [
          {
            "lower_bound" : "1.3.4",
            "upper_bound" : "2.0.0"
          }
        ]
      },
      "type" : "sourceControl",
      "url" : "https://github.com/Quick/Quick"
    },
    {
      "identity" : "nimble",
      "requirement" : {
        "range" : [
          {
            "lower_bound" : "7.3.3",
            "upper_bound" : "8.0.0"
          }
        ]
      },
      "type" : "sourceControl",
      "url" : "https://github.com/Quick/Nimble"
    }
  ],
  "manifest_display_name" : "Swime",
  "name" : "Swime",
  "path" : "/Users/admin/builder/spi-builder-workspace",
  "platforms" : [
    {
      "name" : "ios",
      "version" : "9.0"
    },
    {
      "name" : "macos",
      "version" : "10.10"
    }
  ],
  "products" : [
    {
      "name" : "Swime",
      "targets" : [
        "Swime"
      ],
      "type" : {
        "library" : [
          "automatic"
        ]
      }
    }
  ],
  "targets" : [
    {
      "c99name" : "SwimeTests",
      "module_type" : "SwiftTarget",
      "name" : "SwimeTests",
      "path" : "Tests/SwimeTests",
      "product_dependencies" : [
        "Quick",
        "Nimble"
      ],
      "sources" : [
        "SwimeSpec.swift",
        "utils.swift"
      ],
      "target_dependencies" : [
        "Swime"
      ],
      "type" : "test"
    },
    {
      "c99name" : "Swime",
      "module_type" : "SwiftTarget",
      "name" : "Swime",
      "path" : "Sources",
      "product_memberships" : [
        "Swime"
      ],
      "sources" : [
        "MimeType.swift",
        "Swime.swift"
      ],
      "type" : "library"
    }
  ],
  "tools_version" : "5.0"
}
{
  "project" : {
    "configurations" : [
      "Debug",
      "Release"
    ],
    "name" : "Swime",
    "schemes" : [
      "Swime",
      "Swime-Package"
    ],
    "targets" : [
      "Nimble",
      "NimblePackageDescription",
      "Quick",
      "QuickPackageDescription",
      "QuickSpecBase",
      "Swime",
      "SwimePackageDescription",
      "SwimePackageTests",
      "SwimeTests"
    ]
  }
}
Running build ...
env DEVELOPER_DIR=/Applications/Xcode-27.0.0-Release.Candidate.app xcrun xcodebuild -IDEClonedSourcePackagesDirPathOverride=$PWD/.dependencies -skipMacroValidation -skipPackagePluginValidation -derivedDataPath $PWD/.derivedData build -scheme Swime-Package -destination platform=macOS,arch=arm64
Command line invocation:
    /Applications/Xcode-27.0.0-Release.Candidate.app/Contents/Developer/usr/bin/xcodebuild -IDEClonedSourcePackagesDirPathOverride=/Users/admin/builder/spi-builder-workspace/.dependencies -skipMacroValidation -skipPackagePluginValidation -derivedDataPath /Users/admin/builder/spi-builder-workspace/.derivedData build -scheme Swime-Package -destination platform=macOS,arch=arm64
ComputePackagePrebuildTargetDependencyGraph
Prepare packages
CreateBuildRequest
SendProjectDescription
CreateBuildOperation
ComputeTargetDependencyGraph
note: Building targets in dependency order
note: Target dependency graph (1 target)
    Target 'Swime' in project 'Swime' (no dependencies)
GatherProvisioningInputs
CreateBuildDescription
ExecuteExternalTool /Applications/Xcode-27.0.0-Release.Candidate.app/Contents/Developer/Toolchains/XcodeDefault.xctoolchain/usr/bin/clang -v -E -dM -isysroot /Applications/Xcode-27.0.0-Release.Candidate.app/Contents/Developer/Platforms/MacOSX.platform/Developer/SDKs/MacOSX27.0.sdk -x c -c /dev/null
ExecuteExternalTool /Applications/Xcode-27.0.0-Release.Candidate.app/Contents/Developer/Toolchains/XcodeDefault.xctoolchain/usr/bin/swiftc --version
ExecuteExternalTool /Applications/Xcode-27.0.0-Release.Candidate.app/Contents/Developer/Toolchains/XcodeDefault.xctoolchain/usr/bin/ld -version_details
Build description signature: a9786c13715d2c56879eb86a0eb0a884
Build description path: /Users/admin/builder/spi-builder-workspace/.derivedData/Build/Intermediates.noindex/XCBuildData/a9786c13715d2c56879eb86a0eb0a884.xcbuilddata
/Users/admin/builder/spi-builder-workspace/Swime.xcodeproj: error: The macOS deployment target 'MACOSX_DEPLOYMENT_TARGET' is set to 10.10, but the range of supported deployment target versions is 12.0 to 27.0.x. (in target 'Swime' from project 'Swime')
** BUILD FAILED **
The following build commands failed:
	Building project Swime with scheme Swime-Package
(1 failure)
Command line invocation:
    /Applications/Xcode-27.0.0-Release.Candidate.app/Contents/Developer/usr/bin/xcodebuild -IDEClonedSourcePackagesDirPathOverride=/Users/admin/builder/spi-builder-workspace/.dependencies -resolvePackageDependencies
resolved source packages:
{
  "dependencies" : [
    {
      "identity" : "quick",
      "requirement" : {
        "range" : [
          {
            "lower_bound" : "1.3.4",
            "upper_bound" : "2.0.0"
          }
        ]
      },
      "type" : "sourceControl",
      "url" : "https://github.com/Quick/Quick"
    },
    {
      "identity" : "nimble",
      "requirement" : {
        "range" : [
          {
            "lower_bound" : "7.3.3",
            "upper_bound" : "8.0.0"
          }
        ]
      },
      "type" : "sourceControl",
      "url" : "https://github.com/Quick/Nimble"
    }
  ],
  "manifest_display_name" : "Swime",
  "name" : "Swime",
  "path" : "/Users/admin/builder/spi-builder-workspace",
  "platforms" : [
    {
      "name" : "ios",
      "version" : "9.0"
    },
    {
      "name" : "macos",
      "version" : "10.10"
    }
  ],
  "products" : [
    {
      "name" : "Swime",
      "targets" : [
        "Swime"
      ],
      "type" : {
        "library" : [
          "automatic"
        ]
      }
    }
  ],
  "targets" : [
    {
      "c99name" : "SwimeTests",
      "module_type" : "SwiftTarget",
      "name" : "SwimeTests",
      "path" : "Tests/SwimeTests",
      "product_dependencies" : [
        "Quick",
        "Nimble"
      ],
      "sources" : [
        "SwimeSpec.swift",
        "utils.swift"
      ],
      "target_dependencies" : [
        "Swime"
      ],
      "type" : "test"
    },
    {
      "c99name" : "Swime",
      "module_type" : "SwiftTarget",
      "name" : "Swime",
      "path" : "Sources",
      "product_memberships" : [
        "Swime"
      ],
      "sources" : [
        "MimeType.swift",
        "Swime.swift"
      ],
      "type" : "library"
    }
  ],
  "tools_version" : "5.0"
}
{
  "project" : {
    "configurations" : [
      "Debug",
      "Release"
    ],
    "name" : "Swime",
    "schemes" : [
      "Swime",
      "Swime-Package"
    ],
    "targets" : [
      "Nimble",
      "NimblePackageDescription",
      "Quick",
      "QuickPackageDescription",
      "QuickSpecBase",
      "Swime",
      "SwimePackageDescription",
      "SwimePackageTests",
      "SwimeTests"
    ]
  }
}
Running build ...
env DEVELOPER_DIR=/Applications/Xcode-27.0.0-Release.Candidate.app xcrun xcodebuild -IDEClonedSourcePackagesDirPathOverride=$PWD/.dependencies -skipMacroValidation -skipPackagePluginValidation -derivedDataPath $PWD/.derivedData build -scheme Swime-Package -destination platform=macOS,arch=arm64
Command line invocation:
    /Applications/Xcode-27.0.0-Release.Candidate.app/Contents/Developer/usr/bin/xcodebuild -IDEClonedSourcePackagesDirPathOverride=/Users/admin/builder/spi-builder-workspace/.dependencies -skipMacroValidation -skipPackagePluginValidation -derivedDataPath /Users/admin/builder/spi-builder-workspace/.derivedData build -scheme Swime-Package -destination platform=macOS,arch=arm64
ComputePackagePrebuildTargetDependencyGraph
Prepare packages
CreateBuildRequest
SendProjectDescription
CreateBuildOperation
ComputeTargetDependencyGraph
note: Building targets in dependency order
note: Target dependency graph (1 target)
    Target 'Swime' in project 'Swime' (no dependencies)
GatherProvisioningInputs
CreateBuildDescription
/Users/admin/builder/spi-builder-workspace/Swime.xcodeproj: error: The macOS deployment target 'MACOSX_DEPLOYMENT_TARGET' is set to 10.10, but the range of supported deployment target versions is 12.0 to 27.0.x. (in target 'Swime' from project 'Swime')
** BUILD FAILED **
The following build commands failed:
	Building project Swime with scheme Swime-Package
(1 failure)
BUILD FAILURE 6.4 macosXcodebuild