The Swift Package Index logo.Swift Package Index

Build Information

Failed to build SimpleNetworking, reference 2.0.0 (4e87c1), with Swift 6.4 for Wasm on 17 Sep 2026 01:10:45 UTC.

Build Command

bash -c docker run --pull=always --rm -v "checkouts-54344843-1":/host -w "$PWD" -e JAVA_HOME="/root/.sdkman/candidates/java/current" -e SPI_BUILD="1" -e SPI_PROCESSING="1" registry.gitlab.com/saguaro1/spi-images:wasm-6.4-latest swift build --swift-sdk swift-6.4.x-DEVELOPMENT-SNAPSHOT-2026-09-04-a_wasm 2>&1

Build Log

========================================
RunAll
========================================
Builder version: 5.1.0
Interrupt handler set up.
========================================
Checkout
========================================
Clone URL: https://github.com/gonzalezreal/SimpleNetworking.git
Reference: 2.0.0
Initialized empty Git repository in /host/spi-builder-workspace/.git/
hint: Using 'master' as the name for the initial branch. This default branch name
hint: is subject to change. To configure the initial branch name to use in all
hint: of your new repositories, which will suppress this warning, call:
hint:
hint: 	git config --global init.defaultBranch <name>
hint:
hint: Names commonly chosen instead of 'master' are 'main', 'trunk' and
hint: 'development'. The just-created branch can be renamed via this command:
hint:
hint: 	git branch -m <name>
From https://github.com/gonzalezreal/SimpleNetworking
 * tag               2.0.0      -> FETCH_HEAD
HEAD is now at 4e87c1f Update README (#19)
Cloned https://github.com/gonzalezreal/SimpleNetworking.git
Revision (git rev-parse @):
4e87c1fe1310b83d3418ebcfe626c7f2512cc35a
SUCCESS checkout https://github.com/gonzalezreal/SimpleNetworking.git at 2.0.0
========================================
Build
========================================
Selected platform:         wasm
Swift version:             6.4
Building package at path:  $PWD
https://github.com/gonzalezreal/SimpleNetworking.git
Running build ...
bash -c docker run --pull=always --rm -v "checkouts-54344843-1":/host -w "$PWD" -e JAVA_HOME="/root/.sdkman/candidates/java/current" -e SPI_BUILD="1" -e SPI_PROCESSING="1" registry.gitlab.com/saguaro1/spi-images:wasm-6.4-latest swift build --swift-sdk swift-6.4.x-DEVELOPMENT-SNAPSHOT-2026-09-04-a_wasm 2>&1
wasm-6.4-latest: Pulling from saguaro1/spi-images
Digest: sha256:4328fdb43c680d205c1d6761b1e3267aa38277eefdda9ddfb17b6a0f1a77857a
Status: Image is up to date for registry.gitlab.com/saguaro1/spi-images:wasm-6.4-latest
Fetching https://github.com/apple/swift-log
[1/8091] Fetching swift-log
Fetched https://github.com/apple/swift-log (0.54s)
Computing version for https://github.com/apple/swift-log
Computed https://github.com/apple/swift-log at 1.15.1 (0.76s)
Creating working copy for https://github.com/apple/swift-log
Working copy of https://github.com/apple/swift-log resolved at 1.15.1
Building for debugging...
[Pre-planning 1 / 96]
[22 / 37] SimpleNetworking
[32 / 47] Logging
[41 / 57] SimpleNetworking
[42 / 57] SimpleNetworking
[44 / 57] SimpleNetworking
error: SwiftCompile normal wasm32 failed with a nonzero exit code. Command line:     cd /host

/host/spi-builder-workspace/Sources/SimpleNetworking/HTTPStubProtocol.swift:68:23: error: 'HTTPURLResponse' is unavailable: This type has moved to the FoundationNetworking module. Import that module to use it.
 66 |     private struct Stub {
 67 |         let data: Data
 68 |         let response: HTTPURLResponse
    |                       `- error: 'HTTPURLResponse' is unavailable: This type has moved to the FoundationNetworking module. Import that module to use it.
 69 |     }
 70 |
Foundation.HTTPURLResponse:2:18: note: 'HTTPURLResponse' has been explicitly marked unavailable here
1 | @available(*, unavailable, message: "This type has moved to the FoundationNetworking module. Import that module to use it.")
2 | public typealias HTTPURLResponse = AnyObject
  |                  `- note: 'HTTPURLResponse' has been explicitly marked unavailable here
/host/spi-builder-workspace/Sources/SimpleNetworking/HTTPStubProtocol.swift:71:32: error: cannot find type 'URLRequest' in scope
 69 |     }
 70 |
 71 |     private static var stubs: [URLRequest: Stub] = [:]
    |                                `- error: cannot find type 'URLRequest' in scope
 72 |
 73 |     /// Stubs a valid response for a given API request.
/host/spi-builder-workspace/Sources/SimpleNetworking/HTTPStubProtocol.swift:183:22: error: cannot find type 'URLRequest' in scope
181 |         statusCode: Int,
182 |         headers: [String: String]? = nil,
183 |         for request: URLRequest
    |                      `- error: cannot find type 'URLRequest' in scope
184 |     ) {
185 |         stubs[request] = Stub(
/host/spi-builder-workspace/Sources/SimpleNetworking/HTTPStubProtocol.swift:200:54: error: cannot find type 'URLRequest' in scope
198 |     }
199 |
200 |     override public class func canInit(with request: URLRequest) -> Bool {
    |                                                      `- error: cannot find type 'URLRequest' in scope
201 |         stubs.keys.contains(request)
202 |     }
/host/spi-builder-workspace/Sources/SimpleNetworking/HTTPStubProtocol.swift:204:77: error: cannot find type 'URLRequest' in scope
202 |     }
203 |
204 |     override public class func canonicalRequest(for request: URLRequest) -> URLRequest {
    |                                                                             `- error: cannot find type 'URLRequest' in scope
205 |         request
206 |     }
/host/spi-builder-workspace/Sources/SimpleNetworking/HTTPStubProtocol.swift:204:62: error: cannot find type 'URLRequest' in scope
202 |     }
203 |
204 |     override public class func canonicalRequest(for request: URLRequest) -> URLRequest {
    |                                                              `- error: cannot find type 'URLRequest' in scope
205 |         request
206 |     }
/host/spi-builder-workspace/Sources/SimpleNetworking/HTTPStubProtocol.swift:208:60: error: cannot find type 'URLRequest' in scope
206 |     }
207 |
208 |     override public class func requestIsCacheEquivalent(_: URLRequest, to _: URLRequest) -> Bool {
    |                                                            `- error: cannot find type 'URLRequest' in scope
209 |         false
210 |     }
/host/spi-builder-workspace/Sources/SimpleNetworking/HTTPStubProtocol.swift:208:78: error: cannot find type 'URLRequest' in scope
206 |     }
207 |
208 |     override public class func requestIsCacheEquivalent(_: URLRequest, to _: URLRequest) -> Bool {
    |                                                                              `- error: cannot find type 'URLRequest' in scope
209 |         false
210 |     }
/host/spi-builder-workspace/Sources/SimpleNetworking/HTTPStubProtocol.swift:212:26: error: method does not override any method from its superclass
210 |     }
211 |
212 |     override public func startLoading() {
    |                          `- error: method does not override any method from its superclass
213 |         guard let stub = HTTPStubProtocol.stubs[request] else {
214 |             fatalError("Couldn't find stub for request \(request)")
/host/spi-builder-workspace/Sources/SimpleNetworking/HTTPStubProtocol.swift:222:26: error: method does not override any method from its superclass
220 |     }
221 |
222 |     override public func stopLoading() {}
    |                          `- error: method does not override any method from its superclass
223 | }
224 |
/host/spi-builder-workspace/Sources/SimpleNetworking/HTTPStubProtocol.swift:65:38: error: 'URLProtocol' is unavailable: This type has moved to the FoundationNetworking module. Import that module to use it.
 63 | ///     )
 64 | ///
 65 | public final class HTTPStubProtocol: URLProtocol {
    |                                      `- error: 'URLProtocol' is unavailable: This type has moved to the FoundationNetworking module. Import that module to use it.
 66 |     private struct Stub {
 67 |         let data: Data
Foundation.URLProtocol:2:18: note: 'URLProtocol' has been explicitly marked unavailable here
1 | @available(*, unavailable, message: "This type has moved to the FoundationNetworking module. Import that module to use it.")
2 | public typealias URLProtocol = AnyObject
  |                  `- note: 'URLProtocol' has been explicitly marked unavailable here
/host/spi-builder-workspace/Sources/SimpleNetworking/HTTPURLResponse+Logging.swift:26:10: error: non-nominal type 'HTTPURLResponse' (aka 'AnyObject') cannot be extended [#]8;;https://docs.swift.org/compiler/documentation/diagnostics/nominal-types\NominalTypes]8;;\]
24 | import Foundation
25 |
26 | internal extension HTTPURLResponse {
   |          `- error: non-nominal type 'HTTPURLResponse' (aka 'AnyObject') cannot be extended [#]8;;https://docs.swift.org/compiler/documentation/diagnostics/nominal-types\NominalTypes]8;;\]
27 |     func logDescription(content: String) -> String {
28 |         var result = "[RESPONSE] \(statusCode) \(url!)"
/host/spi-builder-workspace/Sources/SimpleNetworking/URLRequest+APIRequest.swift:26:11: error: cannot find type 'URLRequest' in scope
 24 | import Foundation
 25 |
 26 | extension URLRequest {
    |           `- error: cannot find type 'URLRequest' in scope
 27 |     @available(macOS 10.13, iOS 11.0, tvOS 11.0, watchOS 4.0, *)
 28 |     internal var logDescription: String {
/host/spi-builder-workspace/Sources/SimpleNetworking/URLSession+Stubbed.swift:26:1: error: non-nominal type 'URLSession' (aka 'AnyObject') cannot be extended [#]8;;https://docs.swift.org/compiler/documentation/diagnostics/nominal-types\NominalTypes]8;;\]
24 | import Foundation
25 |
26 | extension URLSession {
   | `- error: non-nominal type 'URLSession' (aka 'AnyObject') cannot be extended [#]8;;https://docs.swift.org/compiler/documentation/diagnostics/nominal-types\NominalTypes]8;;\]
27 |     /// A URL session whose requests can be stubbed with `HTTPStubProtocol`.
28 |     public static var stubbed: URLSession {
[#NominalTypes]: <https://docs.swift.org/compiler/documentation/diagnostics/nominal-types>
Failed frontend command:
/usr/bin/swift-frontend -frontend -emit-module -experimental-skip-non-inlinable-function-bodies-without-types /host/spi-builder-workspace/Sources/SimpleNetworking/APIClient.swift /host/spi-builder-workspace/Sources/SimpleNetworking/APIClientConfiguration.swift /host/spi-builder-workspace/Sources/SimpleNetworking/APIClientError.swift /host/spi-builder-workspace/Sources/SimpleNetworking/APIError.swift /host/spi-builder-workspace/Sources/SimpleNetworking/APIRequest+Convenience.swift /host/spi-builder-workspace/Sources/SimpleNetworking/APIRequest.swift /host/spi-builder-workspace/Sources/SimpleNetworking/ContentType.swift /host/spi-builder-workspace/Sources/SimpleNetworking/Data+LogDescription.swift /host/spi-builder-workspace/Sources/SimpleNetworking/Dictionary+LogDescription.swift /host/spi-builder-workspace/Sources/SimpleNetworking/HTTPStubProtocol.swift /host/spi-builder-workspace/Sources/SimpleNetworking/HTTPURLResponse+Logging.swift /host/spi-builder-workspace/Sources/SimpleNetworking/HeaderField.swift /host/spi-builder-workspace/Sources/SimpleNetworking/Internal/Exports.swift /host/spi-builder-workspace/Sources/SimpleNetworking/URLRequest+APIRequest.swift /host/spi-builder-workspace/Sources/SimpleNetworking/URLSession+Stubbed.swift -target wasm32-unknown-wasip1 -disable-objc-interop -sdk /root/.swiftpm/swift-sdks/swift-6.4.x-DEVELOPMENT-SNAPSHOT-2026-09-04-a_wasm.artifactbundle/swift-6.4.x-DEVELOPMENT-SNAPSHOT-2026-09-04-a_wasm/wasm32-unknown-wasip1/WASI.sdk -sysroot /root/.swiftpm/swift-sdks/swift-6.4.x-DEVELOPMENT-SNAPSHOT-2026-09-04-a_wasm.artifactbundle/swift-6.4.x-DEVELOPMENT-SNAPSHOT-2026-09-04-a_wasm/wasm32-unknown-wasip1/WASI.sdk -I /host/spi-builder-workspace/.build/out/Products/Debug-webassembly-wasm32 -module-cache-path /host/spi-builder-workspace/.build/out/ModuleCache.noindex -color-diagnostics -Xcc -fcolor-diagnostics -enable-testing -g -debug-info-format\=dwarf -dwarf-version\=4 -swift-version 5 -Onone -D SWIFT_PACKAGE -D DEBUG -D SWIFT_MODULE_RESOURCE_BUNDLE_UNAVAILABLE -D Xcode -serialize-debugging-options -enable-experimental-feature DebugDescriptionMacro -empty-abi-descriptor -external-plugin-path /usr/lib/swift/host/plugins/testing\#/usr/bin/swift-plugin-server -validate-clang-modules-once -clang-build-session-file /host/spi-builder-workspace/.build/out/ModuleCache.noindex/Session.modulevalidation -Xcc -working-directory -Xcc /host -resource-dir /root/.swiftpm/swift-sdks/swift-6.4.x-DEVELOPMENT-SNAPSHOT-2026-09-04-a_wasm.artifactbundle/swift-6.4.x-DEVELOPMENT-SNAPSHOT-2026-09-04-a_wasm/wasm32-unknown-wasip1/swift.xctoolchain/usr/lib/swift_static -use-static-resource-dir -enable-anonymous-context-mangled-names -file-compilation-dir /host -Xcc -resource-dir -Xcc /root/.swiftpm/swift-sdks/swift-6.4.x-DEVELOPMENT-SNAPSHOT-2026-09-04-a_wasm.artifactbundle/swift-6.4.x-DEVELOPMENT-SNAPSHOT-2026-09-04-a_wasm/wasm32-unknown-wasip1/swift.xctoolchain/usr/lib/swift_static/clang -Xcc -D_LIBCPP_HARDENING_MODE\=_LIBCPP_HARDENING_MODE_DEBUG -Xcc -fmodules-prune-interval\=86400 -Xcc -fmodules-prune-after\=345600 -Xcc -I/host/spi-builder-workspace/.build/out/Products/Debug-webassembly-wasm32/include -Xcc -I/host/spi-builder-workspace/.build/out/Intermediates.noindex/SimpleNetworking.build/Debug-webassembly-wasm32/SimpleNetworking-t.build/DerivedSources-normal/wasm32 -Xcc -I/host/spi-builder-workspace/.build/out/Intermediates.noindex/SimpleNetworking.build/Debug-webassembly-wasm32/SimpleNetworking-t.build/DerivedSources/wasm32 -Xcc -I/host/spi-builder-workspace/.build/out/Intermediates.noindex/SimpleNetworking.build/Debug-webassembly-wasm32/SimpleNetworking-t.build/DerivedSources -Xcc -DSWIFT_PACKAGE -Xcc -DDEBUG\=1 -no-auto-bridging-header-chaining -module-name SimpleNetworking -const-gather-protocols-file /host/spi-builder-workspace/.build/out/Intermediates.noindex/SimpleNetworking.build/Debug-webassembly-wasm32/SimpleNetworking-t.build/Objects-normal/wasm32/SimpleNetworking_const_extract_protocols.json -in-process-plugin-server-path /usr/lib/swift/host/libSwiftInProcPluginServer.so -plugin-path /usr/lib/swift/host/plugins -plugin-path /usr/local/lib/swift/host/plugins -emit-module-doc-path /host/spi-builder-workspace/.build/out/Intermediates.noindex/SimpleNetworking.build/Debug-webassembly-wasm32/SimpleNetworking-t.build/Objects-normal/wasm32/Modules/SimpleNetworking.swiftdoc -emit-module-source-info-path /host/spi-builder-workspace/.build/out/Intermediates.noindex/SimpleNetworking.build/Debug-webassembly-wasm32/SimpleNetworking-t.build/Objects-normal/wasm32/Modules/SimpleNetworking.swiftsourceinfo -emit-objc-header-path /host/spi-builder-workspace/.build/out/Intermediates.noindex/SimpleNetworking.build/Debug-webassembly-wasm32/SimpleNetworking-t.build/Objects-normal/wasm32/SimpleNetworking-Swift.h -serialize-diagnostics-path /host/spi-builder-workspace/.build/out/Intermediates.noindex/SimpleNetworking.build/Debug-webassembly-wasm32/SimpleNetworking-t.build/Objects-normal/wasm32/SimpleNetworking-primary-emit-module.dia -emit-dependencies-path /host/spi-builder-workspace/.build/out/Intermediates.noindex/SimpleNetworking.build/Debug-webassembly-wasm32/SimpleNetworking-t.build/Objects-normal/wasm32/SimpleNetworking-primary-emit-module.d -parse-as-library -o /host/spi-builder-workspace/.build/out/Intermediates.noindex/SimpleNetworking.build/Debug-webassembly-wasm32/SimpleNetworking-t.build/Objects-normal/wasm32/Modules/SimpleNetworking.swiftmodule
[47 / 58] SimpleNetworking
error: Build failed
BUILD FAILURE 6.4 wasm