The Swift Package Index logo.Swift Package Index

Build Information

Failed to build LocalNetworkAccess, reference 1.0.0 (25535a), with Swift 6.1 for Wasm on 3 Oct 2026 05:56:09 UTC.

Build Command

bash -c docker run --pull=always --rm -v "checkouts-53886770-0":/host -w "$PWD" -e JAVA_HOME="/root/.sdkman/candidates/java/current" -e SPI_BUILD="1" -e SPI_PROCESSING="1" registry.gitlab.com/saguaro1/spi-images:wasm-6.1-latest swift build --swift-sdk wasm32-unknown-wasi 2>&1

Build Log

========================================
RunAll
========================================
Builder version: 5.1.1
Interrupt handler set up.
========================================
Checkout
========================================
Clone URL: https://github.com/CreatureSurvive/LocalNetworkAccess.git
Reference: 1.0.0
Initialized empty Git repository in /host/spi-builder-workspace/.git/
hint: Using 'master' as the name for the initial branch. This default branch name
hint: is subject to change. To configure the initial branch name to use in all
hint: of your new repositories, which will suppress this warning, call:
hint:
hint: 	git config --global init.defaultBranch <name>
hint:
hint: Names commonly chosen instead of 'master' are 'main', 'trunk' and
hint: 'development'. The just-created branch can be renamed via this command:
hint:
hint: 	git branch -m <name>
From https://github.com/CreatureSurvive/LocalNetworkAccess
 * tag               1.0.0      -> FETCH_HEAD
HEAD is now at 25535a4 LocalNetworkAccess 1.0.0
Cloned https://github.com/CreatureSurvive/LocalNetworkAccess.git
Revision (git rev-parse @):
25535a41fdf4438326ed5cd286737e570b3d294a
SUCCESS checkout https://github.com/CreatureSurvive/LocalNetworkAccess.git at 1.0.0
========================================
Build
========================================
Selected platform:         wasm
Swift version:             6.1
Building package at path:  $PWD
https://github.com/CreatureSurvive/LocalNetworkAccess.git
https://github.com/CreatureSurvive/LocalNetworkAccess.git
WARNING: environment variable SUPPRESS_SWIFT_6_FLAGS is not set
Running build ...
bash -c docker run --pull=always --rm -v "checkouts-53886770-0":/host -w "$PWD" -e JAVA_HOME="/root/.sdkman/candidates/java/current" -e SPI_BUILD="1" -e SPI_PROCESSING="1" registry.gitlab.com/saguaro1/spi-images:wasm-6.1-latest swift build --swift-sdk wasm32-unknown-wasi -Xswiftc -Xfrontend -Xswiftc -stats-output-dir -Xswiftc -Xfrontend -Xswiftc .stats -Xswiftc -strict-concurrency=complete -Xswiftc -enable-upcoming-feature -Xswiftc StrictConcurrency -Xswiftc -enable-upcoming-feature -Xswiftc DisableOutwardActorInference -Xswiftc -enable-upcoming-feature -Xswiftc GlobalActorIsolatedTypesUsability -Xswiftc -enable-upcoming-feature -Xswiftc InferSendableFromCaptures 2>&1
wasm-6.1-latest: Pulling from saguaro1/spi-images
Digest: sha256:beceeede496da67681f4fa220a6b97cc098a0178841a413735f598dc6bbaf4c8
Status: Image is up to date for registry.gitlab.com/saguaro1/spi-images:wasm-6.1-latest
Building for debugging...
[0/2] Write sources
[1/2] Write swift-version-24593BA9C3E375BF.txt
[3/9] Compiling LocalNetworkAccess Probe.swift
<unknown>:0: warning: upcoming feature 'InferSendableFromCaptures' is already enabled as of Swift version 6
<unknown>:0: warning: upcoming feature 'GlobalActorIsolatedTypesUsability' is already enabled as of Swift version 6
<unknown>:0: warning: upcoming feature 'DisableOutwardActorInference' is already enabled as of Swift version 6
/host/spi-builder-workspace/Sources/LocalNetworkAccess/NetworkExtensions.swift:2:8: error: no such module 'Network'
 1 | import Foundation
 2 | import Network
   |        `- error: no such module 'Network'
 3 | import dnssd
 4 |
[4/9] Compiling LocalNetworkAccess NetworkExtensions.swift
<unknown>:0: warning: upcoming feature 'InferSendableFromCaptures' is already enabled as of Swift version 6
<unknown>:0: warning: upcoming feature 'GlobalActorIsolatedTypesUsability' is already enabled as of Swift version 6
<unknown>:0: warning: upcoming feature 'DisableOutwardActorInference' is already enabled as of Swift version 6
/host/spi-builder-workspace/Sources/LocalNetworkAccess/NetworkExtensions.swift:2:8: error: no such module 'Network'
 1 | import Foundation
 2 | import Network
   |        `- error: no such module 'Network'
 3 | import dnssd
 4 |
[5/9] Compiling LocalNetworkAccess LocalNetworkAccess.swift
<unknown>:0: warning: upcoming feature 'InferSendableFromCaptures' is already enabled as of Swift version 6
<unknown>:0: warning: upcoming feature 'GlobalActorIsolatedTypesUsability' is already enabled as of Swift version 6
<unknown>:0: warning: upcoming feature 'DisableOutwardActorInference' is already enabled as of Swift version 6
/host/spi-builder-workspace/Sources/LocalNetworkAccess/NetworkExtensions.swift:2:8: error: no such module 'Network'
 1 | import Foundation
 2 | import Network
   |        `- error: no such module 'Network'
 3 | import dnssd
 4 |
error: emit-module command failed with exit code 1 (use -v to see invocation)
[6/9] Compiling LocalNetworkAccess Configuration.swift
<unknown>:0: warning: upcoming feature 'InferSendableFromCaptures' is already enabled as of Swift version 6
<unknown>:0: warning: upcoming feature 'GlobalActorIsolatedTypesUsability' is already enabled as of Swift version 6
<unknown>:0: warning: upcoming feature 'DisableOutwardActorInference' is already enabled as of Swift version 6
/host/spi-builder-workspace/Sources/LocalNetworkAccess/NetworkExtensions.swift:2:8: error: no such module 'Network'
 1 | import Foundation
 2 | import Network
   |        `- error: no such module 'Network'
 3 | import dnssd
 4 |
[7/9] Emitting module LocalNetworkAccess
<unknown>:0: warning: upcoming feature 'InferSendableFromCaptures' is already enabled as of Swift version 6
<unknown>:0: warning: upcoming feature 'GlobalActorIsolatedTypesUsability' is already enabled as of Swift version 6
<unknown>:0: warning: upcoming feature 'DisableOutwardActorInference' is already enabled as of Swift version 6
/host/spi-builder-workspace/Sources/LocalNetworkAccess/NetworkExtensions.swift:2:8: error: no such module 'Network'
 1 | import Foundation
 2 | import Network
   |        `- error: no such module 'Network'
 3 | import dnssd
 4 |
[8/9] Compiling LocalNetworkAccess AppActivity.swift
<unknown>:0: warning: upcoming feature 'InferSendableFromCaptures' is already enabled as of Swift version 6
<unknown>:0: warning: upcoming feature 'GlobalActorIsolatedTypesUsability' is already enabled as of Swift version 6
<unknown>:0: warning: upcoming feature 'DisableOutwardActorInference' is already enabled as of Swift version 6
/host/spi-builder-workspace/Sources/LocalNetworkAccess/NetworkExtensions.swift:2:8: error: no such module 'Network'
 1 | import Foundation
 2 | import Network
   |        `- error: no such module 'Network'
 3 | import dnssd
 4 |
[9/9] Compiling LocalNetworkAccess LocalNetworkAccessMonitor.swift
<unknown>:0: warning: upcoming feature 'InferSendableFromCaptures' is already enabled as of Swift version 6
<unknown>:0: warning: upcoming feature 'GlobalActorIsolatedTypesUsability' is already enabled as of Swift version 6
<unknown>:0: warning: upcoming feature 'DisableOutwardActorInference' is already enabled as of Swift version 6
/host/spi-builder-workspace/Sources/LocalNetworkAccess/NetworkExtensions.swift:2:8: error: no such module 'Network'
 1 | import Foundation
 2 | import Network
   |        `- error: no such module 'Network'
 3 | import dnssd
 4 |
Running build ...
bash -c docker run --pull=always --rm -v "checkouts-53886770-0":/host -w "$PWD" -e JAVA_HOME="/root/.sdkman/candidates/java/current" -e SPI_BUILD="1" -e SPI_PROCESSING="1" registry.gitlab.com/saguaro1/spi-images:wasm-6.1-latest swift build --swift-sdk wasm32-unknown-wasi 2>&1
wasm-6.1-latest: Pulling from saguaro1/spi-images
Digest: sha256:beceeede496da67681f4fa220a6b97cc098a0178841a413735f598dc6bbaf4c8
Status: Image is up to date for registry.gitlab.com/saguaro1/spi-images:wasm-6.1-latest
[0/1] Planning build
Building for debugging...
[0/1] Write swift-version-24593BA9C3E375BF.txt
[2/8] Compiling LocalNetworkAccess LocalNetworkAccessMonitor.swift
/host/spi-builder-workspace/Sources/LocalNetworkAccess/NetworkExtensions.swift:2:8: error: no such module 'Network'
 1 | import Foundation
 2 | import Network
   |        `- error: no such module 'Network'
 3 | import dnssd
 4 |
[3/8] Compiling LocalNetworkAccess Probe.swift
/host/spi-builder-workspace/Sources/LocalNetworkAccess/NetworkExtensions.swift:2:8: error: no such module 'Network'
 1 | import Foundation
 2 | import Network
   |        `- error: no such module 'Network'
 3 | import dnssd
 4 |
[4/8] Compiling LocalNetworkAccess NetworkExtensions.swift
/host/spi-builder-workspace/Sources/LocalNetworkAccess/NetworkExtensions.swift:2:8: error: no such module 'Network'
 1 | import Foundation
 2 | import Network
   |        `- error: no such module 'Network'
 3 | import dnssd
 4 |
[5/8] Compiling LocalNetworkAccess LocalNetworkAccess.swift
/host/spi-builder-workspace/Sources/LocalNetworkAccess/NetworkExtensions.swift:2:8: error: no such module 'Network'
 1 | import Foundation
 2 | import Network
   |        `- error: no such module 'Network'
 3 | import dnssd
 4 |
[6/8] Compiling LocalNetworkAccess AppActivity.swift
/host/spi-builder-workspace/Sources/LocalNetworkAccess/NetworkExtensions.swift:2:8: error: no such module 'Network'
 1 | import Foundation
 2 | import Network
   |        `- error: no such module 'Network'
 3 | import dnssd
 4 |
[7/8] Compiling LocalNetworkAccess Configuration.swift
/host/spi-builder-workspace/Sources/LocalNetworkAccess/NetworkExtensions.swift:2:8: error: no such module 'Network'
 1 | import Foundation
 2 | import Network
   |        `- error: no such module 'Network'
 3 | import dnssd
 4 |
error: emit-module command failed with exit code 1 (use -v to see invocation)
[8/8] Emitting module LocalNetworkAccess
/host/spi-builder-workspace/Sources/LocalNetworkAccess/NetworkExtensions.swift:2:8: error: no such module 'Network'
 1 | import Foundation
 2 | import Network
   |        `- error: no such module 'Network'
 3 | import dnssd
 4 |
BUILD FAILURE 6.1 wasm