Build Information
Failed to build CommandRegistry, reference 0.1.2 (ee7ff1), with Swift 6.4 for watchOS using Xcode 27.0 on 17 Sep 2026 03:30:54 UTC.
Build Command
env DEVELOPER_DIR=/Applications/Xcode-27.0.0-Release.Candidate.app xcrun xcodebuild -IDEClonedSourcePackagesDirPathOverride=$PWD/.dependencies -skipMacroValidation -skipPackagePluginValidation -derivedDataPath $PWD/.derivedData build -scheme CommandRegistry -destination generic/platform=watchOSBuild Log
SwiftEmitModule normal arm64_32 Emitting\ module\ for\ POSIX (in target 'POSIX' from project 'SwiftPM')
SwiftCompile normal arm64_32 (in target 'POSIX' from project 'SwiftPM')
cd /Users/admin/builder/spi-builder-workspace/.swiftpm/xcode
SwiftCompile normal arm64_32 Compiling\ usleep.swift /Users/admin/builder/spi-builder-workspace/.dependencies/checkouts/swift-package-manager/Sources/POSIX/usleep.swift (in target 'POSIX' from project 'SwiftPM')
SwiftCompile normal arm64_32 /Users/admin/builder/spi-builder-workspace/.dependencies/checkouts/swift-package-manager/Sources/POSIX/usleep.swift (in target 'POSIX' from project 'SwiftPM')
cd /Users/admin/builder/spi-builder-workspace/.swiftpm/xcode
builtin-SwiftPerFileCompile usleep.swift
SwiftCompile normal arm64_32 Compiling\ readdir.swift /Users/admin/builder/spi-builder-workspace/.dependencies/checkouts/swift-package-manager/Sources/POSIX/readdir.swift (in target 'POSIX' from project 'SwiftPM')
SwiftCompile normal arm64_32 /Users/admin/builder/spi-builder-workspace/.dependencies/checkouts/swift-package-manager/Sources/POSIX/readdir.swift (in target 'POSIX' from project 'SwiftPM')
cd /Users/admin/builder/spi-builder-workspace/.swiftpm/xcode
builtin-SwiftPerFileCompile readdir.swift
SwiftCompile normal arm64_32 Compiling\ rename.swift /Users/admin/builder/spi-builder-workspace/.dependencies/checkouts/swift-package-manager/Sources/POSIX/rename.swift (in target 'POSIX' from project 'SwiftPM')
SwiftCompile normal arm64_32 /Users/admin/builder/spi-builder-workspace/.dependencies/checkouts/swift-package-manager/Sources/POSIX/rename.swift (in target 'POSIX' from project 'SwiftPM')
cd /Users/admin/builder/spi-builder-workspace/.swiftpm/xcode
builtin-SwiftPerFileCompile rename.swift
SwiftCompile normal arm64_32 Compiling\ stat.swift /Users/admin/builder/spi-builder-workspace/.dependencies/checkouts/swift-package-manager/Sources/POSIX/stat.swift (in target 'POSIX' from project 'SwiftPM')
SwiftCompile normal arm64_32 /Users/admin/builder/spi-builder-workspace/.dependencies/checkouts/swift-package-manager/Sources/POSIX/stat.swift (in target 'POSIX' from project 'SwiftPM')
cd /Users/admin/builder/spi-builder-workspace/.swiftpm/xcode
builtin-SwiftPerFileCompile stat.swift
SwiftCompile normal arm64_32 Compiling\ isatty.swift /Users/admin/builder/spi-builder-workspace/.dependencies/checkouts/swift-package-manager/Sources/POSIX/isatty.swift (in target 'POSIX' from project 'SwiftPM')
SwiftCompile normal arm64_32 /Users/admin/builder/spi-builder-workspace/.dependencies/checkouts/swift-package-manager/Sources/POSIX/isatty.swift (in target 'POSIX' from project 'SwiftPM')
cd /Users/admin/builder/spi-builder-workspace/.swiftpm/xcode
builtin-SwiftPerFileCompile isatty.swift
SwiftCompile normal arm64_32 Compiling\ getcwd.swift /Users/admin/builder/spi-builder-workspace/.dependencies/checkouts/swift-package-manager/Sources/POSIX/getcwd.swift (in target 'POSIX' from project 'SwiftPM')
SwiftCompile normal arm64_32 /Users/admin/builder/spi-builder-workspace/.dependencies/checkouts/swift-package-manager/Sources/POSIX/getcwd.swift (in target 'POSIX' from project 'SwiftPM')
cd /Users/admin/builder/spi-builder-workspace/.swiftpm/xcode
builtin-SwiftPerFileCompile getcwd.swift
SwiftCompile normal arm64_32 Compiling\ exit.swift /Users/admin/builder/spi-builder-workspace/.dependencies/checkouts/swift-package-manager/Sources/POSIX/exit.swift (in target 'POSIX' from project 'SwiftPM')
SwiftCompile normal arm64_32 /Users/admin/builder/spi-builder-workspace/.dependencies/checkouts/swift-package-manager/Sources/POSIX/exit.swift (in target 'POSIX' from project 'SwiftPM')
cd /Users/admin/builder/spi-builder-workspace/.swiftpm/xcode
builtin-SwiftPerFileCompile exit.swift
SwiftEmitModule normal arm64 Emitting\ module\ for\ POSIX (in target 'POSIX' from project 'SwiftPM')
SwiftCompile normal arm64 (in target 'POSIX' from project 'SwiftPM')
cd /Users/admin/builder/spi-builder-workspace/.swiftpm/xcode
SwiftDriverJobDiscovery normal arm64_32 Emitting module for POSIX (in target 'POSIX' from project 'SwiftPM')
SwiftDriver\ Compilation\ Requirements POSIX normal arm64_32 com.apple.xcode.tools.swift.compiler (in target 'POSIX' from project 'SwiftPM')
cd /Users/admin/builder/spi-builder-workspace/.swiftpm/xcode
builtin-Swift-Compilation-Requirements -- /Applications/Xcode-27.0.0-Release.Candidate.app/Contents/Developer/Toolchains/XcodeDefault.xctoolchain/usr/bin/swiftc -parse-as-library -module-name POSIX -Onone @/Users/admin/builder/spi-builder-workspace/.derivedData/Build/Intermediates.noindex/SwiftPM.build/Debug-watchos/POSIX-t.build/Objects-normal/arm64_32/POSIX.SwiftFileList -DSWIFT_PACKAGE -DDEBUG -DSWIFT_MODULE_RESOURCE_BUNDLE_UNAVAILABLE -Xcc -fmodule-map-file\=/Users/admin/builder/spi-builder-workspace/.dependencies/checkouts/swift-package-manager/Sources/clibc/include/module.modulemap -DXcode -plugin-path /Applications/Xcode-27.0.0-Release.Candidate.app/Contents/Developer/Toolchains/XcodeDefault.xctoolchain/usr/lib/swift/host/plugins/testing -enable-experimental-feature DebugDescriptionMacro -sdk /Applications/Xcode-27.0.0-Release.Candidate.app/Contents/Developer/Platforms/WatchOS.platform/Developer/SDKs/WatchOS27.0.sdk -target arm64_32-apple-watchos9.0 -g -module-cache-path /Users/admin/builder/spi-builder-workspace/.derivedData/ModuleCache.noindex -Xfrontend -serialize-debugging-options -profile-coverage-mapping -profile-generate -enable-testing -suppress-warnings -index-store-path /Users/admin/builder/spi-builder-workspace/.derivedData/Index.noindex/DataStore -Xcc -D_LIBCPP_HARDENING_MODE\=_LIBCPP_HARDENING_MODE_DEBUG -swift-version 4 -I /Users/admin/builder/spi-builder-workspace/.derivedData/Build/Products/Debug-watchos -Isystem /Applications/Xcode-27.0.0-Release.Candidate.app/Contents/Developer/Platforms/WatchOS.platform/Developer/usr/lib -F /Users/admin/builder/spi-builder-workspace/.derivedData/Build/Products/Debug-watchos/PackageFrameworks -F /Users/admin/builder/spi-builder-workspace/.derivedData/Build/Products/Debug-watchos -F /Applications/Xcode-27.0.0-Release.Candidate.app/Contents/Developer/Platforms/WatchOS.platform/Developer/Library/Frameworks -F /Applications/Xcode-27.0.0-Release.Candidate.app/Contents/Developer/Platforms/WatchOS.platform/Developer/SDKs/WatchOS27.0.sdk/Developer/Library/Frameworks -c -j10 -enable-batch-mode -incremental -Xcc -ivfsstatcache -Xcc /Users/admin/builder/spi-builder-workspace/.derivedData/SDKStatCaches.noindex/watchos27.0-24R360-e829b21a6f8c9b70876ba0858053c04477534ef55a1706bf4c1112bbb242f0a2.sdkstatcache -output-file-map /Users/admin/builder/spi-builder-workspace/.derivedData/Build/Intermediates.noindex/SwiftPM.build/Debug-watchos/POSIX-t.build/Objects-normal/arm64_32/POSIX-OutputFileMap.json -save-temps -no-color-diagnostics -emit-dependencies -emit-module -emit-module-path /Users/admin/builder/spi-builder-workspace/.derivedData/Build/Intermediates.noindex/SwiftPM.build/Debug-watchos/POSIX-t.build/Objects-normal/arm64_32/POSIX.swiftmodule -serialize-diagnostics -validate-clang-modules-once -clang-build-session-file /Users/admin/builder/spi-builder-workspace/.derivedData/ModuleCache.noindex/Session.modulevalidation -Xcc -fmodules-prune-interval\=86400 -Xcc -fmodules-prune-after\=345600 -emit-const-values -const-gather-protocols-list /Users/admin/builder/spi-builder-workspace/.derivedData/Build/Intermediates.noindex/SwiftPM.build/Debug-watchos/POSIX-t.build/Objects-normal/arm64_32/POSIX_const_extract_protocols.json -Xcc -I/Users/admin/builder/spi-builder-workspace/.dependencies/checkouts/swift-package-manager/Sources/clibc/include -Xcc -I/Users/admin/builder/spi-builder-workspace/.derivedData/Build/Products/Debug-watchos/include -Xcc -I/Users/admin/builder/spi-builder-workspace/.derivedData/Build/Intermediates.noindex/SwiftPM.build/Debug-watchos/POSIX-t.build/DerivedSources-normal/arm64_32 -Xcc -I/Users/admin/builder/spi-builder-workspace/.derivedData/Build/Intermediates.noindex/SwiftPM.build/Debug-watchos/POSIX-t.build/DerivedSources/arm64_32 -Xcc -I/Users/admin/builder/spi-builder-workspace/.derivedData/Build/Intermediates.noindex/SwiftPM.build/Debug-watchos/POSIX-t.build/DerivedSources -Xcc -DSWIFT_PACKAGE -Xcc -DDEBUG\=1 -emit-objc-header -emit-objc-header-path /Users/admin/builder/spi-builder-workspace/.derivedData/Build/Intermediates.noindex/SwiftPM.build/Debug-watchos/POSIX-t.build/Objects-normal/arm64_32/POSIX-Swift.h -working-directory /Users/admin/builder/spi-builder-workspace/.swiftpm/xcode -experimental-emit-module-separately -disable-cmo
SwiftDriverJobDiscovery normal arm64 Emitting module for POSIX (in target 'POSIX' from project 'SwiftPM')
SwiftCompile normal arm64 Compiling\ getcwd.swift /Users/admin/builder/spi-builder-workspace/.dependencies/checkouts/swift-package-manager/Sources/POSIX/getcwd.swift (in target 'POSIX' from project 'SwiftPM')
SwiftCompile normal arm64 /Users/admin/builder/spi-builder-workspace/.dependencies/checkouts/swift-package-manager/Sources/POSIX/getcwd.swift (in target 'POSIX' from project 'SwiftPM')
cd /Users/admin/builder/spi-builder-workspace/.swiftpm/xcode
builtin-SwiftPerFileCompile getcwd.swift
SwiftDriver\ Compilation\ Requirements POSIX normal arm64 com.apple.xcode.tools.swift.compiler (in target 'POSIX' from project 'SwiftPM')
cd /Users/admin/builder/spi-builder-workspace/.swiftpm/xcode
builtin-Swift-Compilation-Requirements -- /Applications/Xcode-27.0.0-Release.Candidate.app/Contents/Developer/Toolchains/XcodeDefault.xctoolchain/usr/bin/swiftc -parse-as-library -module-name POSIX -Onone @/Users/admin/builder/spi-builder-workspace/.derivedData/Build/Intermediates.noindex/SwiftPM.build/Debug-watchos/POSIX-t.build/Objects-normal/arm64/POSIX.SwiftFileList -DSWIFT_PACKAGE -DDEBUG -DSWIFT_MODULE_RESOURCE_BUNDLE_UNAVAILABLE -Xcc -fmodule-map-file\=/Users/admin/builder/spi-builder-workspace/.dependencies/checkouts/swift-package-manager/Sources/clibc/include/module.modulemap -DXcode -plugin-path /Applications/Xcode-27.0.0-Release.Candidate.app/Contents/Developer/Toolchains/XcodeDefault.xctoolchain/usr/lib/swift/host/plugins/testing -enable-experimental-feature DebugDescriptionMacro -sdk /Applications/Xcode-27.0.0-Release.Candidate.app/Contents/Developer/Platforms/WatchOS.platform/Developer/SDKs/WatchOS27.0.sdk -target arm64-apple-watchos9.0 -g -module-cache-path /Users/admin/builder/spi-builder-workspace/.derivedData/ModuleCache.noindex -Xfrontend -serialize-debugging-options -profile-coverage-mapping -profile-generate -enable-testing -suppress-warnings -index-store-path /Users/admin/builder/spi-builder-workspace/.derivedData/Index.noindex/DataStore -Xcc -D_LIBCPP_HARDENING_MODE\=_LIBCPP_HARDENING_MODE_DEBUG -swift-version 4 -I /Users/admin/builder/spi-builder-workspace/.derivedData/Build/Products/Debug-watchos -Isystem /Applications/Xcode-27.0.0-Release.Candidate.app/Contents/Developer/Platforms/WatchOS.platform/Developer/usr/lib -F /Users/admin/builder/spi-builder-workspace/.derivedData/Build/Products/Debug-watchos/PackageFrameworks -F /Users/admin/builder/spi-builder-workspace/.derivedData/Build/Products/Debug-watchos -F /Applications/Xcode-27.0.0-Release.Candidate.app/Contents/Developer/Platforms/WatchOS.platform/Developer/Library/Frameworks -F /Applications/Xcode-27.0.0-Release.Candidate.app/Contents/Developer/Platforms/WatchOS.platform/Developer/SDKs/WatchOS27.0.sdk/Developer/Library/Frameworks -c -j10 -enable-batch-mode -incremental -Xcc -ivfsstatcache -Xcc /Users/admin/builder/spi-builder-workspace/.derivedData/SDKStatCaches.noindex/watchos27.0-24R360-e829b21a6f8c9b70876ba0858053c04477534ef55a1706bf4c1112bbb242f0a2.sdkstatcache -output-file-map /Users/admin/builder/spi-builder-workspace/.derivedData/Build/Intermediates.noindex/SwiftPM.build/Debug-watchos/POSIX-t.build/Objects-normal/arm64/POSIX-OutputFileMap.json -save-temps -no-color-diagnostics -emit-dependencies -emit-module -emit-module-path /Users/admin/builder/spi-builder-workspace/.derivedData/Build/Intermediates.noindex/SwiftPM.build/Debug-watchos/POSIX-t.build/Objects-normal/arm64/POSIX.swiftmodule -serialize-diagnostics -validate-clang-modules-once -clang-build-session-file /Users/admin/builder/spi-builder-workspace/.derivedData/ModuleCache.noindex/Session.modulevalidation -Xcc -fmodules-prune-interval\=86400 -Xcc -fmodules-prune-after\=345600 -emit-const-values -const-gather-protocols-list /Users/admin/builder/spi-builder-workspace/.derivedData/Build/Intermediates.noindex/SwiftPM.build/Debug-watchos/POSIX-t.build/Objects-normal/arm64/POSIX_const_extract_protocols.json -Xcc -I/Users/admin/builder/spi-builder-workspace/.dependencies/checkouts/swift-package-manager/Sources/clibc/include -Xcc -I/Users/admin/builder/spi-builder-workspace/.derivedData/Build/Products/Debug-watchos/include -Xcc -I/Users/admin/builder/spi-builder-workspace/.derivedData/Build/Intermediates.noindex/SwiftPM.build/Debug-watchos/POSIX-t.build/DerivedSources-normal/arm64 -Xcc -I/Users/admin/builder/spi-builder-workspace/.derivedData/Build/Intermediates.noindex/SwiftPM.build/Debug-watchos/POSIX-t.build/DerivedSources/arm64 -Xcc -I/Users/admin/builder/spi-builder-workspace/.derivedData/Build/Intermediates.noindex/SwiftPM.build/Debug-watchos/POSIX-t.build/DerivedSources -Xcc -DSWIFT_PACKAGE -Xcc -DDEBUG\=1 -emit-objc-header -emit-objc-header-path /Users/admin/builder/spi-builder-workspace/.derivedData/Build/Intermediates.noindex/SwiftPM.build/Debug-watchos/POSIX-t.build/Objects-normal/arm64/POSIX-Swift.h -working-directory /Users/admin/builder/spi-builder-workspace/.swiftpm/xcode -experimental-emit-module-separately -disable-cmo
SwiftDriverJobDiscovery normal arm64 Compiling getcwd.swift (in target 'POSIX' from project 'SwiftPM')
Copy /Users/admin/builder/spi-builder-workspace/.derivedData/Build/Products/Debug-watchos/POSIX.swiftmodule/arm64_32-apple-watchos.swiftmodule /Users/admin/builder/spi-builder-workspace/.derivedData/Build/Intermediates.noindex/SwiftPM.build/Debug-watchos/POSIX-t.build/Objects-normal/arm64_32/POSIX.swiftmodule (in target 'POSIX' from project 'SwiftPM')
cd /Users/admin/builder/spi-builder-workspace/.dependencies/checkouts/swift-package-manager
builtin-copy -exclude .DS_Store -exclude CVS -exclude .svn -exclude .git -exclude .hg -resolve-src-symlinks -rename /Users/admin/builder/spi-builder-workspace/.derivedData/Build/Intermediates.noindex/SwiftPM.build/Debug-watchos/POSIX-t.build/Objects-normal/arm64_32/POSIX.swiftmodule /Users/admin/builder/spi-builder-workspace/.derivedData/Build/Products/Debug-watchos/POSIX.swiftmodule/arm64_32-apple-watchos.swiftmodule
Copy /Users/admin/builder/spi-builder-workspace/.derivedData/Build/Products/Debug-watchos/POSIX.swiftmodule/arm64_32-apple-watchos.swiftdoc /Users/admin/builder/spi-builder-workspace/.derivedData/Build/Intermediates.noindex/SwiftPM.build/Debug-watchos/POSIX-t.build/Objects-normal/arm64_32/POSIX.swiftdoc (in target 'POSIX' from project 'SwiftPM')
cd /Users/admin/builder/spi-builder-workspace/.dependencies/checkouts/swift-package-manager
builtin-copy -exclude .DS_Store -exclude CVS -exclude .svn -exclude .git -exclude .hg -resolve-src-symlinks -rename /Users/admin/builder/spi-builder-workspace/.derivedData/Build/Intermediates.noindex/SwiftPM.build/Debug-watchos/POSIX-t.build/Objects-normal/arm64_32/POSIX.swiftdoc /Users/admin/builder/spi-builder-workspace/.derivedData/Build/Products/Debug-watchos/POSIX.swiftmodule/arm64_32-apple-watchos.swiftdoc
Copy /Users/admin/builder/spi-builder-workspace/.derivedData/Build/Products/Debug-watchos/POSIX.swiftmodule/arm64_32-apple-watchos.abi.json /Users/admin/builder/spi-builder-workspace/.derivedData/Build/Intermediates.noindex/SwiftPM.build/Debug-watchos/POSIX-t.build/Objects-normal/arm64_32/POSIX.abi.json (in target 'POSIX' from project 'SwiftPM')
cd /Users/admin/builder/spi-builder-workspace/.dependencies/checkouts/swift-package-manager
builtin-copy -exclude .DS_Store -exclude CVS -exclude .svn -exclude .git -exclude .hg -resolve-src-symlinks -rename /Users/admin/builder/spi-builder-workspace/.derivedData/Build/Intermediates.noindex/SwiftPM.build/Debug-watchos/POSIX-t.build/Objects-normal/arm64_32/POSIX.abi.json /Users/admin/builder/spi-builder-workspace/.derivedData/Build/Products/Debug-watchos/POSIX.swiftmodule/arm64_32-apple-watchos.abi.json
SwiftDriverJobDiscovery normal arm64_32 Compiling libc.swift (in target 'SPMLibc' from project 'SwiftPM')
Copy /Users/admin/builder/spi-builder-workspace/.derivedData/Build/Products/Debug-watchos/POSIX.swiftmodule/Project/arm64_32-apple-watchos.swiftsourceinfo /Users/admin/builder/spi-builder-workspace/.derivedData/Build/Intermediates.noindex/SwiftPM.build/Debug-watchos/POSIX-t.build/Objects-normal/arm64_32/POSIX.swiftsourceinfo (in target 'POSIX' from project 'SwiftPM')
cd /Users/admin/builder/spi-builder-workspace/.dependencies/checkouts/swift-package-manager
builtin-copy -exclude .DS_Store -exclude CVS -exclude .svn -exclude .git -exclude .hg -resolve-src-symlinks -rename /Users/admin/builder/spi-builder-workspace/.derivedData/Build/Intermediates.noindex/SwiftPM.build/Debug-watchos/POSIX-t.build/Objects-normal/arm64_32/POSIX.swiftsourceinfo /Users/admin/builder/spi-builder-workspace/.derivedData/Build/Products/Debug-watchos/POSIX.swiftmodule/Project/arm64_32-apple-watchos.swiftsourceinfo
SwiftDriverJobDiscovery normal arm64 Compiling libc.swift (in target 'SPMLibc' from project 'SwiftPM')
SwiftCompile normal arm64 Compiling\ stat.swift /Users/admin/builder/spi-builder-workspace/.dependencies/checkouts/swift-package-manager/Sources/POSIX/stat.swift (in target 'POSIX' from project 'SwiftPM')
SwiftCompile normal arm64 /Users/admin/builder/spi-builder-workspace/.dependencies/checkouts/swift-package-manager/Sources/POSIX/stat.swift (in target 'POSIX' from project 'SwiftPM')
cd /Users/admin/builder/spi-builder-workspace/.swiftpm/xcode
builtin-SwiftPerFileCompile stat.swift
SwiftMergeGeneratedHeaders /Users/admin/builder/spi-builder-workspace/.derivedData/Build/Intermediates.noindex/GeneratedModuleMaps-watchos/POSIX-Swift.h /Users/admin/builder/spi-builder-workspace/.derivedData/Build/Intermediates.noindex/SwiftPM.build/Debug-watchos/POSIX-t.build/Objects-normal/arm64/POSIX-Swift.h /Users/admin/builder/spi-builder-workspace/.derivedData/Build/Intermediates.noindex/SwiftPM.build/Debug-watchos/POSIX-t.build/Objects-normal/arm64_32/POSIX-Swift.h (in target 'POSIX' from project 'SwiftPM')
cd /Users/admin/builder/spi-builder-workspace/.dependencies/checkouts/swift-package-manager
builtin-swiftHeaderTool -arch arm64 /Users/admin/builder/spi-builder-workspace/.derivedData/Build/Intermediates.noindex/SwiftPM.build/Debug-watchos/POSIX-t.build/Objects-normal/arm64/POSIX-Swift.h -arch arm64_32 /Users/admin/builder/spi-builder-workspace/.derivedData/Build/Intermediates.noindex/SwiftPM.build/Debug-watchos/POSIX-t.build/Objects-normal/arm64_32/POSIX-Swift.h -o /Users/admin/builder/spi-builder-workspace/.derivedData/Build/Intermediates.noindex/GeneratedModuleMaps-watchos/POSIX-Swift.h
Copy /Users/admin/builder/spi-builder-workspace/.derivedData/Build/Products/Debug-watchos/POSIX.swiftmodule/arm64-apple-watchos.swiftmodule /Users/admin/builder/spi-builder-workspace/.derivedData/Build/Intermediates.noindex/SwiftPM.build/Debug-watchos/POSIX-t.build/Objects-normal/arm64/POSIX.swiftmodule (in target 'POSIX' from project 'SwiftPM')
cd /Users/admin/builder/spi-builder-workspace/.dependencies/checkouts/swift-package-manager
builtin-copy -exclude .DS_Store -exclude CVS -exclude .svn -exclude .git -exclude .hg -resolve-src-symlinks -rename /Users/admin/builder/spi-builder-workspace/.derivedData/Build/Intermediates.noindex/SwiftPM.build/Debug-watchos/POSIX-t.build/Objects-normal/arm64/POSIX.swiftmodule /Users/admin/builder/spi-builder-workspace/.derivedData/Build/Products/Debug-watchos/POSIX.swiftmodule/arm64-apple-watchos.swiftmodule
Copy /Users/admin/builder/spi-builder-workspace/.derivedData/Build/Products/Debug-watchos/POSIX.swiftmodule/arm64-apple-watchos.swiftdoc /Users/admin/builder/spi-builder-workspace/.derivedData/Build/Intermediates.noindex/SwiftPM.build/Debug-watchos/POSIX-t.build/Objects-normal/arm64/POSIX.swiftdoc (in target 'POSIX' from project 'SwiftPM')
cd /Users/admin/builder/spi-builder-workspace/.dependencies/checkouts/swift-package-manager
builtin-copy -exclude .DS_Store -exclude CVS -exclude .svn -exclude .git -exclude .hg -resolve-src-symlinks -rename /Users/admin/builder/spi-builder-workspace/.derivedData/Build/Intermediates.noindex/SwiftPM.build/Debug-watchos/POSIX-t.build/Objects-normal/arm64/POSIX.swiftdoc /Users/admin/builder/spi-builder-workspace/.derivedData/Build/Products/Debug-watchos/POSIX.swiftmodule/arm64-apple-watchos.swiftdoc
Copy /Users/admin/builder/spi-builder-workspace/.derivedData/Build/Products/Debug-watchos/POSIX.swiftmodule/arm64-apple-watchos.abi.json /Users/admin/builder/spi-builder-workspace/.derivedData/Build/Intermediates.noindex/SwiftPM.build/Debug-watchos/POSIX-t.build/Objects-normal/arm64/POSIX.abi.json (in target 'POSIX' from project 'SwiftPM')
cd /Users/admin/builder/spi-builder-workspace/.dependencies/checkouts/swift-package-manager
builtin-copy -exclude .DS_Store -exclude CVS -exclude .svn -exclude .git -exclude .hg -resolve-src-symlinks -rename /Users/admin/builder/spi-builder-workspace/.derivedData/Build/Intermediates.noindex/SwiftPM.build/Debug-watchos/POSIX-t.build/Objects-normal/arm64/POSIX.abi.json /Users/admin/builder/spi-builder-workspace/.derivedData/Build/Products/Debug-watchos/POSIX.swiftmodule/arm64-apple-watchos.abi.json
Copy /Users/admin/builder/spi-builder-workspace/.derivedData/Build/Products/Debug-watchos/POSIX.swiftmodule/Project/arm64-apple-watchos.swiftsourceinfo /Users/admin/builder/spi-builder-workspace/.derivedData/Build/Intermediates.noindex/SwiftPM.build/Debug-watchos/POSIX-t.build/Objects-normal/arm64/POSIX.swiftsourceinfo (in target 'POSIX' from project 'SwiftPM')
cd /Users/admin/builder/spi-builder-workspace/.dependencies/checkouts/swift-package-manager
builtin-copy -exclude .DS_Store -exclude CVS -exclude .svn -exclude .git -exclude .hg -resolve-src-symlinks -rename /Users/admin/builder/spi-builder-workspace/.derivedData/Build/Intermediates.noindex/SwiftPM.build/Debug-watchos/POSIX-t.build/Objects-normal/arm64/POSIX.swiftsourceinfo /Users/admin/builder/spi-builder-workspace/.derivedData/Build/Products/Debug-watchos/POSIX.swiftmodule/Project/arm64-apple-watchos.swiftsourceinfo
SwiftDriverJobDiscovery normal arm64_32 Compiling exit.swift (in target 'POSIX' from project 'SwiftPM')
SwiftDriver\ Compilation SPMLibc normal arm64_32 com.apple.xcode.tools.swift.compiler (in target 'SPMLibc' from project 'SwiftPM')
cd /Users/admin/builder/spi-builder-workspace/.swiftpm/xcode
builtin-Swift-Compilation -- /Applications/Xcode-27.0.0-Release.Candidate.app/Contents/Developer/Toolchains/XcodeDefault.xctoolchain/usr/bin/swiftc -parse-as-library -module-name SPMLibc -Onone @/Users/admin/builder/spi-builder-workspace/.derivedData/Build/Intermediates.noindex/SwiftPM.build/Debug-watchos/SPMLibc-t.build/Objects-normal/arm64_32/SPMLibc.SwiftFileList -DSWIFT_PACKAGE -DDEBUG -DSWIFT_MODULE_RESOURCE_BUNDLE_UNAVAILABLE -Xcc -fmodule-map-file\=/Users/admin/builder/spi-builder-workspace/.dependencies/checkouts/swift-package-manager/Sources/clibc/include/module.modulemap -DXcode -plugin-path /Applications/Xcode-27.0.0-Release.Candidate.app/Contents/Developer/Toolchains/XcodeDefault.xctoolchain/usr/lib/swift/host/plugins/testing -enable-experimental-feature DebugDescriptionMacro -sdk /Applications/Xcode-27.0.0-Release.Candidate.app/Contents/Developer/Platforms/WatchOS.platform/Developer/SDKs/WatchOS27.0.sdk -target arm64_32-apple-watchos9.0 -g -module-cache-path /Users/admin/builder/spi-builder-workspace/.derivedData/ModuleCache.noindex -Xfrontend -serialize-debugging-options -profile-coverage-mapping -profile-generate -enable-testing -suppress-warnings -index-store-path /Users/admin/builder/spi-builder-workspace/.derivedData/Index.noindex/DataStore -Xcc -D_LIBCPP_HARDENING_MODE\=_LIBCPP_HARDENING_MODE_DEBUG -swift-version 4 -I /Users/admin/builder/spi-builder-workspace/.derivedData/Build/Products/Debug-watchos -Isystem /Applications/Xcode-27.0.0-Release.Candidate.app/Contents/Developer/Platforms/WatchOS.platform/Developer/usr/lib -F /Users/admin/builder/spi-builder-workspace/.derivedData/Build/Products/Debug-watchos/PackageFrameworks -F /Users/admin/builder/spi-builder-workspace/.derivedData/Build/Products/Debug-watchos -F /Applications/Xcode-27.0.0-Release.Candidate.app/Contents/Developer/Platforms/WatchOS.platform/Developer/Library/Frameworks -F /Applications/Xcode-27.0.0-Release.Candidate.app/Contents/Developer/Platforms/WatchOS.platform/Developer/SDKs/WatchOS27.0.sdk/Developer/Library/Frameworks -c -j10 -enable-batch-mode -incremental -Xcc -ivfsstatcache -Xcc /Users/admin/builder/spi-builder-workspace/.derivedData/SDKStatCaches.noindex/watchos27.0-24R360-e829b21a6f8c9b70876ba0858053c04477534ef55a1706bf4c1112bbb242f0a2.sdkstatcache -output-file-map /Users/admin/builder/spi-builder-workspace/.derivedData/Build/Intermediates.noindex/SwiftPM.build/Debug-watchos/SPMLibc-t.build/Objects-normal/arm64_32/SPMLibc-OutputFileMap.json -save-temps -no-color-diagnostics -emit-dependencies -emit-module -emit-module-path /Users/admin/builder/spi-builder-workspace/.derivedData/Build/Intermediates.noindex/SwiftPM.build/Debug-watchos/SPMLibc-t.build/Objects-normal/arm64_32/SPMLibc.swiftmodule -serialize-diagnostics -validate-clang-modules-once -clang-build-session-file /Users/admin/builder/spi-builder-workspace/.derivedData/ModuleCache.noindex/Session.modulevalidation -Xcc -fmodules-prune-interval\=86400 -Xcc -fmodules-prune-after\=345600 -emit-const-values -const-gather-protocols-list /Users/admin/builder/spi-builder-workspace/.derivedData/Build/Intermediates.noindex/SwiftPM.build/Debug-watchos/SPMLibc-t.build/Objects-normal/arm64_32/SPMLibc_const_extract_protocols.json -Xcc -I/Users/admin/builder/spi-builder-workspace/.dependencies/checkouts/swift-package-manager/Sources/clibc/include -Xcc -I/Users/admin/builder/spi-builder-workspace/.derivedData/Build/Products/Debug-watchos/include -Xcc -I/Users/admin/builder/spi-builder-workspace/.derivedData/Build/Intermediates.noindex/SwiftPM.build/Debug-watchos/SPMLibc-t.build/DerivedSources-normal/arm64_32 -Xcc -I/Users/admin/builder/spi-builder-workspace/.derivedData/Build/Intermediates.noindex/SwiftPM.build/Debug-watchos/SPMLibc-t.build/DerivedSources/arm64_32 -Xcc -I/Users/admin/builder/spi-builder-workspace/.derivedData/Build/Intermediates.noindex/SwiftPM.build/Debug-watchos/SPMLibc-t.build/DerivedSources -Xcc -DSWIFT_PACKAGE -Xcc -DDEBUG\=1 -emit-objc-header -emit-objc-header-path /Users/admin/builder/spi-builder-workspace/.derivedData/Build/Intermediates.noindex/SwiftPM.build/Debug-watchos/SPMLibc-t.build/Objects-normal/arm64_32/SPMLibc-Swift.h -working-directory /Users/admin/builder/spi-builder-workspace/.swiftpm/xcode -experimental-emit-module-separately -disable-cmo
SwiftDriver\ Compilation SPMLibc normal arm64 com.apple.xcode.tools.swift.compiler (in target 'SPMLibc' from project 'SwiftPM')
cd /Users/admin/builder/spi-builder-workspace/.swiftpm/xcode
builtin-Swift-Compilation -- /Applications/Xcode-27.0.0-Release.Candidate.app/Contents/Developer/Toolchains/XcodeDefault.xctoolchain/usr/bin/swiftc -parse-as-library -module-name SPMLibc -Onone @/Users/admin/builder/spi-builder-workspace/.derivedData/Build/Intermediates.noindex/SwiftPM.build/Debug-watchos/SPMLibc-t.build/Objects-normal/arm64/SPMLibc.SwiftFileList -DSWIFT_PACKAGE -DDEBUG -DSWIFT_MODULE_RESOURCE_BUNDLE_UNAVAILABLE -Xcc -fmodule-map-file\=/Users/admin/builder/spi-builder-workspace/.dependencies/checkouts/swift-package-manager/Sources/clibc/include/module.modulemap -DXcode -plugin-path /Applications/Xcode-27.0.0-Release.Candidate.app/Contents/Developer/Toolchains/XcodeDefault.xctoolchain/usr/lib/swift/host/plugins/testing -enable-experimental-feature DebugDescriptionMacro -sdk /Applications/Xcode-27.0.0-Release.Candidate.app/Contents/Developer/Platforms/WatchOS.platform/Developer/SDKs/WatchOS27.0.sdk -target arm64-apple-watchos9.0 -g -module-cache-path /Users/admin/builder/spi-builder-workspace/.derivedData/ModuleCache.noindex -Xfrontend -serialize-debugging-options -profile-coverage-mapping -profile-generate -enable-testing -suppress-warnings -index-store-path /Users/admin/builder/spi-builder-workspace/.derivedData/Index.noindex/DataStore -Xcc -D_LIBCPP_HARDENING_MODE\=_LIBCPP_HARDENING_MODE_DEBUG -swift-version 4 -I /Users/admin/builder/spi-builder-workspace/.derivedData/Build/Products/Debug-watchos -Isystem /Applications/Xcode-27.0.0-Release.Candidate.app/Contents/Developer/Platforms/WatchOS.platform/Developer/usr/lib -F /Users/admin/builder/spi-builder-workspace/.derivedData/Build/Products/Debug-watchos/PackageFrameworks -F /Users/admin/builder/spi-builder-workspace/.derivedData/Build/Products/Debug-watchos -F /Applications/Xcode-27.0.0-Release.Candidate.app/Contents/Developer/Platforms/WatchOS.platform/Developer/Library/Frameworks -F /Applications/Xcode-27.0.0-Release.Candidate.app/Contents/Developer/Platforms/WatchOS.platform/Developer/SDKs/WatchOS27.0.sdk/Developer/Library/Frameworks -c -j10 -enable-batch-mode -incremental -Xcc -ivfsstatcache -Xcc /Users/admin/builder/spi-builder-workspace/.derivedData/SDKStatCaches.noindex/watchos27.0-24R360-e829b21a6f8c9b70876ba0858053c04477534ef55a1706bf4c1112bbb242f0a2.sdkstatcache -output-file-map /Users/admin/builder/spi-builder-workspace/.derivedData/Build/Intermediates.noindex/SwiftPM.build/Debug-watchos/SPMLibc-t.build/Objects-normal/arm64/SPMLibc-OutputFileMap.json -save-temps -no-color-diagnostics -emit-dependencies -emit-module -emit-module-path /Users/admin/builder/spi-builder-workspace/.derivedData/Build/Intermediates.noindex/SwiftPM.build/Debug-watchos/SPMLibc-t.build/Objects-normal/arm64/SPMLibc.swiftmodule -serialize-diagnostics -validate-clang-modules-once -clang-build-session-file /Users/admin/builder/spi-builder-workspace/.derivedData/ModuleCache.noindex/Session.modulevalidation -Xcc -fmodules-prune-interval\=86400 -Xcc -fmodules-prune-after\=345600 -emit-const-values -const-gather-protocols-list /Users/admin/builder/spi-builder-workspace/.derivedData/Build/Intermediates.noindex/SwiftPM.build/Debug-watchos/SPMLibc-t.build/Objects-normal/arm64/SPMLibc_const_extract_protocols.json -Xcc -I/Users/admin/builder/spi-builder-workspace/.dependencies/checkouts/swift-package-manager/Sources/clibc/include -Xcc -I/Users/admin/builder/spi-builder-workspace/.derivedData/Build/Products/Debug-watchos/include -Xcc -I/Users/admin/builder/spi-builder-workspace/.derivedData/Build/Intermediates.noindex/SwiftPM.build/Debug-watchos/SPMLibc-t.build/DerivedSources-normal/arm64 -Xcc -I/Users/admin/builder/spi-builder-workspace/.derivedData/Build/Intermediates.noindex/SwiftPM.build/Debug-watchos/SPMLibc-t.build/DerivedSources/arm64 -Xcc -I/Users/admin/builder/spi-builder-workspace/.derivedData/Build/Intermediates.noindex/SwiftPM.build/Debug-watchos/SPMLibc-t.build/DerivedSources -Xcc -DSWIFT_PACKAGE -Xcc -DDEBUG\=1 -emit-objc-header -emit-objc-header-path /Users/admin/builder/spi-builder-workspace/.derivedData/Build/Intermediates.noindex/SwiftPM.build/Debug-watchos/SPMLibc-t.build/Objects-normal/arm64/SPMLibc-Swift.h -working-directory /Users/admin/builder/spi-builder-workspace/.swiftpm/xcode -experimental-emit-module-separately -disable-cmo
SwiftCompile normal arm64 Compiling\ realpath.swift /Users/admin/builder/spi-builder-workspace/.dependencies/checkouts/swift-package-manager/Sources/POSIX/realpath.swift (in target 'POSIX' from project 'SwiftPM')
SwiftCompile normal arm64 /Users/admin/builder/spi-builder-workspace/.dependencies/checkouts/swift-package-manager/Sources/POSIX/realpath.swift (in target 'POSIX' from project 'SwiftPM')
cd /Users/admin/builder/spi-builder-workspace/.swiftpm/xcode
builtin-SwiftPerFileCompile realpath.swift
SwiftDriverJobDiscovery normal arm64_32 Compiling isatty.swift (in target 'POSIX' from project 'SwiftPM')
SwiftCompile normal arm64 Compiling\ usleep.swift /Users/admin/builder/spi-builder-workspace/.dependencies/checkouts/swift-package-manager/Sources/POSIX/usleep.swift (in target 'POSIX' from project 'SwiftPM')
SwiftCompile normal arm64 /Users/admin/builder/spi-builder-workspace/.dependencies/checkouts/swift-package-manager/Sources/POSIX/usleep.swift (in target 'POSIX' from project 'SwiftPM')
cd /Users/admin/builder/spi-builder-workspace/.swiftpm/xcode
builtin-SwiftPerFileCompile usleep.swift
SwiftCompile normal arm64 Compiling\ readdir.swift /Users/admin/builder/spi-builder-workspace/.dependencies/checkouts/swift-package-manager/Sources/POSIX/readdir.swift (in target 'POSIX' from project 'SwiftPM')
SwiftCompile normal arm64 /Users/admin/builder/spi-builder-workspace/.dependencies/checkouts/swift-package-manager/Sources/POSIX/readdir.swift (in target 'POSIX' from project 'SwiftPM')
cd /Users/admin/builder/spi-builder-workspace/.swiftpm/xcode
builtin-SwiftPerFileCompile readdir.swift
SwiftCompile normal arm64 Compiling\ env.swift /Users/admin/builder/spi-builder-workspace/.dependencies/checkouts/swift-package-manager/Sources/POSIX/env.swift (in target 'POSIX' from project 'SwiftPM')
SwiftCompile normal arm64 /Users/admin/builder/spi-builder-workspace/.dependencies/checkouts/swift-package-manager/Sources/POSIX/env.swift (in target 'POSIX' from project 'SwiftPM')
cd /Users/admin/builder/spi-builder-workspace/.swiftpm/xcode
builtin-SwiftPerFileCompile env.swift
Ld /Users/admin/builder/spi-builder-workspace/.derivedData/Build/Intermediates.noindex/SwiftPM.build/Debug-watchos/SPMLibc-t.build/Objects-normal/arm64_32/Binary/SPMLibc.o normal arm64_32 (in target 'SPMLibc' from project 'SwiftPM')
cd /Users/admin/builder/spi-builder-workspace/.dependencies/checkouts/swift-package-manager
/Applications/Xcode-27.0.0-Release.Candidate.app/Contents/Developer/Toolchains/XcodeDefault.xctoolchain/usr/bin/clang -Xlinker -reproducible -target arm64_32-apple-watchos9.0 -r -isysroot /Applications/Xcode-27.0.0-Release.Candidate.app/Contents/Developer/Platforms/WatchOS.platform/Developer/SDKs/WatchOS27.0.sdk -O0 -w -Xlinker -no_warn_duplicate_libraries -F/Users/admin/builder/spi-builder-workspace/.derivedData/Build/Intermediates.noindex/EagerLinkingTBDs/Debug-watchos -F/Users/admin/builder/spi-builder-workspace/.derivedData/Build/Products/Debug-watchos/PackageFrameworks -F/Users/admin/builder/spi-builder-workspace/.derivedData/Build/Products/Debug-watchos -iframework /Applications/Xcode-27.0.0-Release.Candidate.app/Contents/Developer/Platforms/WatchOS.platform/Developer/Library/Frameworks -iframework /Applications/Xcode-27.0.0-Release.Candidate.app/Contents/Developer/Platforms/WatchOS.platform/Developer/SDKs/WatchOS27.0.sdk/Developer/Library/Frameworks -filelist /Users/admin/builder/spi-builder-workspace/.derivedData/Build/Intermediates.noindex/SwiftPM.build/Debug-watchos/SPMLibc-t.build/Objects-normal/arm64_32/SPMLibc.LinkFileList -nostdlib -Xlinker -object_path_lto -Xlinker /Users/admin/builder/spi-builder-workspace/.derivedData/Build/Intermediates.noindex/SwiftPM.build/Debug-watchos/SPMLibc-t.build/Objects-normal/arm64_32/SPMLibc_lto.o -Xlinker -no_deduplicate -Xlinker -debug_variant -Xlinker -dependency_info -Xlinker /Users/admin/builder/spi-builder-workspace/.derivedData/Build/Intermediates.noindex/SwiftPM.build/Debug-watchos/SPMLibc-t.build/Objects-normal/arm64_32/SPMLibc_dependency_info.dat -fobjc-link-runtime -L/Applications/Xcode-27.0.0-Release.Candidate.app/Contents/Developer/Toolchains/XcodeDefault.xctoolchain/usr/lib/swift/watchos -L/usr/lib/swift -Xlinker -add_ast_path -Xlinker /Users/admin/builder/spi-builder-workspace/.derivedData/Build/Intermediates.noindex/SwiftPM.build/Debug-watchos/SPMLibc-t.build/Objects-normal/arm64_32/SPMLibc.swiftmodule -o /Users/admin/builder/spi-builder-workspace/.derivedData/Build/Intermediates.noindex/SwiftPM.build/Debug-watchos/SPMLibc-t.build/Objects-normal/arm64_32/Binary/SPMLibc.o
SwiftDriverJobDiscovery normal arm64_32 Compiling rename.swift (in target 'POSIX' from project 'SwiftPM')
Ld /Users/admin/builder/spi-builder-workspace/.derivedData/Build/Intermediates.noindex/SwiftPM.build/Debug-watchos/SPMLibc-t.build/Objects-normal/arm64/Binary/SPMLibc.o normal arm64 (in target 'SPMLibc' from project 'SwiftPM')
cd /Users/admin/builder/spi-builder-workspace/.dependencies/checkouts/swift-package-manager
/Applications/Xcode-27.0.0-Release.Candidate.app/Contents/Developer/Toolchains/XcodeDefault.xctoolchain/usr/bin/clang -Xlinker -reproducible -target arm64-apple-watchos9.0 -r -isysroot /Applications/Xcode-27.0.0-Release.Candidate.app/Contents/Developer/Platforms/WatchOS.platform/Developer/SDKs/WatchOS27.0.sdk -O0 -w -Xlinker -no_warn_duplicate_libraries -F/Users/admin/builder/spi-builder-workspace/.derivedData/Build/Intermediates.noindex/EagerLinkingTBDs/Debug-watchos -F/Users/admin/builder/spi-builder-workspace/.derivedData/Build/Products/Debug-watchos/PackageFrameworks -F/Users/admin/builder/spi-builder-workspace/.derivedData/Build/Products/Debug-watchos -iframework /Applications/Xcode-27.0.0-Release.Candidate.app/Contents/Developer/Platforms/WatchOS.platform/Developer/Library/Frameworks -iframework /Applications/Xcode-27.0.0-Release.Candidate.app/Contents/Developer/Platforms/WatchOS.platform/Developer/SDKs/WatchOS27.0.sdk/Developer/Library/Frameworks -filelist /Users/admin/builder/spi-builder-workspace/.derivedData/Build/Intermediates.noindex/SwiftPM.build/Debug-watchos/SPMLibc-t.build/Objects-normal/arm64/SPMLibc.LinkFileList -nostdlib -Xlinker -object_path_lto -Xlinker /Users/admin/builder/spi-builder-workspace/.derivedData/Build/Intermediates.noindex/SwiftPM.build/Debug-watchos/SPMLibc-t.build/Objects-normal/arm64/SPMLibc_lto.o -Xlinker -no_deduplicate -Xlinker -debug_variant -Xlinker -dependency_info -Xlinker /Users/admin/builder/spi-builder-workspace/.derivedData/Build/Intermediates.noindex/SwiftPM.build/Debug-watchos/SPMLibc-t.build/Objects-normal/arm64/SPMLibc_dependency_info.dat -fobjc-link-runtime -L/Applications/Xcode-27.0.0-Release.Candidate.app/Contents/Developer/Toolchains/XcodeDefault.xctoolchain/usr/lib/swift/watchos -L/usr/lib/swift -Xlinker -add_ast_path -Xlinker /Users/admin/builder/spi-builder-workspace/.derivedData/Build/Intermediates.noindex/SwiftPM.build/Debug-watchos/SPMLibc-t.build/Objects-normal/arm64/SPMLibc.swiftmodule -o /Users/admin/builder/spi-builder-workspace/.derivedData/Build/Intermediates.noindex/SwiftPM.build/Debug-watchos/SPMLibc-t.build/Objects-normal/arm64/Binary/SPMLibc.o
SwiftDriverJobDiscovery normal arm64_32 Compiling stat.swift (in target 'POSIX' from project 'SwiftPM')
SwiftDriverJobDiscovery normal arm64_32 Compiling usleep.swift (in target 'POSIX' from project 'SwiftPM')
SwiftCompile normal arm64_32 Compiling\ realpath.swift /Users/admin/builder/spi-builder-workspace/.dependencies/checkouts/swift-package-manager/Sources/POSIX/realpath.swift (in target 'POSIX' from project 'SwiftPM')
SwiftCompile normal arm64_32 /Users/admin/builder/spi-builder-workspace/.dependencies/checkouts/swift-package-manager/Sources/POSIX/realpath.swift (in target 'POSIX' from project 'SwiftPM')
cd /Users/admin/builder/spi-builder-workspace/.swiftpm/xcode
builtin-SwiftPerFileCompile realpath.swift
SwiftCompile normal arm64 Compiling\ rename.swift /Users/admin/builder/spi-builder-workspace/.dependencies/checkouts/swift-package-manager/Sources/POSIX/rename.swift (in target 'POSIX' from project 'SwiftPM')
SwiftCompile normal arm64 /Users/admin/builder/spi-builder-workspace/.dependencies/checkouts/swift-package-manager/Sources/POSIX/rename.swift (in target 'POSIX' from project 'SwiftPM')
cd /Users/admin/builder/spi-builder-workspace/.swiftpm/xcode
builtin-SwiftPerFileCompile rename.swift
SwiftDriverJobDiscovery normal arm64_32 Compiling getcwd.swift (in target 'POSIX' from project 'SwiftPM')
SwiftCompile normal arm64 Compiling\ exit.swift /Users/admin/builder/spi-builder-workspace/.dependencies/checkouts/swift-package-manager/Sources/POSIX/exit.swift (in target 'POSIX' from project 'SwiftPM')
SwiftCompile normal arm64 /Users/admin/builder/spi-builder-workspace/.dependencies/checkouts/swift-package-manager/Sources/POSIX/exit.swift (in target 'POSIX' from project 'SwiftPM')
cd /Users/admin/builder/spi-builder-workspace/.swiftpm/xcode
builtin-SwiftPerFileCompile exit.swift
SwiftCompile normal arm64 Compiling\ isatty.swift /Users/admin/builder/spi-builder-workspace/.dependencies/checkouts/swift-package-manager/Sources/POSIX/isatty.swift (in target 'POSIX' from project 'SwiftPM')
SwiftCompile normal arm64 /Users/admin/builder/spi-builder-workspace/.dependencies/checkouts/swift-package-manager/Sources/POSIX/isatty.swift (in target 'POSIX' from project 'SwiftPM')
cd /Users/admin/builder/spi-builder-workspace/.swiftpm/xcode
builtin-SwiftPerFileCompile isatty.swift
CreateUniversalBinary /Users/admin/builder/spi-builder-workspace/.derivedData/Build/Products/Debug-watchos/SPMLibc.o normal arm64\ arm64_32 (in target 'SPMLibc' from project 'SwiftPM')
cd /Users/admin/builder/spi-builder-workspace/.dependencies/checkouts/swift-package-manager
/Applications/Xcode-27.0.0-Release.Candidate.app/Contents/Developer/Toolchains/XcodeDefault.xctoolchain/usr/bin/lipo -create /Users/admin/builder/spi-builder-workspace/.derivedData/Build/Intermediates.noindex/SwiftPM.build/Debug-watchos/SPMLibc-t.build/Objects-normal/arm64/Binary/SPMLibc.o /Users/admin/builder/spi-builder-workspace/.derivedData/Build/Intermediates.noindex/SwiftPM.build/Debug-watchos/SPMLibc-t.build/Objects-normal/arm64_32/Binary/SPMLibc.o -output /Users/admin/builder/spi-builder-workspace/.derivedData/Build/Products/Debug-watchos/SPMLibc.o
SwiftDriverJobDiscovery normal arm64_32 Compiling readdir.swift (in target 'POSIX' from project 'SwiftPM')
SwiftCompile normal arm64 Compiling\ Error.swift,\ chdir.swift /Users/admin/builder/spi-builder-workspace/.dependencies/checkouts/swift-package-manager/Sources/POSIX/Error.swift /Users/admin/builder/spi-builder-workspace/.dependencies/checkouts/swift-package-manager/Sources/POSIX/chdir.swift (in target 'POSIX' from project 'SwiftPM')
SwiftCompile normal arm64 /Users/admin/builder/spi-builder-workspace/.dependencies/checkouts/swift-package-manager/Sources/POSIX/Error.swift (in target 'POSIX' from project 'SwiftPM')
cd /Users/admin/builder/spi-builder-workspace/.swiftpm/xcode
builtin-SwiftPerFileCompile Error.swift
SwiftCompile normal arm64 /Users/admin/builder/spi-builder-workspace/.dependencies/checkouts/swift-package-manager/Sources/POSIX/chdir.swift (in target 'POSIX' from project 'SwiftPM')
cd /Users/admin/builder/spi-builder-workspace/.swiftpm/xcode
builtin-SwiftPerFileCompile chdir.swift
SwiftDriverJobDiscovery normal arm64 Compiling exit.swift (in target 'POSIX' from project 'SwiftPM')
SwiftCompile normal arm64_32 Compiling\ env.swift /Users/admin/builder/spi-builder-workspace/.dependencies/checkouts/swift-package-manager/Sources/POSIX/env.swift (in target 'POSIX' from project 'SwiftPM')
SwiftCompile normal arm64_32 /Users/admin/builder/spi-builder-workspace/.dependencies/checkouts/swift-package-manager/Sources/POSIX/env.swift (in target 'POSIX' from project 'SwiftPM')
cd /Users/admin/builder/spi-builder-workspace/.swiftpm/xcode
builtin-SwiftPerFileCompile env.swift
SwiftCompile normal arm64_32 Compiling\ Error.swift,\ chdir.swift /Users/admin/builder/spi-builder-workspace/.dependencies/checkouts/swift-package-manager/Sources/POSIX/Error.swift /Users/admin/builder/spi-builder-workspace/.dependencies/checkouts/swift-package-manager/Sources/POSIX/chdir.swift (in target 'POSIX' from project 'SwiftPM')
SwiftCompile normal arm64_32 /Users/admin/builder/spi-builder-workspace/.dependencies/checkouts/swift-package-manager/Sources/POSIX/Error.swift (in target 'POSIX' from project 'SwiftPM')
cd /Users/admin/builder/spi-builder-workspace/.swiftpm/xcode
builtin-SwiftPerFileCompile Error.swift
SwiftCompile normal arm64_32 /Users/admin/builder/spi-builder-workspace/.dependencies/checkouts/swift-package-manager/Sources/POSIX/chdir.swift (in target 'POSIX' from project 'SwiftPM')
cd /Users/admin/builder/spi-builder-workspace/.swiftpm/xcode
builtin-SwiftPerFileCompile chdir.swift
SwiftDriverJobDiscovery normal arm64 Compiling realpath.swift (in target 'POSIX' from project 'SwiftPM')
SwiftDriverJobDiscovery normal arm64 Compiling stat.swift (in target 'POSIX' from project 'SwiftPM')
ExtractAppIntentsMetadata (in target 'SPMLibc' from project 'SwiftPM')
cd /Users/admin/builder/spi-builder-workspace/.dependencies/checkouts/swift-package-manager
/Applications/Xcode-27.0.0-Release.Candidate.app/Contents/Developer/Toolchains/XcodeDefault.xctoolchain/usr/bin/appintentsmetadataprocessor --toolchain-dir /var/run/com.apple.security.cryptexd/mnt/com.apple.MobileAsset.MetalToolchain-v27.1.266.1.6Xo2eY/Metal.xctoolchain --module-name SPMLibc --sdk-root /Applications/Xcode-27.0.0-Release.Candidate.app/Contents/Developer/Platforms/WatchOS.platform/Developer/SDKs/WatchOS27.0.sdk --xcode-version 27A266a --platform-family watchOS --deployment-target 9.0 --bundle-identifier swift-package-manager.SPMLibc --output /Users/admin/builder/spi-builder-workspace/.derivedData/Build/Products/Debug-watchos/SPMLibc.appintents --target-triple arm64-apple-watchos9.0 --target-triple arm64_32-apple-watchos9.0 --binary-file /Users/admin/builder/spi-builder-workspace/.derivedData/Build/Products/Debug-watchos/SPMLibc.o --dependency-file /Users/admin/builder/spi-builder-workspace/.derivedData/Build/Intermediates.noindex/SwiftPM.build/Debug-watchos/SPMLibc-t.build/Objects-normal/arm64/SPMLibc_dependency_info.dat --dependency-file /Users/admin/builder/spi-builder-workspace/.derivedData/Build/Intermediates.noindex/SwiftPM.build/Debug-watchos/SPMLibc-t.build/Objects-normal/arm64_32/SPMLibc_dependency_info.dat --stringsdata-file /Users/admin/builder/spi-builder-workspace/.derivedData/Build/Intermediates.noindex/SwiftPM.build/Debug-watchos/SPMLibc-t.build/Objects-normal/arm64/ExtractedAppShortcutsMetadata.stringsdata --stringsdata-file /Users/admin/builder/spi-builder-workspace/.derivedData/Build/Intermediates.noindex/SwiftPM.build/Debug-watchos/SPMLibc-t.build/Objects-normal/arm64_32/ExtractedAppShortcutsMetadata.stringsdata --source-file-list /Users/admin/builder/spi-builder-workspace/.derivedData/Build/Intermediates.noindex/SwiftPM.build/Debug-watchos/SPMLibc-t.build/Objects-normal/arm64/SPMLibc.SwiftFileList --source-file-list /Users/admin/builder/spi-builder-workspace/.derivedData/Build/Intermediates.noindex/SwiftPM.build/Debug-watchos/SPMLibc-t.build/Objects-normal/arm64_32/SPMLibc.SwiftFileList --metadata-file-list /Users/admin/builder/spi-builder-workspace/.derivedData/Build/Intermediates.noindex/SwiftPM.build/Debug-watchos/SPMLibc-t.build/SPMLibc.DependencyMetadataFileList --static-metadata-file-list /Users/admin/builder/spi-builder-workspace/.derivedData/Build/Intermediates.noindex/SwiftPM.build/Debug-watchos/SPMLibc-t.build/SPMLibc.DependencyStaticMetadataFileList --swift-const-vals-list /Users/admin/builder/spi-builder-workspace/.derivedData/Build/Intermediates.noindex/SwiftPM.build/Debug-watchos/SPMLibc-t.build/Objects-normal/arm64/SPMLibc.SwiftConstValuesFileList --swift-const-vals-list /Users/admin/builder/spi-builder-workspace/.derivedData/Build/Intermediates.noindex/SwiftPM.build/Debug-watchos/SPMLibc-t.build/Objects-normal/arm64_32/SPMLibc.SwiftConstValuesFileList --force --compile-time-extraction --deployment-aware-processing --no-app-shortcuts-localization
2026-09-16 23:30:48.229 appintentsmetadataprocessor[747:4809] Starting appintentsmetadataprocessor export
2026-09-16 23:30:48.341 appintentsmetadataprocessor[747:4809] Extracted no relevant App Intents symbols, skipping writing output
SwiftDriverJobDiscovery normal arm64 Compiling env.swift (in target 'POSIX' from project 'SwiftPM')
SwiftDriverJobDiscovery normal arm64 Compiling rename.swift (in target 'POSIX' from project 'SwiftPM')
SwiftDriver Basic normal arm64_32 com.apple.xcode.tools.swift.compiler (in target 'Basic' from project 'SwiftPM')
cd /Users/admin/builder/spi-builder-workspace/.swiftpm/xcode
builtin-SwiftDriver -- /Applications/Xcode-27.0.0-Release.Candidate.app/Contents/Developer/Toolchains/XcodeDefault.xctoolchain/usr/bin/swiftc -parse-as-library -module-name Basic -Onone @/Users/admin/builder/spi-builder-workspace/.derivedData/Build/Intermediates.noindex/SwiftPM.build/Debug-watchos/Basic-t.build/Objects-normal/arm64_32/Basic.SwiftFileList -DSWIFT_PACKAGE -DDEBUG -DSWIFT_MODULE_RESOURCE_BUNDLE_UNAVAILABLE -Xcc -fmodule-map-file\=/Users/admin/builder/spi-builder-workspace/.dependencies/checkouts/swift-package-manager/Sources/clibc/include/module.modulemap -DXcode -plugin-path /Applications/Xcode-27.0.0-Release.Candidate.app/Contents/Developer/Toolchains/XcodeDefault.xctoolchain/usr/lib/swift/host/plugins/testing -enable-experimental-feature DebugDescriptionMacro -sdk /Applications/Xcode-27.0.0-Release.Candidate.app/Contents/Developer/Platforms/WatchOS.platform/Developer/SDKs/WatchOS27.0.sdk -target arm64_32-apple-watchos9.0 -g -module-cache-path /Users/admin/builder/spi-builder-workspace/.derivedData/ModuleCache.noindex -Xfrontend -serialize-debugging-options -profile-coverage-mapping -profile-generate -enable-testing -suppress-warnings -index-store-path /Users/admin/builder/spi-builder-workspace/.derivedData/Index.noindex/DataStore -Xcc -D_LIBCPP_HARDENING_MODE\=_LIBCPP_HARDENING_MODE_DEBUG -swift-version 4 -I /Users/admin/builder/spi-builder-workspace/.derivedData/Build/Products/Debug-watchos -Isystem /Applications/Xcode-27.0.0-Release.Candidate.app/Contents/Developer/Platforms/WatchOS.platform/Developer/usr/lib -F /Users/admin/builder/spi-builder-workspace/.derivedData/Build/Products/Debug-watchos/PackageFrameworks -F /Users/admin/builder/spi-builder-workspace/.derivedData/Build/Products/Debug-watchos -F /Applications/Xcode-27.0.0-Release.Candidate.app/Contents/Developer/Platforms/WatchOS.platform/Developer/Library/Frameworks -F /Applications/Xcode-27.0.0-Release.Candidate.app/Contents/Developer/Platforms/WatchOS.platform/Developer/SDKs/WatchOS27.0.sdk/Developer/Library/Frameworks -c -j10 -enable-batch-mode -incremental -Xcc -ivfsstatcache -Xcc /Users/admin/builder/spi-builder-workspace/.derivedData/SDKStatCaches.noindex/watchos27.0-24R360-e829b21a6f8c9b70876ba0858053c04477534ef55a1706bf4c1112bbb242f0a2.sdkstatcache -output-file-map /Users/admin/builder/spi-builder-workspace/.derivedData/Build/Intermediates.noindex/SwiftPM.build/Debug-watchos/Basic-t.build/Objects-normal/arm64_32/Basic-OutputFileMap.json -save-temps -no-color-diagnostics -emit-dependencies -emit-module -emit-module-path /Users/admin/builder/spi-builder-workspace/.derivedData/Build/Intermediates.noindex/SwiftPM.build/Debug-watchos/Basic-t.build/Objects-normal/arm64_32/Basic.swiftmodule -serialize-diagnostics -validate-clang-modules-once -clang-build-session-file /Users/admin/builder/spi-builder-workspace/.derivedData/ModuleCache.noindex/Session.modulevalidation -Xcc -fmodules-prune-interval\=86400 -Xcc -fmodules-prune-after\=345600 -emit-const-values -const-gather-protocols-list /Users/admin/builder/spi-builder-workspace/.derivedData/Build/Intermediates.noindex/SwiftPM.build/Debug-watchos/Basic-t.build/Objects-normal/arm64_32/Basic_const_extract_protocols.json -Xcc -I/Users/admin/builder/spi-builder-workspace/.dependencies/checkouts/swift-package-manager/Sources/clibc/include -Xcc -I/Users/admin/builder/spi-builder-workspace/.derivedData/Build/Products/Debug-watchos/include -Xcc -I/Users/admin/builder/spi-builder-workspace/.derivedData/Build/Intermediates.noindex/SwiftPM.build/Debug-watchos/Basic-t.build/DerivedSources-normal/arm64_32 -Xcc -I/Users/admin/builder/spi-builder-workspace/.derivedData/Build/Intermediates.noindex/SwiftPM.build/Debug-watchos/Basic-t.build/DerivedSources/arm64_32 -Xcc -I/Users/admin/builder/spi-builder-workspace/.derivedData/Build/Intermediates.noindex/SwiftPM.build/Debug-watchos/Basic-t.build/DerivedSources -Xcc -DSWIFT_PACKAGE -Xcc -DDEBUG\=1 -emit-objc-header -emit-objc-header-path /Users/admin/builder/spi-builder-workspace/.derivedData/Build/Intermediates.noindex/SwiftPM.build/Debug-watchos/Basic-t.build/Objects-normal/arm64_32/Basic-Swift.h -working-directory /Users/admin/builder/spi-builder-workspace/.swiftpm/xcode -experimental-emit-module-separately -disable-cmo
SwiftDriver Basic normal arm64 com.apple.xcode.tools.swift.compiler (in target 'Basic' from project 'SwiftPM')
cd /Users/admin/builder/spi-builder-workspace/.swiftpm/xcode
builtin-SwiftDriver -- /Applications/Xcode-27.0.0-Release.Candidate.app/Contents/Developer/Toolchains/XcodeDefault.xctoolchain/usr/bin/swiftc -parse-as-library -module-name Basic -Onone @/Users/admin/builder/spi-builder-workspace/.derivedData/Build/Intermediates.noindex/SwiftPM.build/Debug-watchos/Basic-t.build/Objects-normal/arm64/Basic.SwiftFileList -DSWIFT_PACKAGE -DDEBUG -DSWIFT_MODULE_RESOURCE_BUNDLE_UNAVAILABLE -Xcc -fmodule-map-file\=/Users/admin/builder/spi-builder-workspace/.dependencies/checkouts/swift-package-manager/Sources/clibc/include/module.modulemap -DXcode -plugin-path /Applications/Xcode-27.0.0-Release.Candidate.app/Contents/Developer/Toolchains/XcodeDefault.xctoolchain/usr/lib/swift/host/plugins/testing -enable-experimental-feature DebugDescriptionMacro -sdk /Applications/Xcode-27.0.0-Release.Candidate.app/Contents/Developer/Platforms/WatchOS.platform/Developer/SDKs/WatchOS27.0.sdk -target arm64-apple-watchos9.0 -g -module-cache-path /Users/admin/builder/spi-builder-workspace/.derivedData/ModuleCache.noindex -Xfrontend -serialize-debugging-options -profile-coverage-mapping -profile-generate -enable-testing -suppress-warnings -index-store-path /Users/admin/builder/spi-builder-workspace/.derivedData/Index.noindex/DataStore -Xcc -D_LIBCPP_HARDENING_MODE\=_LIBCPP_HARDENING_MODE_DEBUG -swift-version 4 -I /Users/admin/builder/spi-builder-workspace/.derivedData/Build/Products/Debug-watchos -Isystem /Applications/Xcode-27.0.0-Release.Candidate.app/Contents/Developer/Platforms/WatchOS.platform/Developer/usr/lib -F /Users/admin/builder/spi-builder-workspace/.derivedData/Build/Products/Debug-watchos/PackageFrameworks -F /Users/admin/builder/spi-builder-workspace/.derivedData/Build/Products/Debug-watchos -F /Applications/Xcode-27.0.0-Release.Candidate.app/Contents/Developer/Platforms/WatchOS.platform/Developer/Library/Frameworks -F /Applications/Xcode-27.0.0-Release.Candidate.app/Contents/Developer/Platforms/WatchOS.platform/Developer/SDKs/WatchOS27.0.sdk/Developer/Library/Frameworks -c -j10 -enable-batch-mode -incremental -Xcc -ivfsstatcache -Xcc /Users/admin/builder/spi-builder-workspace/.derivedData/SDKStatCaches.noindex/watchos27.0-24R360-e829b21a6f8c9b70876ba0858053c04477534ef55a1706bf4c1112bbb242f0a2.sdkstatcache -output-file-map /Users/admin/builder/spi-builder-workspace/.derivedData/Build/Intermediates.noindex/SwiftPM.build/Debug-watchos/Basic-t.build/Objects-normal/arm64/Basic-OutputFileMap.json -save-temps -no-color-diagnostics -emit-dependencies -emit-module -emit-module-path /Users/admin/builder/spi-builder-workspace/.derivedData/Build/Intermediates.noindex/SwiftPM.build/Debug-watchos/Basic-t.build/Objects-normal/arm64/Basic.swiftmodule -serialize-diagnostics -validate-clang-modules-once -clang-build-session-file /Users/admin/builder/spi-builder-workspace/.derivedData/ModuleCache.noindex/Session.modulevalidation -Xcc -fmodules-prune-interval\=86400 -Xcc -fmodules-prune-after\=345600 -emit-const-values -const-gather-protocols-list /Users/admin/builder/spi-builder-workspace/.derivedData/Build/Intermediates.noindex/SwiftPM.build/Debug-watchos/Basic-t.build/Objects-normal/arm64/Basic_const_extract_protocols.json -Xcc -I/Users/admin/builder/spi-builder-workspace/.dependencies/checkouts/swift-package-manager/Sources/clibc/include -Xcc -I/Users/admin/builder/spi-builder-workspace/.derivedData/Build/Products/Debug-watchos/include -Xcc -I/Users/admin/builder/spi-builder-workspace/.derivedData/Build/Intermediates.noindex/SwiftPM.build/Debug-watchos/Basic-t.build/DerivedSources-normal/arm64 -Xcc -I/Users/admin/builder/spi-builder-workspace/.derivedData/Build/Intermediates.noindex/SwiftPM.build/Debug-watchos/Basic-t.build/DerivedSources/arm64 -Xcc -I/Users/admin/builder/spi-builder-workspace/.derivedData/Build/Intermediates.noindex/SwiftPM.build/Debug-watchos/Basic-t.build/DerivedSources -Xcc -DSWIFT_PACKAGE -Xcc -DDEBUG\=1 -emit-objc-header -emit-objc-header-path /Users/admin/builder/spi-builder-workspace/.derivedData/Build/Intermediates.noindex/SwiftPM.build/Debug-watchos/Basic-t.build/Objects-normal/arm64/Basic-Swift.h -working-directory /Users/admin/builder/spi-builder-workspace/.swiftpm/xcode -experimental-emit-module-separately -disable-cmo
SwiftDriverJobDiscovery normal arm64 Compiling isatty.swift (in target 'POSIX' from project 'SwiftPM')
SwiftDriverJobDiscovery normal arm64 Compiling usleep.swift (in target 'POSIX' from project 'SwiftPM')
SwiftDriverJobDiscovery normal arm64_32 Compiling realpath.swift (in target 'POSIX' from project 'SwiftPM')
SwiftDriverJobDiscovery normal arm64 Compiling readdir.swift (in target 'POSIX' from project 'SwiftPM')
SwiftCompile normal arm64 Compiling\ CollectionAlgorithms.swift,\ CollectionExtensions.swift,\ Condition.swift,\ DeltaAlgorithm.swift /Users/admin/builder/spi-builder-workspace/.dependencies/checkouts/swift-package-manager/Sources/Basic/CollectionAlgorithms.swift /Users/admin/builder/spi-builder-workspace/.dependencies/checkouts/swift-package-manager/Sources/Basic/CollectionExtensions.swift /Users/admin/builder/spi-builder-workspace/.dependencies/checkouts/swift-package-manager/Sources/Basic/Condition.swift /Users/admin/builder/spi-builder-workspace/.dependencies/checkouts/swift-package-manager/Sources/Basic/DeltaAlgorithm.swift (in target 'Basic' from project 'SwiftPM')
SwiftCompile normal arm64 /Users/admin/builder/spi-builder-workspace/.dependencies/checkouts/swift-package-manager/Sources/Basic/CollectionAlgorithms.swift (in target 'Basic' from project 'SwiftPM')
cd /Users/admin/builder/spi-builder-workspace/.swiftpm/xcode
builtin-SwiftPerFileCompile CollectionAlgorithms.swift
SwiftCompile normal arm64 /Users/admin/builder/spi-builder-workspace/.dependencies/checkouts/swift-package-manager/Sources/Basic/CollectionExtensions.swift (in target 'Basic' from project 'SwiftPM')
cd /Users/admin/builder/spi-builder-workspace/.swiftpm/xcode
builtin-SwiftPerFileCompile CollectionExtensions.swift
SwiftCompile normal arm64 /Users/admin/builder/spi-builder-workspace/.dependencies/checkouts/swift-package-manager/Sources/Basic/Condition.swift (in target 'Basic' from project 'SwiftPM')
cd /Users/admin/builder/spi-builder-workspace/.swiftpm/xcode
builtin-SwiftPerFileCompile Condition.swift
SwiftCompile normal arm64 /Users/admin/builder/spi-builder-workspace/.dependencies/checkouts/swift-package-manager/Sources/Basic/DeltaAlgorithm.swift (in target 'Basic' from project 'SwiftPM')
cd /Users/admin/builder/spi-builder-workspace/.swiftpm/xcode
builtin-SwiftPerFileCompile DeltaAlgorithm.swift
SwiftEmitModule normal arm64 Emitting\ module\ for\ Basic (in target 'Basic' from project 'SwiftPM')
SwiftCompile normal arm64 (in target 'Basic' from project 'SwiftPM')
cd /Users/admin/builder/spi-builder-workspace/.swiftpm/xcode
SwiftCompile normal arm64 Compiling\ KeyedPair.swift,\ LazyCache.swift,\ Lock.swift,\ ObjectIdentifierProtocol.swift /Users/admin/builder/spi-builder-workspace/.dependencies/checkouts/swift-package-manager/Sources/Basic/KeyedPair.swift /Users/admin/builder/spi-builder-workspace/.dependencies/checkouts/swift-package-manager/Sources/Basic/LazyCache.swift /Users/admin/builder/spi-builder-workspace/.dependencies/checkouts/swift-package-manager/Sources/Basic/Lock.swift /Users/admin/builder/spi-builder-workspace/.dependencies/checkouts/swift-package-manager/Sources/Basic/ObjectIdentifierProtocol.swift (in target 'Basic' from project 'SwiftPM')
SwiftCompile normal arm64 /Users/admin/builder/spi-builder-workspace/.dependencies/checkouts/swift-package-manager/Sources/Basic/KeyedPair.swift (in target 'Basic' from project 'SwiftPM')
cd /Users/admin/builder/spi-builder-workspace/.swiftpm/xcode
builtin-SwiftPerFileCompile KeyedPair.swift
SwiftCompile normal arm64 /Users/admin/builder/spi-builder-workspace/.dependencies/checkouts/swift-package-manager/Sources/Basic/LazyCache.swift (in target 'Basic' from project 'SwiftPM')
cd /Users/admin/builder/spi-builder-workspace/.swiftpm/xcode
builtin-SwiftPerFileCompile LazyCache.swift
SwiftCompile normal arm64 /Users/admin/builder/spi-builder-workspace/.dependencies/checkouts/swift-package-manager/Sources/Basic/Lock.swift (in target 'Basic' from project 'SwiftPM')
cd /Users/admin/builder/spi-builder-workspace/.swiftpm/xcode
builtin-SwiftPerFileCompile Lock.swift
SwiftCompile normal arm64 /Users/admin/builder/spi-builder-workspace/.dependencies/checkouts/swift-package-manager/Sources/Basic/ObjectIdentifierProtocol.swift (in target 'Basic' from project 'SwiftPM')
cd /Users/admin/builder/spi-builder-workspace/.swiftpm/xcode
builtin-SwiftPerFileCompile ObjectIdentifierProtocol.swift
SwiftCompile normal arm64 Compiling\ FileSystem.swift,\ GraphAlgorithms.swift,\ JSON.swift,\ JSONMapper.swift /Users/admin/builder/spi-builder-workspace/.dependencies/checkouts/swift-package-manager/Sources/Basic/FileSystem.swift /Users/admin/builder/spi-builder-workspace/.dependencies/checkouts/swift-package-manager/Sources/Basic/GraphAlgorithms.swift /Users/admin/builder/spi-builder-workspace/.dependencies/checkouts/swift-package-manager/Sources/Basic/JSON.swift /Users/admin/builder/spi-builder-workspace/.dependencies/checkouts/swift-package-manager/Sources/Basic/JSONMapper.swift (in target 'Basic' from project 'SwiftPM')
SwiftCompile normal arm64 /Users/admin/builder/spi-builder-workspace/.dependencies/checkouts/swift-package-manager/Sources/Basic/FileSystem.swift (in target 'Basic' from project 'SwiftPM')
cd /Users/admin/builder/spi-builder-workspace/.swiftpm/xcode
builtin-SwiftPerFileCompile FileSystem.swift
SwiftCompile normal arm64 /Users/admin/builder/spi-builder-workspace/.dependencies/checkouts/swift-package-manager/Sources/Basic/GraphAlgorithms.swift (in target 'Basic' from project 'SwiftPM')
cd /Users/admin/builder/spi-builder-workspace/.swiftpm/xcode
builtin-SwiftPerFileCompile GraphAlgorithms.swift
SwiftCompile normal arm64 /Users/admin/builder/spi-builder-workspace/.dependencies/checkouts/swift-package-manager/Sources/Basic/JSON.swift (in target 'Basic' from project 'SwiftPM')
cd /Users/admin/builder/spi-builder-workspace/.swiftpm/xcode
builtin-SwiftPerFileCompile JSON.swift
SwiftCompile normal arm64 /Users/admin/builder/spi-builder-workspace/.dependencies/checkouts/swift-package-manager/Sources/Basic/JSONMapper.swift (in target 'Basic' from project 'SwiftPM')
cd /Users/admin/builder/spi-builder-workspace/.swiftpm/xcode
builtin-SwiftPerFileCompile JSONMapper.swift
SwiftCompile normal arm64 Compiling\ OrderedDictionary.swift,\ OrderedSet.swift,\ OutputByteStream.swift,\ Path.swift /Users/admin/builder/spi-builder-workspace/.dependencies/checkouts/swift-package-manager/Sources/Basic/OrderedDictionary.swift /Users/admin/builder/spi-builder-workspace/.dependencies/checkouts/swift-package-manager/Sources/Basic/OrderedSet.swift /Users/admin/builder/spi-builder-workspace/.dependencies/checkouts/swift-package-manager/Sources/Basic/OutputByteStream.swift /Users/admin/builder/spi-builder-workspace/.dependencies/checkouts/swift-package-manager/Sources/Basic/Path.swift (in target 'Basic' from project 'SwiftPM')
SwiftCompile normal arm64 /Users/admin/builder/spi-builder-workspace/.dependencies/checkouts/swift-package-manager/Sources/Basic/OrderedDictionary.swift (in target 'Basic' from project 'SwiftPM')
cd /Users/admin/builder/spi-builder-workspace/.swiftpm/xcode
builtin-SwiftPerFileCompile OrderedDictionary.swift
SwiftCompile normal arm64 /Users/admin/builder/spi-builder-workspace/.dependencies/checkouts/swift-package-manager/Sources/Basic/OrderedSet.swift (in target 'Basic' from project 'SwiftPM')
cd /Users/admin/builder/spi-builder-workspace/.swiftpm/xcode
builtin-SwiftPerFileCompile OrderedSet.swift
SwiftCompile normal arm64 /Users/admin/builder/spi-builder-workspace/.dependencies/checkouts/swift-package-manager/Sources/Basic/OutputByteStream.swift (in target 'Basic' from project 'SwiftPM')
cd /Users/admin/builder/spi-builder-workspace/.swiftpm/xcode
builtin-SwiftPerFileCompile OutputByteStream.swift
SwiftCompile normal arm64 /Users/admin/builder/spi-builder-workspace/.dependencies/checkouts/swift-package-manager/Sources/Basic/Path.swift (in target 'Basic' from project 'SwiftPM')
cd /Users/admin/builder/spi-builder-workspace/.swiftpm/xcode
builtin-SwiftPerFileCompile Path.swift
SwiftCompile normal arm64 Compiling\ Thread.swift,\ Tuple.swift,\ misc.swift /Users/admin/builder/spi-builder-workspace/.dependencies/checkouts/swift-package-manager/Sources/Basic/Thread.swift /Users/admin/builder/spi-builder-workspace/.dependencies/checkouts/swift-package-manager/Sources/Basic/Tuple.swift /Users/admin/builder/spi-builder-workspace/.dependencies/checkouts/swift-package-manager/Sources/Basic/misc.swift (in target 'Basic' from project 'SwiftPM')
SwiftCompile normal arm64 /Users/admin/builder/spi-builder-workspace/.dependencies/checkouts/swift-package-manager/Sources/Basic/Thread.swift (in target 'Basic' from project 'SwiftPM')
cd /Users/admin/builder/spi-builder-workspace/.swiftpm/xcode
builtin-SwiftPerFileCompile Thread.swift
SwiftCompile normal arm64 /Users/admin/builder/spi-builder-workspace/.dependencies/checkouts/swift-package-manager/Sources/Basic/Tuple.swift (in target 'Basic' from project 'SwiftPM')
cd /Users/admin/builder/spi-builder-workspace/.swiftpm/xcode
builtin-SwiftPerFileCompile Tuple.swift
SwiftCompile normal arm64 /Users/admin/builder/spi-builder-workspace/.dependencies/checkouts/swift-package-manager/Sources/Basic/misc.swift (in target 'Basic' from project 'SwiftPM')
cd /Users/admin/builder/spi-builder-workspace/.swiftpm/xcode
builtin-SwiftPerFileCompile misc.swift
SwiftEmitModule normal arm64_32 Emitting\ module\ for\ Basic (in target 'Basic' from project 'SwiftPM')
SwiftCompile normal arm64_32 (in target 'Basic' from project 'SwiftPM')
cd /Users/admin/builder/spi-builder-workspace/.swiftpm/xcode
SwiftDriverJobDiscovery normal arm64_32 Compiling env.swift (in target 'POSIX' from project 'SwiftPM')
SwiftCompile normal arm64_32 Compiling\ Thread.swift,\ Tuple.swift,\ misc.swift /Users/admin/builder/spi-builder-workspace/.dependencies/checkouts/swift-package-manager/Sources/Basic/Thread.swift /Users/admin/builder/spi-builder-workspace/.dependencies/checkouts/swift-package-manager/Sources/Basic/Tuple.swift /Users/admin/builder/spi-builder-workspace/.dependencies/checkouts/swift-package-manager/Sources/Basic/misc.swift (in target 'Basic' from project 'SwiftPM')
SwiftCompile normal arm64_32 /Users/admin/builder/spi-builder-workspace/.dependencies/checkouts/swift-package-manager/Sources/Basic/Thread.swift (in target 'Basic' from project 'SwiftPM')
cd /Users/admin/builder/spi-builder-workspace/.swiftpm/xcode
builtin-SwiftPerFileCompile Thread.swift
SwiftCompile normal arm64_32 /Users/admin/builder/spi-builder-workspace/.dependencies/checkouts/swift-package-manager/Sources/Basic/Tuple.swift (in target 'Basic' from project 'SwiftPM')
cd /Users/admin/builder/spi-builder-workspace/.swiftpm/xcode
builtin-SwiftPerFileCompile Tuple.swift
SwiftCompile normal arm64_32 /Users/admin/builder/spi-builder-workspace/.dependencies/checkouts/swift-package-manager/Sources/Basic/misc.swift (in target 'Basic' from project 'SwiftPM')
cd /Users/admin/builder/spi-builder-workspace/.swiftpm/xcode
builtin-SwiftPerFileCompile misc.swift
SwiftDriverJobDiscovery normal arm64 Compiling Error.swift, chdir.swift (in target 'POSIX' from project 'SwiftPM')
SwiftDriver\ Compilation POSIX normal arm64 com.apple.xcode.tools.swift.compiler (in target 'POSIX' from project 'SwiftPM')
cd /Users/admin/builder/spi-builder-workspace/.swiftpm/xcode
builtin-Swift-Compilation -- /Applications/Xcode-27.0.0-Release.Candidate.app/Contents/Developer/Toolchains/XcodeDefault.xctoolchain/usr/bin/swiftc -parse-as-library -module-name POSIX -Onone @/Users/admin/builder/spi-builder-workspace/.derivedData/Build/Intermediates.noindex/SwiftPM.build/Debug-watchos/POSIX-t.build/Objects-normal/arm64/POSIX.SwiftFileList -DSWIFT_PACKAGE -DDEBUG -DSWIFT_MODULE_RESOURCE_BUNDLE_UNAVAILABLE -Xcc -fmodule-map-file\=/Users/admin/builder/spi-builder-workspace/.dependencies/checkouts/swift-package-manager/Sources/clibc/include/module.modulemap -DXcode -plugin-path /Applications/Xcode-27.0.0-Release.Candidate.app/Contents/Developer/Toolchains/XcodeDefault.xctoolchain/usr/lib/swift/host/plugins/testing -enable-experimental-feature DebugDescriptionMacro -sdk /Applications/Xcode-27.0.0-Release.Candidate.app/Contents/Developer/Platforms/WatchOS.platform/Developer/SDKs/WatchOS27.0.sdk -target arm64-apple-watchos9.0 -g -module-cache-path /Users/admin/builder/spi-builder-workspace/.derivedData/ModuleCache.noindex -Xfrontend -serialize-debugging-options -profile-coverage-mapping -profile-generate -enable-testing -suppress-warnings -index-store-path /Users/admin/builder/spi-builder-workspace/.derivedData/Index.noindex/DataStore -Xcc -D_LIBCPP_HARDENING_MODE\=_LIBCPP_HARDENING_MODE_DEBUG -swift-version 4 -I /Users/admin/builder/spi-builder-workspace/.derivedData/Build/Products/Debug-watchos -Isystem /Applications/Xcode-27.0.0-Release.Candidate.app/Contents/Developer/Platforms/WatchOS.platform/Developer/usr/lib -F /Users/admin/builder/spi-builder-workspace/.derivedData/Build/Products/Debug-watchos/PackageFrameworks -F /Users/admin/builder/spi-builder-workspace/.derivedData/Build/Products/Debug-watchos -F /Applications/Xcode-27.0.0-Release.Candidate.app/Contents/Developer/Platforms/WatchOS.platform/Developer/Library/Frameworks -F /Applications/Xcode-27.0.0-Release.Candidate.app/Contents/Developer/Platforms/WatchOS.platform/Developer/SDKs/WatchOS27.0.sdk/Developer/Library/Frameworks -c -j10 -enable-batch-mode -incremental -Xcc -ivfsstatcache -Xcc /Users/admin/builder/spi-builder-workspace/.derivedData/SDKStatCaches.noindex/watchos27.0-24R360-e829b21a6f8c9b70876ba0858053c04477534ef55a1706bf4c1112bbb242f0a2.sdkstatcache -output-file-map /Users/admin/builder/spi-builder-workspace/.derivedData/Build/Intermediates.noindex/SwiftPM.build/Debug-watchos/POSIX-t.build/Objects-normal/arm64/POSIX-OutputFileMap.json -save-temps -no-color-diagnostics -emit-dependencies -emit-module -emit-module-path /Users/admin/builder/spi-builder-workspace/.derivedData/Build/Intermediates.noindex/SwiftPM.build/Debug-watchos/POSIX-t.build/Objects-normal/arm64/POSIX.swiftmodule -serialize-diagnostics -validate-clang-modules-once -clang-build-session-file /Users/admin/builder/spi-builder-workspace/.derivedData/ModuleCache.noindex/Session.modulevalidation -Xcc -fmodules-prune-interval\=86400 -Xcc -fmodules-prune-after\=345600 -emit-const-values -const-gather-protocols-list /Users/admin/builder/spi-builder-workspace/.derivedData/Build/Intermediates.noindex/SwiftPM.build/Debug-watchos/POSIX-t.build/Objects-normal/arm64/POSIX_const_extract_protocols.json -Xcc -I/Users/admin/builder/spi-builder-workspace/.dependencies/checkouts/swift-package-manager/Sources/clibc/include -Xcc -I/Users/admin/builder/spi-builder-workspace/.derivedData/Build/Products/Debug-watchos/include -Xcc -I/Users/admin/builder/spi-builder-workspace/.derivedData/Build/Intermediates.noindex/SwiftPM.build/Debug-watchos/POSIX-t.build/DerivedSources-normal/arm64 -Xcc -I/Users/admin/builder/spi-builder-workspace/.derivedData/Build/Intermediates.noindex/SwiftPM.build/Debug-watchos/POSIX-t.build/DerivedSources/arm64 -Xcc -I/Users/admin/builder/spi-builder-workspace/.derivedData/Build/Intermediates.noindex/SwiftPM.build/Debug-watchos/POSIX-t.build/DerivedSources -Xcc -DSWIFT_PACKAGE -Xcc -DDEBUG\=1 -emit-objc-header -emit-objc-header-path /Users/admin/builder/spi-builder-workspace/.derivedData/Build/Intermediates.noindex/SwiftPM.build/Debug-watchos/POSIX-t.build/Objects-normal/arm64/POSIX-Swift.h -working-directory /Users/admin/builder/spi-builder-workspace/.swiftpm/xcode -experimental-emit-module-separately -disable-cmo
SwiftCompile normal arm64_32 Compiling\ Await.swift,\ ByteString.swift,\ CStringArray.swift,\ CacheableSequence.swift /Users/admin/builder/spi-builder-workspace/.dependencies/checkouts/swift-package-manager/Sources/Basic/Await.swift /Users/admin/builder/spi-builder-workspace/.dependencies/checkouts/swift-package-manager/Sources/Basic/ByteString.swift /Users/admin/builder/spi-builder-workspace/.dependencies/checkouts/swift-package-manager/Sources/Basic/CStringArray.swift /Users/admin/builder/spi-builder-workspace/.dependencies/checkouts/swift-package-manager/Sources/Basic/CacheableSequence.swift (in target 'Basic' from project 'SwiftPM')
/Users/admin/builder/spi-builder-workspace/.dependencies/checkouts/swift-package-manager/Sources/Basic/Await.swift:18:28: error: value of type '(@escaping (Result<T, ErrorType>) -> Void) -> Void' has no member 'dematerialize'
16 | /// - Throws: The error wrapped by the async method's result
17 | public func await<T, ErrorType>(_ body: (@escaping (Result<T, ErrorType>) -> Void) -> Void) throws -> T {
18 | return try await(body).dematerialize()
| `- error: value of type '(@escaping (Result<T, ErrorType>) -> Void) -> Void' has no member 'dematerialize'
19 | }
20 |
Failed frontend command:
/Applications/Xcode-27.0.0-Release.Candidate.app/Contents/Developer/Toolchains/XcodeDefault.xctoolchain/usr/bin/swift-frontend -frontend -c -primary-file /Users/admin/builder/spi-builder-workspace/.dependencies/checkouts/swift-package-manager/Sources/Basic/Await.swift -primary-file /Users/admin/builder/spi-builder-workspace/.dependencies/checkouts/swift-package-manager/Sources/Basic/ByteString.swift -primary-file /Users/admin/builder/spi-builder-workspace/.dependencies/checkouts/swift-package-manager/Sources/Basic/CStringArray.swift -primary-file /Users/admin/builder/spi-builder-workspace/.dependencies/checkouts/swift-package-manager/Sources/Basic/CacheableSequence.swift /Users/admin/builder/spi-builder-workspace/.dependencies/checkouts/swift-package-manager/Sources/Basic/CollectionAlgorithms.swift /Users/admin/builder/spi-builder-workspace/.dependencies/checkouts/swift-package-manager/Sources/Basic/CollectionExtensions.swift /Users/admin/builder/spi-builder-workspace/.dependencies/checkouts/swift-package-manager/Sources/Basic/Condition.swift /Users/admin/builder/spi-builder-workspace/.dependencies/checkouts/swift-package-manager/Sources/Basic/DeltaAlgorithm.swift /Users/admin/builder/spi-builder-workspace/.dependencies/checkouts/swift-package-manager/Sources/Basic/DiagnosticsEngine.swift /Users/admin/builder/spi-builder-workspace/.dependencies/checkouts/swift-package-manager/Sources/Basic/DictionaryExtensions.swift /Users/admin/builder/spi-builder-workspace/.dependencies/checkouts/swift-package-manager/Sources/Basic/DictionaryLiteralExtensions.swift /Users/admin/builder/spi-builder-workspace/.dependencies/checkouts/swift-package-manager/Sources/Basic/EditDistance.swift /Users/admin/builder/spi-builder-workspace/.dependencies/checkouts/swift-package-manager/Sources/Basic/FileSystem.swift /Users/admin/builder/spi-builder-workspace/.dependencies/checkouts/swift-package-manager/Sources/Basic/GraphAlgorithms.swift /Users/admin/builder/spi-builder-workspace/.dependencies/checkouts/swift-package-manager/Sources/Basic/JSON.swift /Users/admin/builder/spi-builder-workspace/.dependencies/checkouts/swift-package-manager/Sources/Basic/JSONMapper.swift /Users/admin/builder/spi-builder-workspace/.dependencies/checkouts/swift-package-manager/Sources/Basic/KeyedPair.swift /Users/admin/builder/spi-builder-workspace/.dependencies/checkouts/swift-package-manager/Sources/Basic/LazyCache.swift /Users/admin/builder/spi-builder-workspace/.dependencies/checkouts/swift-package-manager/Sources/Basic/Lock.swift /Users/admin/builder/spi-builder-workspace/.dependencies/checkouts/swift-package-manager/Sources/Basic/ObjectIdentifierProtocol.swift /Users/admin/builder/spi-builder-workspace/.dependencies/checkouts/swift-package-manager/Sources/Basic/OrderedDictionary.swift /Users/admin/builder/spi-builder-workspace/.dependencies/checkouts/swift-package-manager/Sources/Basic/OrderedSet.swift /Users/admin/builder/spi-builder-workspace/.dependencies/checkouts/swift-package-manager/Sources/Basic/OutputByteStream.swift /Users/admin/builder/spi-builder-workspace/.dependencies/checkouts/swift-package-manager/Sources/Basic/Path.swift /Users/admin/builder/spi-builder-workspace/.dependencies/checkouts/swift-package-manager/Sources/Basic/PathShims.swift /Users/admin/builder/spi-builder-workspace/.dependencies/checkouts/swift-package-manager/Sources/Basic/Process.swift /Users/admin/builder/spi-builder-workspace/.dependencies/checkouts/swift-package-manager/Sources/Basic/ProcessSet.swift /Users/admin/builder/spi-builder-workspace/.dependencies/checkouts/swift-package-manager/Sources/Basic/RegEx.swift /Users/admin/builder/spi-builder-workspace/.dependencies/checkouts/swift-package-manager/Sources/Basic/Result.swift /Users/admin/builder/spi-builder-workspace/.dependencies/checkouts/swift-package-manager/Sources/Basic/SHA256.swift /Users/admin/builder/spi-builder-workspace/.dependencies/checkouts/swift-package-manager/Sources/Basic/SortedArray.swift /Users/admin/builder/spi-builder-workspace/.dependencies/checkouts/swift-package-manager/Sources/Basic/StringConversions.swift /Users/admin/builder/spi-builder-workspace/.dependencies/checkouts/swift-package-manager/Sources/Basic/SynchronizedQueue.swift /Users/admin/builder/spi-builder-workspace/.dependencies/checkouts/swift-package-manager/Sources/Basic/TemporaryFile.swift /Users/admin/builder/spi-builder-workspace/.dependencies/checkouts/swift-package-manager/Sources/Basic/TerminalController.swift /Users/admin/builder/spi-builder-workspace/.dependencies/checkouts/swift-package-manager/Sources/Basic/Thread.swift /Users/admin/builder/spi-builder-workspace/.dependencies/checkouts/swift-package-manager/Sources/Basic/Tuple.swift /Users/admin/builder/spi-builder-workspace/.dependencies/checkouts/swift-package-manager/Sources/Basic/misc.swift -supplementary-output-file-map /Users/admin/builder/spi-builder-workspace/.derivedData/Build/Intermediates.noindex/SwiftPM.build/Debug-watchos/Basic-t.build/Objects-normal/arm64_32/supplementaryOutputs-4 -target arm64_32-apple-watchos9.0 -enable-objc-interop -sdk /Applications/Xcode-27.0.0-Release.Candidate.app/Contents/Developer/Platforms/WatchOS.platform/Developer/SDKs/WatchOS27.0.sdk -I /Users/admin/builder/spi-builder-workspace/.derivedData/Build/Products/Debug-watchos -Isystem /Applications/Xcode-27.0.0-Release.Candidate.app/Contents/Developer/Platforms/WatchOS.platform/Developer/usr/lib -F /Users/admin/builder/spi-builder-workspace/.derivedData/Build/Products/Debug-watchos/PackageFrameworks -F /Users/admin/builder/spi-builder-workspace/.derivedData/Build/Products/Debug-watchos -F /Applications/Xcode-27.0.0-Release.Candidate.app/Contents/Developer/Platforms/WatchOS.platform/Developer/Library/Frameworks -F /Applications/Xcode-27.0.0-Release.Candidate.app/Contents/Developer/Platforms/WatchOS.platform/Developer/SDKs/WatchOS27.0.sdk/Developer/Library/Frameworks -module-cache-path /Users/admin/builder/spi-builder-workspace/.derivedData/ModuleCache.noindex -no-color-diagnostics -Xcc -fno-color-diagnostics -enable-testing -g -debug-info-format\=dwarf -dwarf-version\=4 -suppress-warnings -profile-generate -profile-coverage-mapping -swift-version 4 -Onone -D SWIFT_PACKAGE -D DEBUG -D SWIFT_MODULE_RESOURCE_BUNDLE_UNAVAILABLE -D Xcode -serialize-debugging-options -enable-experimental-feature DebugDescriptionMacro -empty-abi-descriptor -plugin-path /Applications/Xcode-27.0.0-Release.Candidate.app/Contents/Developer/Toolchains/XcodeDefault.xctoolchain/usr/lib/swift/host/plugins/testing -validate-clang-modules-once -clang-build-session-file /Users/admin/builder/spi-builder-workspace/.derivedData/ModuleCache.noindex/Session.modulevalidation -Xcc -working-directory -Xcc /Users/admin/builder/spi-builder-workspace/.swiftpm/xcode -enable-anonymous-context-mangled-names -file-compilation-dir /Users/admin/builder/spi-builder-workspace/.swiftpm/xcode -Xcc -fmodule-map-file\=/Users/admin/builder/spi-builder-workspace/.dependencies/checkouts/swift-package-manager/Sources/clibc/include/module.modulemap -Xcc -D_LIBCPP_HARDENING_MODE\=_LIBCPP_HARDENING_MODE_DEBUG -Xcc -ivfsstatcache -Xcc /Users/admin/builder/spi-builder-workspace/.derivedData/SDKStatCaches.noindex/watchos27.0-24R360-e829b21a6f8c9b70876ba0858053c04477534ef55a1706bf4c1112bbb242f0a2.sdkstatcache -Xcc -fmodules-prune-interval\=86400 -Xcc -fmodules-prune-after\=345600 -Xcc -I/Users/admin/builder/spi-builder-workspace/.dependencies/checkouts/swift-package-manager/Sources/clibc/include -Xcc -I/Users/admin/builder/spi-builder-workspace/.derivedData/Build/Products/Debug-watchos/include -Xcc -I/Users/admin/builder/spi-builder-workspace/.derivedData/Build/Intermediates.noindex/SwiftPM.build/Debug-watchos/Basic-t.build/DerivedSources-normal/arm64_32 -Xcc -I/Users/admin/builder/spi-builder-workspace/.derivedData/Build/Intermediates.noindex/SwiftPM.build/Debug-watchos/Basic-t.build/DerivedSources/arm64_32 -Xcc -I/Users/admin/builder/spi-builder-workspace/.derivedData/Build/Intermediates.noindex/SwiftPM.build/Debug-watchos/Basic-t.build/DerivedSources -Xcc -DSWIFT_PACKAGE -Xcc -DDEBUG\=1 -no-auto-bridging-header-chaining -module-name Basic -const-gather-protocols-file /Users/admin/builder/spi-builder-workspace/.derivedData/Build/Intermediates.noindex/SwiftPM.build/Debug-watchos/Basic-t.build/Objects-normal/arm64_32/Basic_const_extract_protocols.json -disable-clang-spi -target-sdk-version 27.0 -target-sdk-name watchos27.0 -external-plugin-path /Applications/Xcode-27.0.0-Release.Candidate.app/Contents/Developer/Platforms/WatchOS.platform/Developer/usr/lib/swift/host/plugins\#/Applications/Xcode-27.0.0-Release.Candidate.app/Contents/Developer/Platforms/WatchOS.platform/Developer/usr/bin/swift-plugin-server -external-plugin-path /Applications/Xcode-27.0.0-Release.Candidate.app/Contents/Developer/Platforms/WatchOS.platform/Developer/usr/local/lib/swift/host/plugins\#/Applications/Xcode-27.0.0-Release.Candidate.app/Contents/Developer/Platforms/WatchOS.platform/Developer/usr/bin/swift-plugin-server -in-process-plugin-server-path /Applications/Xcode-27.0.0-Release.Candidate.app/Contents/Developer/Toolchains/XcodeDefault.xctoolchain/usr/lib/swift/host/libSwiftInProcPluginServer.dylib -plugin-path /Applications/Xcode-27.0.0-Release.Candidate.app/Contents/Developer/Toolchains/XcodeDefault.xctoolchain/usr/lib/swift/host/plugins -plugin-path /Applications/Xcode-27.0.0-Release.Candidate.app/Contents/Developer/Toolchains/XcodeDefault.xctoolchain/usr/local/lib/swift/host/plugins -parse-as-library -o /Users/admin/builder/spi-builder-workspace/.derivedData/Build/Intermediates.noindex/SwiftPM.build/Debug-watchos/Basic-t.build/Objects-normal/arm64_32/Await.o -o /Users/admin/builder/spi-builder-workspace/.derivedData/Build/Intermediates.noindex/SwiftPM.build/Debug-watchos/Basic-t.build/Objects-normal/arm64_32/ByteString.o -o /Users/admin/builder/spi-builder-workspace/.derivedData/Build/Intermediates.noindex/SwiftPM.build/Debug-watchos/Basic-t.build/Objects-normal/arm64_32/CStringArray.o -o /Users/admin/builder/spi-builder-workspace/.derivedData/Build/Intermediates.noindex/SwiftPM.build/Debug-watchos/Basic-t.build/Objects-normal/arm64_32/CacheableSequence.o -index-unit-output-path /SwiftPM.build/Debug-watchos/Basic-t.build/Objects-normal/arm64_32/Await.o -index-unit-output-path /SwiftPM.build/Debug-watchos/Basic-t.build/Objects-normal/arm64_32/ByteString.o -index-unit-output-path /SwiftPM.build/Debug-watchos/Basic-t.build/Objects-normal/arm64_32/CStringArray.o -index-unit-output-path /SwiftPM.build/Debug-watchos/Basic-t.build/Objects-normal/arm64_32/CacheableSequence.o -index-store-path /Users/admin/builder/spi-builder-workspace/.derivedData/Index.noindex/DataStore -index-system-modules
SwiftCompile normal arm64_32 /Users/admin/builder/spi-builder-workspace/.dependencies/checkouts/swift-package-manager/Sources/Basic/Await.swift (in target 'Basic' from project 'SwiftPM')
cd /Users/admin/builder/spi-builder-workspace/.swiftpm/xcode
builtin-SwiftPerFileCompile Await.swift
SwiftCompile normal arm64_32 /Users/admin/builder/spi-builder-workspace/.dependencies/checkouts/swift-package-manager/Sources/Basic/ByteString.swift (in target 'Basic' from project 'SwiftPM')
cd /Users/admin/builder/spi-builder-workspace/.swiftpm/xcode
builtin-SwiftPerFileCompile ByteString.swift
SwiftCompile normal arm64_32 /Users/admin/builder/spi-builder-workspace/.dependencies/checkouts/swift-package-manager/Sources/Basic/CStringArray.swift (in target 'Basic' from project 'SwiftPM')
cd /Users/admin/builder/spi-builder-workspace/.swiftpm/xcode
builtin-SwiftPerFileCompile CStringArray.swift
SwiftCompile normal arm64_32 /Users/admin/builder/spi-builder-workspace/.dependencies/checkouts/swift-package-manager/Sources/Basic/CacheableSequence.swift (in target 'Basic' from project 'SwiftPM')
cd /Users/admin/builder/spi-builder-workspace/.swiftpm/xcode
builtin-SwiftPerFileCompile CacheableSequence.swift
SwiftCompile normal arm64_32 Compiling\ PathShims.swift,\ Process.swift,\ ProcessSet.swift,\ RegEx.swift /Users/admin/builder/spi-builder-workspace/.dependencies/checkouts/swift-package-manager/Sources/Basic/PathShims.swift /Users/admin/builder/spi-builder-workspace/.dependencies/checkouts/swift-package-manager/Sources/Basic/Process.swift /Users/admin/builder/spi-builder-workspace/.dependencies/checkouts/swift-package-manager/Sources/Basic/ProcessSet.swift /Users/admin/builder/spi-builder-workspace/.dependencies/checkouts/swift-package-manager/Sources/Basic/RegEx.swift (in target 'Basic' from project 'SwiftPM')
SwiftCompile normal arm64_32 /Users/admin/builder/spi-builder-workspace/.dependencies/checkouts/swift-package-manager/Sources/Basic/PathShims.swift (in target 'Basic' from project 'SwiftPM')
cd /Users/admin/builder/spi-builder-workspace/.swiftpm/xcode
builtin-SwiftPerFileCompile PathShims.swift
SwiftCompile normal arm64_32 /Users/admin/builder/spi-builder-workspace/.dependencies/checkouts/swift-package-manager/Sources/Basic/Process.swift (in target 'Basic' from project 'SwiftPM')
cd /Users/admin/builder/spi-builder-workspace/.swiftpm/xcode
builtin-SwiftPerFileCompile Process.swift
SwiftCompile normal arm64_32 /Users/admin/builder/spi-builder-workspace/.dependencies/checkouts/swift-package-manager/Sources/Basic/ProcessSet.swift (in target 'Basic' from project 'SwiftPM')
cd /Users/admin/builder/spi-builder-workspace/.swiftpm/xcode
builtin-SwiftPerFileCompile ProcessSet.swift
SwiftCompile normal arm64_32 /Users/admin/builder/spi-builder-workspace/.dependencies/checkouts/swift-package-manager/Sources/Basic/RegEx.swift (in target 'Basic' from project 'SwiftPM')
cd /Users/admin/builder/spi-builder-workspace/.swiftpm/xcode
builtin-SwiftPerFileCompile RegEx.swift
SwiftDriverJobDiscovery normal arm64_32 Compiling Error.swift, chdir.swift (in target 'POSIX' from project 'SwiftPM')
SwiftDriver\ Compilation POSIX normal arm64_32 com.apple.xcode.tools.swift.compiler (in target 'POSIX' from project 'SwiftPM')
cd /Users/admin/builder/spi-builder-workspace/.swiftpm/xcode
builtin-Swift-Compilation -- /Applications/Xcode-27.0.0-Release.Candidate.app/Contents/Developer/Toolchains/XcodeDefault.xctoolchain/usr/bin/swiftc -parse-as-library -module-name POSIX -Onone @/Users/admin/builder/spi-builder-workspace/.derivedData/Build/Intermediates.noindex/SwiftPM.build/Debug-watchos/POSIX-t.build/Objects-normal/arm64_32/POSIX.SwiftFileList -DSWIFT_PACKAGE -DDEBUG -DSWIFT_MODULE_RESOURCE_BUNDLE_UNAVAILABLE -Xcc -fmodule-map-file\=/Users/admin/builder/spi-builder-workspace/.dependencies/checkouts/swift-package-manager/Sources/clibc/include/module.modulemap -DXcode -plugin-path /Applications/Xcode-27.0.0-Release.Candidate.app/Contents/Developer/Toolchains/XcodeDefault.xctoolchain/usr/lib/swift/host/plugins/testing -enable-experimental-feature DebugDescriptionMacro -sdk /Applications/Xcode-27.0.0-Release.Candidate.app/Contents/Developer/Platforms/WatchOS.platform/Developer/SDKs/WatchOS27.0.sdk -target arm64_32-apple-watchos9.0 -g -module-cache-path /Users/admin/builder/spi-builder-workspace/.derivedData/ModuleCache.noindex -Xfrontend -serialize-debugging-options -profile-coverage-mapping -profile-generate -enable-testing -suppress-warnings -index-store-path /Users/admin/builder/spi-builder-workspace/.derivedData/Index.noindex/DataStore -Xcc -D_LIBCPP_HARDENING_MODE\=_LIBCPP_HARDENING_MODE_DEBUG -swift-version 4 -I /Users/admin/builder/spi-builder-workspace/.derivedData/Build/Products/Debug-watchos -Isystem /Applications/Xcode-27.0.0-Release.Candidate.app/Contents/Developer/Platforms/WatchOS.platform/Developer/usr/lib -F /Users/admin/builder/spi-builder-workspace/.derivedData/Build/Products/Debug-watchos/PackageFrameworks -F /Users/admin/builder/spi-builder-workspace/.derivedData/Build/Products/Debug-watchos -F /Applications/Xcode-27.0.0-Release.Candidate.app/Contents/Developer/Platforms/WatchOS.platform/Developer/Library/Frameworks -F /Applications/Xcode-27.0.0-Release.Candidate.app/Contents/Developer/Platforms/WatchOS.platform/Developer/SDKs/WatchOS27.0.sdk/Developer/Library/Frameworks -c -j10 -enable-batch-mode -incremental -Xcc -ivfsstatcache -Xcc /Users/admin/builder/spi-builder-workspace/.derivedData/SDKStatCaches.noindex/watchos27.0-24R360-e829b21a6f8c9b70876ba0858053c04477534ef55a1706bf4c1112bbb242f0a2.sdkstatcache -output-file-map /Users/admin/builder/spi-builder-workspace/.derivedData/Build/Intermediates.noindex/SwiftPM.build/Debug-watchos/POSIX-t.build/Objects-normal/arm64_32/POSIX-OutputFileMap.json -save-temps -no-color-diagnostics -emit-dependencies -emit-module -emit-module-path /Users/admin/builder/spi-builder-workspace/.derivedData/Build/Intermediates.noindex/SwiftPM.build/Debug-watchos/POSIX-t.build/Objects-normal/arm64_32/POSIX.swiftmodule -serialize-diagnostics -validate-clang-modules-once -clang-build-session-file /Users/admin/builder/spi-builder-workspace/.derivedData/ModuleCache.noindex/Session.modulevalidation -Xcc -fmodules-prune-interval\=86400 -Xcc -fmodules-prune-after\=345600 -emit-const-values -const-gather-protocols-list /Users/admin/builder/spi-builder-workspace/.derivedData/Build/Intermediates.noindex/SwiftPM.build/Debug-watchos/POSIX-t.build/Objects-normal/arm64_32/POSIX_const_extract_protocols.json -Xcc -I/Users/admin/builder/spi-builder-workspace/.dependencies/checkouts/swift-package-manager/Sources/clibc/include -Xcc -I/Users/admin/builder/spi-builder-workspace/.derivedData/Build/Products/Debug-watchos/include -Xcc -I/Users/admin/builder/spi-builder-workspace/.derivedData/Build/Intermediates.noindex/SwiftPM.build/Debug-watchos/POSIX-t.build/DerivedSources-normal/arm64_32 -Xcc -I/Users/admin/builder/spi-builder-workspace/.derivedData/Build/Intermediates.noindex/SwiftPM.build/Debug-watchos/POSIX-t.build/DerivedSources/arm64_32 -Xcc -I/Users/admin/builder/spi-builder-workspace/.derivedData/Build/Intermediates.noindex/SwiftPM.build/Debug-watchos/POSIX-t.build/DerivedSources -Xcc -DSWIFT_PACKAGE -Xcc -DDEBUG\=1 -emit-objc-header -emit-objc-header-path /Users/admin/builder/spi-builder-workspace/.derivedData/Build/Intermediates.noindex/SwiftPM.build/Debug-watchos/POSIX-t.build/Objects-normal/arm64_32/POSIX-Swift.h -working-directory /Users/admin/builder/spi-builder-workspace/.swiftpm/xcode -experimental-emit-module-separately -disable-cmo
SwiftDriverJobDiscovery normal arm64_32 Emitting module for Basic (in target 'Basic' from project 'SwiftPM')
SwiftDriver\ Compilation\ Requirements Basic normal arm64_32 com.apple.xcode.tools.swift.compiler (in target 'Basic' from project 'SwiftPM')
cd /Users/admin/builder/spi-builder-workspace/.swiftpm/xcode
builtin-Swift-Compilation-Requirements -- /Applications/Xcode-27.0.0-Release.Candidate.app/Contents/Developer/Toolchains/XcodeDefault.xctoolchain/usr/bin/swiftc -parse-as-library -module-name Basic -Onone @/Users/admin/builder/spi-builder-workspace/.derivedData/Build/Intermediates.noindex/SwiftPM.build/Debug-watchos/Basic-t.build/Objects-normal/arm64_32/Basic.SwiftFileList -DSWIFT_PACKAGE -DDEBUG -DSWIFT_MODULE_RESOURCE_BUNDLE_UNAVAILABLE -Xcc -fmodule-map-file\=/Users/admin/builder/spi-builder-workspace/.dependencies/checkouts/swift-package-manager/Sources/clibc/include/module.modulemap -DXcode -plugin-path /Applications/Xcode-27.0.0-Release.Candidate.app/Contents/Developer/Toolchains/XcodeDefault.xctoolchain/usr/lib/swift/host/plugins/testing -enable-experimental-feature DebugDescriptionMacro -sdk /Applications/Xcode-27.0.0-Release.Candidate.app/Contents/Developer/Platforms/WatchOS.platform/Developer/SDKs/WatchOS27.0.sdk -target arm64_32-apple-watchos9.0 -g -module-cache-path /Users/admin/builder/spi-builder-workspace/.derivedData/ModuleCache.noindex -Xfrontend -serialize-debugging-options -profile-coverage-mapping -profile-generate -enable-testing -suppress-warnings -index-store-path /Users/admin/builder/spi-builder-workspace/.derivedData/Index.noindex/DataStore -Xcc -D_LIBCPP_HARDENING_MODE\=_LIBCPP_HARDENING_MODE_DEBUG -swift-version 4 -I /Users/admin/builder/spi-builder-workspace/.derivedData/Build/Products/Debug-watchos -Isystem /Applications/Xcode-27.0.0-Release.Candidate.app/Contents/Developer/Platforms/WatchOS.platform/Developer/usr/lib -F /Users/admin/builder/spi-builder-workspace/.derivedData/Build/Products/Debug-watchos/PackageFrameworks -F /Users/admin/builder/spi-builder-workspace/.derivedData/Build/Products/Debug-watchos -F /Applications/Xcode-27.0.0-Release.Candidate.app/Contents/Developer/Platforms/WatchOS.platform/Developer/Library/Frameworks -F /Applications/Xcode-27.0.0-Release.Candidate.app/Contents/Developer/Platforms/WatchOS.platform/Developer/SDKs/WatchOS27.0.sdk/Developer/Library/Frameworks -c -j10 -enable-batch-mode -incremental -Xcc -ivfsstatcache -Xcc /Users/admin/builder/spi-builder-workspace/.derivedData/SDKStatCaches.noindex/watchos27.0-24R360-e829b21a6f8c9b70876ba0858053c04477534ef55a1706bf4c1112bbb242f0a2.sdkstatcache -output-file-map /Users/admin/builder/spi-builder-workspace/.derivedData/Build/Intermediates.noindex/SwiftPM.build/Debug-watchos/Basic-t.build/Objects-normal/arm64_32/Basic-OutputFileMap.json -save-temps -no-color-diagnostics -emit-dependencies -emit-module -emit-module-path /Users/admin/builder/spi-builder-workspace/.derivedData/Build/Intermediates.noindex/SwiftPM.build/Debug-watchos/Basic-t.build/Objects-normal/arm64_32/Basic.swiftmodule -serialize-diagnostics -validate-clang-modules-once -clang-build-session-file /Users/admin/builder/spi-builder-workspace/.derivedData/ModuleCache.noindex/Session.modulevalidation -Xcc -fmodules-prune-interval\=86400 -Xcc -fmodules-prune-after\=345600 -emit-const-values -const-gather-protocols-list /Users/admin/builder/spi-builder-workspace/.derivedData/Build/Intermediates.noindex/SwiftPM.build/Debug-watchos/Basic-t.build/Objects-normal/arm64_32/Basic_const_extract_protocols.json -Xcc -I/Users/admin/builder/spi-builder-workspace/.dependencies/checkouts/swift-package-manager/Sources/clibc/include -Xcc -I/Users/admin/builder/spi-builder-workspace/.derivedData/Build/Products/Debug-watchos/include -Xcc -I/Users/admin/builder/spi-builder-workspace/.derivedData/Build/Intermediates.noindex/SwiftPM.build/Debug-watchos/Basic-t.build/DerivedSources-normal/arm64_32 -Xcc -I/Users/admin/builder/spi-builder-workspace/.derivedData/Build/Intermediates.noindex/SwiftPM.build/Debug-watchos/Basic-t.build/DerivedSources/arm64_32 -Xcc -I/Users/admin/builder/spi-builder-workspace/.derivedData/Build/Intermediates.noindex/SwiftPM.build/Debug-watchos/Basic-t.build/DerivedSources -Xcc -DSWIFT_PACKAGE -Xcc -DDEBUG\=1 -emit-objc-header -emit-objc-header-path /Users/admin/builder/spi-builder-workspace/.derivedData/Build/Intermediates.noindex/SwiftPM.build/Debug-watchos/Basic-t.build/Objects-normal/arm64_32/Basic-Swift.h -working-directory /Users/admin/builder/spi-builder-workspace/.swiftpm/xcode -experimental-emit-module-separately -disable-cmo
SwiftCompile normal arm64_32 Compiling\ Result.swift,\ SHA256.swift,\ SortedArray.swift,\ StringConversions.swift /Users/admin/builder/spi-builder-workspace/.dependencies/checkouts/swift-package-manager/Sources/Basic/Result.swift /Users/admin/builder/spi-builder-workspace/.dependencies/checkouts/swift-package-manager/Sources/Basic/SHA256.swift /Users/admin/builder/spi-builder-workspace/.dependencies/checkouts/swift-package-manager/Sources/Basic/SortedArray.swift /Users/admin/builder/spi-builder-workspace/.dependencies/checkouts/swift-package-manager/Sources/Basic/StringConversions.swift (in target 'Basic' from project 'SwiftPM')
SwiftCompile normal arm64_32 /Users/admin/builder/spi-builder-workspace/.dependencies/checkouts/swift-package-manager/Sources/Basic/Result.swift (in target 'Basic' from project 'SwiftPM')
cd /Users/admin/builder/spi-builder-workspace/.swiftpm/xcode
builtin-SwiftPerFileCompile Result.swift
SwiftCompile normal arm64_32 /Users/admin/builder/spi-builder-workspace/.dependencies/checkouts/swift-package-manager/Sources/Basic/SHA256.swift (in target 'Basic' from project 'SwiftPM')
cd /Users/admin/builder/spi-builder-workspace/.swiftpm/xcode
builtin-SwiftPerFileCompile SHA256.swift
SwiftCompile normal arm64_32 /Users/admin/builder/spi-builder-workspace/.dependencies/checkouts/swift-package-manager/Sources/Basic/SortedArray.swift (in target 'Basic' from project 'SwiftPM')
cd /Users/admin/builder/spi-builder-workspace/.swiftpm/xcode
builtin-SwiftPerFileCompile SortedArray.swift
SwiftCompile normal arm64_32 /Users/admin/builder/spi-builder-workspace/.dependencies/checkouts/swift-package-manager/Sources/Basic/StringConversions.swift (in target 'Basic' from project 'SwiftPM')
cd /Users/admin/builder/spi-builder-workspace/.swiftpm/xcode
builtin-SwiftPerFileCompile StringConversions.swift
Copy /Users/admin/builder/spi-builder-workspace/.derivedData/Build/Products/Debug-watchos/Basic.swiftmodule/arm64_32-apple-watchos.swiftmodule /Users/admin/builder/spi-builder-workspace/.derivedData/Build/Intermediates.noindex/SwiftPM.build/Debug-watchos/Basic-t.build/Objects-normal/arm64_32/Basic.swiftmodule (in target 'Basic' from project 'SwiftPM')
cd /Users/admin/builder/spi-builder-workspace/.dependencies/checkouts/swift-package-manager
builtin-copy -exclude .DS_Store -exclude CVS -exclude .svn -exclude .git -exclude .hg -resolve-src-symlinks -rename /Users/admin/builder/spi-builder-workspace/.derivedData/Build/Intermediates.noindex/SwiftPM.build/Debug-watchos/Basic-t.build/Objects-normal/arm64_32/Basic.swiftmodule /Users/admin/builder/spi-builder-workspace/.derivedData/Build/Products/Debug-watchos/Basic.swiftmodule/arm64_32-apple-watchos.swiftmodule
SwiftDriverJobDiscovery normal arm64 Emitting module for Basic (in target 'Basic' from project 'SwiftPM')
SwiftDriver\ Compilation\ Requirements Basic normal arm64 com.apple.xcode.tools.swift.compiler (in target 'Basic' from project 'SwiftPM')
cd /Users/admin/builder/spi-builder-workspace/.swiftpm/xcode
builtin-Swift-Compilation-Requirements -- /Applications/Xcode-27.0.0-Release.Candidate.app/Contents/Developer/Toolchains/XcodeDefault.xctoolchain/usr/bin/swiftc -parse-as-library -module-name Basic -Onone @/Users/admin/builder/spi-builder-workspace/.derivedData/Build/Intermediates.noindex/SwiftPM.build/Debug-watchos/Basic-t.build/Objects-normal/arm64/Basic.SwiftFileList -DSWIFT_PACKAGE -DDEBUG -DSWIFT_MODULE_RESOURCE_BUNDLE_UNAVAILABLE -Xcc -fmodule-map-file\=/Users/admin/builder/spi-builder-workspace/.dependencies/checkouts/swift-package-manager/Sources/clibc/include/module.modulemap -DXcode -plugin-path /Applications/Xcode-27.0.0-Release.Candidate.app/Contents/Developer/Toolchains/XcodeDefault.xctoolchain/usr/lib/swift/host/plugins/testing -enable-experimental-feature DebugDescriptionMacro -sdk /Applications/Xcode-27.0.0-Release.Candidate.app/Contents/Developer/Platforms/WatchOS.platform/Developer/SDKs/WatchOS27.0.sdk -target arm64-apple-watchos9.0 -g -module-cache-path /Users/admin/builder/spi-builder-workspace/.derivedData/ModuleCache.noindex -Xfrontend -serialize-debugging-options -profile-coverage-mapping -profile-generate -enable-testing -suppress-warnings -index-store-path /Users/admin/builder/spi-builder-workspace/.derivedData/Index.noindex/DataStore -Xcc -D_LIBCPP_HARDENING_MODE\=_LIBCPP_HARDENING_MODE_DEBUG -swift-version 4 -I /Users/admin/builder/spi-builder-workspace/.derivedData/Build/Products/Debug-watchos -Isystem /Applications/Xcode-27.0.0-Release.Candidate.app/Contents/Developer/Platforms/WatchOS.platform/Developer/usr/lib -F /Users/admin/builder/spi-builder-workspace/.derivedData/Build/Products/Debug-watchos/PackageFrameworks -F /Users/admin/builder/spi-builder-workspace/.derivedData/Build/Products/Debug-watchos -F /Applications/Xcode-27.0.0-Release.Candidate.app/Contents/Developer/Platforms/WatchOS.platform/Developer/Library/Frameworks -F /Applications/Xcode-27.0.0-Release.Candidate.app/Contents/Developer/Platforms/WatchOS.platform/Developer/SDKs/WatchOS27.0.sdk/Developer/Library/Frameworks -c -j10 -enable-batch-mode -incremental -Xcc -ivfsstatcache -Xcc /Users/admin/builder/spi-builder-workspace/.derivedData/SDKStatCaches.noindex/watchos27.0-24R360-e829b21a6f8c9b70876ba0858053c04477534ef55a1706bf4c1112bbb242f0a2.sdkstatcache -output-file-map /Users/admin/builder/spi-builder-workspace/.derivedData/Build/Intermediates.noindex/SwiftPM.build/Debug-watchos/Basic-t.build/Objects-normal/arm64/Basic-OutputFileMap.json -save-temps -no-color-diagnostics -emit-dependencies -emit-module -emit-module-path /Users/admin/builder/spi-builder-workspace/.derivedData/Build/Intermediates.noindex/SwiftPM.build/Debug-watchos/Basic-t.build/Objects-normal/arm64/Basic.swiftmodule -serialize-diagnostics -validate-clang-modules-once -clang-build-session-file /Users/admin/builder/spi-builder-workspace/.derivedData/ModuleCache.noindex/Session.modulevalidation -Xcc -fmodules-prune-interval\=86400 -Xcc -fmodules-prune-after\=345600 -emit-const-values -const-gather-protocols-list /Users/admin/builder/spi-builder-workspace/.derivedData/Build/Intermediates.noindex/SwiftPM.build/Debug-watchos/Basic-t.build/Objects-normal/arm64/Basic_const_extract_protocols.json -Xcc -I/Users/admin/builder/spi-builder-workspace/.dependencies/checkouts/swift-package-manager/Sources/clibc/include -Xcc -I/Users/admin/builder/spi-builder-workspace/.derivedData/Build/Products/Debug-watchos/include -Xcc -I/Users/admin/builder/spi-builder-workspace/.derivedData/Build/Intermediates.noindex/SwiftPM.build/Debug-watchos/Basic-t.build/DerivedSources-normal/arm64 -Xcc -I/Users/admin/builder/spi-builder-workspace/.derivedData/Build/Intermediates.noindex/SwiftPM.build/Debug-watchos/Basic-t.build/DerivedSources/arm64 -Xcc -I/Users/admin/builder/spi-builder-workspace/.derivedData/Build/Intermediates.noindex/SwiftPM.build/Debug-watchos/Basic-t.build/DerivedSources -Xcc -DSWIFT_PACKAGE -Xcc -DDEBUG\=1 -emit-objc-header -emit-objc-header-path /Users/admin/builder/spi-builder-workspace/.derivedData/Build/Intermediates.noindex/SwiftPM.build/Debug-watchos/Basic-t.build/Objects-normal/arm64/Basic-Swift.h -working-directory /Users/admin/builder/spi-builder-workspace/.swiftpm/xcode -experimental-emit-module-separately -disable-cmo
Copy /Users/admin/builder/spi-builder-workspace/.derivedData/Build/Products/Debug-watchos/Basic.swiftmodule/arm64_32-apple-watchos.swiftdoc /Users/admin/builder/spi-builder-workspace/.derivedData/Build/Intermediates.noindex/SwiftPM.build/Debug-watchos/Basic-t.build/Objects-normal/arm64_32/Basic.swiftdoc (in target 'Basic' from project 'SwiftPM')
cd /Users/admin/builder/spi-builder-workspace/.dependencies/checkouts/swift-package-manager
builtin-copy -exclude .DS_Store -exclude CVS -exclude .svn -exclude .git -exclude .hg -resolve-src-symlinks -rename /Users/admin/builder/spi-builder-workspace/.derivedData/Build/Intermediates.noindex/SwiftPM.build/Debug-watchos/Basic-t.build/Objects-normal/arm64_32/Basic.swiftdoc /Users/admin/builder/spi-builder-workspace/.derivedData/Build/Products/Debug-watchos/Basic.swiftmodule/arm64_32-apple-watchos.swiftdoc
SwiftMergeGeneratedHeaders /Users/admin/builder/spi-builder-workspace/.derivedData/Build/Intermediates.noindex/GeneratedModuleMaps-watchos/Basic-Swift.h /Users/admin/builder/spi-builder-workspace/.derivedData/Build/Intermediates.noindex/SwiftPM.build/Debug-watchos/Basic-t.build/Objects-normal/arm64/Basic-Swift.h /Users/admin/builder/spi-builder-workspace/.derivedData/Build/Intermediates.noindex/SwiftPM.build/Debug-watchos/Basic-t.build/Objects-normal/arm64_32/Basic-Swift.h (in target 'Basic' from project 'SwiftPM')
cd /Users/admin/builder/spi-builder-workspace/.dependencies/checkouts/swift-package-manager
builtin-swiftHeaderTool -arch arm64 /Users/admin/builder/spi-builder-workspace/.derivedData/Build/Intermediates.noindex/SwiftPM.build/Debug-watchos/Basic-t.build/Objects-normal/arm64/Basic-Swift.h -arch arm64_32 /Users/admin/builder/spi-builder-workspace/.derivedData/Build/Intermediates.noindex/SwiftPM.build/Debug-watchos/Basic-t.build/Objects-normal/arm64_32/Basic-Swift.h -o /Users/admin/builder/spi-builder-workspace/.derivedData/Build/Intermediates.noindex/GeneratedModuleMaps-watchos/Basic-Swift.h
Copy /Users/admin/builder/spi-builder-workspace/.derivedData/Build/Products/Debug-watchos/Basic.swiftmodule/arm64_32-apple-watchos.abi.json /Users/admin/builder/spi-builder-workspace/.derivedData/Build/Intermediates.noindex/SwiftPM.build/Debug-watchos/Basic-t.build/Objects-normal/arm64_32/Basic.abi.json (in target 'Basic' from project 'SwiftPM')
cd /Users/admin/builder/spi-builder-workspace/.dependencies/checkouts/swift-package-manager
builtin-copy -exclude .DS_Store -exclude CVS -exclude .svn -exclude .git -exclude .hg -resolve-src-symlinks -rename /Users/admin/builder/spi-builder-workspace/.derivedData/Build/Intermediates.noindex/SwiftPM.build/Debug-watchos/Basic-t.build/Objects-normal/arm64_32/Basic.abi.json /Users/admin/builder/spi-builder-workspace/.derivedData/Build/Products/Debug-watchos/Basic.swiftmodule/arm64_32-apple-watchos.abi.json
Copy /Users/admin/builder/spi-builder-workspace/.derivedData/Build/Products/Debug-watchos/Basic.swiftmodule/arm64-apple-watchos.swiftmodule /Users/admin/builder/spi-builder-workspace/.derivedData/Build/Intermediates.noindex/SwiftPM.build/Debug-watchos/Basic-t.build/Objects-normal/arm64/Basic.swiftmodule (in target 'Basic' from project 'SwiftPM')
cd /Users/admin/builder/spi-builder-workspace/.dependencies/checkouts/swift-package-manager
builtin-copy -exclude .DS_Store -exclude CVS -exclude .svn -exclude .git -exclude .hg -resolve-src-symlinks -rename /Users/admin/builder/spi-builder-workspace/.derivedData/Build/Intermediates.noindex/SwiftPM.build/Debug-watchos/Basic-t.build/Objects-normal/arm64/Basic.swiftmodule /Users/admin/builder/spi-builder-workspace/.derivedData/Build/Products/Debug-watchos/Basic.swiftmodule/arm64-apple-watchos.swiftmodule
Copy /Users/admin/builder/spi-builder-workspace/.derivedData/Build/Products/Debug-watchos/Basic.swiftmodule/arm64-apple-watchos.swiftdoc /Users/admin/builder/spi-builder-workspace/.derivedData/Build/Intermediates.noindex/SwiftPM.build/Debug-watchos/Basic-t.build/Objects-normal/arm64/Basic.swiftdoc (in target 'Basic' from project 'SwiftPM')
cd /Users/admin/builder/spi-builder-workspace/.dependencies/checkouts/swift-package-manager
builtin-copy -exclude .DS_Store -exclude CVS -exclude .svn -exclude .git -exclude .hg -resolve-src-symlinks -rename /Users/admin/builder/spi-builder-workspace/.derivedData/Build/Intermediates.noindex/SwiftPM.build/Debug-watchos/Basic-t.build/Objects-normal/arm64/Basic.swiftdoc /Users/admin/builder/spi-builder-workspace/.derivedData/Build/Products/Debug-watchos/Basic.swiftmodule/arm64-apple-watchos.swiftdoc
Copy /Users/admin/builder/spi-builder-workspace/.derivedData/Build/Products/Debug-watchos/Basic.swiftmodule/arm64-apple-watchos.abi.json /Users/admin/builder/spi-builder-workspace/.derivedData/Build/Intermediates.noindex/SwiftPM.build/Debug-watchos/Basic-t.build/Objects-normal/arm64/Basic.abi.json (in target 'Basic' from project 'SwiftPM')
cd /Users/admin/builder/spi-builder-workspace/.dependencies/checkouts/swift-package-manager
builtin-copy -exclude .DS_Store -exclude CVS -exclude .svn -exclude .git -exclude .hg -resolve-src-symlinks -rename /Users/admin/builder/spi-builder-workspace/.derivedData/Build/Intermediates.noindex/SwiftPM.build/Debug-watchos/Basic-t.build/Objects-normal/arm64/Basic.abi.json /Users/admin/builder/spi-builder-workspace/.derivedData/Build/Products/Debug-watchos/Basic.swiftmodule/arm64-apple-watchos.abi.json
Copy /Users/admin/builder/spi-builder-workspace/.derivedData/Build/Products/Debug-watchos/Basic.swiftmodule/Project/arm64_32-apple-watchos.swiftsourceinfo /Users/admin/builder/spi-builder-workspace/.derivedData/Build/Intermediates.noindex/SwiftPM.build/Debug-watchos/Basic-t.build/Objects-normal/arm64_32/Basic.swiftsourceinfo (in target 'Basic' from project 'SwiftPM')
cd /Users/admin/builder/spi-builder-workspace/.dependencies/checkouts/swift-package-manager
builtin-copy -exclude .DS_Store -exclude CVS -exclude .svn -exclude .git -exclude .hg -resolve-src-symlinks -rename /Users/admin/builder/spi-builder-workspace/.derivedData/Build/Intermediates.noindex/SwiftPM.build/Debug-watchos/Basic-t.build/Objects-normal/arm64_32/Basic.swiftsourceinfo /Users/admin/builder/spi-builder-workspace/.derivedData/Build/Products/Debug-watchos/Basic.swiftmodule/Project/arm64_32-apple-watchos.swiftsourceinfo
PruneExplicitPrecompiledModules /Users/admin/builder/spi-builder-workspace/.derivedData/Build/Intermediates.noindex/ExplicitPrecompiledModules
PruneExplicitPrecompiledModules /Users/admin/builder/spi-builder-workspace/.derivedData/Build/Intermediates.noindex/SwiftExplicitPrecompiledModules
PruneExplicitPrecompiledModules /Users/admin/builder/spi-builder-workspace/.derivedData/SDKExplicitPrecompiledModules
2026-09-16 23:30:44.717 xcodebuild[682:4509] [MT] IDERunDestination: Supported platforms for the buildables in the current scheme is empty.
** BUILD FAILED **
The following build commands failed:
SwiftCompile normal arm64_32 Compiling\ Await.swift,\ ByteString.swift,\ CStringArray.swift,\ CacheableSequence.swift /Users/admin/builder/spi-builder-workspace/.dependencies/checkouts/swift-package-manager/Sources/Basic/Await.swift /Users/admin/builder/spi-builder-workspace/.dependencies/checkouts/swift-package-manager/Sources/Basic/ByteString.swift /Users/admin/builder/spi-builder-workspace/.dependencies/checkouts/swift-package-manager/Sources/Basic/CStringArray.swift /Users/admin/builder/spi-builder-workspace/.dependencies/checkouts/swift-package-manager/Sources/Basic/CacheableSequence.swift (in target 'Basic' from project 'SwiftPM')
SwiftCompile normal arm64_32 /Users/admin/builder/spi-builder-workspace/.dependencies/checkouts/swift-package-manager/Sources/Basic/Await.swift (in target 'Basic' from project 'SwiftPM')
Building workspace CommandRegistry with scheme CommandRegistry
(3 failures)
Command line invocation:
/Applications/Xcode-27.0.0-Release.Candidate.app/Contents/Developer/usr/bin/xcodebuild -IDEClonedSourcePackagesDirPathOverride=/Users/admin/builder/spi-builder-workspace/.dependencies -resolvePackageDependencies
Resolve Package Graph
Resolved source packages:
CommandRegistry: /Users/admin/builder/spi-builder-workspace
SwiftPM: https://github.com/apple/swift-package-manager.git @ 0.3.0
resolved source packages: CommandRegistry, SwiftPM
2026-09-16 23:30:50.379 xcodebuild[759:4886] [MT] IDERunDestination: Supported platforms for the buildables in the current scheme is empty.
{
"dependencies" : [
{
"identity" : "swift-package-manager",
"requirement" : {
"exact" : [
"0.3.0"
]
},
"type" : "sourceControl",
"url" : "https://github.com/apple/swift-package-manager.git"
}
],
"manifest_display_name" : "CommandRegistry",
"name" : "CommandRegistry",
"path" : "/Users/admin/builder/spi-builder-workspace",
"platforms" : [
],
"products" : [
{
"name" : "CommandRegistry",
"targets" : [
"CommandRegistry"
],
"type" : {
"library" : [
"automatic"
]
}
}
],
"targets" : [
{
"c99name" : "CommandRegistryTests",
"module_type" : "SwiftTarget",
"name" : "CommandRegistryTests",
"path" : "Tests/CommandRegistryTests",
"sources" : [
"CommandRegistryTests.swift",
"XCTestManifests.swift"
],
"target_dependencies" : [
"CommandRegistry"
],
"type" : "test"
},
{
"c99name" : "CommandRegistry",
"module_type" : "SwiftTarget",
"name" : "CommandRegistry",
"path" : "Sources/CommandRegistry",
"product_dependencies" : [
"Utility"
],
"product_memberships" : [
"CommandRegistry"
],
"sources" : [
"Command.swift",
"CommandRegistry.swift",
"Exports.swift"
],
"type" : "library"
}
],
"tools_version" : "5.0"
}
{
"workspace" : {
"name" : "CommandRegistry",
"schemes" : [
"CommandRegistry"
]
}
}
2026-09-16 23:30:51.684 xcodebuild[767:4951] [MT] IDERunDestination: Supported platforms for the buildables in the current scheme is empty.
Running build ...
env DEVELOPER_DIR=/Applications/Xcode-27.0.0-Release.Candidate.app xcrun xcodebuild -IDEClonedSourcePackagesDirPathOverride=$PWD/.dependencies -skipMacroValidation -skipPackagePluginValidation -derivedDataPath $PWD/.derivedData build -scheme CommandRegistry -destination generic/platform=watchOS
Command line invocation:
/Applications/Xcode-27.0.0-Release.Candidate.app/Contents/Developer/usr/bin/xcodebuild -IDEClonedSourcePackagesDirPathOverride=/Users/admin/builder/spi-builder-workspace/.dependencies -skipMacroValidation -skipPackagePluginValidation -derivedDataPath /Users/admin/builder/spi-builder-workspace/.derivedData build -scheme CommandRegistry -destination generic/platform=watchOS
Resolve Package Graph
Resolved source packages:
SwiftPM: https://github.com/apple/swift-package-manager.git @ 0.3.0
CommandRegistry: /Users/admin/builder/spi-builder-workspace
ComputePackagePrebuildTargetDependencyGraph
Prepare packages
CreateBuildRequest
SendProjectDescription
CreateBuildOperation
ComputeTargetDependencyGraph
note: Building targets in dependency order
note: Target dependency graph (8 targets)
Target 'CommandRegistry-product' in project 'CommandRegistry'
➜ Explicit dependency on target 'CommandRegistry' in project 'CommandRegistry'
➜ Explicit dependency on target 'Utility-product' in project 'SwiftPM'
Target 'CommandRegistry' in project 'CommandRegistry'
➜ Explicit dependency on target 'Utility-product' in project 'SwiftPM'
Target 'Utility-product' in project 'SwiftPM'
➜ Explicit dependency on target 'clibc' in project 'SwiftPM'
➜ Explicit dependency on target 'SPMLibc' in project 'SwiftPM'
➜ Explicit dependency on target 'POSIX' in project 'SwiftPM'
➜ Explicit dependency on target 'Basic' in project 'SwiftPM'
➜ Explicit dependency on target 'Utility' in project 'SwiftPM'
Target 'Utility' in project 'SwiftPM'
➜ Explicit dependency on target 'clibc' in project 'SwiftPM'
➜ Explicit dependency on target 'SPMLibc' in project 'SwiftPM'
➜ Explicit dependency on target 'POSIX' in project 'SwiftPM'
➜ Explicit dependency on target 'Basic' in project 'SwiftPM'
Target 'Basic' in project 'SwiftPM'
➜ Explicit dependency on target 'clibc' in project 'SwiftPM'
➜ Explicit dependency on target 'SPMLibc' in project 'SwiftPM'
➜ Explicit dependency on target 'POSIX' in project 'SwiftPM'
Target 'POSIX' in project 'SwiftPM'
➜ Explicit dependency on target 'clibc' in project 'SwiftPM'
➜ Explicit dependency on target 'SPMLibc' in project 'SwiftPM'
Target 'SPMLibc' in project 'SwiftPM'
➜ Explicit dependency on target 'clibc' in project 'SwiftPM'
Target 'clibc' in project 'SwiftPM' (no dependencies)
GatherProvisioningInputs
CreateBuildDescription
ClangStatCache /Applications/Xcode-27.0.0-Release.Candidate.app/Contents/Developer/Toolchains/XcodeDefault.xctoolchain/usr/bin/clang-stat-cache /Applications/Xcode-27.0.0-Release.Candidate.app/Contents/Developer/Platforms/WatchOS.platform/Developer/SDKs/WatchOS27.0.sdk /Users/admin/builder/spi-builder-workspace/.derivedData/SDKStatCaches.noindex/watchos27.0-24R360-e829b21a6f8c9b70876ba0858053c04477534ef55a1706bf4c1112bbb242f0a2.sdkstatcache
cd /Users/admin/builder/spi-builder-workspace/.swiftpm/xcode
/Applications/Xcode-27.0.0-Release.Candidate.app/Contents/Developer/Toolchains/XcodeDefault.xctoolchain/usr/bin/clang-stat-cache /Applications/Xcode-27.0.0-Release.Candidate.app/Contents/Developer/Platforms/WatchOS.platform/Developer/SDKs/WatchOS27.0.sdk -o /Users/admin/builder/spi-builder-workspace/.derivedData/SDKStatCaches.noindex/watchos27.0-24R360-e829b21a6f8c9b70876ba0858053c04477534ef55a1706bf4c1112bbb242f0a2.sdkstatcache
Copy /Users/admin/builder/spi-builder-workspace/.derivedData/Build/Products/Debug-watchos/Basic.swiftmodule/arm64-apple-watchos.abi.json /Users/admin/builder/spi-builder-workspace/.derivedData/Build/Intermediates.noindex/SwiftPM.build/Debug-watchos/Basic-t.build/Objects-normal/arm64/Basic.abi.json (in target 'Basic' from project 'SwiftPM')
cd /Users/admin/builder/spi-builder-workspace/.dependencies/checkouts/swift-package-manager
builtin-copy -exclude .DS_Store -exclude CVS -exclude .svn -exclude .git -exclude .hg -resolve-src-symlinks -rename /Users/admin/builder/spi-builder-workspace/.derivedData/Build/Intermediates.noindex/SwiftPM.build/Debug-watchos/Basic-t.build/Objects-normal/arm64/Basic.abi.json /Users/admin/builder/spi-builder-workspace/.derivedData/Build/Products/Debug-watchos/Basic.swiftmodule/arm64-apple-watchos.abi.json
Copy /Users/admin/builder/spi-builder-workspace/.derivedData/Build/Products/Debug-watchos/Basic.swiftmodule/Project/arm64-apple-watchos.swiftsourceinfo /Users/admin/builder/spi-builder-workspace/.derivedData/Build/Intermediates.noindex/SwiftPM.build/Debug-watchos/Basic-t.build/Objects-normal/arm64/Basic.swiftsourceinfo (in target 'Basic' from project 'SwiftPM')
cd /Users/admin/builder/spi-builder-workspace/.dependencies/checkouts/swift-package-manager
builtin-copy -exclude .DS_Store -exclude CVS -exclude .svn -exclude .git -exclude .hg -resolve-src-symlinks -rename /Users/admin/builder/spi-builder-workspace/.derivedData/Build/Intermediates.noindex/SwiftPM.build/Debug-watchos/Basic-t.build/Objects-normal/arm64/Basic.swiftsourceinfo /Users/admin/builder/spi-builder-workspace/.derivedData/Build/Products/Debug-watchos/Basic.swiftmodule/Project/arm64-apple-watchos.swiftsourceinfo
Copy /Users/admin/builder/spi-builder-workspace/.derivedData/Build/Products/Debug-watchos/Basic.swiftmodule/Project/arm64_32-apple-watchos.swiftsourceinfo /Users/admin/builder/spi-builder-workspace/.derivedData/Build/Intermediates.noindex/SwiftPM.build/Debug-watchos/Basic-t.build/Objects-normal/arm64_32/Basic.swiftsourceinfo (in target 'Basic' from project 'SwiftPM')
cd /Users/admin/builder/spi-builder-workspace/.dependencies/checkouts/swift-package-manager
builtin-copy -exclude .DS_Store -exclude CVS -exclude .svn -exclude .git -exclude .hg -resolve-src-symlinks -rename /Users/admin/builder/spi-builder-workspace/.derivedData/Build/Intermediates.noindex/SwiftPM.build/Debug-watchos/Basic-t.build/Objects-normal/arm64_32/Basic.swiftsourceinfo /Users/admin/builder/spi-builder-workspace/.derivedData/Build/Products/Debug-watchos/Basic.swiftmodule/Project/arm64_32-apple-watchos.swiftsourceinfo
SwiftDriver Basic normal arm64 com.apple.xcode.tools.swift.compiler (in target 'Basic' from project 'SwiftPM')
cd /Users/admin/builder/spi-builder-workspace/.swiftpm/xcode
builtin-SwiftDriver -- /Applications/Xcode-27.0.0-Release.Candidate.app/Contents/Developer/Toolchains/XcodeDefault.xctoolchain/usr/bin/swiftc -parse-as-library -module-name Basic -Onone @/Users/admin/builder/spi-builder-workspace/.derivedData/Build/Intermediates.noindex/SwiftPM.build/Debug-watchos/Basic-t.build/Objects-normal/arm64/Basic.SwiftFileList -DSWIFT_PACKAGE -DDEBUG -DSWIFT_MODULE_RESOURCE_BUNDLE_UNAVAILABLE -Xcc -fmodule-map-file\=/Users/admin/builder/spi-builder-workspace/.dependencies/checkouts/swift-package-manager/Sources/clibc/include/module.modulemap -DXcode -plugin-path /Applications/Xcode-27.0.0-Release.Candidate.app/Contents/Developer/Toolchains/XcodeDefault.xctoolchain/usr/lib/swift/host/plugins/testing -enable-experimental-feature DebugDescriptionMacro -sdk /Applications/Xcode-27.0.0-Release.Candidate.app/Contents/Developer/Platforms/WatchOS.platform/Developer/SDKs/WatchOS27.0.sdk -target arm64-apple-watchos9.0 -g -module-cache-path /Users/admin/builder/spi-builder-workspace/.derivedData/ModuleCache.noindex -Xfrontend -serialize-debugging-options -profile-coverage-mapping -profile-generate -enable-testing -suppress-warnings -index-store-path /Users/admin/builder/spi-builder-workspace/.derivedData/Index.noindex/DataStore -Xcc -D_LIBCPP_HARDENING_MODE\=_LIBCPP_HARDENING_MODE_DEBUG -swift-version 4 -I /Users/admin/builder/spi-builder-workspace/.derivedData/Build/Products/Debug-watchos -Isystem /Applications/Xcode-27.0.0-Release.Candidate.app/Contents/Developer/Platforms/WatchOS.platform/Developer/usr/lib -F /Users/admin/builder/spi-builder-workspace/.derivedData/Build/Products/Debug-watchos/PackageFrameworks -F /Users/admin/builder/spi-builder-workspace/.derivedData/Build/Products/Debug-watchos -F /Applications/Xcode-27.0.0-Release.Candidate.app/Contents/Developer/Platforms/WatchOS.platform/Developer/Library/Frameworks -F /Applications/Xcode-27.0.0-Release.Candidate.app/Contents/Developer/Platforms/WatchOS.platform/Developer/SDKs/WatchOS27.0.sdk/Developer/Library/Frameworks -c -j10 -enable-batch-mode -incremental -Xcc -ivfsstatcache -Xcc /Users/admin/builder/spi-builder-workspace/.derivedData/SDKStatCaches.noindex/watchos27.0-24R360-e829b21a6f8c9b70876ba0858053c04477534ef55a1706bf4c1112bbb242f0a2.sdkstatcache -output-file-map /Users/admin/builder/spi-builder-workspace/.derivedData/Build/Intermediates.noindex/SwiftPM.build/Debug-watchos/Basic-t.build/Objects-normal/arm64/Basic-OutputFileMap.json -save-temps -no-color-diagnostics -emit-dependencies -emit-module -emit-module-path /Users/admin/builder/spi-builder-workspace/.derivedData/Build/Intermediates.noindex/SwiftPM.build/Debug-watchos/Basic-t.build/Objects-normal/arm64/Basic.swiftmodule -serialize-diagnostics -validate-clang-modules-once -clang-build-session-file /Users/admin/builder/spi-builder-workspace/.derivedData/ModuleCache.noindex/Session.modulevalidation -Xcc -fmodules-prune-interval\=86400 -Xcc -fmodules-prune-after\=345600 -emit-const-values -const-gather-protocols-list /Users/admin/builder/spi-builder-workspace/.derivedData/Build/Intermediates.noindex/SwiftPM.build/Debug-watchos/Basic-t.build/Objects-normal/arm64/Basic_const_extract_protocols.json -Xcc -I/Users/admin/builder/spi-builder-workspace/.dependencies/checkouts/swift-package-manager/Sources/clibc/include -Xcc -I/Users/admin/builder/spi-builder-workspace/.derivedData/Build/Products/Debug-watchos/include -Xcc -I/Users/admin/builder/spi-builder-workspace/.derivedData/Build/Intermediates.noindex/SwiftPM.build/Debug-watchos/Basic-t.build/DerivedSources-normal/arm64 -Xcc -I/Users/admin/builder/spi-builder-workspace/.derivedData/Build/Intermediates.noindex/SwiftPM.build/Debug-watchos/Basic-t.build/DerivedSources/arm64 -Xcc -I/Users/admin/builder/spi-builder-workspace/.derivedData/Build/Intermediates.noindex/SwiftPM.build/Debug-watchos/Basic-t.build/DerivedSources -Xcc -DSWIFT_PACKAGE -Xcc -DDEBUG\=1 -emit-objc-header -emit-objc-header-path /Users/admin/builder/spi-builder-workspace/.derivedData/Build/Intermediates.noindex/SwiftPM.build/Debug-watchos/Basic-t.build/Objects-normal/arm64/Basic-Swift.h -working-directory /Users/admin/builder/spi-builder-workspace/.swiftpm/xcode -experimental-emit-module-separately -disable-cmo
SwiftDriver Basic normal arm64_32 com.apple.xcode.tools.swift.compiler (in target 'Basic' from project 'SwiftPM')
cd /Users/admin/builder/spi-builder-workspace/.swiftpm/xcode
builtin-SwiftDriver -- /Applications/Xcode-27.0.0-Release.Candidate.app/Contents/Developer/Toolchains/XcodeDefault.xctoolchain/usr/bin/swiftc -parse-as-library -module-name Basic -Onone @/Users/admin/builder/spi-builder-workspace/.derivedData/Build/Intermediates.noindex/SwiftPM.build/Debug-watchos/Basic-t.build/Objects-normal/arm64_32/Basic.SwiftFileList -DSWIFT_PACKAGE -DDEBUG -DSWIFT_MODULE_RESOURCE_BUNDLE_UNAVAILABLE -Xcc -fmodule-map-file\=/Users/admin/builder/spi-builder-workspace/.dependencies/checkouts/swift-package-manager/Sources/clibc/include/module.modulemap -DXcode -plugin-path /Applications/Xcode-27.0.0-Release.Candidate.app/Contents/Developer/Toolchains/XcodeDefault.xctoolchain/usr/lib/swift/host/plugins/testing -enable-experimental-feature DebugDescriptionMacro -sdk /Applications/Xcode-27.0.0-Release.Candidate.app/Contents/Developer/Platforms/WatchOS.platform/Developer/SDKs/WatchOS27.0.sdk -target arm64_32-apple-watchos9.0 -g -module-cache-path /Users/admin/builder/spi-builder-workspace/.derivedData/ModuleCache.noindex -Xfrontend -serialize-debugging-options -profile-coverage-mapping -profile-generate -enable-testing -suppress-warnings -index-store-path /Users/admin/builder/spi-builder-workspace/.derivedData/Index.noindex/DataStore -Xcc -D_LIBCPP_HARDENING_MODE\=_LIBCPP_HARDENING_MODE_DEBUG -swift-version 4 -I /Users/admin/builder/spi-builder-workspace/.derivedData/Build/Products/Debug-watchos -Isystem /Applications/Xcode-27.0.0-Release.Candidate.app/Contents/Developer/Platforms/WatchOS.platform/Developer/usr/lib -F /Users/admin/builder/spi-builder-workspace/.derivedData/Build/Products/Debug-watchos/PackageFrameworks -F /Users/admin/builder/spi-builder-workspace/.derivedData/Build/Products/Debug-watchos -F /Applications/Xcode-27.0.0-Release.Candidate.app/Contents/Developer/Platforms/WatchOS.platform/Developer/Library/Frameworks -F /Applications/Xcode-27.0.0-Release.Candidate.app/Contents/Developer/Platforms/WatchOS.platform/Developer/SDKs/WatchOS27.0.sdk/Developer/Library/Frameworks -c -j10 -enable-batch-mode -incremental -Xcc -ivfsstatcache -Xcc /Users/admin/builder/spi-builder-workspace/.derivedData/SDKStatCaches.noindex/watchos27.0-24R360-e829b21a6f8c9b70876ba0858053c04477534ef55a1706bf4c1112bbb242f0a2.sdkstatcache -output-file-map /Users/admin/builder/spi-builder-workspace/.derivedData/Build/Intermediates.noindex/SwiftPM.build/Debug-watchos/Basic-t.build/Objects-normal/arm64_32/Basic-OutputFileMap.json -save-temps -no-color-diagnostics -emit-dependencies -emit-module -emit-module-path /Users/admin/builder/spi-builder-workspace/.derivedData/Build/Intermediates.noindex/SwiftPM.build/Debug-watchos/Basic-t.build/Objects-normal/arm64_32/Basic.swiftmodule -serialize-diagnostics -validate-clang-modules-once -clang-build-session-file /Users/admin/builder/spi-builder-workspace/.derivedData/ModuleCache.noindex/Session.modulevalidation -Xcc -fmodules-prune-interval\=86400 -Xcc -fmodules-prune-after\=345600 -emit-const-values -const-gather-protocols-list /Users/admin/builder/spi-builder-workspace/.derivedData/Build/Intermediates.noindex/SwiftPM.build/Debug-watchos/Basic-t.build/Objects-normal/arm64_32/Basic_const_extract_protocols.json -Xcc -I/Users/admin/builder/spi-builder-workspace/.dependencies/checkouts/swift-package-manager/Sources/clibc/include -Xcc -I/Users/admin/builder/spi-builder-workspace/.derivedData/Build/Products/Debug-watchos/include -Xcc -I/Users/admin/builder/spi-builder-workspace/.derivedData/Build/Intermediates.noindex/SwiftPM.build/Debug-watchos/Basic-t.build/DerivedSources-normal/arm64_32 -Xcc -I/Users/admin/builder/spi-builder-workspace/.derivedData/Build/Intermediates.noindex/SwiftPM.build/Debug-watchos/Basic-t.build/DerivedSources/arm64_32 -Xcc -I/Users/admin/builder/spi-builder-workspace/.derivedData/Build/Intermediates.noindex/SwiftPM.build/Debug-watchos/Basic-t.build/DerivedSources -Xcc -DSWIFT_PACKAGE -Xcc -DDEBUG\=1 -emit-objc-header -emit-objc-header-path /Users/admin/builder/spi-builder-workspace/.derivedData/Build/Intermediates.noindex/SwiftPM.build/Debug-watchos/Basic-t.build/Objects-normal/arm64_32/Basic-Swift.h -working-directory /Users/admin/builder/spi-builder-workspace/.swiftpm/xcode -experimental-emit-module-separately -disable-cmo
Ld /Users/admin/builder/spi-builder-workspace/.derivedData/Build/Intermediates.noindex/SwiftPM.build/Debug-watchos/POSIX-t.build/Objects-normal/arm64/Binary/POSIX.o normal arm64 (in target 'POSIX' from project 'SwiftPM')
cd /Users/admin/builder/spi-builder-workspace/.dependencies/checkouts/swift-package-manager
/Applications/Xcode-27.0.0-Release.Candidate.app/Contents/Developer/Toolchains/XcodeDefault.xctoolchain/usr/bin/clang -Xlinker -reproducible -target arm64-apple-watchos9.0 -r -isysroot /Applications/Xcode-27.0.0-Release.Candidate.app/Contents/Developer/Platforms/WatchOS.platform/Developer/SDKs/WatchOS27.0.sdk -O0 -w -Xlinker -no_warn_duplicate_libraries -F/Users/admin/builder/spi-builder-workspace/.derivedData/Build/Intermediates.noindex/EagerLinkingTBDs/Debug-watchos -F/Users/admin/builder/spi-builder-workspace/.derivedData/Build/Products/Debug-watchos/PackageFrameworks -F/Users/admin/builder/spi-builder-workspace/.derivedData/Build/Products/Debug-watchos -iframework /Applications/Xcode-27.0.0-Release.Candidate.app/Contents/Developer/Platforms/WatchOS.platform/Developer/Library/Frameworks -iframework /Applications/Xcode-27.0.0-Release.Candidate.app/Contents/Developer/Platforms/WatchOS.platform/Developer/SDKs/WatchOS27.0.sdk/Developer/Library/Frameworks -filelist /Users/admin/builder/spi-builder-workspace/.derivedData/Build/Intermediates.noindex/SwiftPM.build/Debug-watchos/POSIX-t.build/Objects-normal/arm64/POSIX.LinkFileList -nostdlib -Xlinker -object_path_lto -Xlinker /Users/admin/builder/spi-builder-workspace/.derivedData/Build/Intermediates.noindex/SwiftPM.build/Debug-watchos/POSIX-t.build/Objects-normal/arm64/POSIX_lto.o -Xlinker -no_deduplicate -Xlinker -debug_variant -Xlinker -dependency_info -Xlinker /Users/admin/builder/spi-builder-workspace/.derivedData/Build/Intermediates.noindex/SwiftPM.build/Debug-watchos/POSIX-t.build/Objects-normal/arm64/POSIX_dependency_info.dat -fobjc-link-runtime -L/Applications/Xcode-27.0.0-Release.Candidate.app/Contents/Developer/Toolchains/XcodeDefault.xctoolchain/usr/lib/swift/watchos -L/usr/lib/swift -Xlinker -add_ast_path -Xlinker /Users/admin/builder/spi-builder-workspace/.derivedData/Build/Intermediates.noindex/SwiftPM.build/Debug-watchos/POSIX-t.build/Objects-normal/arm64/POSIX.swiftmodule -o /Users/admin/builder/spi-builder-workspace/.derivedData/Build/Intermediates.noindex/SwiftPM.build/Debug-watchos/POSIX-t.build/Objects-normal/arm64/Binary/POSIX.o
Ld /Users/admin/builder/spi-builder-workspace/.derivedData/Build/Intermediates.noindex/SwiftPM.build/Debug-watchos/POSIX-t.build/Objects-normal/arm64_32/Binary/POSIX.o normal arm64_32 (in target 'POSIX' from project 'SwiftPM')
cd /Users/admin/builder/spi-builder-workspace/.dependencies/checkouts/swift-package-manager
/Applications/Xcode-27.0.0-Release.Candidate.app/Contents/Developer/Toolchains/XcodeDefault.xctoolchain/usr/bin/clang -Xlinker -reproducible -target arm64_32-apple-watchos9.0 -r -isysroot /Applications/Xcode-27.0.0-Release.Candidate.app/Contents/Developer/Platforms/WatchOS.platform/Developer/SDKs/WatchOS27.0.sdk -O0 -w -Xlinker -no_warn_duplicate_libraries -F/Users/admin/builder/spi-builder-workspace/.derivedData/Build/Intermediates.noindex/EagerLinkingTBDs/Debug-watchos -F/Users/admin/builder/spi-builder-workspace/.derivedData/Build/Products/Debug-watchos/PackageFrameworks -F/Users/admin/builder/spi-builder-workspace/.derivedData/Build/Products/Debug-watchos -iframework /Applications/Xcode-27.0.0-Release.Candidate.app/Contents/Developer/Platforms/WatchOS.platform/Developer/Library/Frameworks -iframework /Applications/Xcode-27.0.0-Release.Candidate.app/Contents/Developer/Platforms/WatchOS.platform/Developer/SDKs/WatchOS27.0.sdk/Developer/Library/Frameworks -filelist /Users/admin/builder/spi-builder-workspace/.derivedData/Build/Intermediates.noindex/SwiftPM.build/Debug-watchos/POSIX-t.build/Objects-normal/arm64_32/POSIX.LinkFileList -nostdlib -Xlinker -object_path_lto -Xlinker /Users/admin/builder/spi-builder-workspace/.derivedData/Build/Intermediates.noindex/SwiftPM.build/Debug-watchos/POSIX-t.build/Objects-normal/arm64_32/POSIX_lto.o -Xlinker -no_deduplicate -Xlinker -debug_variant -Xlinker -dependency_info -Xlinker /Users/admin/builder/spi-builder-workspace/.derivedData/Build/Intermediates.noindex/SwiftPM.build/Debug-watchos/POSIX-t.build/Objects-normal/arm64_32/POSIX_dependency_info.dat -fobjc-link-runtime -L/Applications/Xcode-27.0.0-Release.Candidate.app/Contents/Developer/Toolchains/XcodeDefault.xctoolchain/usr/lib/swift/watchos -L/usr/lib/swift -Xlinker -add_ast_path -Xlinker /Users/admin/builder/spi-builder-workspace/.derivedData/Build/Intermediates.noindex/SwiftPM.build/Debug-watchos/POSIX-t.build/Objects-normal/arm64_32/POSIX.swiftmodule -o /Users/admin/builder/spi-builder-workspace/.derivedData/Build/Intermediates.noindex/SwiftPM.build/Debug-watchos/POSIX-t.build/Objects-normal/arm64_32/Binary/POSIX.o
SwiftDriver Utility normal arm64_32 com.apple.xcode.tools.swift.compiler (in target 'Utility' from project 'SwiftPM')
cd /Users/admin/builder/spi-builder-workspace/.swiftpm/xcode
builtin-SwiftDriver -- /Applications/Xcode-27.0.0-Release.Candidate.app/Contents/Developer/Toolchains/XcodeDefault.xctoolchain/usr/bin/swiftc -parse-as-library -module-name Utility -Onone @/Users/admin/builder/spi-builder-workspace/.derivedData/Build/Intermediates.noindex/SwiftPM.build/Debug-watchos/Utility-t.build/Objects-normal/arm64_32/Utility.SwiftFileList -DSWIFT_PACKAGE -DDEBUG -DSWIFT_MODULE_RESOURCE_BUNDLE_UNAVAILABLE -Xcc -fmodule-map-file\=/Users/admin/builder/spi-builder-workspace/.dependencies/checkouts/swift-package-manager/Sources/clibc/include/module.modulemap -DXcode -plugin-path /Applications/Xcode-27.0.0-Release.Candidate.app/Contents/Developer/Toolchains/XcodeDefault.xctoolchain/usr/lib/swift/host/plugins/testing -enable-experimental-feature DebugDescriptionMacro -sdk /Applications/Xcode-27.0.0-Release.Candidate.app/Contents/Developer/Platforms/WatchOS.platform/Developer/SDKs/WatchOS27.0.sdk -target arm64_32-apple-watchos9.0 -g -module-cache-path /Users/admin/builder/spi-builder-workspace/.derivedData/ModuleCache.noindex -Xfrontend -serialize-debugging-options -profile-coverage-mapping -profile-generate -enable-testing -suppress-warnings -index-store-path /Users/admin/builder/spi-builder-workspace/.derivedData/Index.noindex/DataStore -Xcc -D_LIBCPP_HARDENING_MODE\=_LIBCPP_HARDENING_MODE_DEBUG -swift-version 4 -I /Users/admin/builder/spi-builder-workspace/.derivedData/Build/Products/Debug-watchos -Isystem /Applications/Xcode-27.0.0-Release.Candidate.app/Contents/Developer/Platforms/WatchOS.platform/Developer/usr/lib -F /Users/admin/builder/spi-builder-workspace/.derivedData/Build/Products/Debug-watchos/PackageFrameworks -F /Users/admin/builder/spi-builder-workspace/.derivedData/Build/Products/Debug-watchos -F /Applications/Xcode-27.0.0-Release.Candidate.app/Contents/Developer/Platforms/WatchOS.platform/Developer/Library/Frameworks -F /Applications/Xcode-27.0.0-Release.Candidate.app/Contents/Developer/Platforms/WatchOS.platform/Developer/SDKs/WatchOS27.0.sdk/Developer/Library/Frameworks -c -j10 -enable-batch-mode -incremental -Xcc -ivfsstatcache -Xcc /Users/admin/builder/spi-builder-workspace/.derivedData/SDKStatCaches.noindex/watchos27.0-24R360-e829b21a6f8c9b70876ba0858053c04477534ef55a1706bf4c1112bbb242f0a2.sdkstatcache -output-file-map /Users/admin/builder/spi-builder-workspace/.derivedData/Build/Intermediates.noindex/SwiftPM.build/Debug-watchos/Utility-t.build/Objects-normal/arm64_32/Utility-OutputFileMap.json -save-temps -no-color-diagnostics -emit-dependencies -emit-module -emit-module-path /Users/admin/builder/spi-builder-workspace/.derivedData/Build/Intermediates.noindex/SwiftPM.build/Debug-watchos/Utility-t.build/Objects-normal/arm64_32/Utility.swiftmodule -serialize-diagnostics -validate-clang-modules-once -clang-build-session-file /Users/admin/builder/spi-builder-workspace/.derivedData/ModuleCache.noindex/Session.modulevalidation -Xcc -fmodules-prune-interval\=86400 -Xcc -fmodules-prune-after\=345600 -emit-const-values -const-gather-protocols-list /Users/admin/builder/spi-builder-workspace/.derivedData/Build/Intermediates.noindex/SwiftPM.build/Debug-watchos/Utility-t.build/Objects-normal/arm64_32/Utility_const_extract_protocols.json -Xcc -I/Users/admin/builder/spi-builder-workspace/.dependencies/checkouts/swift-package-manager/Sources/clibc/include -Xcc -I/Users/admin/builder/spi-builder-workspace/.derivedData/Build/Products/Debug-watchos/include -Xcc -I/Users/admin/builder/spi-builder-workspace/.derivedData/Build/Intermediates.noindex/SwiftPM.build/Debug-watchos/Utility-t.build/DerivedSources-normal/arm64_32 -Xcc -I/Users/admin/builder/spi-builder-workspace/.derivedData/Build/Intermediates.noindex/SwiftPM.build/Debug-watchos/Utility-t.build/DerivedSources/arm64_32 -Xcc -I/Users/admin/builder/spi-builder-workspace/.derivedData/Build/Intermediates.noindex/SwiftPM.build/Debug-watchos/Utility-t.build/DerivedSources -Xcc -DSWIFT_PACKAGE -Xcc -DDEBUG\=1 -emit-objc-header -emit-objc-header-path /Users/admin/builder/spi-builder-workspace/.derivedData/Build/Intermediates.noindex/SwiftPM.build/Debug-watchos/Utility-t.build/Objects-normal/arm64_32/Utility-Swift.h -working-directory /Users/admin/builder/spi-builder-workspace/.swiftpm/xcode -experimental-emit-module-separately -disable-cmo
SwiftDriver Utility normal arm64 com.apple.xcode.tools.swift.compiler (in target 'Utility' from project 'SwiftPM')
cd /Users/admin/builder/spi-builder-workspace/.swiftpm/xcode
builtin-SwiftDriver -- /Applications/Xcode-27.0.0-Release.Candidate.app/Contents/Developer/Toolchains/XcodeDefault.xctoolchain/usr/bin/swiftc -parse-as-library -module-name Utility -Onone @/Users/admin/builder/spi-builder-workspace/.derivedData/Build/Intermediates.noindex/SwiftPM.build/Debug-watchos/Utility-t.build/Objects-normal/arm64/Utility.SwiftFileList -DSWIFT_PACKAGE -DDEBUG -DSWIFT_MODULE_RESOURCE_BUNDLE_UNAVAILABLE -Xcc -fmodule-map-file\=/Users/admin/builder/spi-builder-workspace/.dependencies/checkouts/swift-package-manager/Sources/clibc/include/module.modulemap -DXcode -plugin-path /Applications/Xcode-27.0.0-Release.Candidate.app/Contents/Developer/Toolchains/XcodeDefault.xctoolchain/usr/lib/swift/host/plugins/testing -enable-experimental-feature DebugDescriptionMacro -sdk /Applications/Xcode-27.0.0-Release.Candidate.app/Contents/Developer/Platforms/WatchOS.platform/Developer/SDKs/WatchOS27.0.sdk -target arm64-apple-watchos9.0 -g -module-cache-path /Users/admin/builder/spi-builder-workspace/.derivedData/ModuleCache.noindex -Xfrontend -serialize-debugging-options -profile-coverage-mapping -profile-generate -enable-testing -suppress-warnings -index-store-path /Users/admin/builder/spi-builder-workspace/.derivedData/Index.noindex/DataStore -Xcc -D_LIBCPP_HARDENING_MODE\=_LIBCPP_HARDENING_MODE_DEBUG -swift-version 4 -I /Users/admin/builder/spi-builder-workspace/.derivedData/Build/Products/Debug-watchos -Isystem /Applications/Xcode-27.0.0-Release.Candidate.app/Contents/Developer/Platforms/WatchOS.platform/Developer/usr/lib -F /Users/admin/builder/spi-builder-workspace/.derivedData/Build/Products/Debug-watchos/PackageFrameworks -F /Users/admin/builder/spi-builder-workspace/.derivedData/Build/Products/Debug-watchos -F /Applications/Xcode-27.0.0-Release.Candidate.app/Contents/Developer/Platforms/WatchOS.platform/Developer/Library/Frameworks -F /Applications/Xcode-27.0.0-Release.Candidate.app/Contents/Developer/Platforms/WatchOS.platform/Developer/SDKs/WatchOS27.0.sdk/Developer/Library/Frameworks -c -j10 -enable-batch-mode -incremental -Xcc -ivfsstatcache -Xcc /Users/admin/builder/spi-builder-workspace/.derivedData/SDKStatCaches.noindex/watchos27.0-24R360-e829b21a6f8c9b70876ba0858053c04477534ef55a1706bf4c1112bbb242f0a2.sdkstatcache -output-file-map /Users/admin/builder/spi-builder-workspace/.derivedData/Build/Intermediates.noindex/SwiftPM.build/Debug-watchos/Utility-t.build/Objects-normal/arm64/Utility-OutputFileMap.json -save-temps -no-color-diagnostics -emit-dependencies -emit-module -emit-module-path /Users/admin/builder/spi-builder-workspace/.derivedData/Build/Intermediates.noindex/SwiftPM.build/Debug-watchos/Utility-t.build/Objects-normal/arm64/Utility.swiftmodule -serialize-diagnostics -validate-clang-modules-once -clang-build-session-file /Users/admin/builder/spi-builder-workspace/.derivedData/ModuleCache.noindex/Session.modulevalidation -Xcc -fmodules-prune-interval\=86400 -Xcc -fmodules-prune-after\=345600 -emit-const-values -const-gather-protocols-list /Users/admin/builder/spi-builder-workspace/.derivedData/Build/Intermediates.noindex/SwiftPM.build/Debug-watchos/Utility-t.build/Objects-normal/arm64/Utility_const_extract_protocols.json -Xcc -I/Users/admin/builder/spi-builder-workspace/.dependencies/checkouts/swift-package-manager/Sources/clibc/include -Xcc -I/Users/admin/builder/spi-builder-workspace/.derivedData/Build/Products/Debug-watchos/include -Xcc -I/Users/admin/builder/spi-builder-workspace/.derivedData/Build/Intermediates.noindex/SwiftPM.build/Debug-watchos/Utility-t.build/DerivedSources-normal/arm64 -Xcc -I/Users/admin/builder/spi-builder-workspace/.derivedData/Build/Intermediates.noindex/SwiftPM.build/Debug-watchos/Utility-t.build/DerivedSources/arm64 -Xcc -I/Users/admin/builder/spi-builder-workspace/.derivedData/Build/Intermediates.noindex/SwiftPM.build/Debug-watchos/Utility-t.build/DerivedSources -Xcc -DSWIFT_PACKAGE -Xcc -DDEBUG\=1 -emit-objc-header -emit-objc-header-path /Users/admin/builder/spi-builder-workspace/.derivedData/Build/Intermediates.noindex/SwiftPM.build/Debug-watchos/Utility-t.build/Objects-normal/arm64/Utility-Swift.h -working-directory /Users/admin/builder/spi-builder-workspace/.swiftpm/xcode -experimental-emit-module-separately -disable-cmo
CreateUniversalBinary /Users/admin/builder/spi-builder-workspace/.derivedData/Build/Products/Debug-watchos/POSIX.o normal arm64\ arm64_32 (in target 'POSIX' from project 'SwiftPM')
cd /Users/admin/builder/spi-builder-workspace/.dependencies/checkouts/swift-package-manager
/Applications/Xcode-27.0.0-Release.Candidate.app/Contents/Developer/Toolchains/XcodeDefault.xctoolchain/usr/bin/lipo -create /Users/admin/builder/spi-builder-workspace/.derivedData/Build/Intermediates.noindex/SwiftPM.build/Debug-watchos/POSIX-t.build/Objects-normal/arm64/Binary/POSIX.o /Users/admin/builder/spi-builder-workspace/.derivedData/Build/Intermediates.noindex/SwiftPM.build/Debug-watchos/POSIX-t.build/Objects-normal/arm64_32/Binary/POSIX.o -output /Users/admin/builder/spi-builder-workspace/.derivedData/Build/Products/Debug-watchos/POSIX.o
ExtractAppIntentsMetadata (in target 'POSIX' from project 'SwiftPM')
cd /Users/admin/builder/spi-builder-workspace/.dependencies/checkouts/swift-package-manager
/Applications/Xcode-27.0.0-Release.Candidate.app/Contents/Developer/Toolchains/XcodeDefault.xctoolchain/usr/bin/appintentsmetadataprocessor --toolchain-dir /var/run/com.apple.security.cryptexd/mnt/com.apple.MobileAsset.MetalToolchain-v27.1.266.1.6Xo2eY/Metal.xctoolchain --module-name POSIX --sdk-root /Applications/Xcode-27.0.0-Release.Candidate.app/Contents/Developer/Platforms/WatchOS.platform/Developer/SDKs/WatchOS27.0.sdk --xcode-version 27A266a --platform-family watchOS --deployment-target 9.0 --bundle-identifier swift-package-manager.POSIX --output /Users/admin/builder/spi-builder-workspace/.derivedData/Build/Products/Debug-watchos/POSIX.appintents --target-triple arm64-apple-watchos9.0 --target-triple arm64_32-apple-watchos9.0 --binary-file /Users/admin/builder/spi-builder-workspace/.derivedData/Build/Products/Debug-watchos/POSIX.o --dependency-file /Users/admin/builder/spi-builder-workspace/.derivedData/Build/Intermediates.noindex/SwiftPM.build/Debug-watchos/POSIX-t.build/Objects-normal/arm64/POSIX_dependency_info.dat --dependency-file /Users/admin/builder/spi-builder-workspace/.derivedData/Build/Intermediates.noindex/SwiftPM.build/Debug-watchos/POSIX-t.build/Objects-normal/arm64_32/POSIX_dependency_info.dat --stringsdata-file /Users/admin/builder/spi-builder-workspace/.derivedData/Build/Intermediates.noindex/SwiftPM.build/Debug-watchos/POSIX-t.build/Objects-normal/arm64/ExtractedAppShortcutsMetadata.stringsdata --stringsdata-file /Users/admin/builder/spi-builder-workspace/.derivedData/Build/Intermediates.noindex/SwiftPM.build/Debug-watchos/POSIX-t.build/Objects-normal/arm64_32/ExtractedAppShortcutsMetadata.stringsdata --source-file-list /Users/admin/builder/spi-builder-workspace/.derivedData/Build/Intermediates.noindex/SwiftPM.build/Debug-watchos/POSIX-t.build/Objects-normal/arm64/POSIX.SwiftFileList --source-file-list /Users/admin/builder/spi-builder-workspace/.derivedData/Build/Intermediates.noindex/SwiftPM.build/Debug-watchos/POSIX-t.build/Objects-normal/arm64_32/POSIX.SwiftFileList --metadata-file-list /Users/admin/builder/spi-builder-workspace/.derivedData/Build/Intermediates.noindex/SwiftPM.build/Debug-watchos/POSIX-t.build/POSIX.DependencyMetadataFileList --static-metadata-file-list /Users/admin/builder/spi-builder-workspace/.derivedData/Build/Intermediates.noindex/SwiftPM.build/Debug-watchos/POSIX-t.build/POSIX.DependencyStaticMetadataFileList --swift-const-vals-list /Users/admin/builder/spi-builder-workspace/.derivedData/Build/Intermediates.noindex/SwiftPM.build/Debug-watchos/POSIX-t.build/Objects-normal/arm64/POSIX.SwiftConstValuesFileList --swift-const-vals-list /Users/admin/builder/spi-builder-workspace/.derivedData/Build/Intermediates.noindex/SwiftPM.build/Debug-watchos/POSIX-t.build/Objects-normal/arm64_32/POSIX.SwiftConstValuesFileList --force --compile-time-extraction --deployment-aware-processing --no-app-shortcuts-localization
2026-09-16 23:30:53.634 appintentsmetadataprocessor[776:5052] Starting appintentsmetadataprocessor export
2026-09-16 23:30:53.694 appintentsmetadataprocessor[776:5052] Extracted no relevant App Intents symbols, skipping writing output
SwiftCompile normal arm64 Compiling\ ArgumentParser.swift,\ ArgumentParserShellCompletion.swift /Users/admin/builder/spi-builder-workspace/.dependencies/checkouts/swift-package-manager/Sources/Utility/ArgumentParser.swift /Users/admin/builder/spi-builder-workspace/.dependencies/checkouts/swift-package-manager/Sources/Utility/ArgumentParserShellCompletion.swift (in target 'Utility' from project 'SwiftPM')
SwiftCompile normal arm64 /Users/admin/builder/spi-builder-workspace/.dependencies/checkouts/swift-package-manager/Sources/Utility/ArgumentParser.swift (in target 'Utility' from project 'SwiftPM')
cd /Users/admin/builder/spi-builder-workspace/.swiftpm/xcode
builtin-SwiftPerFileCompile ArgumentParser.swift
SwiftCompile normal arm64 /Users/admin/builder/spi-builder-workspace/.dependencies/checkouts/swift-package-manager/Sources/Utility/ArgumentParserShellCompletion.swift (in target 'Utility' from project 'SwiftPM')
cd /Users/admin/builder/spi-builder-workspace/.swiftpm/xcode
builtin-SwiftPerFileCompile ArgumentParserShellCompletion.swift
SwiftCompile normal arm64 Compiling\ BuildFlags.swift,\ CollectionExtensions.swift /Users/admin/builder/spi-builder-workspace/.dependencies/checkouts/swift-package-manager/Sources/Utility/BuildFlags.swift /Users/admin/builder/spi-builder-workspace/.dependencies/checkouts/swift-package-manager/Sources/Utility/CollectionExtensions.swift (in target 'Utility' from project 'SwiftPM')
SwiftCompile normal arm64 /Users/admin/builder/spi-builder-workspace/.dependencies/checkouts/swift-package-manager/Sources/Utility/BuildFlags.swift (in target 'Utility' from project 'SwiftPM')
cd /Users/admin/builder/spi-builder-workspace/.swiftpm/xcode
builtin-SwiftPerFileCompile BuildFlags.swift
SwiftCompile normal arm64 /Users/admin/builder/spi-builder-workspace/.dependencies/checkouts/swift-package-manager/Sources/Utility/CollectionExtensions.swift (in target 'Utility' from project 'SwiftPM')
cd /Users/admin/builder/spi-builder-workspace/.swiftpm/xcode
builtin-SwiftPerFileCompile CollectionExtensions.swift
SwiftCompile normal arm64 Compiling\ StringExtensions.swift,\ StringMangling.swift /Users/admin/builder/spi-builder-workspace/.dependencies/checkouts/swift-package-manager/Sources/Utility/StringExtensions.swift /Users/admin/builder/spi-builder-workspace/.dependencies/checkouts/swift-package-manager/Sources/Utility/StringMangling.swift (in target 'Utility' from project 'SwiftPM')
SwiftCompile normal arm64 /Users/admin/builder/spi-builder-workspace/.dependencies/checkouts/swift-package-manager/Sources/Utility/StringExtensions.swift (in target 'Utility' from project 'SwiftPM')
cd /Users/admin/builder/spi-builder-workspace/.swiftpm/xcode
builtin-SwiftPerFileCompile StringExtensions.swift
SwiftCompile normal arm64 /Users/admin/builder/spi-builder-workspace/.dependencies/checkouts/swift-package-manager/Sources/Utility/StringMangling.swift (in target 'Utility' from project 'SwiftPM')
cd /Users/admin/builder/spi-builder-workspace/.swiftpm/xcode
builtin-SwiftPerFileCompile StringMangling.swift
SwiftCompile normal arm64 Compiling\ Diagnostics.swift,\ Git.swift /Users/admin/builder/spi-builder-workspace/.dependencies/checkouts/swift-package-manager/Sources/Utility/Diagnostics.swift /Users/admin/builder/spi-builder-workspace/.dependencies/checkouts/swift-package-manager/Sources/Utility/Git.swift (in target 'Utility' from project 'SwiftPM')
SwiftCompile normal arm64 /Users/admin/builder/spi-builder-workspace/.dependencies/checkouts/swift-package-manager/Sources/Utility/Diagnostics.swift (in target 'Utility' from project 'SwiftPM')
cd /Users/admin/builder/spi-builder-workspace/.swiftpm/xcode
builtin-SwiftPerFileCompile Diagnostics.swift
SwiftCompile normal arm64 /Users/admin/builder/spi-builder-workspace/.dependencies/checkouts/swift-package-manager/Sources/Utility/Git.swift (in target 'Utility' from project 'SwiftPM')
cd /Users/admin/builder/spi-builder-workspace/.swiftpm/xcode
builtin-SwiftPerFileCompile Git.swift
SwiftCompile normal arm64 Compiling\ Platform.swift,\ Process.swift /Users/admin/builder/spi-builder-workspace/.dependencies/checkouts/swift-package-manager/Sources/Utility/Platform.swift /Users/admin/builder/spi-builder-workspace/.dependencies/checkouts/swift-package-manager/Sources/Utility/Process.swift (in target 'Utility' from project 'SwiftPM')
SwiftCompile normal arm64 /Users/admin/builder/spi-builder-workspace/.dependencies/checkouts/swift-package-manager/Sources/Utility/Platform.swift (in target 'Utility' from project 'SwiftPM')
cd /Users/admin/builder/spi-builder-workspace/.swiftpm/xcode
builtin-SwiftPerFileCompile Platform.swift
SwiftCompile normal arm64 /Users/admin/builder/spi-builder-workspace/.dependencies/checkouts/swift-package-manager/Sources/Utility/Process.swift (in target 'Utility' from project 'SwiftPM')
cd /Users/admin/builder/spi-builder-workspace/.swiftpm/xcode
builtin-SwiftPerFileCompile Process.swift
SwiftCompile normal arm64 Compiling\ InterruptHandler.swift,\ PkgConfig.swift /Users/admin/builder/spi-builder-workspace/.dependencies/checkouts/swift-package-manager/Sources/Utility/InterruptHandler.swift /Users/admin/builder/spi-builder-workspace/.dependencies/checkouts/swift-package-manager/Sources/Utility/PkgConfig.swift (in target 'Utility' from project 'SwiftPM')
/Users/admin/builder/spi-builder-workspace/.dependencies/checkouts/swift-package-manager/Sources/Utility/InterruptHandler.swift:44:16: error: value of type 'sigaction' has no member '__sigaction_handler'
42 | action.__sigaction_u.__sa_handler = signalHandler
43 | #else
44 | action.__sigaction_handler = unsafeBitCast(
| `- error: value of type 'sigaction' has no member '__sigaction_handler'
45 | signalHandler,
46 | to: sigaction.__Unnamed_union___sigaction_handler.self)
/Users/admin/builder/spi-builder-workspace/.dependencies/checkouts/swift-package-manager/Sources/Utility/InterruptHandler.swift:46:27: error: type 'sigaction' has no member '__Unnamed_union___sigaction_handler'
44 | action.__sigaction_handler = unsafeBitCast(
45 | signalHandler,
46 | to: sigaction.__Unnamed_union___sigaction_handler.self)
| `- error: type 'sigaction' has no member '__Unnamed_union___sigaction_handler'
47 | #endif
48 | // Install the new handler.
Failed frontend command:
/Applications/Xcode-27.0.0-Release.Candidate.app/Contents/Developer/Toolchains/XcodeDefault.xctoolchain/usr/bin/swift-frontend -frontend -c /Users/admin/builder/spi-builder-workspace/.dependencies/checkouts/swift-package-manager/Sources/Utility/ArgumentParser.swift /Users/admin/builder/spi-builder-workspace/.dependencies/checkouts/swift-package-manager/Sources/Utility/ArgumentParserShellCompletion.swift /Users/admin/builder/spi-builder-workspace/.dependencies/checkouts/swift-package-manager/Sources/Utility/BuildFlags.swift /Users/admin/builder/spi-builder-workspace/.dependencies/checkouts/swift-package-manager/Sources/Utility/CollectionExtensions.swift /Users/admin/builder/spi-builder-workspace/.dependencies/checkouts/swift-package-manager/Sources/Utility/Diagnostics.swift /Users/admin/builder/spi-builder-workspace/.dependencies/checkouts/swift-package-manager/Sources/Utility/Git.swift -primary-file /Users/admin/builder/spi-builder-workspace/.dependencies/checkouts/swift-package-manager/Sources/Utility/InterruptHandler.swift -primary-file /Users/admin/builder/spi-builder-workspace/.dependencies/checkouts/swift-package-manager/Sources/Utility/PkgConfig.swift /Users/admin/builder/spi-builder-workspace/.dependencies/checkouts/swift-package-manager/Sources/Utility/Platform.swift /Users/admin/builder/spi-builder-workspace/.dependencies/checkouts/swift-package-manager/Sources/Utility/Process.swift /Users/admin/builder/spi-builder-workspace/.dependencies/checkouts/swift-package-manager/Sources/Utility/ProgressBar.swift /Users/admin/builder/spi-builder-workspace/.dependencies/checkouts/swift-package-manager/Sources/Utility/SimplePersistence.swift /Users/admin/builder/spi-builder-workspace/.dependencies/checkouts/swift-package-manager/Sources/Utility/StringExtensions.swift /Users/admin/builder/spi-builder-workspace/.dependencies/checkouts/swift-package-manager/Sources/Utility/StringMangling.swift /Users/admin/builder/spi-builder-workspace/.dependencies/checkouts/swift-package-manager/Sources/Utility/URL.swift /Users/admin/builder/spi-builder-workspace/.dependencies/checkouts/swift-package-manager/Sources/Utility/Verbosity.swift /Users/admin/builder/spi-builder-workspace/.dependencies/checkouts/swift-package-manager/Sources/Utility/Version.swift /Users/admin/builder/spi-builder-workspace/.dependencies/checkouts/swift-package-manager/Sources/Utility/Versioning.swift /Users/admin/builder/spi-builder-workspace/.dependencies/checkouts/swift-package-manager/Sources/Utility/misc.swift -emit-dependencies-path /Users/admin/builder/spi-builder-workspace/.derivedData/Build/Intermediates.noindex/SwiftPM.build/Debug-watchos/Utility-t.build/Objects-normal/arm64/InterruptHandler.d -emit-const-values-path /Users/admin/builder/spi-builder-workspace/.derivedData/Build/Intermediates.noindex/SwiftPM.build/Debug-watchos/Utility-t.build/Objects-normal/arm64/InterruptHandler.swiftconstvalues -emit-reference-dependencies-path /Users/admin/builder/spi-builder-workspace/.derivedData/Build/Intermediates.noindex/SwiftPM.build/Debug-watchos/Utility-t.build/Objects-normal/arm64/InterruptHandler.swiftdeps -serialize-diagnostics-path /Users/admin/builder/spi-builder-workspace/.derivedData/Build/Intermediates.noindex/SwiftPM.build/Debug-watchos/Utility-t.build/Objects-normal/arm64/InterruptHandler.dia -emit-dependencies-path /Users/admin/builder/spi-builder-workspace/.derivedData/Build/Intermediates.noindex/SwiftPM.build/Debug-watchos/Utility-t.build/Objects-normal/arm64/PkgConfig.d -emit-const-values-path /Users/admin/builder/spi-builder-workspace/.derivedData/Build/Intermediates.noindex/SwiftPM.build/Debug-watchos/Utility-t.build/Objects-normal/arm64/PkgConfig.swiftconstvalues -emit-reference-dependencies-path /Users/admin/builder/spi-builder-workspace/.derivedData/Build/Intermediates.noindex/SwiftPM.build/Debug-watchos/Utility-t.build/Objects-normal/arm64/PkgConfig.swiftdeps -serialize-diagnostics-path /Users/admin/builder/spi-builder-workspace/.derivedData/Build/Intermediates.noindex/SwiftPM.build/Debug-watchos/Utility-t.build/Objects-normal/arm64/PkgConfig.dia -target arm64-apple-watchos9.0 -Xllvm -aarch64-use-tbi -enable-objc-interop -stack-check -sdk /Applications/Xcode-27.0.0-Release.Candidate.app/Contents/Developer/Platforms/WatchOS.platform/Developer/SDKs/WatchOS27.0.sdk -I /Users/admin/builder/spi-builder-workspace/.derivedData/Build/Products/Debug-watchos -Isystem /Applications/Xcode-27.0.0-Release.Candidate.app/Contents/Developer/Platforms/WatchOS.platform/Developer/usr/lib -F /Users/admin/builder/spi-builder-workspace/.derivedData/Build/Products/Debug-watchos/PackageFrameworks -F /Users/admin/builder/spi-builder-workspace/.derivedData/Build/Products/Debug-watchos -F /Applications/Xcode-27.0.0-Release.Candidate.app/Contents/Developer/Platforms/WatchOS.platform/Developer/Library/Frameworks -F /Applications/Xcode-27.0.0-Release.Candidate.app/Contents/Developer/Platforms/WatchOS.platform/Developer/SDKs/WatchOS27.0.sdk/Developer/Library/Frameworks -module-cache-path /Users/admin/builder/spi-builder-workspace/.derivedData/ModuleCache.noindex -no-color-diagnostics -Xcc -fno-color-diagnostics -enable-testing -g -debug-info-format\=dwarf -dwarf-version\=4 -suppress-warnings -profile-generate -profile-coverage-mapping -swift-version 4 -Onone -D SWIFT_PACKAGE -D DEBUG -D SWIFT_MODULE_RESOURCE_BUNDLE_UNAVAILABLE -D Xcode -serialize-debugging-options -enable-experimental-feature DebugDescriptionMacro -empty-abi-descriptor -plugin-path /Applications/Xcode-27.0.0-Release.Candidate.app/Contents/Developer/Toolchains/XcodeDefault.xctoolchain/usr/lib/swift/host/plugins/testing -validate-clang-modules-once -clang-build-session-file /Users/admin/builder/spi-builder-workspace/.derivedData/ModuleCache.noindex/Session.modulevalidation -Xcc -working-directory -Xcc /Users/admin/builder/spi-builder-workspace/.swiftpm/xcode -enable-anonymous-context-mangled-names -file-compilation-dir /Users/admin/builder/spi-builder-workspace/.swiftpm/xcode -Xcc -fmodule-map-file\=/Users/admin/builder/spi-builder-workspace/.dependencies/checkouts/swift-package-manager/Sources/clibc/include/module.modulemap -Xcc -D_LIBCPP_HARDENING_MODE\=_LIBCPP_HARDENING_MODE_DEBUG -Xcc -ivfsstatcache -Xcc /Users/admin/builder/spi-builder-workspace/.derivedData/SDKStatCaches.noindex/watchos27.0-24R360-e829b21a6f8c9b70876ba0858053c04477534ef55a1706bf4c1112bbb242f0a2.sdkstatcache -Xcc -fmodules-prune-interval\=86400 -Xcc -fmodules-prune-after\=345600 -Xcc -I/Users/admin/builder/spi-builder-workspace/.dependencies/checkouts/swift-package-manager/Sources/clibc/include -Xcc -I/Users/admin/builder/spi-builder-workspace/.derivedData/Build/Products/Debug-watchos/include -Xcc -I/Users/admin/builder/spi-builder-workspace/.derivedData/Build/Intermediates.noindex/SwiftPM.build/Debug-watchos/Utility-t.build/DerivedSources-normal/arm64 -Xcc -I/Users/admin/builder/spi-builder-workspace/.derivedData/Build/Intermediates.noindex/SwiftPM.build/Debug-watchos/Utility-t.build/DerivedSources/arm64 -Xcc -I/Users/admin/builder/spi-builder-workspace/.derivedData/Build/Intermediates.noindex/SwiftPM.build/Debug-watchos/Utility-t.build/DerivedSources -Xcc -DSWIFT_PACKAGE -Xcc -DDEBUG\=1 -no-auto-bridging-header-chaining -module-name Utility -const-gather-protocols-file /Users/admin/builder/spi-builder-workspace/.derivedData/Build/Intermediates.noindex/SwiftPM.build/Debug-watchos/Utility-t.build/Objects-normal/arm64/Utility_const_extract_protocols.json -disable-clang-spi -target-sdk-version 27.0 -target-sdk-name watchos27.0 -external-plugin-path /Applications/Xcode-27.0.0-Release.Candidate.app/Contents/Developer/Platforms/WatchOS.platform/Developer/usr/lib/swift/host/plugins\#/Applications/Xcode-27.0.0-Release.Candidate.app/Contents/Developer/Platforms/WatchOS.platform/Developer/usr/bin/swift-plugin-server -external-plugin-path /Applications/Xcode-27.0.0-Release.Candidate.app/Contents/Developer/Platforms/WatchOS.platform/Developer/usr/local/lib/swift/host/plugins\#/Applications/Xcode-27.0.0-Release.Candidate.app/Contents/Developer/Platforms/WatchOS.platform/Developer/usr/bin/swift-plugin-server -in-process-plugin-server-path /Applications/Xcode-27.0.0-Release.Candidate.app/Contents/Developer/Toolchains/XcodeDefault.xctoolchain/usr/lib/swift/host/libSwiftInProcPluginServer.dylib -plugin-path /Applications/Xcode-27.0.0-Release.Candidate.app/Contents/Developer/Toolchains/XcodeDefault.xctoolchain/usr/lib/swift/host/plugins -plugin-path /Applications/Xcode-27.0.0-Release.Candidate.app/Contents/Developer/Toolchains/XcodeDefault.xctoolchain/usr/local/lib/swift/host/plugins -parse-as-library -o /Users/admin/builder/spi-builder-workspace/.derivedData/Build/Intermediates.noindex/SwiftPM.build/Debug-watchos/Utility-t.build/Objects-normal/arm64/InterruptHandler.o -o /Users/admin/builder/spi-builder-workspace/.derivedData/Build/Intermediates.noindex/SwiftPM.build/Debug-watchos/Utility-t.build/Objects-normal/arm64/PkgConfig.o -index-unit-output-path /SwiftPM.build/Debug-watchos/Utility-t.build/Objects-normal/arm64/InterruptHandler.o -index-unit-output-path /SwiftPM.build/Debug-watchos/Utility-t.build/Objects-normal/arm64/PkgConfig.o -index-store-path /Users/admin/builder/spi-builder-workspace/.derivedData/Index.noindex/DataStore -index-system-modules
SwiftCompile normal arm64 /Users/admin/builder/spi-builder-workspace/.dependencies/checkouts/swift-package-manager/Sources/Utility/InterruptHandler.swift (in target 'Utility' from project 'SwiftPM')
cd /Users/admin/builder/spi-builder-workspace/.swiftpm/xcode
builtin-SwiftPerFileCompile InterruptHandler.swift
SwiftCompile normal arm64 /Users/admin/builder/spi-builder-workspace/.dependencies/checkouts/swift-package-manager/Sources/Utility/PkgConfig.swift (in target 'Utility' from project 'SwiftPM')
cd /Users/admin/builder/spi-builder-workspace/.swiftpm/xcode
builtin-SwiftPerFileCompile PkgConfig.swift
SwiftCompile normal arm64 Compiling\ URL.swift,\ Verbosity.swift /Users/admin/builder/spi-builder-workspace/.dependencies/checkouts/swift-package-manager/Sources/Utility/URL.swift /Users/admin/builder/spi-builder-workspace/.dependencies/checkouts/swift-package-manager/Sources/Utility/Verbosity.swift (in target 'Utility' from project 'SwiftPM')
SwiftCompile normal arm64 /Users/admin/builder/spi-builder-workspace/.dependencies/checkouts/swift-package-manager/Sources/Utility/URL.swift (in target 'Utility' from project 'SwiftPM')
cd /Users/admin/builder/spi-builder-workspace/.swiftpm/xcode
builtin-SwiftPerFileCompile URL.swift
SwiftCompile normal arm64 /Users/admin/builder/spi-builder-workspace/.dependencies/checkouts/swift-package-manager/Sources/Utility/Verbosity.swift (in target 'Utility' from project 'SwiftPM')
cd /Users/admin/builder/spi-builder-workspace/.swiftpm/xcode
builtin-SwiftPerFileCompile Verbosity.swift
SwiftCompile normal arm64 Compiling\ ProgressBar.swift,\ SimplePersistence.swift /Users/admin/builder/spi-builder-workspace/.dependencies/checkouts/swift-package-manager/Sources/Utility/ProgressBar.swift /Users/admin/builder/spi-builder-workspace/.dependencies/checkouts/swift-package-manager/Sources/Utility/SimplePersistence.swift (in target 'Utility' from project 'SwiftPM')
SwiftCompile normal arm64 /Users/admin/builder/spi-builder-workspace/.dependencies/checkouts/swift-package-manager/Sources/Utility/ProgressBar.swift (in target 'Utility' from project 'SwiftPM')
cd /Users/admin/builder/spi-builder-workspace/.swiftpm/xcode
builtin-SwiftPerFileCompile ProgressBar.swift
SwiftCompile normal arm64 /Users/admin/builder/spi-builder-workspace/.dependencies/checkouts/swift-package-manager/Sources/Utility/SimplePersistence.swift (in target 'Utility' from project 'SwiftPM')
cd /Users/admin/builder/spi-builder-workspace/.swiftpm/xcode
builtin-SwiftPerFileCompile SimplePersistence.swift
SwiftEmitModule normal arm64_32 Emitting\ module\ for\ Utility (in target 'Utility' from project 'SwiftPM')
SwiftCompile normal arm64_32 (in target 'Utility' from project 'SwiftPM')
cd /Users/admin/builder/spi-builder-workspace/.swiftpm/xcode
SwiftEmitModule normal arm64 Emitting\ module\ for\ Utility (in target 'Utility' from project 'SwiftPM')
SwiftCompile normal arm64 (in target 'Utility' from project 'SwiftPM')
cd /Users/admin/builder/spi-builder-workspace/.swiftpm/xcode
SwiftEmitModule normal arm64 Emitting\ module\ for\ Basic (in target 'Basic' from project 'SwiftPM')
SwiftCompile normal arm64 (in target 'Basic' from project 'SwiftPM')
cd /Users/admin/builder/spi-builder-workspace/.swiftpm/xcode
SwiftDriverJobDiscovery normal arm64 Compiling BuildFlags.swift, CollectionExtensions.swift (in target 'Utility' from project 'SwiftPM')
SwiftEmitModule normal arm64_32 Emitting\ module\ for\ Basic (in target 'Basic' from project 'SwiftPM')
SwiftCompile normal arm64_32 (in target 'Basic' from project 'SwiftPM')
cd /Users/admin/builder/spi-builder-workspace/.swiftpm/xcode
SwiftDriverJobDiscovery normal arm64 Compiling URL.swift, Verbosity.swift (in target 'Utility' from project 'SwiftPM')
SwiftCompile normal arm64_32 Compiling\ InterruptHandler.swift,\ PkgConfig.swift /Users/admin/builder/spi-builder-workspace/.dependencies/checkouts/swift-package-manager/Sources/Utility/InterruptHandler.swift /Users/admin/builder/spi-builder-workspace/.dependencies/checkouts/swift-package-manager/Sources/Utility/PkgConfig.swift (in target 'Utility' from project 'SwiftPM')
SwiftCompile normal arm64_32 /Users/admin/builder/spi-builder-workspace/.dependencies/checkouts/swift-package-manager/Sources/Utility/InterruptHandler.swift (in target 'Utility' from project 'SwiftPM')
cd /Users/admin/builder/spi-builder-workspace/.swiftpm/xcode
builtin-SwiftPerFileCompile InterruptHandler.swift
SwiftCompile normal arm64_32 /Users/admin/builder/spi-builder-workspace/.dependencies/checkouts/swift-package-manager/Sources/Utility/PkgConfig.swift (in target 'Utility' from project 'SwiftPM')
cd /Users/admin/builder/spi-builder-workspace/.swiftpm/xcode
builtin-SwiftPerFileCompile PkgConfig.swift
/Users/admin/builder/spi-builder-workspace/.dependencies/checkouts/swift-package-manager/Sources/Utility/InterruptHandler.swift:44:16: error: value of type 'sigaction' has no member '__sigaction_handler'
42 | action.__sigaction_u.__sa_handler = signalHandler
43 | #else
44 | action.__sigaction_handler = unsafeBitCast(
| `- error: value of type 'sigaction' has no member '__sigaction_handler'
45 | signalHandler,
46 | to: sigaction.__Unnamed_union___sigaction_handler.self)
SwiftDriverJobDiscovery normal arm64 Emitting module for Utility (in target 'Utility' from project 'SwiftPM')
SwiftCompile normal arm64_32 Compiling\ StringExtensions.swift,\ StringMangling.swift /Users/admin/builder/spi-builder-workspace/.dependencies/checkouts/swift-package-manager/Sources/Utility/StringExtensions.swift /Users/admin/builder/spi-builder-workspace/.dependencies/checkouts/swift-package-manager/Sources/Utility/StringMangling.swift (in target 'Utility' from project 'SwiftPM')
SwiftCompile normal arm64_32 /Users/admin/builder/spi-builder-workspace/.dependencies/checkouts/swift-package-manager/Sources/Utility/StringExtensions.swift (in target 'Utility' from project 'SwiftPM')
cd /Users/admin/builder/spi-builder-workspace/.swiftpm/xcode
builtin-SwiftPerFileCompile StringExtensions.swift
SwiftCompile normal arm64_32 /Users/admin/builder/spi-builder-workspace/.dependencies/checkouts/swift-package-manager/Sources/Utility/StringMangling.swift (in target 'Utility' from project 'SwiftPM')
cd /Users/admin/builder/spi-builder-workspace/.swiftpm/xcode
builtin-SwiftPerFileCompile StringMangling.swift
SwiftDriverJobDiscovery normal arm64_32 Emitting module for Utility (in target 'Utility' from project 'SwiftPM')
SwiftDriver\ Compilation\ Requirements Utility normal arm64_32 com.apple.xcode.tools.swift.compiler (in target 'Utility' from project 'SwiftPM')
cd /Users/admin/builder/spi-builder-workspace/.swiftpm/xcode
builtin-Swift-Compilation-Requirements -- /Applications/Xcode-27.0.0-Release.Candidate.app/Contents/Developer/Toolchains/XcodeDefault.xctoolchain/usr/bin/swiftc -parse-as-library -module-name Utility -Onone @/Users/admin/builder/spi-builder-workspace/.derivedData/Build/Intermediates.noindex/SwiftPM.build/Debug-watchos/Utility-t.build/Objects-normal/arm64_32/Utility.SwiftFileList -DSWIFT_PACKAGE -DDEBUG -DSWIFT_MODULE_RESOURCE_BUNDLE_UNAVAILABLE -Xcc -fmodule-map-file\=/Users/admin/builder/spi-builder-workspace/.dependencies/checkouts/swift-package-manager/Sources/clibc/include/module.modulemap -DXcode -plugin-path /Applications/Xcode-27.0.0-Release.Candidate.app/Contents/Developer/Toolchains/XcodeDefault.xctoolchain/usr/lib/swift/host/plugins/testing -enable-experimental-feature DebugDescriptionMacro -sdk /Applications/Xcode-27.0.0-Release.Candidate.app/Contents/Developer/Platforms/WatchOS.platform/Developer/SDKs/WatchOS27.0.sdk -target arm64_32-apple-watchos9.0 -g -module-cache-path /Users/admin/builder/spi-builder-workspace/.derivedData/ModuleCache.noindex -Xfrontend -serialize-debugging-options -profile-coverage-mapping -profile-generate -enable-testing -suppress-warnings -index-store-path /Users/admin/builder/spi-builder-workspace/.derivedData/Index.noindex/DataStore -Xcc -D_LIBCPP_HARDENING_MODE\=_LIBCPP_HARDENING_MODE_DEBUG -swift-version 4 -I /Users/admin/builder/spi-builder-workspace/.derivedData/Build/Products/Debug-watchos -Isystem /Applications/Xcode-27.0.0-Release.Candidate.app/Contents/Developer/Platforms/WatchOS.platform/Developer/usr/lib -F /Users/admin/builder/spi-builder-workspace/.derivedData/Build/Products/Debug-watchos/PackageFrameworks -F /Users/admin/builder/spi-builder-workspace/.derivedData/Build/Products/Debug-watchos -F /Applications/Xcode-27.0.0-Release.Candidate.app/Contents/Developer/Platforms/WatchOS.platform/Developer/Library/Frameworks -F /Applications/Xcode-27.0.0-Release.Candidate.app/Contents/Developer/Platforms/WatchOS.platform/Developer/SDKs/WatchOS27.0.sdk/Developer/Library/Frameworks -c -j10 -enable-batch-mode -incremental -Xcc -ivfsstatcache -Xcc /Users/admin/builder/spi-builder-workspace/.derivedData/SDKStatCaches.noindex/watchos27.0-24R360-e829b21a6f8c9b70876ba0858053c04477534ef55a1706bf4c1112bbb242f0a2.sdkstatcache -output-file-map /Users/admin/builder/spi-builder-workspace/.derivedData/Build/Intermediates.noindex/SwiftPM.build/Debug-watchos/Utility-t.build/Objects-normal/arm64_32/Utility-OutputFileMap.json -save-temps -no-color-diagnostics -emit-dependencies -emit-module -emit-module-path /Users/admin/builder/spi-builder-workspace/.derivedData/Build/Intermediates.noindex/SwiftPM.build/Debug-watchos/Utility-t.build/Objects-normal/arm64_32/Utility.swiftmodule -serialize-diagnostics -validate-clang-modules-once -clang-build-session-file /Users/admin/builder/spi-builder-workspace/.derivedData/ModuleCache.noindex/Session.modulevalidation -Xcc -fmodules-prune-interval\=86400 -Xcc -fmodules-prune-after\=345600 -emit-const-values -const-gather-protocols-list /Users/admin/builder/spi-builder-workspace/.derivedData/Build/Intermediates.noindex/SwiftPM.build/Debug-watchos/Utility-t.build/Objects-normal/arm64_32/Utility_const_extract_protocols.json -Xcc -I/Users/admin/builder/spi-builder-workspace/.dependencies/checkouts/swift-package-manager/Sources/clibc/include -Xcc -I/Users/admin/builder/spi-builder-workspace/.derivedData/Build/Products/Debug-watchos/include -Xcc -I/Users/admin/builder/spi-builder-workspace/.derivedData/Build/Intermediates.noindex/SwiftPM.build/Debug-watchos/Utility-t.build/DerivedSources-normal/arm64_32 -Xcc -I/Users/admin/builder/spi-builder-workspace/.derivedData/Build/Intermediates.noindex/SwiftPM.build/Debug-watchos/Utility-t.build/DerivedSources/arm64_32 -Xcc -I/Users/admin/builder/spi-builder-workspace/.derivedData/Build/Intermediates.noindex/SwiftPM.build/Debug-watchos/Utility-t.build/DerivedSources -Xcc -DSWIFT_PACKAGE -Xcc -DDEBUG\=1 -emit-objc-header -emit-objc-header-path /Users/admin/builder/spi-builder-workspace/.derivedData/Build/Intermediates.noindex/SwiftPM.build/Debug-watchos/Utility-t.build/Objects-normal/arm64_32/Utility-Swift.h -working-directory /Users/admin/builder/spi-builder-workspace/.swiftpm/xcode -experimental-emit-module-separately -disable-cmo
SwiftDriverJobDiscovery normal arm64 Compiling ProgressBar.swift, SimplePersistence.swift (in target 'Utility' from project 'SwiftPM')
SwiftDriver\ Compilation\ Requirements Utility normal arm64 com.apple.xcode.tools.swift.compiler (in target 'Utility' from project 'SwiftPM')
cd /Users/admin/builder/spi-builder-workspace/.swiftpm/xcode
builtin-Swift-Compilation-Requirements -- /Applications/Xcode-27.0.0-Release.Candidate.app/Contents/Developer/Toolchains/XcodeDefault.xctoolchain/usr/bin/swiftc -parse-as-library -module-name Utility -Onone @/Users/admin/builder/spi-builder-workspace/.derivedData/Build/Intermediates.noindex/SwiftPM.build/Debug-watchos/Utility-t.build/Objects-normal/arm64/Utility.SwiftFileList -DSWIFT_PACKAGE -DDEBUG -DSWIFT_MODULE_RESOURCE_BUNDLE_UNAVAILABLE -Xcc -fmodule-map-file\=/Users/admin/builder/spi-builder-workspace/.dependencies/checkouts/swift-package-manager/Sources/clibc/include/module.modulemap -DXcode -plugin-path /Applications/Xcode-27.0.0-Release.Candidate.app/Contents/Developer/Toolchains/XcodeDefault.xctoolchain/usr/lib/swift/host/plugins/testing -enable-experimental-feature DebugDescriptionMacro -sdk /Applications/Xcode-27.0.0-Release.Candidate.app/Contents/Developer/Platforms/WatchOS.platform/Developer/SDKs/WatchOS27.0.sdk -target arm64-apple-watchos9.0 -g -module-cache-path /Users/admin/builder/spi-builder-workspace/.derivedData/ModuleCache.noindex -Xfrontend -serialize-debugging-options -profile-coverage-mapping -profile-generate -enable-testing -suppress-warnings -index-store-path /Users/admin/builder/spi-builder-workspace/.derivedData/Index.noindex/DataStore -Xcc -D_LIBCPP_HARDENING_MODE\=_LIBCPP_HARDENING_MODE_DEBUG -swift-version 4 -I /Users/admin/builder/spi-builder-workspace/.derivedData/Build/Products/Debug-watchos -Isystem /Applications/Xcode-27.0.0-Release.Candidate.app/Contents/Developer/Platforms/WatchOS.platform/Developer/usr/lib -F /Users/admin/builder/spi-builder-workspace/.derivedData/Build/Products/Debug-watchos/PackageFrameworks -F /Users/admin/builder/spi-builder-workspace/.derivedData/Build/Products/Debug-watchos -F /Applications/Xcode-27.0.0-Release.Candidate.app/Contents/Developer/Platforms/WatchOS.platform/Developer/Library/Frameworks -F /Applications/Xcode-27.0.0-Release.Candidate.app/Contents/Developer/Platforms/WatchOS.platform/Developer/SDKs/WatchOS27.0.sdk/Developer/Library/Frameworks -c -j10 -enable-batch-mode -incremental -Xcc -ivfsstatcache -Xcc /Users/admin/builder/spi-builder-workspace/.derivedData/SDKStatCaches.noindex/watchos27.0-24R360-e829b21a6f8c9b70876ba0858053c04477534ef55a1706bf4c1112bbb242f0a2.sdkstatcache -output-file-map /Users/admin/builder/spi-builder-workspace/.derivedData/Build/Intermediates.noindex/SwiftPM.build/Debug-watchos/Utility-t.build/Objects-normal/arm64/Utility-OutputFileMap.json -save-temps -no-color-diagnostics -emit-dependencies -emit-module -emit-module-path /Users/admin/builder/spi-builder-workspace/.derivedData/Build/Intermediates.noindex/SwiftPM.build/Debug-watchos/Utility-t.build/Objects-normal/arm64/Utility.swiftmodule -serialize-diagnostics -validate-clang-modules-once -clang-build-session-file /Users/admin/builder/spi-builder-workspace/.derivedData/ModuleCache.noindex/Session.modulevalidation -Xcc -fmodules-prune-interval\=86400 -Xcc -fmodules-prune-after\=345600 -emit-const-values -const-gather-protocols-list /Users/admin/builder/spi-builder-workspace/.derivedData/Build/Intermediates.noindex/SwiftPM.build/Debug-watchos/Utility-t.build/Objects-normal/arm64/Utility_const_extract_protocols.json -Xcc -I/Users/admin/builder/spi-builder-workspace/.dependencies/checkouts/swift-package-manager/Sources/clibc/include -Xcc -I/Users/admin/builder/spi-builder-workspace/.derivedData/Build/Products/Debug-watchos/include -Xcc -I/Users/admin/builder/spi-builder-workspace/.derivedData/Build/Intermediates.noindex/SwiftPM.build/Debug-watchos/Utility-t.build/DerivedSources-normal/arm64 -Xcc -I/Users/admin/builder/spi-builder-workspace/.derivedData/Build/Intermediates.noindex/SwiftPM.build/Debug-watchos/Utility-t.build/DerivedSources/arm64 -Xcc -I/Users/admin/builder/spi-builder-workspace/.derivedData/Build/Intermediates.noindex/SwiftPM.build/Debug-watchos/Utility-t.build/DerivedSources -Xcc -DSWIFT_PACKAGE -Xcc -DDEBUG\=1 -emit-objc-header -emit-objc-header-path /Users/admin/builder/spi-builder-workspace/.derivedData/Build/Intermediates.noindex/SwiftPM.build/Debug-watchos/Utility-t.build/Objects-normal/arm64/Utility-Swift.h -working-directory /Users/admin/builder/spi-builder-workspace/.swiftpm/xcode -experimental-emit-module-separately -disable-cmo
SwiftCompile normal arm64 Compiling\ Version.swift,\ Versioning.swift /Users/admin/builder/spi-builder-workspace/.dependencies/checkouts/swift-package-manager/Sources/Utility/Version.swift /Users/admin/builder/spi-builder-workspace/.dependencies/checkouts/swift-package-manager/Sources/Utility/Versioning.swift (in target 'Utility' from project 'SwiftPM')
SwiftCompile normal arm64 /Users/admin/builder/spi-builder-workspace/.dependencies/checkouts/swift-package-manager/Sources/Utility/Version.swift (in target 'Utility' from project 'SwiftPM')
cd /Users/admin/builder/spi-builder-workspace/.swiftpm/xcode
builtin-SwiftPerFileCompile Version.swift
SwiftCompile normal arm64 /Users/admin/builder/spi-builder-workspace/.dependencies/checkouts/swift-package-manager/Sources/Utility/Versioning.swift (in target 'Utility' from project 'SwiftPM')
cd /Users/admin/builder/spi-builder-workspace/.swiftpm/xcode
builtin-SwiftPerFileCompile Versioning.swift
SwiftMergeGeneratedHeaders /Users/admin/builder/spi-builder-workspace/.derivedData/Build/Intermediates.noindex/GeneratedModuleMaps-watchos/Utility-Swift.h /Users/admin/builder/spi-builder-workspace/.derivedData/Build/Intermediates.noindex/SwiftPM.build/Debug-watchos/Utility-t.build/Objects-normal/arm64/Utility-Swift.h /Users/admin/builder/spi-builder-workspace/.derivedData/Build/Intermediates.noindex/SwiftPM.build/Debug-watchos/Utility-t.build/Objects-normal/arm64_32/Utility-Swift.h (in target 'Utility' from project 'SwiftPM')
cd /Users/admin/builder/spi-builder-workspace/.dependencies/checkouts/swift-package-manager
builtin-swiftHeaderTool -arch arm64 /Users/admin/builder/spi-builder-workspace/.derivedData/Build/Intermediates.noindex/SwiftPM.build/Debug-watchos/Utility-t.build/Objects-normal/arm64/Utility-Swift.h -arch arm64_32 /Users/admin/builder/spi-builder-workspace/.derivedData/Build/Intermediates.noindex/SwiftPM.build/Debug-watchos/Utility-t.build/Objects-normal/arm64_32/Utility-Swift.h -o /Users/admin/builder/spi-builder-workspace/.derivedData/Build/Intermediates.noindex/GeneratedModuleMaps-watchos/Utility-Swift.h
SwiftDriverJobDiscovery normal arm64 Compiling StringExtensions.swift, StringMangling.swift (in target 'Utility' from project 'SwiftPM')
Copy /Users/admin/builder/spi-builder-workspace/.derivedData/Build/Products/Debug-watchos/Utility.swiftmodule/arm64_32-apple-watchos.swiftmodule /Users/admin/builder/spi-builder-workspace/.derivedData/Build/Intermediates.noindex/SwiftPM.build/Debug-watchos/Utility-t.build/Objects-normal/arm64_32/Utility.swiftmodule (in target 'Utility' from project 'SwiftPM')
cd /Users/admin/builder/spi-builder-workspace/.dependencies/checkouts/swift-package-manager
builtin-copy -exclude .DS_Store -exclude CVS -exclude .svn -exclude .git -exclude .hg -resolve-src-symlinks -rename /Users/admin/builder/spi-builder-workspace/.derivedData/Build/Intermediates.noindex/SwiftPM.build/Debug-watchos/Utility-t.build/Objects-normal/arm64_32/Utility.swiftmodule /Users/admin/builder/spi-builder-workspace/.derivedData/Build/Products/Debug-watchos/Utility.swiftmodule/arm64_32-apple-watchos.swiftmodule
Copy /Users/admin/builder/spi-builder-workspace/.derivedData/Build/Products/Debug-watchos/Utility.swiftmodule/arm64_32-apple-watchos.swiftdoc /Users/admin/builder/spi-builder-workspace/.derivedData/Build/Intermediates.noindex/SwiftPM.build/Debug-watchos/Utility-t.build/Objects-normal/arm64_32/Utility.swiftdoc (in target 'Utility' from project 'SwiftPM')
cd /Users/admin/builder/spi-builder-workspace/.dependencies/checkouts/swift-package-manager
builtin-copy -exclude .DS_Store -exclude CVS -exclude .svn -exclude .git -exclude .hg -resolve-src-symlinks -rename /Users/admin/builder/spi-builder-workspace/.derivedData/Build/Intermediates.noindex/SwiftPM.build/Debug-watchos/Utility-t.build/Objects-normal/arm64_32/Utility.swiftdoc /Users/admin/builder/spi-builder-workspace/.derivedData/Build/Products/Debug-watchos/Utility.swiftmodule/arm64_32-apple-watchos.swiftdoc
Copy /Users/admin/builder/spi-builder-workspace/.derivedData/Build/Products/Debug-watchos/Utility.swiftmodule/arm64_32-apple-watchos.abi.json /Users/admin/builder/spi-builder-workspace/.derivedData/Build/Intermediates.noindex/SwiftPM.build/Debug-watchos/Utility-t.build/Objects-normal/arm64_32/Utility.abi.json (in target 'Utility' from project 'SwiftPM')
cd /Users/admin/builder/spi-builder-workspace/.dependencies/checkouts/swift-package-manager
builtin-copy -exclude .DS_Store -exclude CVS -exclude .svn -exclude .git -exclude .hg -resolve-src-symlinks -rename /Users/admin/builder/spi-builder-workspace/.derivedData/Build/Intermediates.noindex/SwiftPM.build/Debug-watchos/Utility-t.build/Objects-normal/arm64_32/Utility.abi.json /Users/admin/builder/spi-builder-workspace/.derivedData/Build/Products/Debug-watchos/Utility.swiftmodule/arm64_32-apple-watchos.abi.json
Copy /Users/admin/builder/spi-builder-workspace/.derivedData/Build/Products/Debug-watchos/Utility.swiftmodule/arm64-apple-watchos.swiftmodule /Users/admin/builder/spi-builder-workspace/.derivedData/Build/Intermediates.noindex/SwiftPM.build/Debug-watchos/Utility-t.build/Objects-normal/arm64/Utility.swiftmodule (in target 'Utility' from project 'SwiftPM')
cd /Users/admin/builder/spi-builder-workspace/.dependencies/checkouts/swift-package-manager
builtin-copy -exclude .DS_Store -exclude CVS -exclude .svn -exclude .git -exclude .hg -resolve-src-symlinks -rename /Users/admin/builder/spi-builder-workspace/.derivedData/Build/Intermediates.noindex/SwiftPM.build/Debug-watchos/Utility-t.build/Objects-normal/arm64/Utility.swiftmodule /Users/admin/builder/spi-builder-workspace/.derivedData/Build/Products/Debug-watchos/Utility.swiftmodule/arm64-apple-watchos.swiftmodule
Copy /Users/admin/builder/spi-builder-workspace/.derivedData/Build/Products/Debug-watchos/Utility.swiftmodule/arm64-apple-watchos.swiftdoc /Users/admin/builder/spi-builder-workspace/.derivedData/Build/Intermediates.noindex/SwiftPM.build/Debug-watchos/Utility-t.build/Objects-normal/arm64/Utility.swiftdoc (in target 'Utility' from project 'SwiftPM')
cd /Users/admin/builder/spi-builder-workspace/.dependencies/checkouts/swift-package-manager
builtin-copy -exclude .DS_Store -exclude CVS -exclude .svn -exclude .git -exclude .hg -resolve-src-symlinks -rename /Users/admin/builder/spi-builder-workspace/.derivedData/Build/Intermediates.noindex/SwiftPM.build/Debug-watchos/Utility-t.build/Objects-normal/arm64/Utility.swiftdoc /Users/admin/builder/spi-builder-workspace/.derivedData/Build/Products/Debug-watchos/Utility.swiftmodule/arm64-apple-watchos.swiftdoc
Copy /Users/admin/builder/spi-builder-workspace/.derivedData/Build/Products/Debug-watchos/Utility.swiftmodule/arm64-apple-watchos.abi.json /Users/admin/builder/spi-builder-workspace/.derivedData/Build/Intermediates.noindex/SwiftPM.build/Debug-watchos/Utility-t.build/Objects-normal/arm64/Utility.abi.json (in target 'Utility' from project 'SwiftPM')
cd /Users/admin/builder/spi-builder-workspace/.dependencies/checkouts/swift-package-manager
builtin-copy -exclude .DS_Store -exclude CVS -exclude .svn -exclude .git -exclude .hg -resolve-src-symlinks -rename /Users/admin/builder/spi-builder-workspace/.derivedData/Build/Intermediates.noindex/SwiftPM.build/Debug-watchos/Utility-t.build/Objects-normal/arm64/Utility.abi.json /Users/admin/builder/spi-builder-workspace/.derivedData/Build/Products/Debug-watchos/Utility.swiftmodule/arm64-apple-watchos.abi.json
Copy /Users/admin/builder/spi-builder-workspace/.derivedData/Build/Products/Debug-watchos/Utility.swiftmodule/Project/arm64_32-apple-watchos.swiftsourceinfo /Users/admin/builder/spi-builder-workspace/.derivedData/Build/Intermediates.noindex/SwiftPM.build/Debug-watchos/Utility-t.build/Objects-normal/arm64_32/Utility.swiftsourceinfo (in target 'Utility' from project 'SwiftPM')
cd /Users/admin/builder/spi-builder-workspace/.dependencies/checkouts/swift-package-manager
builtin-copy -exclude .DS_Store -exclude CVS -exclude .svn -exclude .git -exclude .hg -resolve-src-symlinks -rename /Users/admin/builder/spi-builder-workspace/.derivedData/Build/Intermediates.noindex/SwiftPM.build/Debug-watchos/Utility-t.build/Objects-normal/arm64_32/Utility.swiftsourceinfo /Users/admin/builder/spi-builder-workspace/.derivedData/Build/Products/Debug-watchos/Utility.swiftmodule/Project/arm64_32-apple-watchos.swiftsourceinfo
Copy /Users/admin/builder/spi-builder-workspace/.derivedData/Build/Products/Debug-watchos/Utility.swiftmodule/Project/arm64-apple-watchos.swiftsourceinfo /Users/admin/builder/spi-builder-workspace/.derivedData/Build/Intermediates.noindex/SwiftPM.build/Debug-watchos/Utility-t.build/Objects-normal/arm64/Utility.swiftsourceinfo (in target 'Utility' from project 'SwiftPM')
cd /Users/admin/builder/spi-builder-workspace/.dependencies/checkouts/swift-package-manager
builtin-copy -exclude .DS_Store -exclude CVS -exclude .svn -exclude .git -exclude .hg -resolve-src-symlinks -rename /Users/admin/builder/spi-builder-workspace/.derivedData/Build/Intermediates.noindex/SwiftPM.build/Debug-watchos/Utility-t.build/Objects-normal/arm64/Utility.swiftsourceinfo /Users/admin/builder/spi-builder-workspace/.derivedData/Build/Products/Debug-watchos/Utility.swiftmodule/Project/arm64-apple-watchos.swiftsourceinfo
SwiftCompile normal arm64_32 Compiling\ ProgressBar.swift,\ SimplePersistence.swift /Users/admin/builder/spi-builder-workspace/.dependencies/checkouts/swift-package-manager/Sources/Utility/ProgressBar.swift /Users/admin/builder/spi-builder-workspace/.dependencies/checkouts/swift-package-manager/Sources/Utility/SimplePersistence.swift (in target 'Utility' from project 'SwiftPM')
SwiftCompile normal arm64_32 /Users/admin/builder/spi-builder-workspace/.dependencies/checkouts/swift-package-manager/Sources/Utility/ProgressBar.swift (in target 'Utility' from project 'SwiftPM')
cd /Users/admin/builder/spi-builder-workspace/.swiftpm/xcode
builtin-SwiftPerFileCompile ProgressBar.swift
SwiftCompile normal arm64_32 /Users/admin/builder/spi-builder-workspace/.dependencies/checkouts/swift-package-manager/Sources/Utility/SimplePersistence.swift (in target 'Utility' from project 'SwiftPM')
cd /Users/admin/builder/spi-builder-workspace/.swiftpm/xcode
builtin-SwiftPerFileCompile SimplePersistence.swift
SwiftCompile normal arm64_32 Compiling\ Platform.swift,\ Process.swift /Users/admin/builder/spi-builder-workspace/.dependencies/checkouts/swift-package-manager/Sources/Utility/Platform.swift /Users/admin/builder/spi-builder-workspace/.dependencies/checkouts/swift-package-manager/Sources/Utility/Process.swift (in target 'Utility' from project 'SwiftPM')
SwiftCompile normal arm64_32 /Users/admin/builder/spi-builder-workspace/.dependencies/checkouts/swift-package-manager/Sources/Utility/Platform.swift (in target 'Utility' from project 'SwiftPM')
cd /Users/admin/builder/spi-builder-workspace/.swiftpm/xcode
builtin-SwiftPerFileCompile Platform.swift
SwiftCompile normal arm64_32 /Users/admin/builder/spi-builder-workspace/.dependencies/checkouts/swift-package-manager/Sources/Utility/Process.swift (in target 'Utility' from project 'SwiftPM')
cd /Users/admin/builder/spi-builder-workspace/.swiftpm/xcode
builtin-SwiftPerFileCompile Process.swift
SwiftCompile normal arm64_32 Compiling\ Version.swift,\ Versioning.swift /Users/admin/builder/spi-builder-workspace/.dependencies/checkouts/swift-package-manager/Sources/Utility/Version.swift /Users/admin/builder/spi-builder-workspace/.dependencies/checkouts/swift-package-manager/Sources/Utility/Versioning.swift (in target 'Utility' from project 'SwiftPM')
SwiftCompile normal arm64_32 /Users/admin/builder/spi-builder-workspace/.dependencies/checkouts/swift-package-manager/Sources/Utility/Version.swift (in target 'Utility' from project 'SwiftPM')
cd /Users/admin/builder/spi-builder-workspace/.swiftpm/xcode
builtin-SwiftPerFileCompile Version.swift
SwiftCompile normal arm64_32 /Users/admin/builder/spi-builder-workspace/.dependencies/checkouts/swift-package-manager/Sources/Utility/Versioning.swift (in target 'Utility' from project 'SwiftPM')
cd /Users/admin/builder/spi-builder-workspace/.swiftpm/xcode
builtin-SwiftPerFileCompile Versioning.swift
SwiftDriverJobDiscovery normal arm64_32 Compiling StringExtensions.swift, StringMangling.swift (in target 'Utility' from project 'SwiftPM')
SwiftCompile normal arm64_32 Compiling\ BuildFlags.swift,\ CollectionExtensions.swift /Users/admin/builder/spi-builder-workspace/.dependencies/checkouts/swift-package-manager/Sources/Utility/BuildFlags.swift /Users/admin/builder/spi-builder-workspace/.dependencies/checkouts/swift-package-manager/Sources/Utility/CollectionExtensions.swift (in target 'Utility' from project 'SwiftPM')
SwiftCompile normal arm64_32 /Users/admin/builder/spi-builder-workspace/.dependencies/checkouts/swift-package-manager/Sources/Utility/BuildFlags.swift (in target 'Utility' from project 'SwiftPM')
cd /Users/admin/builder/spi-builder-workspace/.swiftpm/xcode
builtin-SwiftPerFileCompile BuildFlags.swift
SwiftCompile normal arm64_32 /Users/admin/builder/spi-builder-workspace/.dependencies/checkouts/swift-package-manager/Sources/Utility/CollectionExtensions.swift (in target 'Utility' from project 'SwiftPM')
cd /Users/admin/builder/spi-builder-workspace/.swiftpm/xcode
builtin-SwiftPerFileCompile CollectionExtensions.swift
SwiftDriverJobDiscovery normal arm64_32 Compiling ProgressBar.swift, SimplePersistence.swift (in target 'Utility' from project 'SwiftPM')
SwiftCompile normal arm64_32 Compiling\ ArgumentParser.swift,\ ArgumentParserShellCompletion.swift /Users/admin/builder/spi-builder-workspace/.dependencies/checkouts/swift-package-manager/Sources/Utility/ArgumentParser.swift /Users/admin/builder/spi-builder-workspace/.dependencies/checkouts/swift-package-manager/Sources/Utility/ArgumentParserShellCompletion.swift (in target 'Utility' from project 'SwiftPM')
SwiftCompile normal arm64_32 /Users/admin/builder/spi-builder-workspace/.dependencies/checkouts/swift-package-manager/Sources/Utility/ArgumentParser.swift (in target 'Utility' from project 'SwiftPM')
cd /Users/admin/builder/spi-builder-workspace/.swiftpm/xcode
builtin-SwiftPerFileCompile ArgumentParser.swift
SwiftCompile normal arm64_32 /Users/admin/builder/spi-builder-workspace/.dependencies/checkouts/swift-package-manager/Sources/Utility/ArgumentParserShellCompletion.swift (in target 'Utility' from project 'SwiftPM')
cd /Users/admin/builder/spi-builder-workspace/.swiftpm/xcode
builtin-SwiftPerFileCompile ArgumentParserShellCompletion.swift
SwiftDriverJobDiscovery normal arm64 Compiling Version.swift, Versioning.swift (in target 'Utility' from project 'SwiftPM')
SwiftCompile normal arm64 Compiling\ misc.swift /Users/admin/builder/spi-builder-workspace/.dependencies/checkouts/swift-package-manager/Sources/Utility/misc.swift (in target 'Utility' from project 'SwiftPM')
SwiftCompile normal arm64 /Users/admin/builder/spi-builder-workspace/.dependencies/checkouts/swift-package-manager/Sources/Utility/misc.swift (in target 'Utility' from project 'SwiftPM')
cd /Users/admin/builder/spi-builder-workspace/.swiftpm/xcode
builtin-SwiftPerFileCompile misc.swift
SwiftCompile normal arm64_32 Compiling\ URL.swift,\ Verbosity.swift /Users/admin/builder/spi-builder-workspace/.dependencies/checkouts/swift-package-manager/Sources/Utility/URL.swift /Users/admin/builder/spi-builder-workspace/.dependencies/checkouts/swift-package-manager/Sources/Utility/Verbosity.swift (in target 'Utility' from project 'SwiftPM')
SwiftCompile normal arm64_32 /Users/admin/builder/spi-builder-workspace/.dependencies/checkouts/swift-package-manager/Sources/Utility/URL.swift (in target 'Utility' from project 'SwiftPM')
cd /Users/admin/builder/spi-builder-workspace/.swiftpm/xcode
builtin-SwiftPerFileCompile URL.swift
SwiftCompile normal arm64_32 /Users/admin/builder/spi-builder-workspace/.dependencies/checkouts/swift-package-manager/Sources/Utility/Verbosity.swift (in target 'Utility' from project 'SwiftPM')
cd /Users/admin/builder/spi-builder-workspace/.swiftpm/xcode
builtin-SwiftPerFileCompile Verbosity.swift
SwiftDriverJobDiscovery normal arm64 Compiling Platform.swift, Process.swift (in target 'Utility' from project 'SwiftPM')
SwiftCompile normal arm64_32 Compiling\ Diagnostics.swift,\ Git.swift /Users/admin/builder/spi-builder-workspace/.dependencies/checkouts/swift-package-manager/Sources/Utility/Diagnostics.swift /Users/admin/builder/spi-builder-workspace/.dependencies/checkouts/swift-package-manager/Sources/Utility/Git.swift (in target 'Utility' from project 'SwiftPM')
SwiftCompile normal arm64_32 /Users/admin/builder/spi-builder-workspace/.dependencies/checkouts/swift-package-manager/Sources/Utility/Diagnostics.swift (in target 'Utility' from project 'SwiftPM')
cd /Users/admin/builder/spi-builder-workspace/.swiftpm/xcode
builtin-SwiftPerFileCompile Diagnostics.swift
SwiftCompile normal arm64_32 /Users/admin/builder/spi-builder-workspace/.dependencies/checkouts/swift-package-manager/Sources/Utility/Git.swift (in target 'Utility' from project 'SwiftPM')
cd /Users/admin/builder/spi-builder-workspace/.swiftpm/xcode
builtin-SwiftPerFileCompile Git.swift
SwiftDriverJobDiscovery normal arm64 Compiling Diagnostics.swift, Git.swift (in target 'Utility' from project 'SwiftPM')
SwiftCompile normal arm64_32 Compiling\ misc.swift /Users/admin/builder/spi-builder-workspace/.dependencies/checkouts/swift-package-manager/Sources/Utility/misc.swift (in target 'Utility' from project 'SwiftPM')
SwiftCompile normal arm64_32 /Users/admin/builder/spi-builder-workspace/.dependencies/checkouts/swift-package-manager/Sources/Utility/misc.swift (in target 'Utility' from project 'SwiftPM')
cd /Users/admin/builder/spi-builder-workspace/.swiftpm/xcode
builtin-SwiftPerFileCompile misc.swift
PruneExplicitPrecompiledModules /Users/admin/builder/spi-builder-workspace/.derivedData/Build/Intermediates.noindex/SwiftExplicitPrecompiledModules
PruneExplicitPrecompiledModules /Users/admin/builder/spi-builder-workspace/.derivedData/Build/Intermediates.noindex/ExplicitPrecompiledModules
PruneExplicitPrecompiledModules /Users/admin/builder/spi-builder-workspace/.derivedData/SDKExplicitPrecompiledModules
2026-09-16 23:30:52.740 xcodebuild[768:4983] [MT] IDERunDestination: Supported platforms for the buildables in the current scheme is empty.
** BUILD FAILED **
The following build commands failed:
SwiftCompile normal arm64 Compiling\ InterruptHandler.swift,\ PkgConfig.swift /Users/admin/builder/spi-builder-workspace/.dependencies/checkouts/swift-package-manager/Sources/Utility/InterruptHandler.swift /Users/admin/builder/spi-builder-workspace/.dependencies/checkouts/swift-package-manager/Sources/Utility/PkgConfig.swift (in target 'Utility' from project 'SwiftPM')
SwiftCompile normal arm64 /Users/admin/builder/spi-builder-workspace/.dependencies/checkouts/swift-package-manager/Sources/Utility/InterruptHandler.swift (in target 'Utility' from project 'SwiftPM')
Building workspace CommandRegistry with scheme CommandRegistry
(3 failures)
BUILD FAILURE 6.4 watchOS