Build Information
Failed to build xivapi-swift, reference master (705b5f), with Swift 6.1 for Wasm on 3 Oct 2026 23:26:40 UTC.
Build Command
bash -c docker run --pull=always --rm -v "checkouts-54344844-1":/host -w "$PWD" -e JAVA_HOME="/root/.sdkman/candidates/java/current" -e SPI_BUILD="1" -e SPI_PROCESSING="1" registry.gitlab.com/saguaro1/spi-images:wasm-6.1-latest swift build --swift-sdk wasm32-unknown-wasi 2>&1Build Log
========================================
RunAll
========================================
Builder version: 5.1.1
Interrupt handler set up.
========================================
Checkout
========================================
Clone URL: https://github.com/Eisenhuth/xivapi-swift.git
Reference: master
Initialized empty Git repository in /host/spi-builder-workspace/.git/
hint: Using 'master' as the name for the initial branch. This default branch name
hint: is subject to change. To configure the initial branch name to use in all
hint: of your new repositories, which will suppress this warning, call:
hint:
hint: git config --global init.defaultBranch <name>
hint:
hint: Names commonly chosen instead of 'master' are 'main', 'trunk' and
hint: 'development'. The just-created branch can be renamed via this command:
hint:
hint: git branch -m <name>
From https://github.com/Eisenhuth/xivapi-swift
* branch master -> FETCH_HEAD
* [new branch] master -> origin/master
HEAD is now at 705b5f6 7.56x1
Cloned https://github.com/Eisenhuth/xivapi-swift.git
Revision (git rev-parse @):
705b5f6fc1d4937e46a3cefea500133b086f771c
SPI manifest file found: $PWD/.spi.yml
SUCCESS checkout https://github.com/Eisenhuth/xivapi-swift.git at master
========================================
Build
========================================
Selected platform: wasm
Swift version: 6.1
Building package at path: $PWD
https://github.com/Eisenhuth/xivapi-swift.git
https://github.com/Eisenhuth/xivapi-swift.git
WARNING: environment variable SUPPRESS_SWIFT_6_FLAGS is not set
Running build ...
bash -c docker run --pull=always --rm -v "checkouts-54344844-1":/host -w "$PWD" -e JAVA_HOME="/root/.sdkman/candidates/java/current" -e SPI_BUILD="1" -e SPI_PROCESSING="1" registry.gitlab.com/saguaro1/spi-images:wasm-6.1-latest swift build --swift-sdk wasm32-unknown-wasi -Xswiftc -Xfrontend -Xswiftc -stats-output-dir -Xswiftc -Xfrontend -Xswiftc .stats -Xswiftc -strict-concurrency=complete -Xswiftc -enable-upcoming-feature -Xswiftc StrictConcurrency -Xswiftc -enable-upcoming-feature -Xswiftc DisableOutwardActorInference -Xswiftc -enable-upcoming-feature -Xswiftc GlobalActorIsolatedTypesUsability -Xswiftc -enable-upcoming-feature -Xswiftc InferSendableFromCaptures 2>&1
wasm-6.1-latest: Pulling from saguaro1/spi-images
Digest: sha256:beceeede496da67681f4fa220a6b97cc098a0178841a413735f598dc6bbaf4c8
Status: Image is up to date for registry.gitlab.com/saguaro1/spi-images:wasm-6.1-latest
Building for debugging...
[0/3] Write sources
[0/3] Copying itemRecipeDict.json
[2/3] Write swift-version-24593BA9C3E375BF.txt
[4/70] Compiling xivapi_swift Title.swift
[5/70] Compiling xivapi_swift Tomestones.swift
[6/70] Compiling xivapi_swift TomestonesItem.swift
[7/70] Compiling xivapi_swift Town.swift
[8/70] Compiling xivapi_swift Trait.swift
[9/70] Compiling xivapi_swift TripleTriad.swift
[10/70] Compiling xivapi_swift TripleTriadCard.swift
[11/70] Compiling xivapi_swift TripleTriadCardRarity.swift
[12/70] Compiling xivapi_swift TripleTriadCardResident.swift
[13/70] Compiling xivapi_swift ItemSpecialBonus.swift
[14/70] Compiling xivapi_swift ItemUICategory.swift
[15/70] Compiling xivapi_swift JournalGenre.swift
[16/70] Compiling xivapi_swift Level.swift
[17/70] Compiling xivapi_swift LevelItem.swift
[18/70] Compiling xivapi_swift MKDLore.swift
[19/70] Compiling xivapi_swift MKDSupportJob.swift
[20/70] Compiling xivapi_swift MKDTrait.swift
[21/70] Compiling xivapi_swift Map.swift
[22/79] Compiling xivapi_swift BundleExtension.swift
[23/79] Compiling xivapi_swift Action+Extensions.swift
[24/79] Compiling xivapi_swift AozAction+Extensions.swift
[25/79] Compiling xivapi_swift ContentFinderCondition+Extensions.swift
[26/79] Compiling xivapi_swift Item+Extensions.swift
[27/79] Compiling xivapi_swift ItemFood+Extensions.swift
[28/79] Compiling xivapi_swift Map+Extensions.swift
[29/79] Compiling xivapi_swift NpcYell+Extensions.swift
[30/79] Compiling xivapi_swift PvPAction+Extensions.swift
[31/79] Compiling xivapi_swift Recipe+Extensions.swift
[32/79] Compiling xivapi_swift Action.swift
[33/79] Compiling xivapi_swift AozAction.swift
[34/79] Compiling xivapi_swift AozActionTransient.swift
[35/79] Compiling xivapi_swift BGM.swift
[36/79] Compiling xivapi_swift BaseParam.swift
[37/79] Compiling xivapi_swift ClassJob.swift
[38/79] Compiling xivapi_swift ClassJobCategory.swift
[39/79] Compiling xivapi_swift ContentFinderCondition.swift
[40/79] Compiling xivapi_swift ContentType.swift
[41/79] Compiling xivapi_swift ENpcResident.swift
[42/79] Compiling xivapi_swift NpcYell.swift
[43/79] Compiling xivapi_swift PvPAction.swift
[44/79] Compiling xivapi_swift Quest.swift
[45/79] Compiling xivapi_swift Recipe.swift
[46/79] Compiling xivapi_swift SecretRecipeBook.swift
[47/79] Compiling xivapi_swift SpecialShop.swift
[48/79] Compiling xivapi_swift SpecialShopItemCategory.swift
[49/79] Compiling xivapi_swift Stain.swift
[50/79] Compiling xivapi_swift Status.swift
[51/79] Compiling xivapi_swift Stain+Extensions.swift
/host/spi-builder-workspace/Sources/xivapi-swift/LoadData.swift:8:46: error: type 'URLSession' (aka 'AnyObject') has no member 'shared'
6 | public func loadData<T: Decodable>(_ url: URL) async -> T? {
7 | do{
8 | let (data, _) = try await URLSession.shared.data(from: url)
| `- error: type 'URLSession' (aka 'AnyObject') has no member 'shared'
9 | let decoder = JSONDecoder()
10 | let decoded = try decoder.decode(T.self, from: data)
[52/79] Compiling xivapi_swift Status+Extensions.swift
/host/spi-builder-workspace/Sources/xivapi-swift/LoadData.swift:8:46: error: type 'URLSession' (aka 'AnyObject') has no member 'shared'
6 | public func loadData<T: Decodable>(_ url: URL) async -> T? {
7 | do{
8 | let (data, _) = try await URLSession.shared.data(from: url)
| `- error: type 'URLSession' (aka 'AnyObject') has no member 'shared'
9 | let decoder = JSONDecoder()
10 | let decoded = try decoder.decode(T.self, from: data)
[53/79] Compiling xivapi_swift Trait+Extensions.swift
/host/spi-builder-workspace/Sources/xivapi-swift/LoadData.swift:8:46: error: type 'URLSession' (aka 'AnyObject') has no member 'shared'
6 | public func loadData<T: Decodable>(_ url: URL) async -> T? {
7 | do{
8 | let (data, _) = try await URLSession.shared.data(from: url)
| `- error: type 'URLSession' (aka 'AnyObject') has no member 'shared'
9 | let decoder = JSONDecoder()
10 | let decoded = try decoder.decode(T.self, from: data)
[54/79] Compiling xivapi_swift TripleTriad+Extensions.swift
/host/spi-builder-workspace/Sources/xivapi-swift/LoadData.swift:8:46: error: type 'URLSession' (aka 'AnyObject') has no member 'shared'
6 | public func loadData<T: Decodable>(_ url: URL) async -> T? {
7 | do{
8 | let (data, _) = try await URLSession.shared.data(from: url)
| `- error: type 'URLSession' (aka 'AnyObject') has no member 'shared'
9 | let decoder = JSONDecoder()
10 | let decoded = try decoder.decode(T.self, from: data)
[55/79] Compiling xivapi_swift TripleTriadCard+Extensions.swift
/host/spi-builder-workspace/Sources/xivapi-swift/LoadData.swift:8:46: error: type 'URLSession' (aka 'AnyObject') has no member 'shared'
6 | public func loadData<T: Decodable>(_ url: URL) async -> T? {
7 | do{
8 | let (data, _) = try await URLSession.shared.data(from: url)
| `- error: type 'URLSession' (aka 'AnyObject') has no member 'shared'
9 | let decoder = JSONDecoder()
10 | let decoded = try decoder.decode(T.self, from: data)
[56/79] Compiling xivapi_swift TripleTriadCardRarity+Extensions.swift
/host/spi-builder-workspace/Sources/xivapi-swift/LoadData.swift:8:46: error: type 'URLSession' (aka 'AnyObject') has no member 'shared'
6 | public func loadData<T: Decodable>(_ url: URL) async -> T? {
7 | do{
8 | let (data, _) = try await URLSession.shared.data(from: url)
| `- error: type 'URLSession' (aka 'AnyObject') has no member 'shared'
9 | let decoder = JSONDecoder()
10 | let decoded = try decoder.decode(T.self, from: data)
[57/79] Compiling xivapi_swift TripleTriadCardResident+Extensions.swift
/host/spi-builder-workspace/Sources/xivapi-swift/LoadData.swift:8:46: error: type 'URLSession' (aka 'AnyObject') has no member 'shared'
6 | public func loadData<T: Decodable>(_ url: URL) async -> T? {
7 | do{
8 | let (data, _) = try await URLSession.shared.data(from: url)
| `- error: type 'URLSession' (aka 'AnyObject') has no member 'shared'
9 | let decoder = JSONDecoder()
10 | let decoded = try decoder.decode(T.self, from: data)
[58/79] Compiling xivapi_swift TripleTriadCardType+Extensions.swift
/host/spi-builder-workspace/Sources/xivapi-swift/LoadData.swift:8:46: error: type 'URLSession' (aka 'AnyObject') has no member 'shared'
6 | public func loadData<T: Decodable>(_ url: URL) async -> T? {
7 | do{
8 | let (data, _) = try await URLSession.shared.data(from: url)
| `- error: type 'URLSession' (aka 'AnyObject') has no member 'shared'
9 | let decoder = JSONDecoder()
10 | let decoded = try decoder.decode(T.self, from: data)
[59/79] Compiling xivapi_swift LoadData.swift
/host/spi-builder-workspace/Sources/xivapi-swift/LoadData.swift:8:46: error: type 'URLSession' (aka 'AnyObject') has no member 'shared'
6 | public func loadData<T: Decodable>(_ url: URL) async -> T? {
7 | do{
8 | let (data, _) = try await URLSession.shared.data(from: url)
| `- error: type 'URLSession' (aka 'AnyObject') has no member 'shared'
9 | let decoder = JSONDecoder()
10 | let decoded = try decoder.decode(T.self, from: data)
[60/79] Compiling xivapi_swift Achievement.swift
/host/spi-builder-workspace/Sources/xivapi-swift/LoadData.swift:8:46: error: type 'URLSession' (aka 'AnyObject') has no member 'shared'
6 | public func loadData<T: Decodable>(_ url: URL) async -> T? {
7 | do{
8 | let (data, _) = try await URLSession.shared.data(from: url)
| `- error: type 'URLSession' (aka 'AnyObject') has no member 'shared'
9 | let decoder = JSONDecoder()
10 | let decoded = try decoder.decode(T.self, from: data)
[61/79] Compiling xivapi_swift ExVersion.swift
[62/79] Compiling xivapi_swift GrandCompany.swift
[63/79] Compiling xivapi_swift Icon.swift
[64/79] Compiling xivapi_swift InstanceContent.swift
[65/79] Compiling xivapi_swift Item.swift
[66/79] Compiling xivapi_swift ItemAction.swift
[67/79] Compiling xivapi_swift ItemFood.swift
[68/79] Compiling xivapi_swift ItemSearchCategory.swift
[69/79] Compiling xivapi_swift ItemSeries.swift
[70/79] Emitting module xivapi_swift
[71/79] Compiling xivapi_swift TripleTriadCardType.swift
[72/79] Compiling xivapi_swift TripleTriadRule.swift
[73/79] Compiling xivapi_swift xivapi-swift.swift
[74/79] Compiling xivapi_swift Enums.swift
[75/79] Compiling xivapi_swift SearchResult.swift
[76/79] Compiling xivapi_swift Sheets.swift
[77/79] Compiling xivapi_swift Structs.swift
[78/79] Compiling xivapi_swift Verified.swift
[79/79] Compiling xivapi_swift resource_bundle_accessor.swift
Running build ...
bash -c docker run --pull=always --rm -v "checkouts-54344844-1":/host -w "$PWD" -e JAVA_HOME="/root/.sdkman/candidates/java/current" -e SPI_BUILD="1" -e SPI_PROCESSING="1" registry.gitlab.com/saguaro1/spi-images:wasm-6.1-latest swift build --swift-sdk wasm32-unknown-wasi 2>&1
wasm-6.1-latest: Pulling from saguaro1/spi-images
Digest: sha256:beceeede496da67681f4fa220a6b97cc098a0178841a413735f598dc6bbaf4c8
Status: Image is up to date for registry.gitlab.com/saguaro1/spi-images:wasm-6.1-latest
[0/1] Planning build
Building for debugging...
[0/1] Write swift-version-24593BA9C3E375BF.txt
[2/68] Compiling xivapi_swift Stain+Extensions.swift
/host/spi-builder-workspace/Sources/xivapi-swift/LoadData.swift:8:46: error: type 'URLSession' (aka 'AnyObject') has no member 'shared'
6 | public func loadData<T: Decodable>(_ url: URL) async -> T? {
7 | do{
8 | let (data, _) = try await URLSession.shared.data(from: url)
| `- error: type 'URLSession' (aka 'AnyObject') has no member 'shared'
9 | let decoder = JSONDecoder()
10 | let decoded = try decoder.decode(T.self, from: data)
[3/68] Compiling xivapi_swift Status+Extensions.swift
/host/spi-builder-workspace/Sources/xivapi-swift/LoadData.swift:8:46: error: type 'URLSession' (aka 'AnyObject') has no member 'shared'
6 | public func loadData<T: Decodable>(_ url: URL) async -> T? {
7 | do{
8 | let (data, _) = try await URLSession.shared.data(from: url)
| `- error: type 'URLSession' (aka 'AnyObject') has no member 'shared'
9 | let decoder = JSONDecoder()
10 | let decoded = try decoder.decode(T.self, from: data)
[4/68] Compiling xivapi_swift Trait+Extensions.swift
/host/spi-builder-workspace/Sources/xivapi-swift/LoadData.swift:8:46: error: type 'URLSession' (aka 'AnyObject') has no member 'shared'
6 | public func loadData<T: Decodable>(_ url: URL) async -> T? {
7 | do{
8 | let (data, _) = try await URLSession.shared.data(from: url)
| `- error: type 'URLSession' (aka 'AnyObject') has no member 'shared'
9 | let decoder = JSONDecoder()
10 | let decoded = try decoder.decode(T.self, from: data)
[5/68] Compiling xivapi_swift TripleTriad+Extensions.swift
/host/spi-builder-workspace/Sources/xivapi-swift/LoadData.swift:8:46: error: type 'URLSession' (aka 'AnyObject') has no member 'shared'
6 | public func loadData<T: Decodable>(_ url: URL) async -> T? {
7 | do{
8 | let (data, _) = try await URLSession.shared.data(from: url)
| `- error: type 'URLSession' (aka 'AnyObject') has no member 'shared'
9 | let decoder = JSONDecoder()
10 | let decoded = try decoder.decode(T.self, from: data)
[6/68] Compiling xivapi_swift TripleTriadCard+Extensions.swift
/host/spi-builder-workspace/Sources/xivapi-swift/LoadData.swift:8:46: error: type 'URLSession' (aka 'AnyObject') has no member 'shared'
6 | public func loadData<T: Decodable>(_ url: URL) async -> T? {
7 | do{
8 | let (data, _) = try await URLSession.shared.data(from: url)
| `- error: type 'URLSession' (aka 'AnyObject') has no member 'shared'
9 | let decoder = JSONDecoder()
10 | let decoded = try decoder.decode(T.self, from: data)
[7/68] Compiling xivapi_swift TripleTriadCardRarity+Extensions.swift
/host/spi-builder-workspace/Sources/xivapi-swift/LoadData.swift:8:46: error: type 'URLSession' (aka 'AnyObject') has no member 'shared'
6 | public func loadData<T: Decodable>(_ url: URL) async -> T? {
7 | do{
8 | let (data, _) = try await URLSession.shared.data(from: url)
| `- error: type 'URLSession' (aka 'AnyObject') has no member 'shared'
9 | let decoder = JSONDecoder()
10 | let decoded = try decoder.decode(T.self, from: data)
[8/68] Compiling xivapi_swift TripleTriadCardResident+Extensions.swift
/host/spi-builder-workspace/Sources/xivapi-swift/LoadData.swift:8:46: error: type 'URLSession' (aka 'AnyObject') has no member 'shared'
6 | public func loadData<T: Decodable>(_ url: URL) async -> T? {
7 | do{
8 | let (data, _) = try await URLSession.shared.data(from: url)
| `- error: type 'URLSession' (aka 'AnyObject') has no member 'shared'
9 | let decoder = JSONDecoder()
10 | let decoded = try decoder.decode(T.self, from: data)
[9/68] Compiling xivapi_swift TripleTriadCardType+Extensions.swift
/host/spi-builder-workspace/Sources/xivapi-swift/LoadData.swift:8:46: error: type 'URLSession' (aka 'AnyObject') has no member 'shared'
6 | public func loadData<T: Decodable>(_ url: URL) async -> T? {
7 | do{
8 | let (data, _) = try await URLSession.shared.data(from: url)
| `- error: type 'URLSession' (aka 'AnyObject') has no member 'shared'
9 | let decoder = JSONDecoder()
10 | let decoded = try decoder.decode(T.self, from: data)
[10/68] Compiling xivapi_swift LoadData.swift
/host/spi-builder-workspace/Sources/xivapi-swift/LoadData.swift:8:46: error: type 'URLSession' (aka 'AnyObject') has no member 'shared'
6 | public func loadData<T: Decodable>(_ url: URL) async -> T? {
7 | do{
8 | let (data, _) = try await URLSession.shared.data(from: url)
| `- error: type 'URLSession' (aka 'AnyObject') has no member 'shared'
9 | let decoder = JSONDecoder()
10 | let decoded = try decoder.decode(T.self, from: data)
[11/68] Compiling xivapi_swift Achievement.swift
/host/spi-builder-workspace/Sources/xivapi-swift/LoadData.swift:8:46: error: type 'URLSession' (aka 'AnyObject') has no member 'shared'
6 | public func loadData<T: Decodable>(_ url: URL) async -> T? {
7 | do{
8 | let (data, _) = try await URLSession.shared.data(from: url)
| `- error: type 'URLSession' (aka 'AnyObject') has no member 'shared'
9 | let decoder = JSONDecoder()
10 | let decoded = try decoder.decode(T.self, from: data)
[12/77] Emitting module xivapi_swift
[13/77] Compiling xivapi_swift BundleExtension.swift
[14/77] Compiling xivapi_swift Action+Extensions.swift
[15/77] Compiling xivapi_swift AozAction+Extensions.swift
[16/77] Compiling xivapi_swift ContentFinderCondition+Extensions.swift
[17/77] Compiling xivapi_swift Item+Extensions.swift
[18/77] Compiling xivapi_swift ItemFood+Extensions.swift
[19/77] Compiling xivapi_swift Map+Extensions.swift
[20/77] Compiling xivapi_swift NpcYell+Extensions.swift
[21/77] Compiling xivapi_swift PvPAction+Extensions.swift
[22/77] Compiling xivapi_swift Recipe+Extensions.swift
[23/77] Compiling xivapi_swift Title.swift
[24/77] Compiling xivapi_swift Tomestones.swift
[25/77] Compiling xivapi_swift TomestonesItem.swift
[26/77] Compiling xivapi_swift Town.swift
[27/77] Compiling xivapi_swift Trait.swift
[28/77] Compiling xivapi_swift TripleTriad.swift
[29/77] Compiling xivapi_swift TripleTriadCard.swift
[30/77] Compiling xivapi_swift TripleTriadCardRarity.swift
[31/77] Compiling xivapi_swift TripleTriadCardResident.swift
[32/77] Compiling xivapi_swift ExVersion.swift
[33/77] Compiling xivapi_swift GrandCompany.swift
[34/77] Compiling xivapi_swift Icon.swift
[35/77] Compiling xivapi_swift InstanceContent.swift
[36/77] Compiling xivapi_swift Item.swift
[37/77] Compiling xivapi_swift ItemAction.swift
[38/77] Compiling xivapi_swift ItemFood.swift
[39/77] Compiling xivapi_swift ItemSearchCategory.swift
[40/77] Compiling xivapi_swift ItemSeries.swift
[41/77] Compiling xivapi_swift ItemSpecialBonus.swift
[42/77] Compiling xivapi_swift ItemUICategory.swift
[43/77] Compiling xivapi_swift JournalGenre.swift
[44/77] Compiling xivapi_swift Level.swift
[45/77] Compiling xivapi_swift LevelItem.swift
[46/77] Compiling xivapi_swift MKDLore.swift
[47/77] Compiling xivapi_swift MKDSupportJob.swift
[48/77] Compiling xivapi_swift MKDTrait.swift
[49/77] Compiling xivapi_swift Map.swift
[50/77] Compiling xivapi_swift NpcYell.swift
[51/77] Compiling xivapi_swift PvPAction.swift
[52/77] Compiling xivapi_swift Quest.swift
[53/77] Compiling xivapi_swift Recipe.swift
[54/77] Compiling xivapi_swift SecretRecipeBook.swift
[55/77] Compiling xivapi_swift SpecialShop.swift
[56/77] Compiling xivapi_swift SpecialShopItemCategory.swift
[57/77] Compiling xivapi_swift Stain.swift
[58/77] Compiling xivapi_swift Status.swift
[59/77] Compiling xivapi_swift Action.swift
[60/77] Compiling xivapi_swift AozAction.swift
[61/77] Compiling xivapi_swift AozActionTransient.swift
[62/77] Compiling xivapi_swift BGM.swift
[63/77] Compiling xivapi_swift BaseParam.swift
[64/77] Compiling xivapi_swift ClassJob.swift
[65/77] Compiling xivapi_swift ClassJobCategory.swift
[66/77] Compiling xivapi_swift ContentFinderCondition.swift
[67/77] Compiling xivapi_swift ContentType.swift
[68/77] Compiling xivapi_swift ENpcResident.swift
[69/77] Compiling xivapi_swift TripleTriadCardType.swift
[70/77] Compiling xivapi_swift TripleTriadRule.swift
[71/77] Compiling xivapi_swift xivapi-swift.swift
[72/77] Compiling xivapi_swift Enums.swift
[73/77] Compiling xivapi_swift SearchResult.swift
[74/77] Compiling xivapi_swift Sheets.swift
[75/77] Compiling xivapi_swift Structs.swift
[76/77] Compiling xivapi_swift Verified.swift
[77/77] Compiling xivapi_swift resource_bundle_accessor.swift
BUILD FAILURE 6.1 wasm