Build Information
Failed to build SwiftTube, reference main (ee3e83), with Swift 6.2 for tvOS using Xcode 26.3 on 2 Sep 2026 22:34:21 UTC.
Build Command
No build command. This typically means the build failed at an early stage where we determine the build command.Build Log
========================================
RunAll
========================================
Builder version: 5.0.2
Interrupt handler set up.
========================================
Checkout
========================================
Clone URL: https://github.com/brightdigit/SwiftTube.git
Reference: main
Initialized empty Git repository in /Users/admin/builder/spi-builder-workspace/.git/
From https://github.com/brightdigit/SwiftTube
* branch main -> FETCH_HEAD
* [new branch] main -> origin/main
HEAD is now at ee3e833 v1.0.0-alpha.1
Cloned https://github.com/brightdigit/SwiftTube.git
Revision (git rev-parse @):
ee3e833836f484e3ff0c34cbaf1b3b86fe886ef6
SPI manifest file found: $PWD/.spi.yml
SUCCESS checkout https://github.com/brightdigit/SwiftTube.git at main
========================================
Build
========================================
Selected platform: tvOS
Swift version: 6.2
Building package at path: $PWD
https://github.com/brightdigit/SwiftTube.git
Command line invocation:
/Applications/Xcode-26.3.0.app/Contents/Developer/usr/bin/xcodebuild -IDEClonedSourcePackagesDirPathOverride=/Users/admin/builder/spi-builder-workspace/.dependencies -resolvePackageDependencies
Resolve Package Graph
package 'spi-builder-workspace' is using Swift tools version 6.4.0 but the installed version is 6.2.4
Resolved source packages:
spi-builder-workspace: (null)
2026-09-02 18:34:20.212 xcodebuild[538:3115] Writing error result bundle to /var/folders/xq/y_g06wb113726d38xsyx71_h0000gn/T/ResultBundle_2026-02-09_18-34-0020.xcresult
xcodebuild: error: Could not resolve package dependencies:
package 'spi-builder-workspace' is using Swift tools version 6.4.0 but the installed version is 6.2.4
Command line invocation:
/Applications/Xcode-26.3.0.app/Contents/Developer/usr/bin/xcodebuild -IDEClonedSourcePackagesDirPathOverride=/Users/admin/builder/spi-builder-workspace/.dependencies -resolvePackageDependencies
Resolve Package Graph
package 'spi-builder-workspace' is using Swift tools version 6.4.0 but the installed version is 6.2.4
Resolved source packages:
spi-builder-workspace: (null)
2026-09-02 18:34:21.101 xcodebuild[600:3649] Writing error result bundle to /var/folders/xq/y_g06wb113726d38xsyx71_h0000gn/T/ResultBundle_2026-02-09_18-34-0021.xcresult
xcodebuild: error: Could not resolve package dependencies:
package 'spi-builder-workspace' is using Swift tools version 6.4.0 but the installed version is 6.2.4
BUILD FAILURE 6.2 tvOS