Build Information
Failed to build SwiftSoup, reference 2.14.3 (e7f85f), with Swift 6.4 for tvOS using Xcode 27.0 on 24 Oct 2026 23:48:46 UTC.
Build Command
env DEVELOPER_DIR=/Applications/Xcode-27.0.0.app xcrun xcodebuild -IDEClonedSourcePackagesDirPathOverride=$PWD/.dependencies -skipMacroValidation -skipPackagePluginValidation -derivedDataPath $PWD/.derivedData build -scheme SwiftSoup -destination generic/platform=tvOSBuild Log
========================================
RunAll
========================================
Builder version: 5.1.3
Interrupt handler set up.
========================================
Checkout
========================================
Clone URL: https://github.com/scinfu/SwiftSoup.git
Reference: 2.14.3
Initialized empty Git repository in /Users/admin/builder/spi-builder-workspace/.git/
From https://github.com/scinfu/SwiftSoup
* tag 2.14.3 -> FETCH_HEAD
HEAD is now at e7f85f4 Merge pull request #472 from saltcoffee/fix/url-validation
Cloned https://github.com/scinfu/SwiftSoup.git
Revision (git rev-parse @):
e7f85f4d3dd91ca9a1e94d3328aa1ed5120a8c0f
SUCCESS checkout https://github.com/scinfu/SwiftSoup.git at 2.14.3
========================================
Build
========================================
Selected platform: tvOS
Swift version: 6.4
Building package at path: $PWD
https://github.com/scinfu/SwiftSoup.git
Command line invocation:
/Applications/Xcode-27.0.0.app/Contents/Developer/usr/bin/xcodebuild -IDEClonedSourcePackagesDirPathOverride=/Users/admin/builder/spi-builder-workspace/.dependencies -resolvePackageDependencies
resolved source packages:
{
"dependencies" : [
],
"manifest_display_name" : "SwiftSoup",
"name" : "SwiftSoup",
"path" : "/Users/admin/builder/spi-builder-workspace",
"platforms" : [
{
"name" : "macos",
"version" : "12.0"
},
{
"name" : "ios",
"version" : "13.0"
},
{
"name" : "tvos",
"version" : "13.0"
},
{
"name" : "watchos",
"version" : "6.0"
}
],
"products" : [
{
"name" : "SwiftSoup",
"targets" : [
"SwiftSoup"
],
"type" : {
"library" : [
"automatic"
]
}
},
{
"name" : "SwiftSoupProfile",
"targets" : [
"SwiftSoupProfile"
],
"type" : {
"executable" : null
}
}
],
"targets" : [
{
"c99name" : "SwiftSoupTests",
"module_type" : "SwiftTarget",
"name" : "SwiftSoupTests",
"path" : "Tests/SwiftSoupTests",
"sources" : [
"AbsoluteAttributeRegressionTest.swift",
"AmpersandProfileTest.swift",
"ApostropheReferenceBoundaryTest.swift",
"AttributeCopyAllocationTest.swift",
"AttributeHashCodeTest.swift",
"AttributeHashSafetyTest.swift",
"AttributeInvalidationTraversalTest.swift",
"AttributeMaterializationTest.swift",
"AttributeObservationReadTest.swift",
"AttributeObserverRegistrationTest.swift",
"AttributeOwnershipRefinementTest.swift",
"AttributeOwnershipTest.swift",
"AttributeParseTest.swift",
"AttributeStormProfileTest.swift",
"AttributeTest.swift",
"AttributeValueIndexUpdateTest.swift",
"AttributeValueProfileTest.swift",
"AttributesTest.swift",
"BenchmarkProfileTest.swift",
"BlankTextBytesTest.swift",
"BrowserParityTest.swift",
"BuildEntities.swift",
"ByteSliceBufferTest.swift",
"ByteSliceContiguousStorageTest.swift",
"CSSCommentFastPathTest.swift",
"CharacterClassificationFastPathTest.swift",
"CharacterReaderEmptySearchTest.swift",
"CharacterReaderTest.swift",
"CharacterReaderUnicodeCursorTest.swift",
"CharacterReaderUnicodeMatchTest.swift",
"ChildIndexedReadTest.swift",
"CleanerConfiguredScopeValidationTest.swift",
"CleanerTest.swift",
"CompoundSelectorSpellingTest.swift",
"ContainsTextParityTest.swift",
"CrashTrace.swift",
"CssCollectorRefinementTest.swift",
"CssDirectAttributeMutationTest.swift",
"CssEscapeReviewTest.swift",
"CssIdentifierEscapeTest.swift",
"CssIndexConsistencyTest.swift",
"CssSelectorUnicodeRegressionTest.swift",
"CssTagEscapeTest.swift",
"CssTest.swift",
"CustomEvaluatorOrderTest.swift",
"DOMOperationBenchmarkTest.swift",
"DataTraversalTest.swift",
"DeferredAttributeConsistencyTest.swift",
"DeferredAttributeLegacyContractTest.swift",
"DeferredAttributeModelTest.swift",
"DeferredLookupRefinementTest.swift",
"DetachedElementMatchesTest.swift",
"DocumentCloneStateTest.swift",
"DocumentTest.swift",
"DocumentTypeSystemIdentifierTest.swift",
"DocumentTypeTest.swift",
"ElementIdentityHashTest.swift",
"ElementQueryTest.swift",
"ElementSiblingPositionTest.swift",
"ElementSiblingTraversalTest.swift",
"ElementTest.swift",
"ElementWrapNoOpTest.swift",
"ElementsEqBoundaryTest.swift",
"ElementsTest.swift",
"EmptyCharacterNodesTest.swift",
"EmptyDocumentRootTest.swift",
"EntitiesTest.swift",
"EntityEscapeRunTest.swift",
"EntityLookupStorageTest.swift",
"EntityNamedProfileTest.swift",
"EvaluatorCompatibilityAuditTest.swift",
"FormCloneAssociationTest.swift",
"FormElementTest.swift",
"FormattingStackLookupTest.swift",
"FragmentAppendBenchmarkTest.swift",
"FragmentAppendTest.swift",
"FragmentConstructionBenchmarkTest.swift",
"FragmentIndexConstructionTest.swift",
"FragmentSourceAppendTest.swift",
"HasAncestorCollectionTest.swift",
"HasSiblingCacheTest.swift",
"HtmlParserTest.swift",
"MatcherCaptureRegressionTest.swift",
"NoOpTreeMutationTest.swift",
"NodeAttributeMutationTest.swift",
"NodeIdentityHashTest.swift",
"NodeTest.swift",
"NodeTraversorTest.swift",
"NodeURLBoundaryTest.swift",
"NthSelectorBoundaryTest.swift",
"NumericReferenceNormalizationTest.swift",
"OfTypeTagIdentityTest.swift",
"OnlyChildExistenceTest.swift",
"OrderedSetCollectionMembershipTest.swift",
"OrderedSetGenericBoundaryTest.swift",
"OrderedSetInsertionTest.swift",
"OrderedSetMoveShiftTest.swift",
"OrderedSetOperatorIsolationTest.swift",
"OrderedSetSinglePassSubsetTest.swift",
"OrderedSetSwapIdentityTest.swift",
"OrderedSetUpdateTest.swift",
"OwnerDocumentLookupTest.swift",
"ParentEvaluatorTerminationTest.swift",
"ParseErrorBudgetTest.swift",
"ParseSettingsTest.swift",
"ParsedEvaluatorMutationTest.swift",
"ParserReuseIsolationTest.swift",
"PatternOptionTest.swift",
"PatternReuseTest.swift",
"PendingAttributesTransferTest.swift",
"PendingNamePrefilterTest.swift",
"PerformanceTest.swift",
"PlaintextByteProgressTest.swift",
"PlaintextFragmentContextTest.swift",
"PreservedTextWhitespaceTest.swift",
"PublicEmptyAttributeKeyTest.swift",
"QueryParserCacheTest.swift",
"QueryParserConcurrencyTest.swift",
"QueryParserTest.swift",
"RawTextBodyModeTest.swift",
"RawTextFragmentContextTest.swift",
"RawTextRetagSourceReuseTest.swift",
"RcdataMixedCaseEndTagTest.swift",
"RegionCursorTest.swift",
"RelativeHasMatchingTest.swift",
"RelativeHasParserTest.swift",
"SelectorCacheLifetimeTest.swift",
"SelectorCacheSnapshotTest.swift",
"SelectorExclusionTest.swift",
"SelectorTest.swift",
"SiblingEndpointReadTest.swift",
"SiblingReindexTest.swift",
"SingleTextBufferTest.swift",
"SourceReuseFragmentMutationTest.swift",
"SourceReuseOutputPolicyTest.swift",
"SourceReuseSerializationTest.swift",
"SourceReuseTableMutationTest.swift",
"SourceSyntaxAdoptionTest.swift",
"StackOverflow393Test.swift",
"StackOverflow463Test.swift",
"StringSearchBoundaryTest.swift",
"StringUtilTest.swift",
"TagTest.swift",
"TextAttributePresenceTest.swift",
"TextEscapeParityTest.swift",
"TextNodeNBSPPrefilterTest.swift",
"TextNodeTest.swift",
"TextSplitBoundaryTest.swift",
"TextSplitRefinementCompatibilityTest.swift",
"TextUtil.swift",
"TextareaValueTest.swift",
"TokenQueueChompContractTest.swift",
"TokenQueueEmptyIgnoreCaseDelimiterTests.swift",
"TokenQueueTest.swift",
"TokenizerProfileTest.swift",
"TreeMutationBoundaryTest.swift",
"TreeMutationModelTest.swift",
"URLProtocolValidationTest.swift",
"UTF8ArraysTest.swift",
"UnicodeBlockSpacingTest.swift",
"WhitespaceRunTest.swift",
"WildcardNamespaceSelectorTest.swift",
"XmlBogusDeclarationTest.swift",
"XmlBorrowedInitializationTest.swift",
"XmlCharsetDeclarationTest.swift",
"XmlDeclarationConversionTest.swift",
"XmlFormatDetectionTest.swift",
"XmlNameStartTest.swift",
"XmlParseSettingsTest.swift",
"XmlTreeBuilderTest.swift"
],
"target_dependencies" : [
"SwiftSoup"
],
"type" : "test"
},
{
"c99name" : "SwiftSoupProfile",
"module_type" : "SwiftTarget",
"name" : "SwiftSoupProfile",
"path" : "Tools/SwiftSoupProfile",
"product_memberships" : [
"SwiftSoupProfile"
],
"sources" : [
"main.swift"
],
"target_dependencies" : [
"SwiftSoup"
],
"type" : "executable"
},
{
"c99name" : "SwiftSoup",
"module_type" : "SwiftTarget",
"name" : "SwiftSoup",
"path" : "Sources",
"product_memberships" : [
"SwiftSoup",
"SwiftSoupProfile"
],
"sources" : [
"Attribute.swift",
"AttributeMutationTracking.swift",
"Attributes.swift",
"BinarySearch.swift",
"BooleanAttribute.swift",
"ByteSlice.swift",
"CharacterExt.swift",
"CharacterReader.swift",
"Cleaner.swift",
"Collector.swift",
"CombiningEvaluator.swift",
"Comment.swift",
"CssSelector.swift",
"DataNode.swift",
"DebugTrace.swift",
"Document.swift",
"DocumentType.swift",
"Element.swift",
"ElementQuery.swift",
"Elements.swift",
"Entities.swift",
"Evaluator.swift",
"Exception.swift",
"FormElement.swift",
"HtmlTreeBuilder.swift",
"HtmlTreeBuilderState.swift",
"LRUCache.swift",
"Mutex.swift",
"Node.swift",
"NodeTraversor.swift",
"NodeVisitor.swift",
"OrderedSet.swift",
"ParseError.swift",
"ParseErrorList.swift",
"ParseSettings.swift",
"Parser.swift",
"ParsingStrings.swift",
"Pattern.swift",
"Profiler.swift",
"QueryParser.swift",
"QueryParserCache.swift",
"SelectorQueryKey.swift",
"SourceRange.swift",
"StreamReader.swift",
"String.swift",
"StringBuilder.swift",
"StringUtil.swift",
"StructuralEvaluator.swift",
"SwiftSoup.swift",
"Tag.swift",
"TextNode.swift",
"Token.swift",
"TokenQueue.swift",
"Tokeniser.swift",
"TokeniserState.swift",
"TreeBuilder.swift",
"UTF8Arrays.swift",
"UnicodeScalar.swift",
"Validate.swift",
"Whitelist.swift",
"XmlDeclaration.swift",
"XmlTreeBuilder.swift"
],
"type" : "library"
}
],
"tools_version" : "6.0"
}
{
"project" : {
"configurations" : [
"Debug",
"Release"
],
"name" : "SwiftSoup",
"schemes" : [
"SwiftSoup"
],
"targets" : [
"SwiftSoup"
]
}
}
Running build ...
env DEVELOPER_DIR=/Applications/Xcode-27.0.0.app xcrun xcodebuild -IDEClonedSourcePackagesDirPathOverride=$PWD/.dependencies -skipMacroValidation -skipPackagePluginValidation -derivedDataPath $PWD/.derivedData build -scheme SwiftSoup -destination generic/platform=tvOS
Command line invocation:
/Applications/Xcode-27.0.0.app/Contents/Developer/usr/bin/xcodebuild -IDEClonedSourcePackagesDirPathOverride=/Users/admin/builder/spi-builder-workspace/.dependencies -skipMacroValidation -skipPackagePluginValidation -derivedDataPath /Users/admin/builder/spi-builder-workspace/.derivedData build -scheme SwiftSoup -destination generic/platform=tvOS
ComputePackagePrebuildTargetDependencyGraph
Prepare packages
CreateBuildRequest
SendProjectDescription
CreateBuildOperation
ComputeTargetDependencyGraph
note: Building targets in dependency order
note: Target dependency graph (1 target)
Target 'SwiftSoup' in project 'SwiftSoup' (no dependencies)
GatherProvisioningInputs
CreateBuildDescription
ExecuteExternalTool /Applications/Xcode-27.0.0.app/Contents/Developer/Toolchains/XcodeDefault.xctoolchain/usr/bin/clang -v -E -dM -isysroot /Applications/Xcode-27.0.0.app/Contents/Developer/Platforms/AppleTVOS.platform/Developer/SDKs/AppleTVOS27.0.sdk -x c -c /dev/null
ExecuteExternalTool /Applications/Xcode-27.0.0.app/Contents/Developer/Toolchains/XcodeDefault.xctoolchain/usr/bin/clang -v -E -dM -arch arm64 -isysroot /Applications/Xcode-27.0.0.app/Contents/Developer/Platforms/AppleTVOS.platform/Developer/SDKs/AppleTVOS27.0.sdk -x c -c /dev/null
ExecuteExternalTool /Applications/Xcode-27.0.0.app/Contents/Developer/Toolchains/XcodeDefault.xctoolchain/usr/bin/swiftc --version
ExecuteExternalTool /Applications/Xcode-27.0.0.app/Contents/Developer/Toolchains/XcodeDefault.xctoolchain/usr/bin/libtool -V
Build description signature: a84ae848318cca8b60a3bf749721413d
Build description path: /Users/admin/builder/spi-builder-workspace/.derivedData/Build/Intermediates.noindex/XCBuildData/a84ae848318cca8b60a3bf749721413d.xcbuilddata
/Users/admin/builder/spi-builder-workspace/SwiftSoup.xcodeproj: error: The tvOS deployment target 'TVOS_DEPLOYMENT_TARGET' is set to 13.0, but the range of supported deployment target versions is 15.0 to 27.0.x. (in target 'SwiftSoup' from project 'SwiftSoup')
** BUILD FAILED **
The following build commands failed:
Building project SwiftSoup with scheme SwiftSoup
(1 failure)
Command line invocation:
/Applications/Xcode-27.0.0.app/Contents/Developer/usr/bin/xcodebuild -IDEClonedSourcePackagesDirPathOverride=/Users/admin/builder/spi-builder-workspace/.dependencies -resolvePackageDependencies
resolved source packages:
{
"dependencies" : [
],
"manifest_display_name" : "SwiftSoup",
"name" : "SwiftSoup",
"path" : "/Users/admin/builder/spi-builder-workspace",
"platforms" : [
{
"name" : "macos",
"version" : "12.0"
},
{
"name" : "ios",
"version" : "13.0"
},
{
"name" : "tvos",
"version" : "13.0"
},
{
"name" : "watchos",
"version" : "6.0"
}
],
"products" : [
{
"name" : "SwiftSoup",
"targets" : [
"SwiftSoup"
],
"type" : {
"library" : [
"automatic"
]
}
},
{
"name" : "SwiftSoupProfile",
"targets" : [
"SwiftSoupProfile"
],
"type" : {
"executable" : null
}
}
],
"targets" : [
{
"c99name" : "SwiftSoupTests",
"module_type" : "SwiftTarget",
"name" : "SwiftSoupTests",
"path" : "Tests/SwiftSoupTests",
"sources" : [
"AbsoluteAttributeRegressionTest.swift",
"AmpersandProfileTest.swift",
"ApostropheReferenceBoundaryTest.swift",
"AttributeCopyAllocationTest.swift",
"AttributeHashCodeTest.swift",
"AttributeHashSafetyTest.swift",
"AttributeInvalidationTraversalTest.swift",
"AttributeMaterializationTest.swift",
"AttributeObservationReadTest.swift",
"AttributeObserverRegistrationTest.swift",
"AttributeOwnershipRefinementTest.swift",
"AttributeOwnershipTest.swift",
"AttributeParseTest.swift",
"AttributeStormProfileTest.swift",
"AttributeTest.swift",
"AttributeValueIndexUpdateTest.swift",
"AttributeValueProfileTest.swift",
"AttributesTest.swift",
"BenchmarkProfileTest.swift",
"BlankTextBytesTest.swift",
"BrowserParityTest.swift",
"BuildEntities.swift",
"ByteSliceBufferTest.swift",
"ByteSliceContiguousStorageTest.swift",
"CSSCommentFastPathTest.swift",
"CharacterClassificationFastPathTest.swift",
"CharacterReaderEmptySearchTest.swift",
"CharacterReaderTest.swift",
"CharacterReaderUnicodeCursorTest.swift",
"CharacterReaderUnicodeMatchTest.swift",
"ChildIndexedReadTest.swift",
"CleanerConfiguredScopeValidationTest.swift",
"CleanerTest.swift",
"CompoundSelectorSpellingTest.swift",
"ContainsTextParityTest.swift",
"CrashTrace.swift",
"CssCollectorRefinementTest.swift",
"CssDirectAttributeMutationTest.swift",
"CssEscapeReviewTest.swift",
"CssIdentifierEscapeTest.swift",
"CssIndexConsistencyTest.swift",
"CssSelectorUnicodeRegressionTest.swift",
"CssTagEscapeTest.swift",
"CssTest.swift",
"CustomEvaluatorOrderTest.swift",
"DOMOperationBenchmarkTest.swift",
"DataTraversalTest.swift",
"DeferredAttributeConsistencyTest.swift",
"DeferredAttributeLegacyContractTest.swift",
"DeferredAttributeModelTest.swift",
"DeferredLookupRefinementTest.swift",
"DetachedElementMatchesTest.swift",
"DocumentCloneStateTest.swift",
"DocumentTest.swift",
"DocumentTypeSystemIdentifierTest.swift",
"DocumentTypeTest.swift",
"ElementIdentityHashTest.swift",
"ElementQueryTest.swift",
"ElementSiblingPositionTest.swift",
"ElementSiblingTraversalTest.swift",
"ElementTest.swift",
"ElementWrapNoOpTest.swift",
"ElementsEqBoundaryTest.swift",
"ElementsTest.swift",
"EmptyCharacterNodesTest.swift",
"EmptyDocumentRootTest.swift",
"EntitiesTest.swift",
"EntityEscapeRunTest.swift",
"EntityLookupStorageTest.swift",
"EntityNamedProfileTest.swift",
"EvaluatorCompatibilityAuditTest.swift",
"FormCloneAssociationTest.swift",
"FormElementTest.swift",
"FormattingStackLookupTest.swift",
"FragmentAppendBenchmarkTest.swift",
"FragmentAppendTest.swift",
"FragmentConstructionBenchmarkTest.swift",
"FragmentIndexConstructionTest.swift",
"FragmentSourceAppendTest.swift",
"HasAncestorCollectionTest.swift",
"HasSiblingCacheTest.swift",
"HtmlParserTest.swift",
"MatcherCaptureRegressionTest.swift",
"NoOpTreeMutationTest.swift",
"NodeAttributeMutationTest.swift",
"NodeIdentityHashTest.swift",
"NodeTest.swift",
"NodeTraversorTest.swift",
"NodeURLBoundaryTest.swift",
"NthSelectorBoundaryTest.swift",
"NumericReferenceNormalizationTest.swift",
"OfTypeTagIdentityTest.swift",
"OnlyChildExistenceTest.swift",
"OrderedSetCollectionMembershipTest.swift",
"OrderedSetGenericBoundaryTest.swift",
"OrderedSetInsertionTest.swift",
"OrderedSetMoveShiftTest.swift",
"OrderedSetOperatorIsolationTest.swift",
"OrderedSetSinglePassSubsetTest.swift",
"OrderedSetSwapIdentityTest.swift",
"OrderedSetUpdateTest.swift",
"OwnerDocumentLookupTest.swift",
"ParentEvaluatorTerminationTest.swift",
"ParseErrorBudgetTest.swift",
"ParseSettingsTest.swift",
"ParsedEvaluatorMutationTest.swift",
"ParserReuseIsolationTest.swift",
"PatternOptionTest.swift",
"PatternReuseTest.swift",
"PendingAttributesTransferTest.swift",
"PendingNamePrefilterTest.swift",
"PerformanceTest.swift",
"PlaintextByteProgressTest.swift",
"PlaintextFragmentContextTest.swift",
"PreservedTextWhitespaceTest.swift",
"PublicEmptyAttributeKeyTest.swift",
"QueryParserCacheTest.swift",
"QueryParserConcurrencyTest.swift",
"QueryParserTest.swift",
"RawTextBodyModeTest.swift",
"RawTextFragmentContextTest.swift",
"RawTextRetagSourceReuseTest.swift",
"RcdataMixedCaseEndTagTest.swift",
"RegionCursorTest.swift",
"RelativeHasMatchingTest.swift",
"RelativeHasParserTest.swift",
"SelectorCacheLifetimeTest.swift",
"SelectorCacheSnapshotTest.swift",
"SelectorExclusionTest.swift",
"SelectorTest.swift",
"SiblingEndpointReadTest.swift",
"SiblingReindexTest.swift",
"SingleTextBufferTest.swift",
"SourceReuseFragmentMutationTest.swift",
"SourceReuseOutputPolicyTest.swift",
"SourceReuseSerializationTest.swift",
"SourceReuseTableMutationTest.swift",
"SourceSyntaxAdoptionTest.swift",
"StackOverflow393Test.swift",
"StackOverflow463Test.swift",
"StringSearchBoundaryTest.swift",
"StringUtilTest.swift",
"TagTest.swift",
"TextAttributePresenceTest.swift",
"TextEscapeParityTest.swift",
"TextNodeNBSPPrefilterTest.swift",
"TextNodeTest.swift",
"TextSplitBoundaryTest.swift",
"TextSplitRefinementCompatibilityTest.swift",
"TextUtil.swift",
"TextareaValueTest.swift",
"TokenQueueChompContractTest.swift",
"TokenQueueEmptyIgnoreCaseDelimiterTests.swift",
"TokenQueueTest.swift",
"TokenizerProfileTest.swift",
"TreeMutationBoundaryTest.swift",
"TreeMutationModelTest.swift",
"URLProtocolValidationTest.swift",
"UTF8ArraysTest.swift",
"UnicodeBlockSpacingTest.swift",
"WhitespaceRunTest.swift",
"WildcardNamespaceSelectorTest.swift",
"XmlBogusDeclarationTest.swift",
"XmlBorrowedInitializationTest.swift",
"XmlCharsetDeclarationTest.swift",
"XmlDeclarationConversionTest.swift",
"XmlFormatDetectionTest.swift",
"XmlNameStartTest.swift",
"XmlParseSettingsTest.swift",
"XmlTreeBuilderTest.swift"
],
"target_dependencies" : [
"SwiftSoup"
],
"type" : "test"
},
{
"c99name" : "SwiftSoupProfile",
"module_type" : "SwiftTarget",
"name" : "SwiftSoupProfile",
"path" : "Tools/SwiftSoupProfile",
"product_memberships" : [
"SwiftSoupProfile"
],
"sources" : [
"main.swift"
],
"target_dependencies" : [
"SwiftSoup"
],
"type" : "executable"
},
{
"c99name" : "SwiftSoup",
"module_type" : "SwiftTarget",
"name" : "SwiftSoup",
"path" : "Sources",
"product_memberships" : [
"SwiftSoup",
"SwiftSoupProfile"
],
"sources" : [
"Attribute.swift",
"AttributeMutationTracking.swift",
"Attributes.swift",
"BinarySearch.swift",
"BooleanAttribute.swift",
"ByteSlice.swift",
"CharacterExt.swift",
"CharacterReader.swift",
"Cleaner.swift",
"Collector.swift",
"CombiningEvaluator.swift",
"Comment.swift",
"CssSelector.swift",
"DataNode.swift",
"DebugTrace.swift",
"Document.swift",
"DocumentType.swift",
"Element.swift",
"ElementQuery.swift",
"Elements.swift",
"Entities.swift",
"Evaluator.swift",
"Exception.swift",
"FormElement.swift",
"HtmlTreeBuilder.swift",
"HtmlTreeBuilderState.swift",
"LRUCache.swift",
"Mutex.swift",
"Node.swift",
"NodeTraversor.swift",
"NodeVisitor.swift",
"OrderedSet.swift",
"ParseError.swift",
"ParseErrorList.swift",
"ParseSettings.swift",
"Parser.swift",
"ParsingStrings.swift",
"Pattern.swift",
"Profiler.swift",
"QueryParser.swift",
"QueryParserCache.swift",
"SelectorQueryKey.swift",
"SourceRange.swift",
"StreamReader.swift",
"String.swift",
"StringBuilder.swift",
"StringUtil.swift",
"StructuralEvaluator.swift",
"SwiftSoup.swift",
"Tag.swift",
"TextNode.swift",
"Token.swift",
"TokenQueue.swift",
"Tokeniser.swift",
"TokeniserState.swift",
"TreeBuilder.swift",
"UTF8Arrays.swift",
"UnicodeScalar.swift",
"Validate.swift",
"Whitelist.swift",
"XmlDeclaration.swift",
"XmlTreeBuilder.swift"
],
"type" : "library"
}
],
"tools_version" : "6.0"
}
{
"project" : {
"configurations" : [
"Debug",
"Release"
],
"name" : "SwiftSoup",
"schemes" : [
"SwiftSoup"
],
"targets" : [
"SwiftSoup"
]
}
}
Running build ...
env DEVELOPER_DIR=/Applications/Xcode-27.0.0.app xcrun xcodebuild -IDEClonedSourcePackagesDirPathOverride=$PWD/.dependencies -skipMacroValidation -skipPackagePluginValidation -derivedDataPath $PWD/.derivedData build -scheme SwiftSoup -destination generic/platform=tvOS
Command line invocation:
/Applications/Xcode-27.0.0.app/Contents/Developer/usr/bin/xcodebuild -IDEClonedSourcePackagesDirPathOverride=/Users/admin/builder/spi-builder-workspace/.dependencies -skipMacroValidation -skipPackagePluginValidation -derivedDataPath /Users/admin/builder/spi-builder-workspace/.derivedData build -scheme SwiftSoup -destination generic/platform=tvOS
ComputePackagePrebuildTargetDependencyGraph
Prepare packages
CreateBuildRequest
SendProjectDescription
CreateBuildOperation
ComputeTargetDependencyGraph
note: Building targets in dependency order
note: Target dependency graph (1 target)
Target 'SwiftSoup' in project 'SwiftSoup' (no dependencies)
GatherProvisioningInputs
CreateBuildDescription
/Users/admin/builder/spi-builder-workspace/SwiftSoup.xcodeproj: error: The tvOS deployment target 'TVOS_DEPLOYMENT_TARGET' is set to 13.0, but the range of supported deployment target versions is 15.0 to 27.0.x. (in target 'SwiftSoup' from project 'SwiftSoup')
** BUILD FAILED **
The following build commands failed:
Building project SwiftSoup with scheme SwiftSoup
(1 failure)
BUILD FAILURE 6.4 tvOS