Build Information
Failed to build FOSUtilities, reference 0.21.1 (3c964d), with Swift 6.1 for macOS (SPM) on 23 Oct 2026 17:14:10 UTC.
Build Command
env DEVELOPER_DIR=/Applications/Xcode-16.3.0.app xcrun swift build --arch arm64Build Log
[3145/3752] Compiling FluentKit DatabaseQuery+Join.swift
[3146/3752] Compiling FluentKit DatabaseQuery+Range.swift
[3147/3752] Compiling FluentKit AsyncMigration.swift
[3148/3752] Compiling FluentKit AsyncModelMiddleware.swift
[3149/3752] Compiling FluentKit Children+Concurrency.swift
[3150/3752] Compiling FluentKit Database+Concurrency.swift
[3151/3752] Compiling FluentKit EnumBuilder+Concurrency.swift
[3152/3752] Compiling FluentKit Model+Concurrency.swift
[3153/3752] Compiling FluentKit ModelResponder+Concurrency.swift
[3154/3752] Compiling FluentKit OptionalChild+Concurrency.swift
[3155/3752] Compiling FluentKit OptionalParent+Concurrency.swift
[3156/3752] Compiling FluentKit Parent+Concurrency.swift
[3157/3761] Compiling NIOSOCKS Helpers.swift
[3158/3761] Compiling NIOSOCKS SOCKSRequest.swift
[3159/3761] Compiling SQLiteNIO SQLiteStatement.swift
[3163/3764] Compiling NIOSOCKS Errors.swift
[3164/3764] Compiling NIOSOCKS Messages.swift
[3165/3764] Emitting module NIOSOCKS
[3180/3767] Compiling FluentKit TimestampFormat.swift
[3181/3767] Compiling FluentKit QueryBuilder+Aggregate.swift
[3182/3767] Compiling FluentKit QueryBuilder+EagerLoad.swift
[3183/3767] Compiling FluentKit QueryBuilder+Filter.swift
[3196/3784] Compiling NIOSOCKS ServerStateMachine.swift
[3197/3827] Emitting module NIOSSL
[3198/3840] Compiling _NIOFileSystemFoundationCompat Date+FileInfo.swift
[3199/3840] Compiling _NIOFileSystemFoundationCompat Data+FileSystem.swift
[3200/3840] Emitting module _NIOFileSystemFoundationCompat
[3201/3840] Compiling SwiftBasicFormat SyntaxProtocol+Formatted.swift
[3202/3840] Compiling SwiftBasicFormat Trivia+FormatExtensions.swift
[3203/3840] Compiling SwiftDiagnostics Message.swift
[3204/3840] Compiling SwiftDiagnostics GroupedDiagnostics.swift
[3205/3840] Compiling SwiftDiagnostics DiagnosticDecorator.swift
[3206/3840] Compiling SwiftDiagnostics FixIt.swift
[3207/3841] Compiling SwiftParser Cursor.swift
[3208/3841] Compiling SwiftParser Lexeme.swift
[3209/3841] Compiling SwiftParser LexemeSequence.swift
[3210/3841] Compiling SwiftParser Lexer.swift
[3211/3841] Compiling SwiftParser Parameters.swift
[3212/3841] Compiling SwiftParser ParseSourceFile.swift
[3213/3841] Compiling SwiftParser Parser.swift
[3214/3841] Compiling SwiftParser IsValidIdentifier.swift
[3215/3841] Emitting module FluentKit
[3216/3841] Compiling SwiftParser Attributes.swift
[3217/3841] Compiling SwiftParser Availability.swift
[3218/3841] Compiling SwiftParser CharacterInfo.swift
[3219/3841] Compiling SwiftParser CollectionNodes+Parsable.swift
[3220/3841] Compiling SwiftParser CompilerFiles.swift
[3221/3841] Compiling SwiftParser TokenConsumer.swift
[3222/3841] Compiling SwiftParser TokenPrecedence.swift
[3223/3841] Compiling SwiftParser TokenSpec.swift
[3224/3841] Compiling SwiftParser TokenSpecSet.swift
[3225/3841] Compiling SwiftParser TopLevel.swift
[3226/3841] Compiling SwiftDiagnostics Diagnostic.swift
[3227/3841] Compiling SwiftDiagnostics BasicDiagnosticDecorator.swift
[3228/3841] Compiling SwiftDiagnostics ANSIDiagnosticDecorator.swift
[3229/3841] Compiling SwiftDiagnostics Convenience.swift
[3230/3841] Compiling SwiftDiagnostics DiagnosticsFormatter.swift
[3231/3841] Emitting module SwiftDiagnostics
[3232/3847] Compiling NIOSSL UniversalBootstrapSupport.swift
[3233/3847] Compiling NIOSSL UnsafeKeyAndChainTarget.swift
[3234/3847] Compiling NIOSSL resource_bundle_accessor.swift
[3235/3847] Compiling SwiftBasicFormat Syntax+Extensions.swift
[3236/3847] Compiling SwiftBasicFormat InferIndentation.swift
[3237/3847] Compiling SwiftDiagnostics Note.swift
[3239/3865] Compiling SwiftParser Patterns.swift
[3240/3865] Compiling SwiftParser Recovery.swift
[3241/3865] Compiling SwiftParser Specifiers.swift
[3245/3865] Compiling NIOHTTP1 NIOTypedHTTPClientUpgraderStateMachine.swift
[3246/3865] Compiling NIOHTTP1 NIOHTTPClientUpgradeHandler.swift
[3247/3865] Compiling NIOHTTP1 NIOHTTPObjectAggregator.swift
[3248/3865] Compiling SwiftParser LoopProgressCondition.swift
[3249/3865] Compiling SwiftParser Modifiers.swift
[3250/3865] Compiling SwiftParser Names.swift
[3251/3865] Compiling SwiftParser Nominals.swift
[3253/3865] Compiling NIOHTTP1 HTTPHeaders+Validation.swift
[3254/3865] Compiling NIOHTTP1 HTTPPipelineSetup.swift
[3255/3865] Compiling NIOHTTP1 HTTPTypedPipelineSetup.swift
[3256/3865] Compiling NIOHTTP1 HTTPTypes.swift
[3257/3865] Compiling NIOHTTP1 NIOTypedHTTPClientUpgradeHandler.swift
[3258/3865] Compiling SwiftBasicFormat Indenter.swift
[3259/3865] Emitting module SwiftBasicFormat
[3260/3865] Compiling SwiftBasicFormat BasicFormat.swift
[3267/3865] Compiling NIOHTTP1 HTTPDecoder.swift
[3274/3865] Emitting module NIOSSL
[3278/3876] Compiling NIOHPACK DynamicHeaderTable.swift
[3279/3876] Compiling NIOHPACK HPACKDecoder.swift
[3280/3876] Compiling NIOHTTP1 HTTPServerRequestMethodQueue.swift
[3281/3876] Compiling NIOHTTP1 HTTPServerUpgradeHandler.swift
[3282/3876] Compiling NIOHTTP1 HTTPEncoder.swift
[3283/3876] Compiling NIOHTTP1 HTTPHeaderValidator.swift
[3284/3876] Compiling NIOHTTP1 ByteCollectionUtils.swift
[3285/3879] Compiling NIOWebSocket WebSocketOpcode.swift
[3286/3879] Compiling NIOWebSocket WebSocketFrameDecoder.swift
[3287/3879] Compiling NIOWebSocket WebSocketErrorCodes.swift
[3288/3879] Compiling NIOWebSocket NIOWebSocketFrameAggregator.swift
[3289/3879] Compiling NIOWebSocket WebSocketFrameEncoder.swift
[3290/3879] Compiling NIOWebSocket NIOWebSocketServerUpgrader.swift
[3291/3879] Compiling NIOWebSocket SHA1.swift
[3292/3879] Compiling NIOWebSocket NIOWebSocketClientUpgrader.swift
[3293/3879] Emitting module NIOWebSocket
[3294/3879] Compiling NIOWebSocket WebSocketFrame.swift
[3295/3884] Compiling NIOHTTPCompression HTTPRequestCompressor.swift
[3296/3884] Compiling NIOHTTPCompression HTTPDecompressor.swift
[3297/3884] Compiling NIOHTTPCompression HTTPDecompression.swift
[3298/3884] Compiling NIOHTTPCompression HTTPCompression.swift
[3299/3884] Emitting module NIOHTTPCompression
[3300/3884] Compiling NIOHTTPCompression HTTPResponseCompressor.swift
[3318/3884] Compiling NIOWebSocket WebSocketProtocolErrorHandler.swift
[3319/3886] Compiling FluentKit DatabaseQuery+Sort.swift
[3320/3886] Compiling FluentKit DatabaseQuery+Value.swift
[3321/3886] Compiling FluentKit DatabaseQuery.swift
[3322/3886] Compiling FluentKit QueryHistory.swift
[3323/3886] Compiling FluentKit DatabaseSchema.swift
[3324/3886] Compiling FluentKit SchemaBuilder.swift
[3325/3886] Compiling FluentKit OptionalType.swift
[3326/3886] Compiling FluentKit RandomGeneratable.swift
[3327/3886] Compiling FluentKit SomeCodingKey.swift
[3328/3886] Compiling _NIOFileSystemFoundationCompat Date+FileInfo.swift
[3329/3886] Emitting module _NIOFileSystemFoundationCompat
[3330/3886] Compiling _NIOFileSystemFoundationCompat Data+FileSystem.swift
[3331/3888] Compiling NIOHPACK IntegerCoding.swift
[3332/3908] Compiling NIOFoundationCompat JSONSerialization+ByteBuffer.swift
[3333/3908] Emitting module NIOFoundationCompat
[3334/3908] Compiling NIOFoundationCompat Exports.swift
[3335/3908] Compiling NIOFoundationCompat WaitSpinningRunLoop.swift
[3336/3908] Compiling NIOHPACK HuffmanTables.swift
[3341/3927] Compiling SwiftParser Directives.swift
[3342/3927] Compiling SwiftParser ExpressionInterpretedAsVersionTuple.swift
[3343/3927] Compiling SwiftParser Expressions.swift
[3344/3927] Compiling SwiftParser IncrementalParseTransition.swift
[3345/3927] Compiling SwiftParser StringLiterals.swift
[3346/3927] Compiling SwiftParser SwiftParserCompatibility.swift
[3357/3927] Compiling MultipartKit FormDataEncoder.SingleValueContainer.swift
[3358/3927] Compiling MultipartKit FormDataEncoder.UnkeyedContainer.swift
[3359/3927] Compiling MultipartKit MultipartFormData.swift
[3360/3927] Compiling MultipartKit MultipartParser.swift
[3361/3927] Compiling MultipartKit MultipartPart.swift
[3362/3927] Compiling MultipartKit MultipartPartConvertible.swift
[3363/3927] Compiling MultipartKit FormDataEncoder.Encoder.swift
[3364/3927] Compiling MultipartKit FormDataEncoder.KeyedContainer.swift
[3374/3927] Compiling FluentKit Relation.swift
[3375/3927] Compiling FluentKit Siblings.swift
[3376/3927] Compiling FluentKit Timestamp.swift
[3377/3927] Compiling NIOFileSystem Exports.swift
[3378/3927] Emitting module NIOFileSystem
[3379/3927] Compiling NIOFileSystem Exports.swift
[3380/3927] Emitting module NIOFileSystem
[3381/3954] Compiling NIOTransportServices NIOTSSingletons.swift
[3383/3954] Compiling NIOHTTP1 NIOTypedHTTPServerUpgradeHandler.swift
[3386/3986] Compiling LeafKit Character+Identities.swift
[3387/3986] Compiling LeafKit LeafAST.swift
[3388/3986] Compiling LeafKit DefaultLeafCache.swift
[3389/3986] Compiling LeafKit LeafCache.swift
[3390/3986] Compiling LeafKit LeafConfiguration.swift
[3391/3991] Compiling NIOHPACK StaticHeaderTable.swift
[3392/4079] Compiling FluentKit Operators.swift
[3393/4079] Compiling FluentKit ValueOperators+Array.swift
[3394/4079] Compiling FluentKit ValueOperators+String.swift
[3395/4079] Compiling FluentKit ValueOperators.swift
[3396/4079] Compiling NIOHPACK IndexedHeaderTable.swift
[3397/4079] Compiling NIOHPACK HuffmanCoding.swift
[3398/4079] Compiling NIOHPACK HPACKErrors.swift
[3399/4079] Compiling NIOHPACK HeaderTables.swift
[3400/4079] Compiling FluentKit Model+CRUD.swift
[3401/4079] Compiling FluentKit Model.swift
[3402/4079] Compiling NIOHPACK HPACKEncoder.swift
[3403/4079] Emitting module NIOHPACK
[3404/4079] Compiling NIOHPACK HPACKHeader.swift
[3405/4079] Compiling FluentKit EnumBuilder+Concurrency.swift
[3406/4079] Compiling FluentKit Model+Concurrency.swift
[3407/4079] Compiling FluentKit ModelResponder+Concurrency.swift
[3408/4079] Compiling FluentKit OptionalChild+Concurrency.swift
[3409/4079] Compiling FluentKit Children+Concurrency.swift
[3410/4079] Compiling FluentKit Database+Concurrency.swift
[3411/4105] Emitting module SwiftParser
[3412/4105] Compiling LeafKit LeafRenderer.swift
[3413/4105] Compiling LeafKit Dictionary+LeafData.swift
[3414/4105] Compiling LeafKit LeafContext.swift
[3415/4105] Compiling LeafKit LeafSource.swift
[3416/4105] Compiling LeafKit LeafSources.swift
[3417/4105] Compiling LeafKit LeafDataRepresentable.swift
[3418/4105] Compiling LeafKit LeafDataStorage.swift
[3419/4105] Compiling LeafKit LeafError.swift
[3420/4105] Compiling LeafKit NIOLeafFiles.swift
[3421/4105] Compiling LeafKit LeafRawTemplate.swift
[3423/4105] Compiling LeafKit LeafLexer.swift
[3424/4105] Compiling LeafKit LeafParameterTypes.swift
[3427/4105] Compiling LeafKit LeafConfiguration.swift
[3428/4105] Compiling LeafKit LeafData.swift
[3429/4105] Compiling LeafKit Character+Identities.swift
[3430/4105] Compiling LeafKit LeafAST.swift
[3431/4105] Compiling LeafKit DefaultLeafCache.swift
[3432/4105] Compiling LeafKit LeafCache.swift
[3433/4105] Emitting module NIOExtras
[3442/4105] Emitting module NIOHTTP1
[3447/4105] Compiling NIOHTTP1 NIOTypedHTTPServerUpgraderStateMachine.swift
[3448/4105] Compiling SQLiteNIO SQLiteRow.swift
[3449/4105] Compiling SQLiteNIO SQLiteDataConvertible.swift
[3450/4106] Compiling SQLiteNIO SQLiteDatabase.swift
[3451/4106] Emitting module LeafKit
[3468/4108] Emitting module MultipartKit
[3471/4110] Emitting module NIOTransportServices
[3472/4176] Compiling SQLiteNIO SQLiteDataType.swift
[3473/4176] Compiling SQLiteNIO SQLiteConnection.swift
[3474/4176] Compiling SQLiteNIO SQLiteError.swift
[3475/4176] Compiling NIOHTTP2 HTTP2ChannelHandler+InboundStreamMultiplexer.swift
[3476/4176] Compiling NIOHTTP2 HTTP2ChannelHandler+InlineStreamMultiplexer.swift
[3477/4176] Compiling NIOHTTP2 HTTP2ChannelHandler.swift
[3478/4176] Compiling NIOHTTP2 ConnectionStreamsState.swift
[3479/4176] Compiling NIOHTTP2 MayReceiveFrames.swift
[3480/4176] Compiling NIOHTTP2 ReceivingDataState.swift
[3481/4176] Compiling NIOHTTP2 HasLocalSettings.swift
[3482/4176] Compiling NIOHTTP2 HasRemoteSettings.swift
[3483/4176] Compiling NIOHTTP2 ConnectionStateMachine.swift
[3486/4176] Compiling SQLiteNIO SQLiteData.swift
[3487/4176] Emitting module SQLiteNIO
[3488/4176] Compiling SQLiteNIO SQLiteCustomFunction.swift
[3489/4176] Compiling NIOHTTP2 HTTP2ErrorCode.swift
[3490/4176] Compiling NIOHTTP2 SendingRstStreamState.swift
[3491/4176] Compiling NIOHTTP2 SendingWindowUpdateState.swift
[3492/4176] Compiling NIOHTTP2 HTTP2SettingsState.swift
[3493/4176] Compiling NIOHTTP2 HasExtendedConnectSettings.swift
[3494/4176] Compiling NIOHTTP2 HasFlowControlWindows.swift
[3495/4176] Compiling SQLiteNIO SQLiteStatement.swift
[3496/4176] Compiling NIOHTTP2 Error+Any.swift
[3497/4176] Compiling NIOHTTP2 ConcurrentStreamBuffer.swift
[3498/4186] Compiling NIOHTTP2 ReceivingGoAwayState.swift
[3499/4186] Compiling NIOHTTP2 ReceivingHeadersState.swift
[3500/4186] Compiling NIOHTTP2 OutboundFlowControlBuffer.swift
[3501/4186] Compiling NIOHTTP2 OutboundFrameBuffer.swift
[3502/4186] Compiling NIOHTTP2 HTTP2Stream.swift
[3503/4186] Compiling NIOHTTP2 HTTP2StreamChannel+OutboundStreamMultiplexer.swift
[3504/4186] Compiling NIOHTTP2 HTTP2StreamChannel.swift
[3505/4186] Compiling NIOHTTP2 HTTP2StreamDelegate.swift
[3506/4186] Compiling NIOHTTP2 HTTP2StreamID.swift
[3507/4186] Compiling NIOHTTP2 SendAndReceiveGoawayState.swift
[3508/4186] Compiling NIOHTTP2 StateMachineResult.swift
[3509/4186] Compiling NIOHTTP2 ContentLengthVerifier.swift
[3510/4186] Compiling NIOHTTP2 DOSHeuristics.swift
[3511/4186] Compiling NIOHTTP2 ControlFrameBuffer.swift
[3514/4186] Compiling NIOHTTP2 GlitchesMonitor.swift
[3515/4186] Compiling NIOHTTP2 HPACKHeaders+Validation.swift
[3518/4186] Compiling NIOHTTP2 ReceivingPushPromiseState.swift
[3521/4186] Compiling NIOHTTP2 HTTP2StreamMultiplexer.swift
[3522/4186] Compiling NIOHTTP2 HTTP2ToHTTP1Codec.swift
[3523/4186] Compiling NIOHTTP2 LocallyQuiescingState.swift
[3524/4186] Compiling NIOHTTP2 QuiescingState.swift
[3525/4186] Compiling NIOHTTP2 RemotelyQuiescingState.swift
[3526/4186] Compiling FluentKit KeyPrefixingStrategy.swift
[3527/4186] Compiling FluentKit TransactionControlDatabase.swift
[3528/4186] Compiling FluentKit DatabaseEnum.swift
[3529/4186] Compiling FluentKit EnumBuilder.swift
[3530/4186] Compiling FluentKit EnumMetadata.swift
[3531/4186] Compiling FluentKit EnumProperty.swift
[3532/4186] Compiling FluentKit OptionalEnumProperty.swift
[3533/4186] Compiling FluentKit Exports.swift
[3534/4186] Compiling FluentKit FluentError.swift
[3535/4186] Compiling FluentKit ModelMiddleware.swift
[3539/4201] Compiling NIOHTTP2 HTTP2CommonInboundStreamMultiplexer.swift
[3540/4201] Compiling NIOHTTP2 HTTP2ConnectionStateChange.swift
[3541/4201] Compiling NIOHTTP2 HTTP2Error.swift
[3542/4201] Compiling NIOExtras WritePCAPHandler.swift
[3570/4222] Emitting module FluentKit
[3571/4222] Compiling NIOWebSocket WebSocketOpcode.swift
[3572/4222] Compiling NIOWebSocket WebSocketFrameEncoder.swift
[3573/4222] Compiling NIOWebSocket WebSocketFrameDecoder.swift
[3574/4223] Compiling NIOHPACK DynamicHeaderTable.swift
[3575/4223] Compiling NIOHPACK HPACKDecoder.swift
[3577/4223] Emitting module LeafKit
[3581/4242] Compiling FluentKit TimestampFormat.swift
[3582/4242] Compiling FluentKit QueryBuilder+Aggregate.swift
[3583/4242] Compiling FluentKit QueryBuilder+EagerLoad.swift
[3584/4242] Compiling FluentKit QueryBuilder+Filter.swift
[3585/4242] Compiling FluentKit QueryBuilder+Group.swift
[3586/4242] Compiling FluentKit QueryBuilder+Join+DirectRelations.swift
[3587/4242] Compiling FluentKit QueryBuilder+Join.swift
[3588/4242] Compiling FluentKit QueryBuilder+Paginate.swift
[3589/4242] Compiling FluentKit QueryBuilder+Range.swift
[3590/4242] Compiling NIOWebSocket WebSocketErrorCodes.swift
[3591/4242] Compiling NIOWebSocket NIOWebSocketServerUpgrader.swift
[3592/4242] Compiling NIOWebSocket SHA1.swift
[3593/4242] Compiling NIOWebSocket NIOWebSocketClientUpgrader.swift
[3594/4242] Compiling NIOWebSocket NIOWebSocketFrameAggregator.swift
[3595/4242] Emitting module NIOWebSocket
[3596/4242] Compiling NIOWebSocket WebSocketFrame.swift
[3597/4242] Compiling NIOWebSocket WebSocketProtocolErrorHandler.swift
[3598/4242] Compiling NIOHTTPCompression HTTPDecompressor.swift
[3599/4242] Compiling NIOHTTPCompression HTTPDecompression.swift
[3600/4242] Compiling NIOHTTPCompression HTTPRequestCompressor.swift
[3601/4242] Compiling NIOHTTPCompression HTTPCompression.swift
[3602/4242] Emitting module NIOHTTPCompression
[3603/4242] Compiling NIOHTTPCompression HTTPResponseCompressor.swift
[3604/4242] Compiling LeafKit LeafTag.swift
[3605/4242] Compiling LeafKit String+HTMLEscape.swift
[3608/4242] Compiling NIOExtras RequestResponseHandler.swift
[3609/4242] Compiling NIOExtras NIOExtrasError.swift
[3610/4242] Compiling NIOExtras NIOLengthFieldBitLength.swift
[3611/4242] Compiling NIOExtras LengthFieldBasedFrameDecoder.swift
[3612/4242] Compiling NIOExtras LengthFieldPrepender.swift
[3613/4242] Compiling NIOExtras RequestResponseHandlers+State.swift
[3614/4242] Compiling NIOExtras JSONRPCFraming+ContentLengthHeader.swift
[3615/4242] Compiling NIOExtras JSONRPCFraming.swift
[3616/4242] Compiling NIOExtras QuiescingHelper.swift
[3617/4242] Compiling NIOExtras RequestResponseWithIDHandler.swift
[3619/4242] Compiling NIOExtras LineBasedFrameDecoder.swift
[3620/4242] Compiling NIOExtras MarkedCircularBuffer+PopFirstCheckMarked.swift
[3621/4261] Compiling NIOHPACK IndexedHeaderTable.swift
[3622/4261] Compiling NIOHPACK IntegerCoding.swift
[3623/4261] Compiling NIOHPACK HuffmanCoding.swift
[3624/4273] Compiling NIOHTTP2 HTTP2FlowControlWindow.swift
[3625/4273] Compiling NIOHTTP2 HTTP2Frame.swift
[3626/4273] Compiling NIOHTTP2 HTTP2FrameEncoder.swift
[3627/4273] Compiling NIOHTTP2 HTTP2FrameParser.swift
[3627/4273] Write Objects.LinkFileList
[3638/4295] Compiling NIOHTTP2 ReceivingRstStreamState.swift
[3639/4295] Compiling NIOHTTP2 ReceivingWindowUpdateState.swift
[3640/4295] Compiling NIOHTTP2 MaySendFrames.swift
[3641/4295] Compiling NIOHTTP2 SendingDataState.swift
[3642/4295] Compiling NIOHTTP2 SendingGoawayState.swift
[3643/4295] Compiling NIOHTTP2 SendingHeadersState.swift
[3644/4295] Compiling NIOHTTP2 SendingPushPromiseState.swift
[3645/4295] Compiling NIOHTTP2 HTTP2UserEvents.swift
[3646/4295] Compiling NIOHTTP2 InboundEventBuffer.swift
[3647/4295] Compiling NIOHTTP2 InboundWindowManager.swift
[3648/4295] Compiling NIOHTTP2 MultiplexerAbstractChannel.swift
[3649/4295] Compiling NIOHTTP2 NIOHTTP2FrameDelegate.swift
[3650/4295] Compiling NIOHTTP2 NIOHTTP2ServerConnectionManagementHandler+StateMachine.swift
[3651/4295] Compiling NIOHTTP2 NIOHTTP2ServerConnectionManagementHandler.swift
[3652/4295] Emitting module NIOHTTP2
[3653/4302] Compiling AsyncKit Future+Nonempty.swift
[3654/4302] Compiling AsyncKit EventLoopFutureQueue+Sequence.swift
[3655/4302] Compiling AsyncKit EventLoopGroup+Concurrency.swift
[3656/4302] Compiling AsyncKit Future+Try.swift
[3657/4302] Compiling NIOHPACK HuffmanTables.swift
[3658/4302] Compiling NIOHPACK HPACKEncoder.swift
[3659/4302] Compiling NIOHPACK HPACKErrors.swift
[3660/4302] Emitting module NIOHPACK
[3661/4302] Compiling AsyncKit ConnectionPoolError.swift
[3662/4302] Compiling AsyncKit ConnectionPoolItem.swift
[3663/4302] Compiling NIOHPACK HeaderTables.swift
[3664/4302] Compiling NIOHPACK HPACKHeader.swift
[3665/4303] Compiling WebSocketKit WebSocketHandler.swift
[3666/4303] Compiling WebSocketKit WebSocket.swift
[3667/4303] Compiling WebSocketKit Exports.swift
[3668/4303] Compiling WebSocketKit WebSocket+Concurrency.swift
[3669/4303] Emitting module WebSocketKit
[3670/4303] Compiling WebSocketKit HTTPUpgradeRequestHandler.swift
[3671/4303] Compiling WebSocketKit WebSocket+Connect.swift
[3672/4303] Compiling WebSocketKit WebSocketClient.swift
[3673/4303] Compiling NIOHPACK StaticHeaderTable.swift
[3674/4303] Compiling FluentKit DatabaseQuery+Sort.swift
[3675/4303] Compiling FluentKit DatabaseQuery+Value.swift
[3676/4303] Compiling FluentKit DatabaseQuery.swift
[3677/4303] Compiling FluentKit QueryHistory.swift
[3678/4303] Compiling FluentKit DatabaseSchema.swift
[3679/4303] Compiling FluentKit SchemaBuilder.swift
[3680/4303] Compiling FluentKit OptionalType.swift
[3681/4303] Compiling FluentKit RandomGeneratable.swift
[3682/4303] Compiling FluentKit SomeCodingKey.swift
[3683/4303] Compiling AsyncKit EventLoopFutureQueue.swift
[3684/4303] Compiling AsyncKit EventLoopConnectionPool.swift
[3685/4303] Compiling AsyncKit EventLoopGroupConnectionPool.swift
[3686/4303] Compiling AsyncKit EventLoop+Concurrency.swift
[3687/4303] Compiling AsyncKit Collection+Flatten.swift
[3688/4303] Compiling AsyncKit Future+Collection.swift
[3689/4303] Compiling AsyncKit Future+Conjunctions.swift
[3690/4303] Compiling AsyncKit Future+Miscellaneous.swift
[3691/4303] Compiling AsyncKit EventLoop+Flatten.swift
[3692/4303] Compiling AsyncKit EventLoop+Future.swift
[3695/4303] Compiling AsyncKit ConnectionPoolSource.swift
[3696/4303] Compiling AsyncKit EventLoopGroup+Throwing.swift
[3697/4303] Emitting module NIOExtras
[3702/4326] Compiling AsyncKit FutureOperators.swift
[3703/4326] Compiling AsyncKit Future+Optional.swift
[3704/4326] Compiling AsyncKit Future+Transform.swift
[3712/4328] Compiling NIOHTTP2 HTTP2PingData.swift
[3713/4328] Compiling NIOHTTP2 HTTP2PipelineHelpers.swift
[3714/4328] Compiling NIOHTTP2 HTTP2Settings.swift
[3729/4328] Compiling NIOHTTP2 StreamChannelFlowController.swift
[3730/4328] Compiling NIOHTTP2 StreamChannelList.swift
[3731/4328] Compiling NIOHTTP2 StreamMap.swift
[3732/4328] Compiling NIOHTTP2 StreamStateMachine.swift
[3733/4328] Compiling NIOHTTP2 Timer.swift
[3734/4328] Compiling NIOHTTP2 UnsafeTransfer.swift
[3737/4328] Compiling SwiftParserDiagnostics LexerDiagnosticMessages.swift
[3738/4328] Compiling SwiftParserDiagnostics MultiLineStringLiteralDiagnosticsGenerator.swift
[3739/4328] Compiling SwiftParserDiagnostics ParseDiagnosticsGenerator.swift
[3745/4328] Compiling SwiftParserDiagnostics MissingNodesError.swift
[3746/4328] Compiling SwiftParserDiagnostics MissingTokenError.swift
[3747/4328] Compiling SwiftParserDiagnostics DiagnosticExtensions.swift
[3764/4328] Emitting module MultipartKit
[3767/4330] Compiling SwiftOperators OperatorTable.swift
[3768/4330] Compiling SwiftOperators PrecedenceGroup.swift
[3769/4330] Compiling SwiftOperators PrecedenceGraph.swift
[3770/4331] Compiling FluentSQL SQLQualifiedTable+Deprecated.swift
[3771/4331] Compiling FluentSQL SQLList+Deprecated.swift
[3772/4331] Compiling FluentSQL SQLJSONColumnPath+Deprecated.swift
[3773/4331] Compiling FluentSQL Exports.swift
[3774/4331] Compiling FluentSQL SQLDatabase+Model+Concurrency.swift
[3775/4331] Compiling FluentSQL SQLDatabase+Model.swift
[3776/4331] Compiling FluentSQL DatabaseSchema+SQL.swift
[3779/4331] Emitting module FluentSQL
[3780/4331] Compiling FluentSQL SQLQueryConverter.swift
[3781/4396] Compiling SwiftOperators SyntaxSynthesis.swift
[3781/4396] Linking fosmvvm-doctor-tool-tool
[3783/4396] Compiling SwiftOperators OperatorError+Diagnostics.swift
[3784/4396] Compiling SwiftOperators OperatorTable+Semantics.swift
[3785/4396] Compiling SwiftOperators OperatorError.swift
[3786/4396] Compiling SwiftOperators OperatorTable+Defaults.swift
[3787/4396] Emitting module SwiftOperators
[3788/4396] Compiling SwiftOperators Operator.swift
[3789/4396] Compiling SwiftOperators OperatorTable+Folding.swift
[3790/4396] Compiling SwiftParserDiagnostics SyntaxKindNameForDiagnostics.swift
[3791/4396] Compiling SwiftParserDiagnostics Utils.swift
[3792/4396] Compiling SwiftParserDiagnostics ParserDiagnosticMessages.swift
[3793/4396] Compiling SwiftParserDiagnostics SyntaxExtensions.swift
[3794/4396] Compiling SwiftParserDiagnostics ChildNameForDiagnostics.swift
[3795/4396] Compiling SwiftParserDiagnostics PresenceUtils.swift
[3795/4397] Applying fosmvvm-doctor-tool-tool
[3797/4406] Compiling NIOHTTP2 SendAndReceiveGoawayState.swift
[3798/4406] Compiling NIOHTTP2 StateMachineResult.swift
[3799/4406] Compiling NIOHTTP2 ContentLengthVerifier.swift
[3800/4406] Compiling NIOHTTP2 DOSHeuristics.swift
[3801/4406] Compiling NIOHTTP2 ConnectionStateMachine.swift
[3802/4406] Compiling NIOHTTP2 ConnectionStreamsState.swift
[3803/4406] Compiling NIOHTTP2 MayReceiveFrames.swift
[3804/4406] Compiling NIOHTTP2 ReceivingDataState.swift
[3805/4406] Compiling NIOHTTP2 ReceivingGoAwayState.swift
[3806/4406] Compiling NIOHTTP2 ReceivingHeadersState.swift
[3807/4406] Compiling NIOHTTP2 SendingRstStreamState.swift
[3808/4406] Compiling NIOHTTP2 SendingWindowUpdateState.swift
[3809/4406] Compiling NIOHTTP2 HTTP2SettingsState.swift
[3810/4406] Compiling NIOHTTP2 HasExtendedConnectSettings.swift
[3811/4406] Compiling NIOHTTP2 HasFlowControlWindows.swift
[3812/4406] Compiling NIOHTTP2 HasLocalSettings.swift
[3813/4406] Compiling NIOHTTP2 HasRemoteSettings.swift
[3814/4406] Compiling NIOHTTP2 LocallyQuiescingState.swift
[3815/4406] Compiling NIOHTTP2 QuiescingState.swift
[3816/4406] Compiling NIOHTTP2 RemotelyQuiescingState.swift
[3817/4406] Compiling NIOHTTP2 ReceivingPushPromiseState.swift
[3818/4406] Compiling NIOHTTP2 HTTP2ChannelHandler+InboundStreamMultiplexer.swift
[3819/4406] Compiling NIOHTTP2 HTTP2ChannelHandler+InlineStreamMultiplexer.swift
[3820/4406] Compiling NIOHTTP2 HTTP2ChannelHandler.swift
[3821/4406] Compiling NIOHTTP2 HTTP2CommonInboundStreamMultiplexer.swift
[3822/4406] Compiling NIOHTTP2 HTTP2ConnectionStateChange.swift
[3823/4406] Compiling NIOHTTP2 HTTP2Error.swift
[3824/4406] Compiling NIOHTTP2 HTTP2ErrorCode.swift
[3825/4406] Compiling NIOHTTP2 HTTP2FlowControlWindow.swift
[3826/4406] Compiling NIOHTTP2 HTTP2Frame.swift
[3827/4406] Compiling SwiftParserDiagnostics TokenNameForDiagnostics.swift
[3839/4406] Compiling NIOExtras WritePCAPHandler.swift
[3840/4417] Compiling FluentSQL SQLSchemaConverter.swift
[3847/4425] Compiling NIOHTTP2 WatermarkedFlowController.swift
[3847/4425] Compiling tls_cbc.cc
[3849/4425] Compiling SQLiteKit SQLiteDialect.swift
[3850/4425] Compiling SQLiteKit SQLiteRow+SQLRow.swift
[3851/4425] Compiling SQLiteKit SQLiteDataDecoder.swift
[3852/4425] Compiling SQLiteKit SQLiteDataEncoder.swift
[3853/4425] Compiling SQLiteKit SQLiteConfiguration.swift
[3854/4425] Compiling SQLiteKit SQLiteConnectionSource.swift
[3855/4425] Compiling SQLiteKit Exports.swift
[3856/4425] Emitting module SQLiteKit
[3857/4425] Compiling SQLiteKit SQLiteConnection+SQLKit.swift
[3857/4425] Compiling get_cipher.cc
[3858/4425] Compiling cms.cc
[3860/4433] Compiling NIOHTTP2 Error+Any.swift
[3861/4433] Compiling NIOHTTP2 ConcurrentStreamBuffer.swift
[3862/4433] Compiling NIOHTTP2 ControlFrameBuffer.swift
[3863/4433] Compiling NIOHTTP2 OutboundFlowControlBuffer.swift
[3864/4433] Compiling NIOHTTP2 OutboundFrameBuffer.swift
[3865/4433] Compiling NIOHTTP2 GlitchesMonitor.swift
[3866/4433] Compiling NIOHTTP2 HPACKHeaders+Validation.swift
[3876/4433] Compiling NIOHTTP2 HTTP2FrameEncoder.swift
[3877/4433] Compiling NIOHTTP2 HTTP2FrameParser.swift
[3878/4433] Compiling NIOHTTP2 HTTP2PingData.swift
[3879/4433] Compiling NIOHTTP2 HTTP2PipelineHelpers.swift
[3880/4433] Compiling NIOHTTP2 HTTP2Settings.swift
[3888/4433] Compiling NIOHTTP2 ReceivingRstStreamState.swift
[3889/4433] Compiling NIOHTTP2 ReceivingWindowUpdateState.swift
[3890/4433] Compiling NIOHTTP2 MaySendFrames.swift
[3891/4433] Compiling NIOHTTP2 SendingDataState.swift
[3892/4433] Compiling NIOHTTP2 SendingGoawayState.swift
[3893/4433] Compiling NIOHTTP2 SendingHeadersState.swift
[3894/4433] Compiling NIOHTTP2 SendingPushPromiseState.swift
[3901/4433] Compiling e_tls.cc
[3902/4433] Compiling e_rc4.cc
[3904/4433] Compiling FluentSQL SQLQualifiedTable+Deprecated.swift
[3905/4433] Compiling FluentSQL SQLList+Deprecated.swift
[3906/4433] Compiling FluentSQL SQLJSONColumnPath+Deprecated.swift
[3907/4433] Compiling FluentSQL SQLDatabase+Model.swift
[3908/4433] Compiling FluentSQL Exports.swift
[3909/4433] Compiling FluentSQL SQLDatabase+Model+Concurrency.swift
[3910/4433] Compiling FluentSQL ConverterUtilities.swift
[3911/4433] Compiling FluentSQL DatabaseQuery+SQL.swift
[3912/4433] Compiling FluentSQL DatabaseSchema+SQL.swift
[3913/4433] Compiling FluentSQL SQLQueryConverter.swift
[3914/4433] Emitting module FluentSQL
[3915/4434] Compiling FluentSQLiteDriver SQLiteRow+Database.swift
[3915/4434] Compiling e_rc2.cc
[3917/4434] Compiling FluentSQLiteDriver SQLiteError+Database.swift
[3918/4434] Compiling FluentSQLiteDriver FluentSQLiteDriver.swift
[3919/4434] Compiling FluentSQLiteDriver SQLiteConverterDelegate.swift
[3920/4434] Emitting module AsyncKit
[3921/4434] Compiling WebSocketKit WebSocketHandler.swift
[3922/4434] Compiling WebSocketKit WebSocket.swift
[3923/4434] Compiling WebSocketKit WebSocket+Connect.swift
[3924/4434] Compiling WebSocketKit WebSocket+Concurrency.swift
[3925/4434] Compiling WebSocketKit HTTPUpgradeRequestHandler.swift
[3926/4434] Compiling WebSocketKit Exports.swift
[3927/4434] Emitting module WebSocketKit
[3928/4434] Compiling WebSocketKit WebSocketClient.swift
[3935/4434] Emitting module SwiftParserDiagnostics
[3935/4434] Compiling e_null.cc
[3936/4434] Compiling e_des.cc
[3938/4434] Compiling FluentSQLiteDriver Exports.swift
[3939/4434] Compiling FluentSQLiteDriver FluentSQLiteConfiguration.swift
[3940/4434] Emitting module FluentSQLiteDriver
[3941/4434] Compiling FluentSQLiteDriver FluentSQLiteDatabase.swift
[3948/4434] Compiling e_chacha20poly1305.cc
[3950/4434] Compiling FluentSQL SQLSchemaConverter.swift
[3950/4444] Compiling e_aeseax.cc
[3951/4449] Compiling e_aesgcmsiv.cc
[3952/4514] Compiling e_aesctrhmac.cc
[3953/4514] Compiling derive_key.cc
[3955/4514] Compiling AsyncHTTPClient RequestFramingMetadata.swift
[3956/4514] Compiling AsyncHTTPClient HTTPClientRequest.swift
[3957/4514] Compiling AsyncHTTPClient HTTPClientResponse.swift
[3958/4514] Compiling AsyncHTTPClient SingleIteratorPrecondition.swift
[3959/4514] Compiling AsyncHTTPClient Transaction+StateMachine.swift
[3960/4514] Compiling AsyncHTTPClient Transaction.swift
[3961/4514] Compiling AsyncHTTPClient Base64.swift
[3962/4514] Compiling AsyncHTTPClient RequestValidation.swift
[3963/4514] Compiling AsyncHTTPClient HTTPConnectionPool+Manager.swift
[3964/4514] Compiling AsyncHTTPClient HTTPConnectionPool.swift
[3965/4514] Compiling AsyncHTTPClient HTTPExecutableRequest.swift
[3966/4514] Compiling AsyncHTTPClient HTTPRequestStateMachine+Demand.swift
[3967/4514] Compiling AsyncHTTPClient HTTPRequestStateMachine.swift
[3968/4514] Compiling AsyncHTTPClient RequestBodyLength.swift
[3968/4515] Compiling chacha.cc
[3970/4521] Compiling AsyncHTTPClient HTTP1ConnectionStateMachine.swift
[3971/4521] Compiling AsyncHTTPClient HTTP2ClientRequestHandler.swift
[3972/4521] Compiling SwiftSyntaxBuilder WithTrailingCommaSyntax+EnsuringTrailingComma.swift
[3972/4522] Compiling unicode.cc
[3974/4522] Compiling SwiftSyntaxBuilder BuildableNodes.swift
[3974/4522] Compiling cbs.cc
[3976/4522] Compiling AsyncHTTPClient RequestOptions.swift
[3977/4522] Compiling AsyncHTTPClient HTTPConnectionPool+Backoff.swift
[3978/4522] Compiling AsyncHTTPClient HTTPConnectionPool+HTTP2Connections.swift
[3979/4522] Compiling AsyncHTTPClient HTTPConnectionPool+HTTP2StateMachine.swift
[3980/4522] Compiling SwiftSyntaxBuilder RenamedChildrenBuilderCompatibility.swift
[3981/4522] Compiling SwiftSyntaxBuilder ResultBuilders.swift
[3981/4522] Compiling cbb.cc
[3982/4522] Compiling buf.cc
[3984/4522] Compiling SwiftSyntaxBuilder SyntaxExpressibleByStringInterpolationConformances.swift
[3984/4522] Compiling asn1_compat.cc
[3985/4522] Compiling ber.cc
[3987/4522] Compiling AsyncHTTPClient HTTPConnectionPool+RequestQueue.swift
[3988/4522] Compiling AsyncHTTPClient HTTP1Connection.swift
[3989/4522] Compiling AsyncHTTPClient HTTPConnectionPool+HTTP1Connections.swift
[3990/4522] Compiling AsyncHTTPClient HTTPConnectionPool+HTTP1StateMachine.swift
[3991/4522] Emitting module SwiftSyntaxBuilder
[3991/4522] Compiling sqrt.cc
[3999/4522] Compiling exponentiation.cc
[4000/4522] Compiling div.cc
[4001/4522] Compiling blake2.cc
[4002/4522] Compiling printf.cc
[4003/4522] Compiling pair.cc
[4004/4522] Compiling bn_asn1.cc
[4005/4537] Compiling convert.cc
[4006/4537] Compiling hexdump.cc
[4007/4537] Compiling file.cc
[4009/4537] Compiling SwiftIfConfig SyntaxLiteralUtils.swift
[4009/4538] Compiling fd.cc
[4010/4538] Compiling bio_mem.cc
[4012/4538] Compiling AsyncHTTPClient HTTPClientRequest+auth.swift
[4013/4538] Compiling AsyncHTTPClient NWWaitingHandler.swift
[4014/4538] Compiling AsyncHTTPClient TLSConfiguration.swift
[4015/4538] Compiling AsyncHTTPClient RedirectState.swift
[4016/4538] Compiling AsyncHTTPClient RequestBag+StateMachine.swift
[4017/4538] Compiling AsyncHTTPClient RequestBag+Tracing.swift
[4018/4538] Compiling AsyncHTTPClient RequestBag.swift
[4019/4538] Compiling AsyncHTTPClient AnyAsyncSequence.swift
[4020/4538] Compiling AsyncHTTPClient AnyAsyncSequenceProucerDelete.swift
[4021/4538] Compiling AsyncHTTPClient AsyncLazySequence.swift
[4022/4538] Compiling AsyncHTTPClient HTTPClient+execute.swift
[4023/4538] Compiling AsyncHTTPClient HTTPClient+shutdown.swift
[4024/4538] Compiling AsyncHTTPClient HTTPClient+tracing.swift
[4025/4538] Compiling AsyncHTTPClient HTTPClientRequest+Prepared.swift
[4026/4538] Emitting module NIOHTTP2
[4027/4538] Compiling AsyncHTTPClient HTTPClient+StructuredConcurrency.swift
[4028/4538] Compiling AsyncHTTPClient HTTPClient.swift
[4029/4538] Compiling AsyncHTTPClient HTTPClientConfiguration+SwiftConfiguration.swift
[4030/4538] Compiling AsyncHTTPClient HTTPHandler.swift
[4031/4538] Compiling AsyncHTTPClient LRUCache.swift
[4032/4538] Compiling AsyncHTTPClient NIOLoopBound+Execute.swift
[4033/4538] Compiling AsyncHTTPClient NWErrorHandler.swift
[4034/4538] Compiling SwiftIfConfig SyntaxProtocol+IfConfig.swift
[4035/4538] Compiling SwiftIfConfig VersionTuple+Parsing.swift
[4036/4538] Compiling SwiftIfConfig IfConfigFunctions.swift
[4037/4538] Compiling SwiftIfConfig IfConfigRegionState.swift
[4038/4538] Compiling SwiftIfConfig StaticBuildConfiguration.swift
[4038/4538] Compiling errno.cc
[4040/4538] Compiling SwiftIfConfig VersionTuple.swift
[4041/4538] Compiling NIOHTTP2 StreamChannelFlowController.swift
[4042/4538] Compiling NIOHTTP2 StreamChannelList.swift
[4043/4538] Compiling NIOHTTP2 StreamMap.swift
[4044/4538] Compiling NIOHTTP2 StreamStateMachine.swift
[4045/4538] Compiling NIOHTTP2 Timer.swift
[4046/4538] Compiling NIOHTTP2 UnsafeTransfer.swift
[4047/4538] Compiling NIOHTTP2 WatermarkedFlowController.swift
[4047/4538] Compiling base64.cc
[4048/4538] Compiling bio.cc
[4050/4538] Compiling SwiftIfConfig ActiveSyntaxVisitor.swift
[4051/4538] Compiling SwiftIfConfig BuildConfiguration.swift
[4052/4538] Compiling SwiftIfConfig ActiveClauseEvaluator.swift
[4053/4538] Compiling SwiftIfConfig ActiveSyntaxRewriter.swift
[4054/4538] Compiling SwiftIfConfig ConfiguredRegions.swift
[4055/4538] Compiling SwiftIfConfig IfConfigDecl+IfConfig.swift
[4056/4538] Emitting module SwiftIfConfig
[4057/4538] Compiling SwiftIfConfig IfConfigDiagnostic.swift
[4058/4538] Compiling SwiftIfConfig IfConfigEvaluation.swift
[4058/4538] Compiling tasn_typ.cc
[4059/4538] Compiling tasn_fre.cc
[4060/4538] Compiling tasn_utl.cc
[4061/4538] Compiling tasn_new.cc
[4062/4538] Compiling tasn_enc.cc
[4067/4538] Compiling AsyncHTTPClient HTTP2Connection.swift
[4068/4538] Compiling AsyncHTTPClient HTTP2IdleHandler.swift
[4069/4538] Compiling AsyncHTTPClient HTTPConnectionEvent.swift
[4070/4538] Compiling AsyncHTTPClient HTTPConnectionPool+Factory.swift
[4071/4538] Compiling AsyncHTTPClient HTTPConnectionPool+StateMachine.swift
[4072/4538] Compiling AsyncHTTPClient ConnectionTarget.swift
[4073/4538] Compiling AsyncHTTPClient DeconstructedURL.swift
[4074/4538] Compiling AsyncHTTPClient FileDownloadDelegate.swift
[4075/4538] Compiling AsyncHTTPClient FoundationExtensions.swift
[4076/4538] Compiling AsyncHTTPClient HTTPClient+HTTPCookie.swift
[4077/4538] Compiling AsyncHTTPClient HTTPClient+Proxy.swift
[4078/4538] Compiling AsyncHTTPClient BestEffortHashableTLSConfiguration.swift
[4079/4538] Compiling AsyncHTTPClient Configuration+BrowserLike.swift
[4080/4538] Compiling AsyncHTTPClient ConnectionPool.swift
[4081/4538] Compiling AsyncHTTPClient HTTP1ProxyConnectHandler.swift
[4082/4538] Compiling AsyncHTTPClient SOCKSEventsHandler.swift
[4083/4538] Compiling AsyncHTTPClient TLSEventsHandler.swift
[4084/4538] Compiling AsyncHTTPClient HTTP1ClientChannelHandler.swift
[4085/4556] Compiling SwiftSyntaxMacros PreambleMacro.swift
[4085/4557] Compiling posix_time.cc
[4086/4557] Compiling f_string.cc
[4088/4557] Compiling SwiftSyntaxMacros Macro.swift
[4089/4557] Compiling SwiftSyntaxMacros MemberAttributeMacro.swift
[4090/4557] Compiling SwiftSyntaxMacros ExpressionMacro.swift
[4091/4557] Compiling SwiftSyntaxMacros ExtensionMacro.swift
[4092/4557] Compiling SwiftSyntaxMacros FreestandingMacro.swift
[4093/4557] Compiling SwiftSyntaxMacros Macro+Format.swift
[4094/4557] Compiling SwiftSyntaxMacros MemberMacro.swift
[4095/4557] Compiling SwiftSyntaxMacros PeerMacro.swift
[4096/4557] Compiling SwiftSyntaxMacros CodeItemMacro.swift
[4097/4557] Compiling SwiftSyntaxMacros DeclarationMacro.swift
[4098/4557] Compiling SwiftSyntaxMacros AttachedMacro.swift
[4099/4557] Compiling SwiftSyntaxMacros BodyMacro.swift
[4100/4557] Compiling SwiftSyntaxMacros MacroExpansionDiagnosticMessages.swift
[4101/4557] Compiling SwiftSyntaxMacros AccessorMacro.swift
[4101/4557] Compiling tasn_dec.cc
[4102/4557] Compiling f_int.cc
[4104/4557] Emitting module SwiftSyntaxMacros
[4105/4557] Compiling SwiftSyntaxMacros AbstractSourceLocation.swift
[4106/4557] Compiling SwiftSyntaxMacros MacroExpansionContext.swift
[4107/4622] Compiling AsyncHTTPClient HTTPConnectionPool+Manager.swift
[4108/4622] Compiling AsyncHTTPClient HTTPConnectionPool.swift
[4109/4622] Compiling AsyncHTTPClient HTTPExecutableRequest.swift
[4110/4622] Compiling AsyncHTTPClient HTTPRequestStateMachine+Demand.swift
[4111/4622] Compiling AsyncHTTPClient HTTPRequestStateMachine.swift
[4112/4622] Compiling AsyncHTTPClient RequestBodyLength.swift
[4113/4622] Compiling AsyncHTTPClient RequestFramingMetadata.swift
[4113/4629] Compiling asn1_par.cc
[4114/4629] Compiling asn_pack.cc
[4116/4629] Compiling SwiftSyntaxMacros Syntax+LexicalContext.swift
[4117/4629] Compiling AsyncHTTPClient HTTPClient+StructuredConcurrency.swift
[4118/4629] Compiling AsyncHTTPClient HTTPClient.swift
[4119/4629] Compiling AsyncHTTPClient HTTPClientConfiguration+SwiftConfiguration.swift
[4120/4629] Compiling AsyncHTTPClient HTTPHandler.swift
[4121/4629] Compiling AsyncHTTPClient LRUCache.swift
[4122/4629] Compiling AsyncHTTPClient NIOLoopBound+Execute.swift
[4123/4629] Compiling AsyncHTTPClient NWErrorHandler.swift
[4124/4629] Compiling AsyncHTTPClient AnyAsyncSequence.swift
[4125/4629] Compiling AsyncHTTPClient AnyAsyncSequenceProucerDelete.swift
[4126/4629] Compiling AsyncHTTPClient AsyncLazySequence.swift
[4127/4629] Compiling AsyncHTTPClient HTTPClient+execute.swift
[4128/4629] Compiling AsyncHTTPClient HTTPClient+shutdown.swift
[4129/4629] Compiling AsyncHTTPClient HTTPClient+tracing.swift
[4130/4629] Compiling AsyncHTTPClient HTTPClientRequest+Prepared.swift
[4131/4629] Compiling AsyncHTTPClient HTTPClientRequest+auth.swift
[4132/4629] Compiling AsyncHTTPClient HTTPConnectionPool+StateMachine.swift
[4133/4629] Compiling AsyncHTTPClient ConnectionTarget.swift
[4134/4629] Compiling AsyncHTTPClient DeconstructedURL.swift
[4135/4629] Compiling AsyncHTTPClient FileDownloadDelegate.swift
[4136/4629] Compiling AsyncHTTPClient FoundationExtensions.swift
[4137/4629] Compiling AsyncHTTPClient HTTPClient+HTTPCookie.swift
[4138/4629] Compiling AsyncHTTPClient HTTPClient+Proxy.swift
[4138/4629] Compiling a_utctm.cc
[4139/4629] Compiling asn1_lib.cc
[4140/4629] Compiling a_octet.cc
[4141/4629] Compiling a_time.cc
[4143/4629] Compiling AsyncHTTPClient BestEffortHashableTLSConfiguration.swift
[4144/4629] Compiling AsyncHTTPClient Configuration+BrowserLike.swift
[4145/4629] Compiling AsyncHTTPClient ConnectionPool.swift
[4146/4629] Compiling AsyncHTTPClient HTTP1ProxyConnectHandler.swift
[4147/4629] Compiling AsyncHTTPClient SOCKSEventsHandler.swift
[4148/4629] Compiling AsyncHTTPClient TLSEventsHandler.swift
[4149/4629] Compiling AsyncHTTPClient HTTP1ClientChannelHandler.swift
[4149/4629] Compiling a_type.cc
[4150/4639] Compiling a_strnid.cc
[4151/4639] Compiling a_strex.cc
[4153/4639] Compiling AsyncHTTPClient NWWaitingHandler.swift
[4154/4639] Compiling AsyncHTTPClient TLSConfiguration.swift
[4155/4639] Compiling AsyncHTTPClient RedirectState.swift
[4156/4639] Compiling AsyncHTTPClient RequestBag+StateMachine.swift
[4157/4639] Compiling AsyncHTTPClient RequestBag+Tracing.swift
[4158/4639] Compiling AsyncHTTPClient RequestBag.swift
[4159/4639] Compiling AsyncHTTPClient RequestValidation.swift
[4160/4639] Compiling AsyncHTTPClient HTTPClientRequest.swift
[4161/4639] Compiling AsyncHTTPClient HTTPClientResponse.swift
[4162/4639] Compiling AsyncHTTPClient SingleIteratorPrecondition.swift
[4163/4639] Compiling AsyncHTTPClient Transaction+StateMachine.swift
[4164/4639] Compiling AsyncHTTPClient Transaction.swift
[4165/4639] Compiling AsyncHTTPClient Base64.swift
[4166/4639] Compiling AsyncHTTPClient BasicAuth.swift
[4167/4639] Compiling AsyncHTTPClient HTTP1Connection.swift
[4168/4639] Compiling AsyncHTTPClient HTTP1ConnectionStateMachine.swift
[4169/4639] Compiling AsyncHTTPClient HTTP2ClientRequestHandler.swift
[4170/4639] Compiling AsyncHTTPClient HTTP2Connection.swift
[4171/4639] Compiling AsyncHTTPClient HTTP2IdleHandler.swift
[4172/4639] Compiling AsyncHTTPClient HTTPConnectionEvent.swift
[4173/4639] Compiling AsyncHTTPClient HTTPConnectionPool+Factory.swift
[4174/4639] Emitting module AsyncHTTPClient
[4175/4639] Compiling AsyncHTTPClient RequestOptions.swift
[4176/4639] Compiling AsyncHTTPClient HTTPConnectionPool+Backoff.swift
[4177/4639] Compiling AsyncHTTPClient HTTPConnectionPool+HTTP1Connections.swift
[4178/4639] Compiling AsyncHTTPClient HTTPConnectionPool+HTTP1StateMachine.swift
[4179/4639] Compiling AsyncHTTPClient HTTPConnectionPool+HTTP2Connections.swift
[4180/4639] Compiling AsyncHTTPClient HTTPConnectionPool+HTTP2StateMachine.swift
[4181/4639] Compiling AsyncHTTPClient HTTPConnectionPool+RequestQueue.swift
[4181/4639] Compiling a_object.cc
[4182/4639] Compiling a_i2d_fp.cc
[4184/4639] Compiling AsyncHTTPClient SSLContextCache.swift
[4185/4639] Compiling AsyncHTTPClient Scheme.swift
[4186/4639] Compiling AsyncHTTPClient Singleton.swift
[4187/4639] Compiling AsyncHTTPClient StringConvertibleInstances.swift
[4188/4639] Compiling AsyncHTTPClient StructuredConcurrencyHelpers.swift
[4189/4639] Compiling AsyncHTTPClient TracingSupport.swift
[4190/4639] Compiling AsyncHTTPClient Utils.swift
[4190/4639] Compiling a_mbstr.cc
[4191/4639] Compiling a_int.cc
[4192/4639] Compiling a_dup.cc
[4193/4639] Compiling chacha20_poly1305_x86_64-linux.S
[4194/4639] Compiling chacha20_poly1305_x86_64-apple.S
[4195/4639] Compiling chacha20_poly1305_armv8-win.S
[4196/4639] Compiling chacha20_poly1305_armv8-linux.S
[4197/4639] Compiling chacha-x86_64-linux.S
[4198/4639] Compiling chacha20_poly1305_armv8-apple.S
[4199/4639] Compiling chacha-x86_64-apple.S
[4200/4639] Compiling chacha-x86-linux.S
[4201/4639] Compiling chacha-x86-apple.S
[4202/4639] Compiling a_gentm.cc
[4203/4639] Compiling chacha-armv8-win.S
[4204/4639] Compiling chacha-armv8-linux.S
[4205/4639] Compiling chacha-armv4-linux.S
[4206/4639] Compiling a_d2i_fp.cc
[4207/4639] Compiling chacha-armv8-apple.S
[4208/4639] Compiling aes128gcmsiv-x86_64-linux.S
[4209/4639] Compiling aes128gcmsiv-x86_64-apple.S
[4210/4639] Compiling x86_64-mont5-linux.S
[4211/4639] Compiling x86_64-mont5-apple.S
[4212/4639] Compiling x86_64-mont-linux.S
[4213/4639] Compiling aes.cc
[4214/4639] Compiling x86_64-mont-apple.S
[4215/4639] Compiling x86-mont-linux.S
[4216/4639] Compiling x86-mont-apple.S
[4217/4639] Compiling vpaes-x86_64-linux.S
[4218/4639] Compiling vpaes-x86_64-apple.S
[4219/4639] Compiling vpaes-x86-linux.S
[4220/4639] Compiling vpaes-x86-apple.S
[4221/4639] Compiling vpaes-armv8-win.S
[4222/4639] Compiling vpaes-armv8-linux.S
[4223/4639] Compiling vpaes-armv8-apple.S
[4224/4639] Compiling vpaes-armv7-linux.S
[4225/4639] Compiling sha512-x86_64-linux.S
[4226/4639] Compiling sha512-x86_64-apple.S
[4227/4639] Compiling sha512-armv8-win.S
[4228/4639] Compiling sha512-armv8-linux.S
[4229/4639] Compiling sha512-armv4-linux.S
[4230/4639] Compiling sha512-586-linux.S
[4231/4639] Compiling sha512-586-apple.S
[4232/4639] Compiling sha512-armv8-apple.S
[4233/4639] Compiling sha256-x86_64-linux.S
[4234/4639] Compiling sha256-x86_64-apple.S
[4235/4639] Compiling sha256-armv8-win.S
[4236/4639] Compiling sha256-armv8-linux.S
[4237/4639] Compiling a_bool.cc
[4238/4639] Compiling sha256-armv8-apple.S
[4239/4639] Compiling sha256-armv4-linux.S
[4240/4639] Compiling sha256-586-linux.S
[4241/4639] Compiling sha256-586-apple.S
[4242/4639] Compiling sha1-x86_64-linux.S
[4243/4639] Compiling sha1-x86_64-apple.S
[4244/4639] Compiling sha1-armv8-win.S
[4245/4639] Compiling sha1-armv8-linux.S
[4246/4639] Compiling sha1-586-linux.S
[4246/4639] Compiling sha1-armv4-large-linux.S
[4248/4639] Compiling sha1-armv8-apple.S
[4249/4639] Compiling sha1-586-apple.S
[4250/4639] Compiling rsaz-avx2-linux.S
[4251/4639] Compiling rsaz-avx2-apple.S
[4252/4639] Compiling rdrand-x86_64-linux.S
[4253/4639] Compiling rdrand-x86_64-apple.S
[4254/4639] Compiling p256_beeu-x86_64-asm-linux.S
[4255/4639] Compiling p256_beeu-x86_64-asm-apple.S
[4256/4639] Compiling p256_beeu-armv8-asm-win.S
[4257/4639] Compiling p256_beeu-armv8-asm-linux.S
[4258/4639] Compiling p256_beeu-armv8-asm-apple.S
[4259/4639] Compiling p256-x86_64-asm-linux.S
[4260/4639] Compiling p256-x86_64-asm-apple.S
[4260/4639] Compiling p256-armv8-asm-win.S
[4262/4639] Compiling a_bitstr.cc
[4263/4639] Compiling p256-armv8-asm-linux.S
[4264/4639] Compiling p256-armv8-asm-apple.S
[4265/4639] Compiling ghashv8-armv8-win.S
[4266/4639] Compiling ghashv8-armv8-linux.S
[4267/4639] Compiling ghashv8-armv7-linux.S
[4268/4639] Compiling ghashv8-armv8-apple.S
[4269/4639] Compiling ghash-x86_64-linux.S
[4270/4639] Compiling ghash-x86_64-apple.S
[4271/4639] Compiling ghash-x86-linux.S
[4272/4639] Compiling ghash-x86-apple.S
[4273/4639] Compiling ghash-ssse3-x86_64-apple.S
[4274/4639] Compiling ghash-ssse3-x86_64-linux.S
[4275/4639] Compiling ghash-ssse3-x86-linux.S
[4276/4639] Compiling ghash-ssse3-x86-apple.S
[4277/4639] Compiling ghash-neon-armv8-win.S
[4278/4639] Compiling ghash-neon-armv8-linux.S
[4279/4639] Compiling ghash-armv4-linux.S
[4280/4639] Compiling co-586-linux.S
[4280/4639] Compiling ghash-neon-armv8-apple.S
[4282/4639] Compiling co-586-apple.S
[4283/4639] Compiling bsaes-armv7-linux.S
[4284/4639] Compiling bn-armv8-win.S
[4285/4639] Compiling bn-armv8-linux.S
[4287/4639] Compiling SwiftSyntaxMacroExpansion MacroExpansionDiagnosticMessages.swift
[4288/4639] Compiling SwiftSyntaxMacroExpansion MacroSpec.swift
[4288/4639] Compiling bn-armv8-apple.S
[4290/4639] Compiling SwiftSyntaxMacroExpansion MacroReplacement.swift
[4291/4639] Compiling SwiftSyntaxMacroExpansion MacroExpansion.swift
[4292/4639] Compiling SwiftSyntaxMacroExpansion IndentationUtils.swift
[4293/4639] Compiling SwiftSyntaxMacroExpansion MacroArgument.swift
[4294/4639] Compiling SwiftSyntaxMacroExpansion FunctionParameterUtils.swift
[4295/4639] Emitting module SwiftSyntaxMacroExpansion
[4296/4639] Compiling SwiftSyntaxMacroExpansion BasicMacroExpansionContext.swift
[4297/4639] Compiling SwiftSyntaxMacroExpansion MacroSystem.swift
[4297/4639] Compiling bn-586-linux.S
[4298/4639] Compiling bn-586-apple.S
[4299/4644] Compiling armv8-mont-win.S
[4300/4645] Compiling armv4-mont-linux.S
[4301/4647] Compiling armv8-mont-apple.S
[4302/4648] Compiling armv8-mont-linux.S
[4303/4648] Compiling aesv8-gcm-armv8-win.S
[4304/4648] Compiling aesv8-gcm-armv8-linux.S
[4305/4648] Compiling aesv8-armv8-win.S
[4306/4648] Compiling aesv8-armv8-linux.S
[4307/4648] Compiling aesv8-armv8-apple.S
[4308/4648] Compiling aesv8-armv7-linux.S
[4309/4648] Compiling aesv8-gcm-armv8-apple.S
[4310/4648] Compiling aesni-x86_64-linux.S
[4311/4648] Compiling aesni-x86_64-apple.S
[4312/4648] Compiling aesni-x86-linux.S
[4313/4648] Compiling aesni-x86-apple.S
[4314/4648] Compiling aesni-gcm-x86_64-linux.S
[4315/4648] Compiling aesni-gcm-x86_64-apple.S
[4316/4648] Compiling aes-gcm-avx512-x86_64-linux.S
[4317/4648] Compiling aes-gcm-avx512-x86_64-apple.S
[4318/4648] Compiling aes-gcm-avx2-x86_64-linux.S
[4319/4648] Compiling aes-gcm-avx2-x86_64-apple.S
[4325/4648] Compiling xwing.cc
[4329/4655] Compiling CryptoBoringWrapper resource_bundle_accessor.swift
[4336/4655] Compiling x_sig.cc
[4337/4655] Compiling x_req.cc
[4338/4655] Compiling x_spki.cc
[4339/4676] Compiling x_x509a.cc
[4340/4676] Compiling x_x509.cc
[4341/4676] Compiling x_pubkey.cc
[4364/4676] Emitting module AsyncHTTPClient
[4365/4676] Compiling SQLiteKit SQLiteDataDecoder.swift
[4366/4676] Compiling SQLiteKit SQLiteRow+SQLRow.swift
[4367/4676] Compiling SQLiteKit SQLiteDialect.swift
[4368/4676] Compiling SQLiteKit SQLiteDataEncoder.swift
[4405/4676] Compiling AsyncHTTPClient SSLContextCache.swift
[4406/4676] Compiling AsyncHTTPClient Scheme.swift
[4407/4676] Compiling AsyncHTTPClient Singleton.swift
[4408/4676] Compiling AsyncHTTPClient StringConvertibleInstances.swift
[4409/4676] Compiling AsyncHTTPClient StructuredConcurrencyHelpers.swift
[4410/4676] Compiling AsyncHTTPClient TracingSupport.swift
[4411/4676] Compiling AsyncHTTPClient Utils.swift
[4412/4676] Compiling SwiftCompilerPluginMessageHandling PluginMessageCompatibility.swift
[4413/4676] Compiling SwiftCompilerPluginMessageHandling JSONEncoding.swift
[4414/4676] Compiling SwiftCompilerPluginMessageHandling Macros.swift
[4415/4677] Compiling SQLiteKit SQLiteConfiguration.swift
[4416/4677] Compiling SQLiteKit Exports.swift
[4417/4677] Compiling SQLiteKit SQLiteConnectionSource.swift
[4418/4677] Emitting module SQLiteKit
[4419/4677] Compiling SQLiteKit SQLiteConnection+SQLKit.swift
[4420/4677] Compiling CryptoBoringWrapper RandomBytes.swift
[4421/4677] Compiling CryptoBoringWrapper FiniteFieldArithmeticContext.swift
[4421/4677] Compiling x_exten.cc
[4422/4677] Compiling x_name.cc
[4423/4677] Compiling x_crl.cc
[4424/4677] Compiling x_attrib.cc
[4426/4677] Compiling SwiftCompilerPluginMessageHandling PluginMessages.swift
[4427/4677] Compiling CryptoBoringWrapper EllipticCurvePoint.swift
[4428/4677] Compiling CryptoBoringWrapper EllipticCurve.swift
[4429/4677] Emitting module CryptoBoringWrapper
[4430/4677] Compiling CryptoBoringWrapper CryptoKitErrors_boring.swift
[4431/4677] Compiling CryptoBoringWrapper BoringSSLAEAD.swift
[4432/4677] Compiling CryptoBoringWrapper ArbitraryPrecisionInteger.swift
[4432/4677] Compiling x_all.cc
[4434/4685] Compiling SwiftCompilerPluginMessageHandling StandardIOMessageConnection.swift
[4434/4749] Compiling x_algor.cc
[4436/4749] Compiling CryptoExtras AES_CBC.swift
[4437/4749] Compiling CryptoExtras AES_CFB.swift
[4438/4749] Compiling SwiftCompilerPluginMessageHandling PluginMacroExpansionContext.swift
[4439/4749] Compiling SwiftCompilerPluginMessageHandling LRUCache.swift
[4440/4749] Compiling CryptoExtras AES_CTR.swift
[4441/4749] Compiling CryptoExtras AES_GCM_SIV.swift
[4442/4749] Compiling SwiftCompilerPluginMessageHandling JSONDecoding.swift
[4443/4749] Emitting module SwiftCompilerPluginMessageHandling
[4444/4749] Compiling FluentSQLiteDriver SQLiteError+Database.swift
[4445/4749] Compiling FluentSQLiteDriver SQLiteRow+Database.swift
[4446/4749] Compiling FluentSQLiteDriver SQLiteConverterDelegate.swift
[4446/4749] Compiling x509spki.cc
[4447/4749] Compiling x509rset.cc
[4448/4749] Compiling x509cset.cc
[4450/4749] Compiling FluentSQLiteDriver FluentSQLiteDriver.swift
[4451/4749] Compiling FluentSQLiteDriver Exports.swift
[4452/4749] Emitting module FluentSQLiteDriver
[4453/4749] Compiling FluentSQLiteDriver FluentSQLiteConfiguration.swift
[4454/4749] Compiling FluentSQLiteDriver FluentSQLiteDatabase.swift
[4454/4749] Compiling x509name.cc
[4455/4749] Compiling x509_vpm.cc
[4457/4749] Compiling CryptoExtras Reexport.swift
[4458/4749] Compiling CryptoExtras Zeroization_boring.swift
[4459/4749] Compiling CryptoExtras BoringSSLHelpers.swift
[4460/4749] Compiling CryptoExtras CryptoKitErrors_boring.swift
[4461/4749] Compiling CryptoExtras Data+Extensions.swift
[4462/4749] Compiling CryptoExtras DigestType.swift
[4463/4749] Compiling CryptoExtras Error.swift
[4463/4758] Compiling x509_vfy.cc
[4465/4758] Emitting module SwiftCompilerPlugin
[4466/4758] Compiling SwiftCompilerPlugin CompilerPlugin.swift
[4466/4758] Compiling x509_txt.cc
[4467/4758] Compiling x509_v3.cc
[4469/4758] Compiling CryptoExtras PKCS8PrivateKey.swift
[4470/4758] Compiling CryptoExtras RFC8410AlgorithmIdentifier.swift
[4471/4758] Compiling CryptoExtras ECToolbox_boring.swift
[4472/4758] Compiling CryptoExtras ECToolbox.swift
[4473/4758] Compiling CryptoExtras HashToField.swift
[4474/4758] Compiling CryptoExtras KDF.swift
[4475/4758] Compiling CryptoExtras PBKDF2_boring.swift
[4476/4758] Compiling CryptoExtras BoringSSLSHA512256Context.swift
[4477/4758] Compiling CryptoExtras BoringSSLSHA512256HashFunction.swift
[4478/4758] Compiling CryptoExtras SHA512256.swift
[4479/4758] Compiling CryptoExtras SHA512256Digest.swift
[4480/4758] Compiling CryptoExtras Curve25519+PEM.swift
[4481/4758] Compiling CryptoExtras ObjectIdentifier.swift
[4482/4758] Compiling CryptoExtras PKCS8DERRepresentation.swift
[4482/4758] Compiling x509_trs.cc
[4483/4758] Compiling x509_set.cc
[4484/4758] Compiling x509_obj.cc
[4485/4758] Compiling x509_req.cc
[4486/4758] Compiling x509_lu.cc
[4488/4758] Emitting module CryptoExtras
[4488/4758] Compiling x509_ext.cc
[4489/4768] Compiling x509_d2.cc
[4490/4768] Compiling x509_def.cc
[4492/4768] Compiling CryptoExtras I2OSP.swift
[4493/4768] Compiling CryptoExtras IntegerEncoding.swift
[4494/4768] Compiling CryptoExtras PEMDocument.swift
[4495/4768] Compiling CryptoExtras PrettyBytes.swift
[4496/4768] Compiling CryptoExtras SubjectPublicKeyInfo.swift
[4497/4768] Compiling CryptoExtras ThreadOps.swift
[4498/4768] Compiling CryptoExtras ThreadPosix.swift
[4499/4768] Compiling CryptoExtras PBKDF2_commoncrypto.swift
[4500/4768] Compiling CryptoExtras PBKDF2.swift
[4501/4768] Compiling CryptoExtras Scrypt_boring.swift
[4502/4768] Compiling CryptoExtras Scrypt.swift
[4503/4768] Compiling CryptoExtras OPRF.swift
[4504/4768] Compiling CryptoExtras OPRFClient.swift
[4505/4768] Compiling CryptoExtras OPRFServer.swift
[4505/4768] Compiling x509_cmp.cc
[4507/4768] Compiling FOSMacros Stubbable.swift
[4508/4768] Compiling CryptoExtras ThreadSpecific.swift
[4509/4768] Compiling CryptoExtras ThreadWindows.swift
[4510/4768] Compiling CryptoExtras DLEQ.swift
[4511/4768] Compiling CryptoExtras Prover.swift
[4512/4768] Compiling CryptoExtras Verifier.swift
[4513/4768] Compiling CryptoExtras ZKPToolbox.swift
[4514/4768] Compiling CryptoExtras resource_bundle_accessor.swift
[4514/4768] Compiling x509_att.cc
[4515/4768] Compiling x509.cc
[4516/4768] Compiling v3_skey.cc
[4517/4768] Compiling v3_utl.cc
[4518/4768] Compiling v3_purp.cc
[4520/4768] Compiling FOSMacros LocalizableErrorMacro.swift
[4521/4768] Compiling FOSMacros VersionedFactoryMethodMacro.swift
[4522/4768] Compiling FOSMacros FieldIdMacro.swift
[4523/4768] Compiling FOSMacros ViewModelFactoryMacro.swift
[4524/4768] Compiling FOSMacros FieldValidationModelMacro.swift
[4525/4768] Compiling FOSMacros SystemVersion.swift
[4526/4768] Emitting module FOSMacros
[4527/4768] Compiling FOSMacros FOSMacros.swift
[4528/4768] Compiling FOSMacros ViewModelMacro.swift
[4528/4767] Compiling v3_prn.cc
[4529/4767] Compiling v3_pmaps.cc
[4530/4767] Compiling v3_pcons.cc
[4531/4767] Compiling v3_ocsp.cc
[4532/4767] Compiling v3_lib.cc
[4533/4767] Compiling v3_ncons.cc
[4534/4767] Compiling v3_int.cc
[4535/4767] Compiling v3_info.cc
[4537/4767] Compiling CryptoExtras AES_CTR_boring.swift
[4538/4767] Compiling CryptoExtras AES_GCM_SIV_boring.swift
[4539/4767] Compiling CryptoExtras CMAC.swift
[4540/4767] Compiling CryptoExtras ARC+API.swift
[4541/4767] Compiling CryptoExtras ARC.swift
[4542/4767] Compiling CryptoExtras ARCCredential.swift
[4543/4767] Compiling CryptoExtras ARCEncoding.swift
[4548/4767] Compiling CryptoExtras Block Function.swift
[4549/4767] Compiling CryptoExtras AES_CBC_boring.swift
[4550/4767] Compiling CryptoExtras AES_CFB_boring.swift
[4551/4767] Compiling CryptoExtras ARCPrecredential.swift
[4552/4767] Compiling CryptoExtras ARCPresentation.swift
[4553/4767] Compiling CryptoExtras ARCRequest.swift
[4554/4767] Compiling CryptoExtras ARCResponse.swift
[4555/4767] Compiling CryptoExtras ARCServer.swift
[4556/4767] Compiling CryptoExtras ChaCha20CTR_boring.swift
[4557/4767] Compiling CryptoExtras ChaCha20CTR.swift
[4557/4767] Compiling v3_ia5.cc
[4558/4767] Compiling v3_genn.cc
[4559/4767] Compiling v3_extku.cc
[4561/4767] Compiling CryptoExtras VOPRF+API.swift
[4562/4767] Compiling CryptoExtras VOPRFClient.swift
[4563/4767] Compiling CryptoExtras VOPRFServer.swift
[4564/4767] Compiling CryptoExtras BoringSSLPassphraseCallbackManager.swift
[4565/4767] Compiling CryptoExtras RSA+BlindSigning.swift
[4566/4767] Compiling CryptoExtras RSA.swift
[4567/4767] Compiling CryptoExtras RSA_boring.swift
[4567/4767] Compiling v3_enum.cc
[4568/4767] Compiling v3_crld.cc
[4569/4767] Compiling v3_cpols.cc
[4570/4767] Compiling v3_conf.cc
[4571/4767] Compiling v3_bitst.cc
[4572/4767] Compiling v3_bcons.cc
[4573/4767] Compiling v3_akeya.cc
[4574/4769] Compiling v3_alt.cc
[4575/4769] Compiling v3_akey.cc
[4577/4769] Emitting module _CryptoExtras
[4578/4769] Compiling _CryptoExtras Exports.swift
[4578/4769] Compiling t_x509a.cc
[4579/4769] Compiling t_req.cc
[4580/4769] Compiling t_crl.cc
[4581/4769] Compiling t_x509.cc
[4582/4769] Compiling i2d_pr.cc
[4583/4769] Compiling rsa_pss.cc
[4584/4769] Compiling policy.cc
[4585/4769] Compiling name_print.cc
[4586/4769] Linking FOSMacros-tool
[4587/4867] Compiling by_file.cc
[4588/4867] Compiling by_dir.cc
[4589/4867] Compiling asn1_gen.cc
[4590/4867] Compiling algorithm.cc
[4591/4867] Compiling a_verify.cc
[4592/4867] Compiling voprf.cc
[4593/4867] Compiling a_sign.cc
[4594/4867] Compiling a_digest.cc
[4595/4867] Compiling trust_token.cc
[4596/5002] Compiling thread_win.cc
[4597/5137] Compiling thread.cc
[4598/5137] Compiling thread_pthread.cc
[4599/5137] Compiling thread_none.cc
[4600/5137] Compiling pmbtoken.cc
[4601/5137] Compiling stack.cc
[4602/5137] Compiling sha512.cc
[4603/5137] Compiling sha256.cc
[4604/5137] Compiling sha1.cc
[4605/5137] Compiling siphash.cc
[4606/5137] Compiling spake2plus.cc
[4607/5137] Compiling slhdsa.cc
[4608/5137] Compiling rsa_print.cc
[4609/5137] Compiling rsa_extra.cc
[4610/5137] Compiling rc4.cc
[4611/5137] Compiling refcount.cc
[4612/5137] Compiling windows.cc
[4613/5137] Compiling urandom.cc
[4614/5137] Compiling rsa_crypt.cc
[4616/5137] Compiling FOSMVVM JSONEncoder.swift
/Users/admin/builder/spi-builder-workspace/Sources/FOSMVVM/SwiftUI Support/Generated/SliderTick+Localizable.swift:30:18: error: cannot find type 'SliderTick' in scope
28 | @available(iOS 26.0, macOS 26.0, watchOS 26.0, visionOS 26.0, *)
29 | @available(tvOS, unavailable)
30 | public extension SliderTick where V: BinaryFloatingPoint {
| `- error: cannot find type 'SliderTick' in scope
31 | #if os(iOS) || os(macOS) || os(watchOS) || os(visionOS)
32 | /// Localizable-accepting form of SwiftUI's `SliderTick.init(_:_:)`.
/Users/admin/builder/spi-builder-workspace/Sources/FOSMVVM/SwiftUI Support/Generated/SliderTick+Localizable.swift:30:29: error: 'where' clause cannot be applied to a non-generic top-level declaration
28 | @available(iOS 26.0, macOS 26.0, watchOS 26.0, visionOS 26.0, *)
29 | @available(tvOS, unavailable)
30 | public extension SliderTick where V: BinaryFloatingPoint {
| `- error: 'where' clause cannot be applied to a non-generic top-level declaration
31 | #if os(iOS) || os(macOS) || os(watchOS) || os(visionOS)
32 | /// Localizable-accepting form of SwiftUI's `SliderTick.init(_:_:)`.
/Users/admin/builder/spi-builder-workspace/Sources/FOSMVVM/SwiftUI Support/Generated/SliderTick+Localizable.swift:51:81: error: cannot find type 'V' in scope
49 | @available(iOS 26.0, macOS 26.0, watchOS 26.0, visionOS 26.0, *)
50 | @available(tvOS, unavailable)
51 | init(_ localizable: some Localizable, defaultValue: String? = nil, _ value: V) {
| `- error: cannot find type 'V' in scope
52 | self.init(localizable.defaultedLocalizedString(defaultValue: defaultValue), value)
53 | }
[4617/5137] Compiling FOSMVVM FormField.swift
/Users/admin/builder/spi-builder-workspace/Sources/FOSMVVM/SwiftUI Support/Generated/SliderTick+Localizable.swift:30:18: error: cannot find type 'SliderTick' in scope
28 | @available(iOS 26.0, macOS 26.0, watchOS 26.0, visionOS 26.0, *)
29 | @available(tvOS, unavailable)
30 | public extension SliderTick where V: BinaryFloatingPoint {
| `- error: cannot find type 'SliderTick' in scope
31 | #if os(iOS) || os(macOS) || os(watchOS) || os(visionOS)
32 | /// Localizable-accepting form of SwiftUI's `SliderTick.init(_:_:)`.
/Users/admin/builder/spi-builder-workspace/Sources/FOSMVVM/SwiftUI Support/Generated/SliderTick+Localizable.swift:30:29: error: 'where' clause cannot be applied to a non-generic top-level declaration
28 | @available(iOS 26.0, macOS 26.0, watchOS 26.0, visionOS 26.0, *)
29 | @available(tvOS, unavailable)
30 | public extension SliderTick where V: BinaryFloatingPoint {
| `- error: 'where' clause cannot be applied to a non-generic top-level declaration
31 | #if os(iOS) || os(macOS) || os(watchOS) || os(visionOS)
32 | /// Localizable-accepting form of SwiftUI's `SliderTick.init(_:_:)`.
/Users/admin/builder/spi-builder-workspace/Sources/FOSMVVM/SwiftUI Support/Generated/SliderTick+Localizable.swift:51:81: error: cannot find type 'V' in scope
49 | @available(iOS 26.0, macOS 26.0, watchOS 26.0, visionOS 26.0, *)
50 | @available(tvOS, unavailable)
51 | init(_ localizable: some Localizable, defaultValue: String? = nil, _ value: V) {
| `- error: cannot find type 'V' in scope
52 | self.init(localizable.defaultedLocalizedString(defaultValue: defaultValue), value)
53 | }
[4618/5137] Compiling FOSMVVM FormFieldIdentifier.swift
/Users/admin/builder/spi-builder-workspace/Sources/FOSMVVM/SwiftUI Support/Generated/SliderTick+Localizable.swift:30:18: error: cannot find type 'SliderTick' in scope
28 | @available(iOS 26.0, macOS 26.0, watchOS 26.0, visionOS 26.0, *)
29 | @available(tvOS, unavailable)
30 | public extension SliderTick where V: BinaryFloatingPoint {
| `- error: cannot find type 'SliderTick' in scope
31 | #if os(iOS) || os(macOS) || os(watchOS) || os(visionOS)
32 | /// Localizable-accepting form of SwiftUI's `SliderTick.init(_:_:)`.
/Users/admin/builder/spi-builder-workspace/Sources/FOSMVVM/SwiftUI Support/Generated/SliderTick+Localizable.swift:30:29: error: 'where' clause cannot be applied to a non-generic top-level declaration
28 | @available(iOS 26.0, macOS 26.0, watchOS 26.0, visionOS 26.0, *)
29 | @available(tvOS, unavailable)
30 | public extension SliderTick where V: BinaryFloatingPoint {
| `- error: 'where' clause cannot be applied to a non-generic top-level declaration
31 | #if os(iOS) || os(macOS) || os(watchOS) || os(visionOS)
32 | /// Localizable-accepting form of SwiftUI's `SliderTick.init(_:_:)`.
/Users/admin/builder/spi-builder-workspace/Sources/FOSMVVM/SwiftUI Support/Generated/SliderTick+Localizable.swift:51:81: error: cannot find type 'V' in scope
49 | @available(iOS 26.0, macOS 26.0, watchOS 26.0, visionOS 26.0, *)
50 | @available(tvOS, unavailable)
51 | init(_ localizable: some Localizable, defaultValue: String? = nil, _ value: V) {
| `- error: cannot find type 'V' in scope
52 | self.init(localizable.defaultedLocalizedString(defaultValue: defaultValue), value)
53 | }
[4619/5137] Compiling FOSMVVM FormFieldModel.swift
/Users/admin/builder/spi-builder-workspace/Sources/FOSMVVM/SwiftUI Support/Generated/SliderTick+Localizable.swift:30:18: error: cannot find type 'SliderTick' in scope
28 | @available(iOS 26.0, macOS 26.0, watchOS 26.0, visionOS 26.0, *)
29 | @available(tvOS, unavailable)
30 | public extension SliderTick where V: BinaryFloatingPoint {
| `- error: cannot find type 'SliderTick' in scope
31 | #if os(iOS) || os(macOS) || os(watchOS) || os(visionOS)
32 | /// Localizable-accepting form of SwiftUI's `SliderTick.init(_:_:)`.
/Users/admin/builder/spi-builder-workspace/Sources/FOSMVVM/SwiftUI Support/Generated/SliderTick+Localizable.swift:30:29: error: 'where' clause cannot be applied to a non-generic top-level declaration
28 | @available(iOS 26.0, macOS 26.0, watchOS 26.0, visionOS 26.0, *)
29 | @available(tvOS, unavailable)
30 | public extension SliderTick where V: BinaryFloatingPoint {
| `- error: 'where' clause cannot be applied to a non-generic top-level declaration
31 | #if os(iOS) || os(macOS) || os(watchOS) || os(visionOS)
32 | /// Localizable-accepting form of SwiftUI's `SliderTick.init(_:_:)`.
/Users/admin/builder/spi-builder-workspace/Sources/FOSMVVM/SwiftUI Support/Generated/SliderTick+Localizable.swift:51:81: error: cannot find type 'V' in scope
49 | @available(iOS 26.0, macOS 26.0, watchOS 26.0, visionOS 26.0, *)
50 | @available(tvOS, unavailable)
51 | init(_ localizable: some Localizable, defaultValue: String? = nil, _ value: V) {
| `- error: cannot find type 'V' in scope
52 | self.init(localizable.defaultedLocalizedString(defaultValue: defaultValue), value)
53 | }
[4620/5137] Compiling FOSMVVM FormFieldType.swift
/Users/admin/builder/spi-builder-workspace/Sources/FOSMVVM/SwiftUI Support/Generated/SliderTick+Localizable.swift:30:18: error: cannot find type 'SliderTick' in scope
28 | @available(iOS 26.0, macOS 26.0, watchOS 26.0, visionOS 26.0, *)
29 | @available(tvOS, unavailable)
30 | public extension SliderTick where V: BinaryFloatingPoint {
| `- error: cannot find type 'SliderTick' in scope
31 | #if os(iOS) || os(macOS) || os(watchOS) || os(visionOS)
32 | /// Localizable-accepting form of SwiftUI's `SliderTick.init(_:_:)`.
/Users/admin/builder/spi-builder-workspace/Sources/FOSMVVM/SwiftUI Support/Generated/SliderTick+Localizable.swift:30:29: error: 'where' clause cannot be applied to a non-generic top-level declaration
28 | @available(iOS 26.0, macOS 26.0, watchOS 26.0, visionOS 26.0, *)
29 | @available(tvOS, unavailable)
30 | public extension SliderTick where V: BinaryFloatingPoint {
| `- error: 'where' clause cannot be applied to a non-generic top-level declaration
31 | #if os(iOS) || os(macOS) || os(watchOS) || os(visionOS)
32 | /// Localizable-accepting form of SwiftUI's `SliderTick.init(_:_:)`.
/Users/admin/builder/spi-builder-workspace/Sources/FOSMVVM/SwiftUI Support/Generated/SliderTick+Localizable.swift:51:81: error: cannot find type 'V' in scope
49 | @available(iOS 26.0, macOS 26.0, watchOS 26.0, visionOS 26.0, *)
50 | @available(tvOS, unavailable)
51 | init(_ localizable: some Localizable, defaultValue: String? = nil, _ value: V) {
| `- error: cannot find type 'V' in scope
52 | self.init(localizable.defaultedLocalizedString(defaultValue: defaultValue), value)
53 | }
[4621/5137] Compiling FOSMVVM FormInputOption.swift
/Users/admin/builder/spi-builder-workspace/Sources/FOSMVVM/SwiftUI Support/Generated/SliderTick+Localizable.swift:30:18: error: cannot find type 'SliderTick' in scope
28 | @available(iOS 26.0, macOS 26.0, watchOS 26.0, visionOS 26.0, *)
29 | @available(tvOS, unavailable)
30 | public extension SliderTick where V: BinaryFloatingPoint {
| `- error: cannot find type 'SliderTick' in scope
31 | #if os(iOS) || os(macOS) || os(watchOS) || os(visionOS)
32 | /// Localizable-accepting form of SwiftUI's `SliderTick.init(_:_:)`.
/Users/admin/builder/spi-builder-workspace/Sources/FOSMVVM/SwiftUI Support/Generated/SliderTick+Localizable.swift:30:29: error: 'where' clause cannot be applied to a non-generic top-level declaration
28 | @available(iOS 26.0, macOS 26.0, watchOS 26.0, visionOS 26.0, *)
29 | @available(tvOS, unavailable)
30 | public extension SliderTick where V: BinaryFloatingPoint {
| `- error: 'where' clause cannot be applied to a non-generic top-level declaration
31 | #if os(iOS) || os(macOS) || os(watchOS) || os(visionOS)
32 | /// Localizable-accepting form of SwiftUI's `SliderTick.init(_:_:)`.
/Users/admin/builder/spi-builder-workspace/Sources/FOSMVVM/SwiftUI Support/Generated/SliderTick+Localizable.swift:51:81: error: cannot find type 'V' in scope
49 | @available(iOS 26.0, macOS 26.0, watchOS 26.0, visionOS 26.0, *)
50 | @available(tvOS, unavailable)
51 | init(_ localizable: some Localizable, defaultValue: String? = nil, _ value: V) {
| `- error: cannot find type 'V' in scope
52 | self.init(localizable.defaultedLocalizedString(defaultValue: defaultValue), value)
53 | }
[4622/5137] Compiling FOSMVVM FormInputType.swift
/Users/admin/builder/spi-builder-workspace/Sources/FOSMVVM/SwiftUI Support/Generated/SliderTick+Localizable.swift:30:18: error: cannot find type 'SliderTick' in scope
28 | @available(iOS 26.0, macOS 26.0, watchOS 26.0, visionOS 26.0, *)
29 | @available(tvOS, unavailable)
30 | public extension SliderTick where V: BinaryFloatingPoint {
| `- error: cannot find type 'SliderTick' in scope
31 | #if os(iOS) || os(macOS) || os(watchOS) || os(visionOS)
32 | /// Localizable-accepting form of SwiftUI's `SliderTick.init(_:_:)`.
/Users/admin/builder/spi-builder-workspace/Sources/FOSMVVM/SwiftUI Support/Generated/SliderTick+Localizable.swift:30:29: error: 'where' clause cannot be applied to a non-generic top-level declaration
28 | @available(iOS 26.0, macOS 26.0, watchOS 26.0, visionOS 26.0, *)
29 | @available(tvOS, unavailable)
30 | public extension SliderTick where V: BinaryFloatingPoint {
| `- error: 'where' clause cannot be applied to a non-generic top-level declaration
31 | #if os(iOS) || os(macOS) || os(watchOS) || os(visionOS)
32 | /// Localizable-accepting form of SwiftUI's `SliderTick.init(_:_:)`.
/Users/admin/builder/spi-builder-workspace/Sources/FOSMVVM/SwiftUI Support/Generated/SliderTick+Localizable.swift:51:81: error: cannot find type 'V' in scope
49 | @available(iOS 26.0, macOS 26.0, watchOS 26.0, visionOS 26.0, *)
50 | @available(tvOS, unavailable)
51 | init(_ localizable: some Localizable, defaultValue: String? = nil, _ value: V) {
| `- error: cannot find type 'V' in scope
52 | self.init(localizable.defaultedLocalizedString(defaultValue: defaultValue), value)
53 | }
[4623/5137] Compiling FOSMVVM Localizable.swift
/Users/admin/builder/spi-builder-workspace/Sources/FOSMVVM/SwiftUI Support/Generated/SliderTick+Localizable.swift:30:18: error: cannot find type 'SliderTick' in scope
28 | @available(iOS 26.0, macOS 26.0, watchOS 26.0, visionOS 26.0, *)
29 | @available(tvOS, unavailable)
30 | public extension SliderTick where V: BinaryFloatingPoint {
| `- error: cannot find type 'SliderTick' in scope
31 | #if os(iOS) || os(macOS) || os(watchOS) || os(visionOS)
32 | /// Localizable-accepting form of SwiftUI's `SliderTick.init(_:_:)`.
/Users/admin/builder/spi-builder-workspace/Sources/FOSMVVM/SwiftUI Support/Generated/SliderTick+Localizable.swift:30:29: error: 'where' clause cannot be applied to a non-generic top-level declaration
28 | @available(iOS 26.0, macOS 26.0, watchOS 26.0, visionOS 26.0, *)
29 | @available(tvOS, unavailable)
30 | public extension SliderTick where V: BinaryFloatingPoint {
| `- error: 'where' clause cannot be applied to a non-generic top-level declaration
31 | #if os(iOS) || os(macOS) || os(watchOS) || os(visionOS)
32 | /// Localizable-accepting form of SwiftUI's `SliderTick.init(_:_:)`.
/Users/admin/builder/spi-builder-workspace/Sources/FOSMVVM/SwiftUI Support/Generated/SliderTick+Localizable.swift:51:81: error: cannot find type 'V' in scope
49 | @available(iOS 26.0, macOS 26.0, watchOS 26.0, visionOS 26.0, *)
50 | @available(tvOS, unavailable)
51 | init(_ localizable: some Localizable, defaultValue: String? = nil, _ value: V) {
| `- error: cannot find type 'V' in scope
52 | self.init(localizable.defaultedLocalizedString(defaultValue: defaultValue), value)
53 | }
[4624/5137] Compiling FOSMVVM LocalizableArray.swift
/Users/admin/builder/spi-builder-workspace/Sources/FOSMVVM/SwiftUI Support/Generated/SliderTick+Localizable.swift:30:18: error: cannot find type 'SliderTick' in scope
28 | @available(iOS 26.0, macOS 26.0, watchOS 26.0, visionOS 26.0, *)
29 | @available(tvOS, unavailable)
30 | public extension SliderTick where V: BinaryFloatingPoint {
| `- error: cannot find type 'SliderTick' in scope
31 | #if os(iOS) || os(macOS) || os(watchOS) || os(visionOS)
32 | /// Localizable-accepting form of SwiftUI's `SliderTick.init(_:_:)`.
/Users/admin/builder/spi-builder-workspace/Sources/FOSMVVM/SwiftUI Support/Generated/SliderTick+Localizable.swift:30:29: error: 'where' clause cannot be applied to a non-generic top-level declaration
28 | @available(iOS 26.0, macOS 26.0, watchOS 26.0, visionOS 26.0, *)
29 | @available(tvOS, unavailable)
30 | public extension SliderTick where V: BinaryFloatingPoint {
| `- error: 'where' clause cannot be applied to a non-generic top-level declaration
31 | #if os(iOS) || os(macOS) || os(watchOS) || os(visionOS)
32 | /// Localizable-accepting form of SwiftUI's `SliderTick.init(_:_:)`.
/Users/admin/builder/spi-builder-workspace/Sources/FOSMVVM/SwiftUI Support/Generated/SliderTick+Localizable.swift:51:81: error: cannot find type 'V' in scope
49 | @available(iOS 26.0, macOS 26.0, watchOS 26.0, visionOS 26.0, *)
50 | @available(tvOS, unavailable)
51 | init(_ localizable: some Localizable, defaultValue: String? = nil, _ value: V) {
| `- error: cannot find type 'V' in scope
52 | self.init(localizable.defaultedLocalizedString(defaultValue: defaultValue), value)
53 | }
[4625/5137] Compiling FOSMVVM LocalizableCase.swift
/Users/admin/builder/spi-builder-workspace/Sources/FOSMVVM/SwiftUI Support/Generated/SliderTick+Localizable.swift:30:18: error: cannot find type 'SliderTick' in scope
28 | @available(iOS 26.0, macOS 26.0, watchOS 26.0, visionOS 26.0, *)
29 | @available(tvOS, unavailable)
30 | public extension SliderTick where V: BinaryFloatingPoint {
| `- error: cannot find type 'SliderTick' in scope
31 | #if os(iOS) || os(macOS) || os(watchOS) || os(visionOS)
32 | /// Localizable-accepting form of SwiftUI's `SliderTick.init(_:_:)`.
/Users/admin/builder/spi-builder-workspace/Sources/FOSMVVM/SwiftUI Support/Generated/SliderTick+Localizable.swift:30:29: error: 'where' clause cannot be applied to a non-generic top-level declaration
28 | @available(iOS 26.0, macOS 26.0, watchOS 26.0, visionOS 26.0, *)
29 | @available(tvOS, unavailable)
30 | public extension SliderTick where V: BinaryFloatingPoint {
| `- error: 'where' clause cannot be applied to a non-generic top-level declaration
31 | #if os(iOS) || os(macOS) || os(watchOS) || os(visionOS)
32 | /// Localizable-accepting form of SwiftUI's `SliderTick.init(_:_:)`.
/Users/admin/builder/spi-builder-workspace/Sources/FOSMVVM/SwiftUI Support/Generated/SliderTick+Localizable.swift:51:81: error: cannot find type 'V' in scope
49 | @available(iOS 26.0, macOS 26.0, watchOS 26.0, visionOS 26.0, *)
50 | @available(tvOS, unavailable)
51 | init(_ localizable: some Localizable, defaultValue: String? = nil, _ value: V) {
| `- error: cannot find type 'V' in scope
52 | self.init(localizable.defaultedLocalizedString(defaultValue: defaultValue), value)
53 | }
[4626/5137] Compiling FOSMVVM LocalizableCompoundValue.swift
/Users/admin/builder/spi-builder-workspace/Sources/FOSMVVM/SwiftUI Support/Generated/SliderTick+Localizable.swift:30:18: error: cannot find type 'SliderTick' in scope
28 | @available(iOS 26.0, macOS 26.0, watchOS 26.0, visionOS 26.0, *)
29 | @available(tvOS, unavailable)
30 | public extension SliderTick where V: BinaryFloatingPoint {
| `- error: cannot find type 'SliderTick' in scope
31 | #if os(iOS) || os(macOS) || os(watchOS) || os(visionOS)
32 | /// Localizable-accepting form of SwiftUI's `SliderTick.init(_:_:)`.
/Users/admin/builder/spi-builder-workspace/Sources/FOSMVVM/SwiftUI Support/Generated/SliderTick+Localizable.swift:30:29: error: 'where' clause cannot be applied to a non-generic top-level declaration
28 | @available(iOS 26.0, macOS 26.0, watchOS 26.0, visionOS 26.0, *)
29 | @available(tvOS, unavailable)
30 | public extension SliderTick where V: BinaryFloatingPoint {
| `- error: 'where' clause cannot be applied to a non-generic top-level declaration
31 | #if os(iOS) || os(macOS) || os(watchOS) || os(visionOS)
32 | /// Localizable-accepting form of SwiftUI's `SliderTick.init(_:_:)`.
/Users/admin/builder/spi-builder-workspace/Sources/FOSMVVM/SwiftUI Support/Generated/SliderTick+Localizable.swift:51:81: error: cannot find type 'V' in scope
49 | @available(iOS 26.0, macOS 26.0, watchOS 26.0, visionOS 26.0, *)
50 | @available(tvOS, unavailable)
51 | init(_ localizable: some Localizable, defaultValue: String? = nil, _ value: V) {
| `- error: cannot find type 'V' in scope
52 | self.init(localizable.defaultedLocalizedString(defaultValue: defaultValue), value)
53 | }
[4627/5137] Compiling FOSMVVM LocalizableDate.swift
/Users/admin/builder/spi-builder-workspace/Sources/FOSMVVM/SwiftUI Support/Generated/SliderTick+Localizable.swift:30:18: error: cannot find type 'SliderTick' in scope
28 | @available(iOS 26.0, macOS 26.0, watchOS 26.0, visionOS 26.0, *)
29 | @available(tvOS, unavailable)
30 | public extension SliderTick where V: BinaryFloatingPoint {
| `- error: cannot find type 'SliderTick' in scope
31 | #if os(iOS) || os(macOS) || os(watchOS) || os(visionOS)
32 | /// Localizable-accepting form of SwiftUI's `SliderTick.init(_:_:)`.
/Users/admin/builder/spi-builder-workspace/Sources/FOSMVVM/SwiftUI Support/Generated/SliderTick+Localizable.swift:30:29: error: 'where' clause cannot be applied to a non-generic top-level declaration
28 | @available(iOS 26.0, macOS 26.0, watchOS 26.0, visionOS 26.0, *)
29 | @available(tvOS, unavailable)
30 | public extension SliderTick where V: BinaryFloatingPoint {
| `- error: 'where' clause cannot be applied to a non-generic top-level declaration
31 | #if os(iOS) || os(macOS) || os(watchOS) || os(visionOS)
32 | /// Localizable-accepting form of SwiftUI's `SliderTick.init(_:_:)`.
/Users/admin/builder/spi-builder-workspace/Sources/FOSMVVM/SwiftUI Support/Generated/SliderTick+Localizable.swift:51:81: error: cannot find type 'V' in scope
49 | @available(iOS 26.0, macOS 26.0, watchOS 26.0, visionOS 26.0, *)
50 | @available(tvOS, unavailable)
51 | init(_ localizable: some Localizable, defaultValue: String? = nil, _ value: V) {
| `- error: cannot find type 'V' in scope
52 | self.init(localizable.defaultedLocalizedString(defaultValue: defaultValue), value)
53 | }
[4628/5137] Compiling FOSMVVM LocalizableDouble.swift
/Users/admin/builder/spi-builder-workspace/Sources/FOSMVVM/SwiftUI Support/Generated/SliderTick+Localizable.swift:30:18: error: cannot find type 'SliderTick' in scope
28 | @available(iOS 26.0, macOS 26.0, watchOS 26.0, visionOS 26.0, *)
29 | @available(tvOS, unavailable)
30 | public extension SliderTick where V: BinaryFloatingPoint {
| `- error: cannot find type 'SliderTick' in scope
31 | #if os(iOS) || os(macOS) || os(watchOS) || os(visionOS)
32 | /// Localizable-accepting form of SwiftUI's `SliderTick.init(_:_:)`.
/Users/admin/builder/spi-builder-workspace/Sources/FOSMVVM/SwiftUI Support/Generated/SliderTick+Localizable.swift:30:29: error: 'where' clause cannot be applied to a non-generic top-level declaration
28 | @available(iOS 26.0, macOS 26.0, watchOS 26.0, visionOS 26.0, *)
29 | @available(tvOS, unavailable)
30 | public extension SliderTick where V: BinaryFloatingPoint {
| `- error: 'where' clause cannot be applied to a non-generic top-level declaration
31 | #if os(iOS) || os(macOS) || os(watchOS) || os(visionOS)
32 | /// Localizable-accepting form of SwiftUI's `SliderTick.init(_:_:)`.
/Users/admin/builder/spi-builder-workspace/Sources/FOSMVVM/SwiftUI Support/Generated/SliderTick+Localizable.swift:51:81: error: cannot find type 'V' in scope
49 | @available(iOS 26.0, macOS 26.0, watchOS 26.0, visionOS 26.0, *)
50 | @available(tvOS, unavailable)
51 | init(_ localizable: some Localizable, defaultValue: String? = nil, _ value: V) {
| `- error: cannot find type 'V' in scope
52 | self.init(localizable.defaultedLocalizedString(defaultValue: defaultValue), value)
53 | }
[4629/5137] Compiling FOSMVVM LocalizableInt.swift
/Users/admin/builder/spi-builder-workspace/Sources/FOSMVVM/SwiftUI Support/Generated/SliderTick+Localizable.swift:30:18: error: cannot find type 'SliderTick' in scope
28 | @available(iOS 26.0, macOS 26.0, watchOS 26.0, visionOS 26.0, *)
29 | @available(tvOS, unavailable)
30 | public extension SliderTick where V: BinaryFloatingPoint {
| `- error: cannot find type 'SliderTick' in scope
31 | #if os(iOS) || os(macOS) || os(watchOS) || os(visionOS)
32 | /// Localizable-accepting form of SwiftUI's `SliderTick.init(_:_:)`.
/Users/admin/builder/spi-builder-workspace/Sources/FOSMVVM/SwiftUI Support/Generated/SliderTick+Localizable.swift:30:29: error: 'where' clause cannot be applied to a non-generic top-level declaration
28 | @available(iOS 26.0, macOS 26.0, watchOS 26.0, visionOS 26.0, *)
29 | @available(tvOS, unavailable)
30 | public extension SliderTick where V: BinaryFloatingPoint {
| `- error: 'where' clause cannot be applied to a non-generic top-level declaration
31 | #if os(iOS) || os(macOS) || os(watchOS) || os(visionOS)
32 | /// Localizable-accepting form of SwiftUI's `SliderTick.init(_:_:)`.
/Users/admin/builder/spi-builder-workspace/Sources/FOSMVVM/SwiftUI Support/Generated/SliderTick+Localizable.swift:51:81: error: cannot find type 'V' in scope
49 | @available(iOS 26.0, macOS 26.0, watchOS 26.0, visionOS 26.0, *)
50 | @available(tvOS, unavailable)
51 | init(_ localizable: some Localizable, defaultValue: String? = nil, _ value: V) {
| `- error: cannot find type 'V' in scope
52 | self.init(localizable.defaultedLocalizedString(defaultValue: defaultValue), value)
53 | }
[4630/5137] Compiling FOSMVVM LocalizableRef.swift
/Users/admin/builder/spi-builder-workspace/Sources/FOSMVVM/SwiftUI Support/Generated/SliderTick+Localizable.swift:30:18: error: cannot find type 'SliderTick' in scope
28 | @available(iOS 26.0, macOS 26.0, watchOS 26.0, visionOS 26.0, *)
29 | @available(tvOS, unavailable)
30 | public extension SliderTick where V: BinaryFloatingPoint {
| `- error: cannot find type 'SliderTick' in scope
31 | #if os(iOS) || os(macOS) || os(watchOS) || os(visionOS)
32 | /// Localizable-accepting form of SwiftUI's `SliderTick.init(_:_:)`.
/Users/admin/builder/spi-builder-workspace/Sources/FOSMVVM/SwiftUI Support/Generated/SliderTick+Localizable.swift:30:29: error: 'where' clause cannot be applied to a non-generic top-level declaration
28 | @available(iOS 26.0, macOS 26.0, watchOS 26.0, visionOS 26.0, *)
29 | @available(tvOS, unavailable)
30 | public extension SliderTick where V: BinaryFloatingPoint {
| `- error: 'where' clause cannot be applied to a non-generic top-level declaration
31 | #if os(iOS) || os(macOS) || os(watchOS) || os(visionOS)
32 | /// Localizable-accepting form of SwiftUI's `SliderTick.init(_:_:)`.
/Users/admin/builder/spi-builder-workspace/Sources/FOSMVVM/SwiftUI Support/Generated/SliderTick+Localizable.swift:51:81: error: cannot find type 'V' in scope
49 | @available(iOS 26.0, macOS 26.0, watchOS 26.0, visionOS 26.0, *)
50 | @available(tvOS, unavailable)
51 | init(_ localizable: some Localizable, defaultValue: String? = nil, _ value: V) {
| `- error: cannot find type 'V' in scope
52 | self.init(localizable.defaultedLocalizedString(defaultValue: defaultValue), value)
53 | }
[4631/5151] Compiling FOSMVVM Section+Localizable.swift
/Users/admin/builder/spi-builder-workspace/Sources/FOSMVVM/SwiftUI Support/Generated/SliderTick+Localizable.swift:30:18: error: cannot find type 'SliderTick' in scope
28 | @available(iOS 26.0, macOS 26.0, watchOS 26.0, visionOS 26.0, *)
29 | @available(tvOS, unavailable)
30 | public extension SliderTick where V: BinaryFloatingPoint {
| `- error: cannot find type 'SliderTick' in scope
31 | #if os(iOS) || os(macOS) || os(watchOS) || os(visionOS)
32 | /// Localizable-accepting form of SwiftUI's `SliderTick.init(_:_:)`.
/Users/admin/builder/spi-builder-workspace/Sources/FOSMVVM/SwiftUI Support/Generated/SliderTick+Localizable.swift:30:29: error: 'where' clause cannot be applied to a non-generic top-level declaration
28 | @available(iOS 26.0, macOS 26.0, watchOS 26.0, visionOS 26.0, *)
29 | @available(tvOS, unavailable)
30 | public extension SliderTick where V: BinaryFloatingPoint {
| `- error: 'where' clause cannot be applied to a non-generic top-level declaration
31 | #if os(iOS) || os(macOS) || os(watchOS) || os(visionOS)
32 | /// Localizable-accepting form of SwiftUI's `SliderTick.init(_:_:)`.
/Users/admin/builder/spi-builder-workspace/Sources/FOSMVVM/SwiftUI Support/Generated/SliderTick+Localizable.swift:51:81: error: cannot find type 'V' in scope
49 | @available(iOS 26.0, macOS 26.0, watchOS 26.0, visionOS 26.0, *)
50 | @available(tvOS, unavailable)
51 | init(_ localizable: some Localizable, defaultValue: String? = nil, _ value: V) {
| `- error: cannot find type 'V' in scope
52 | self.init(localizable.defaultedLocalizedString(defaultValue: defaultValue), value)
53 | }
[4632/5151] Compiling FOSMVVM SecureField+Localizable.swift
/Users/admin/builder/spi-builder-workspace/Sources/FOSMVVM/SwiftUI Support/Generated/SliderTick+Localizable.swift:30:18: error: cannot find type 'SliderTick' in scope
28 | @available(iOS 26.0, macOS 26.0, watchOS 26.0, visionOS 26.0, *)
29 | @available(tvOS, unavailable)
30 | public extension SliderTick where V: BinaryFloatingPoint {
| `- error: cannot find type 'SliderTick' in scope
31 | #if os(iOS) || os(macOS) || os(watchOS) || os(visionOS)
32 | /// Localizable-accepting form of SwiftUI's `SliderTick.init(_:_:)`.
/Users/admin/builder/spi-builder-workspace/Sources/FOSMVVM/SwiftUI Support/Generated/SliderTick+Localizable.swift:30:29: error: 'where' clause cannot be applied to a non-generic top-level declaration
28 | @available(iOS 26.0, macOS 26.0, watchOS 26.0, visionOS 26.0, *)
29 | @available(tvOS, unavailable)
30 | public extension SliderTick where V: BinaryFloatingPoint {
| `- error: 'where' clause cannot be applied to a non-generic top-level declaration
31 | #if os(iOS) || os(macOS) || os(watchOS) || os(visionOS)
32 | /// Localizable-accepting form of SwiftUI's `SliderTick.init(_:_:)`.
/Users/admin/builder/spi-builder-workspace/Sources/FOSMVVM/SwiftUI Support/Generated/SliderTick+Localizable.swift:51:81: error: cannot find type 'V' in scope
49 | @available(iOS 26.0, macOS 26.0, watchOS 26.0, visionOS 26.0, *)
50 | @available(tvOS, unavailable)
51 | init(_ localizable: some Localizable, defaultValue: String? = nil, _ value: V) {
| `- error: cannot find type 'V' in scope
52 | self.init(localizable.defaultedLocalizedString(defaultValue: defaultValue), value)
53 | }
[4633/5151] Compiling FOSMVVM ShareLink+Localizable.swift
/Users/admin/builder/spi-builder-workspace/Sources/FOSMVVM/SwiftUI Support/Generated/SliderTick+Localizable.swift:30:18: error: cannot find type 'SliderTick' in scope
28 | @available(iOS 26.0, macOS 26.0, watchOS 26.0, visionOS 26.0, *)
29 | @available(tvOS, unavailable)
30 | public extension SliderTick where V: BinaryFloatingPoint {
| `- error: cannot find type 'SliderTick' in scope
31 | #if os(iOS) || os(macOS) || os(watchOS) || os(visionOS)
32 | /// Localizable-accepting form of SwiftUI's `SliderTick.init(_:_:)`.
/Users/admin/builder/spi-builder-workspace/Sources/FOSMVVM/SwiftUI Support/Generated/SliderTick+Localizable.swift:30:29: error: 'where' clause cannot be applied to a non-generic top-level declaration
28 | @available(iOS 26.0, macOS 26.0, watchOS 26.0, visionOS 26.0, *)
29 | @available(tvOS, unavailable)
30 | public extension SliderTick where V: BinaryFloatingPoint {
| `- error: 'where' clause cannot be applied to a non-generic top-level declaration
31 | #if os(iOS) || os(macOS) || os(watchOS) || os(visionOS)
32 | /// Localizable-accepting form of SwiftUI's `SliderTick.init(_:_:)`.
/Users/admin/builder/spi-builder-workspace/Sources/FOSMVVM/SwiftUI Support/Generated/SliderTick+Localizable.swift:51:81: error: cannot find type 'V' in scope
49 | @available(iOS 26.0, macOS 26.0, watchOS 26.0, visionOS 26.0, *)
50 | @available(tvOS, unavailable)
51 | init(_ localizable: some Localizable, defaultValue: String? = nil, _ value: V) {
| `- error: cannot find type 'V' in scope
52 | self.init(localizable.defaultedLocalizedString(defaultValue: defaultValue), value)
53 | }
[4634/5151] Compiling FOSMVVM SharePreview+Localizable.swift
/Users/admin/builder/spi-builder-workspace/Sources/FOSMVVM/SwiftUI Support/Generated/SliderTick+Localizable.swift:30:18: error: cannot find type 'SliderTick' in scope
28 | @available(iOS 26.0, macOS 26.0, watchOS 26.0, visionOS 26.0, *)
29 | @available(tvOS, unavailable)
30 | public extension SliderTick where V: BinaryFloatingPoint {
| `- error: cannot find type 'SliderTick' in scope
31 | #if os(iOS) || os(macOS) || os(watchOS) || os(visionOS)
32 | /// Localizable-accepting form of SwiftUI's `SliderTick.init(_:_:)`.
/Users/admin/builder/spi-builder-workspace/Sources/FOSMVVM/SwiftUI Support/Generated/SliderTick+Localizable.swift:30:29: error: 'where' clause cannot be applied to a non-generic top-level declaration
28 | @available(iOS 26.0, macOS 26.0, watchOS 26.0, visionOS 26.0, *)
29 | @available(tvOS, unavailable)
30 | public extension SliderTick where V: BinaryFloatingPoint {
| `- error: 'where' clause cannot be applied to a non-generic top-level declaration
31 | #if os(iOS) || os(macOS) || os(watchOS) || os(visionOS)
32 | /// Localizable-accepting form of SwiftUI's `SliderTick.init(_:_:)`.
/Users/admin/builder/spi-builder-workspace/Sources/FOSMVVM/SwiftUI Support/Generated/SliderTick+Localizable.swift:51:81: error: cannot find type 'V' in scope
49 | @available(iOS 26.0, macOS 26.0, watchOS 26.0, visionOS 26.0, *)
50 | @available(tvOS, unavailable)
51 | init(_ localizable: some Localizable, defaultValue: String? = nil, _ value: V) {
| `- error: cannot find type 'V' in scope
52 | self.init(localizable.defaultedLocalizedString(defaultValue: defaultValue), value)
53 | }
[4635/5151] Compiling FOSMVVM SliderTick+Localizable.swift
/Users/admin/builder/spi-builder-workspace/Sources/FOSMVVM/SwiftUI Support/Generated/SliderTick+Localizable.swift:30:18: error: cannot find type 'SliderTick' in scope
28 | @available(iOS 26.0, macOS 26.0, watchOS 26.0, visionOS 26.0, *)
29 | @available(tvOS, unavailable)
30 | public extension SliderTick where V: BinaryFloatingPoint {
| `- error: cannot find type 'SliderTick' in scope
31 | #if os(iOS) || os(macOS) || os(watchOS) || os(visionOS)
32 | /// Localizable-accepting form of SwiftUI's `SliderTick.init(_:_:)`.
/Users/admin/builder/spi-builder-workspace/Sources/FOSMVVM/SwiftUI Support/Generated/SliderTick+Localizable.swift:30:29: error: 'where' clause cannot be applied to a non-generic top-level declaration
28 | @available(iOS 26.0, macOS 26.0, watchOS 26.0, visionOS 26.0, *)
29 | @available(tvOS, unavailable)
30 | public extension SliderTick where V: BinaryFloatingPoint {
| `- error: 'where' clause cannot be applied to a non-generic top-level declaration
31 | #if os(iOS) || os(macOS) || os(watchOS) || os(visionOS)
32 | /// Localizable-accepting form of SwiftUI's `SliderTick.init(_:_:)`.
/Users/admin/builder/spi-builder-workspace/Sources/FOSMVVM/SwiftUI Support/Generated/SliderTick+Localizable.swift:51:81: error: cannot find type 'V' in scope
49 | @available(iOS 26.0, macOS 26.0, watchOS 26.0, visionOS 26.0, *)
50 | @available(tvOS, unavailable)
51 | init(_ localizable: some Localizable, defaultValue: String? = nil, _ value: V) {
| `- error: cannot find type 'V' in scope
52 | self.init(localizable.defaultedLocalizedString(defaultValue: defaultValue), value)
53 | }
[4636/5151] Compiling FOSMVVM Stepper+Localizable.swift
/Users/admin/builder/spi-builder-workspace/Sources/FOSMVVM/SwiftUI Support/Generated/SliderTick+Localizable.swift:30:18: error: cannot find type 'SliderTick' in scope
28 | @available(iOS 26.0, macOS 26.0, watchOS 26.0, visionOS 26.0, *)
29 | @available(tvOS, unavailable)
30 | public extension SliderTick where V: BinaryFloatingPoint {
| `- error: cannot find type 'SliderTick' in scope
31 | #if os(iOS) || os(macOS) || os(watchOS) || os(visionOS)
32 | /// Localizable-accepting form of SwiftUI's `SliderTick.init(_:_:)`.
/Users/admin/builder/spi-builder-workspace/Sources/FOSMVVM/SwiftUI Support/Generated/SliderTick+Localizable.swift:30:29: error: 'where' clause cannot be applied to a non-generic top-level declaration
28 | @available(iOS 26.0, macOS 26.0, watchOS 26.0, visionOS 26.0, *)
29 | @available(tvOS, unavailable)
30 | public extension SliderTick where V: BinaryFloatingPoint {
| `- error: 'where' clause cannot be applied to a non-generic top-level declaration
31 | #if os(iOS) || os(macOS) || os(watchOS) || os(visionOS)
32 | /// Localizable-accepting form of SwiftUI's `SliderTick.init(_:_:)`.
/Users/admin/builder/spi-builder-workspace/Sources/FOSMVVM/SwiftUI Support/Generated/SliderTick+Localizable.swift:51:81: error: cannot find type 'V' in scope
49 | @available(iOS 26.0, macOS 26.0, watchOS 26.0, visionOS 26.0, *)
50 | @available(tvOS, unavailable)
51 | init(_ localizable: some Localizable, defaultValue: String? = nil, _ value: V) {
| `- error: cannot find type 'V' in scope
52 | self.init(localizable.defaultedLocalizedString(defaultValue: defaultValue), value)
53 | }
[4637/5151] Compiling FOSMVVM Tab+Localizable.swift
/Users/admin/builder/spi-builder-workspace/Sources/FOSMVVM/SwiftUI Support/Generated/SliderTick+Localizable.swift:30:18: error: cannot find type 'SliderTick' in scope
28 | @available(iOS 26.0, macOS 26.0, watchOS 26.0, visionOS 26.0, *)
29 | @available(tvOS, unavailable)
30 | public extension SliderTick where V: BinaryFloatingPoint {
| `- error: cannot find type 'SliderTick' in scope
31 | #if os(iOS) || os(macOS) || os(watchOS) || os(visionOS)
32 | /// Localizable-accepting form of SwiftUI's `SliderTick.init(_:_:)`.
/Users/admin/builder/spi-builder-workspace/Sources/FOSMVVM/SwiftUI Support/Generated/SliderTick+Localizable.swift:30:29: error: 'where' clause cannot be applied to a non-generic top-level declaration
28 | @available(iOS 26.0, macOS 26.0, watchOS 26.0, visionOS 26.0, *)
29 | @available(tvOS, unavailable)
30 | public extension SliderTick where V: BinaryFloatingPoint {
| `- error: 'where' clause cannot be applied to a non-generic top-level declaration
31 | #if os(iOS) || os(macOS) || os(watchOS) || os(visionOS)
32 | /// Localizable-accepting form of SwiftUI's `SliderTick.init(_:_:)`.
/Users/admin/builder/spi-builder-workspace/Sources/FOSMVVM/SwiftUI Support/Generated/SliderTick+Localizable.swift:51:81: error: cannot find type 'V' in scope
49 | @available(iOS 26.0, macOS 26.0, watchOS 26.0, visionOS 26.0, *)
50 | @available(tvOS, unavailable)
51 | init(_ localizable: some Localizable, defaultValue: String? = nil, _ value: V) {
| `- error: cannot find type 'V' in scope
52 | self.init(localizable.defaultedLocalizedString(defaultValue: defaultValue), value)
53 | }
[4638/5151] Compiling FOSMVVM TabContent+Localizable.swift
/Users/admin/builder/spi-builder-workspace/Sources/FOSMVVM/SwiftUI Support/Generated/SliderTick+Localizable.swift:30:18: error: cannot find type 'SliderTick' in scope
28 | @available(iOS 26.0, macOS 26.0, watchOS 26.0, visionOS 26.0, *)
29 | @available(tvOS, unavailable)
30 | public extension SliderTick where V: BinaryFloatingPoint {
| `- error: cannot find type 'SliderTick' in scope
31 | #if os(iOS) || os(macOS) || os(watchOS) || os(visionOS)
32 | /// Localizable-accepting form of SwiftUI's `SliderTick.init(_:_:)`.
/Users/admin/builder/spi-builder-workspace/Sources/FOSMVVM/SwiftUI Support/Generated/SliderTick+Localizable.swift:30:29: error: 'where' clause cannot be applied to a non-generic top-level declaration
28 | @available(iOS 26.0, macOS 26.0, watchOS 26.0, visionOS 26.0, *)
29 | @available(tvOS, unavailable)
30 | public extension SliderTick where V: BinaryFloatingPoint {
| `- error: 'where' clause cannot be applied to a non-generic top-level declaration
31 | #if os(iOS) || os(macOS) || os(watchOS) || os(visionOS)
32 | /// Localizable-accepting form of SwiftUI's `SliderTick.init(_:_:)`.
/Users/admin/builder/spi-builder-workspace/Sources/FOSMVVM/SwiftUI Support/Generated/SliderTick+Localizable.swift:51:81: error: cannot find type 'V' in scope
49 | @available(iOS 26.0, macOS 26.0, watchOS 26.0, visionOS 26.0, *)
50 | @available(tvOS, unavailable)
51 | init(_ localizable: some Localizable, defaultValue: String? = nil, _ value: V) {
| `- error: cannot find type 'V' in scope
52 | self.init(localizable.defaultedLocalizedString(defaultValue: defaultValue), value)
53 | }
[4639/5151] Compiling FOSMVVM TabSection+Localizable.swift
/Users/admin/builder/spi-builder-workspace/Sources/FOSMVVM/SwiftUI Support/Generated/SliderTick+Localizable.swift:30:18: error: cannot find type 'SliderTick' in scope
28 | @available(iOS 26.0, macOS 26.0, watchOS 26.0, visionOS 26.0, *)
29 | @available(tvOS, unavailable)
30 | public extension SliderTick where V: BinaryFloatingPoint {
| `- error: cannot find type 'SliderTick' in scope
31 | #if os(iOS) || os(macOS) || os(watchOS) || os(visionOS)
32 | /// Localizable-accepting form of SwiftUI's `SliderTick.init(_:_:)`.
/Users/admin/builder/spi-builder-workspace/Sources/FOSMVVM/SwiftUI Support/Generated/SliderTick+Localizable.swift:30:29: error: 'where' clause cannot be applied to a non-generic top-level declaration
28 | @available(iOS 26.0, macOS 26.0, watchOS 26.0, visionOS 26.0, *)
29 | @available(tvOS, unavailable)
30 | public extension SliderTick where V: BinaryFloatingPoint {
| `- error: 'where' clause cannot be applied to a non-generic top-level declaration
31 | #if os(iOS) || os(macOS) || os(watchOS) || os(visionOS)
32 | /// Localizable-accepting form of SwiftUI's `SliderTick.init(_:_:)`.
/Users/admin/builder/spi-builder-workspace/Sources/FOSMVVM/SwiftUI Support/Generated/SliderTick+Localizable.swift:51:81: error: cannot find type 'V' in scope
49 | @available(iOS 26.0, macOS 26.0, watchOS 26.0, visionOS 26.0, *)
50 | @available(tvOS, unavailable)
51 | init(_ localizable: some Localizable, defaultValue: String? = nil, _ value: V) {
| `- error: cannot find type 'V' in scope
52 | self.init(localizable.defaultedLocalizedString(defaultValue: defaultValue), value)
53 | }
[4640/5151] Compiling FOSMVVM TableColumn+Localizable.swift
/Users/admin/builder/spi-builder-workspace/Sources/FOSMVVM/SwiftUI Support/Generated/SliderTick+Localizable.swift:30:18: error: cannot find type 'SliderTick' in scope
28 | @available(iOS 26.0, macOS 26.0, watchOS 26.0, visionOS 26.0, *)
29 | @available(tvOS, unavailable)
30 | public extension SliderTick where V: BinaryFloatingPoint {
| `- error: cannot find type 'SliderTick' in scope
31 | #if os(iOS) || os(macOS) || os(watchOS) || os(visionOS)
32 | /// Localizable-accepting form of SwiftUI's `SliderTick.init(_:_:)`.
/Users/admin/builder/spi-builder-workspace/Sources/FOSMVVM/SwiftUI Support/Generated/SliderTick+Localizable.swift:30:29: error: 'where' clause cannot be applied to a non-generic top-level declaration
28 | @available(iOS 26.0, macOS 26.0, watchOS 26.0, visionOS 26.0, *)
29 | @available(tvOS, unavailable)
30 | public extension SliderTick where V: BinaryFloatingPoint {
| `- error: 'where' clause cannot be applied to a non-generic top-level declaration
31 | #if os(iOS) || os(macOS) || os(watchOS) || os(visionOS)
32 | /// Localizable-accepting form of SwiftUI's `SliderTick.init(_:_:)`.
/Users/admin/builder/spi-builder-workspace/Sources/FOSMVVM/SwiftUI Support/Generated/SliderTick+Localizable.swift:51:81: error: cannot find type 'V' in scope
49 | @available(iOS 26.0, macOS 26.0, watchOS 26.0, visionOS 26.0, *)
50 | @available(tvOS, unavailable)
51 | init(_ localizable: some Localizable, defaultValue: String? = nil, _ value: V) {
| `- error: cannot find type 'V' in scope
52 | self.init(localizable.defaultedLocalizedString(defaultValue: defaultValue), value)
53 | }
[4641/5151] Compiling FOSMVVM Text+Localizable.swift
/Users/admin/builder/spi-builder-workspace/Sources/FOSMVVM/SwiftUI Support/Generated/SliderTick+Localizable.swift:30:18: error: cannot find type 'SliderTick' in scope
28 | @available(iOS 26.0, macOS 26.0, watchOS 26.0, visionOS 26.0, *)
29 | @available(tvOS, unavailable)
30 | public extension SliderTick where V: BinaryFloatingPoint {
| `- error: cannot find type 'SliderTick' in scope
31 | #if os(iOS) || os(macOS) || os(watchOS) || os(visionOS)
32 | /// Localizable-accepting form of SwiftUI's `SliderTick.init(_:_:)`.
/Users/admin/builder/spi-builder-workspace/Sources/FOSMVVM/SwiftUI Support/Generated/SliderTick+Localizable.swift:30:29: error: 'where' clause cannot be applied to a non-generic top-level declaration
28 | @available(iOS 26.0, macOS 26.0, watchOS 26.0, visionOS 26.0, *)
29 | @available(tvOS, unavailable)
30 | public extension SliderTick where V: BinaryFloatingPoint {
| `- error: 'where' clause cannot be applied to a non-generic top-level declaration
31 | #if os(iOS) || os(macOS) || os(watchOS) || os(visionOS)
32 | /// Localizable-accepting form of SwiftUI's `SliderTick.init(_:_:)`.
/Users/admin/builder/spi-builder-workspace/Sources/FOSMVVM/SwiftUI Support/Generated/SliderTick+Localizable.swift:51:81: error: cannot find type 'V' in scope
49 | @available(iOS 26.0, macOS 26.0, watchOS 26.0, visionOS 26.0, *)
50 | @available(tvOS, unavailable)
51 | init(_ localizable: some Localizable, defaultValue: String? = nil, _ value: V) {
| `- error: cannot find type 'V' in scope
52 | self.init(localizable.defaultedLocalizedString(defaultValue: defaultValue), value)
53 | }
[4642/5151] Compiling FOSMVVM TextField+Localizable.swift
/Users/admin/builder/spi-builder-workspace/Sources/FOSMVVM/SwiftUI Support/Generated/SliderTick+Localizable.swift:30:18: error: cannot find type 'SliderTick' in scope
28 | @available(iOS 26.0, macOS 26.0, watchOS 26.0, visionOS 26.0, *)
29 | @available(tvOS, unavailable)
30 | public extension SliderTick where V: BinaryFloatingPoint {
| `- error: cannot find type 'SliderTick' in scope
31 | #if os(iOS) || os(macOS) || os(watchOS) || os(visionOS)
32 | /// Localizable-accepting form of SwiftUI's `SliderTick.init(_:_:)`.
/Users/admin/builder/spi-builder-workspace/Sources/FOSMVVM/SwiftUI Support/Generated/SliderTick+Localizable.swift:30:29: error: 'where' clause cannot be applied to a non-generic top-level declaration
28 | @available(iOS 26.0, macOS 26.0, watchOS 26.0, visionOS 26.0, *)
29 | @available(tvOS, unavailable)
30 | public extension SliderTick where V: BinaryFloatingPoint {
| `- error: 'where' clause cannot be applied to a non-generic top-level declaration
31 | #if os(iOS) || os(macOS) || os(watchOS) || os(visionOS)
32 | /// Localizable-accepting form of SwiftUI's `SliderTick.init(_:_:)`.
/Users/admin/builder/spi-builder-workspace/Sources/FOSMVVM/SwiftUI Support/Generated/SliderTick+Localizable.swift:51:81: error: cannot find type 'V' in scope
49 | @available(iOS 26.0, macOS 26.0, watchOS 26.0, visionOS 26.0, *)
50 | @available(tvOS, unavailable)
51 | init(_ localizable: some Localizable, defaultValue: String? = nil, _ value: V) {
| `- error: cannot find type 'V' in scope
52 | self.init(localizable.defaultedLocalizedString(defaultValue: defaultValue), value)
53 | }
[4643/5151] Compiling FOSMVVM TextFieldLink+Localizable.swift
/Users/admin/builder/spi-builder-workspace/Sources/FOSMVVM/SwiftUI Support/Generated/SliderTick+Localizable.swift:30:18: error: cannot find type 'SliderTick' in scope
28 | @available(iOS 26.0, macOS 26.0, watchOS 26.0, visionOS 26.0, *)
29 | @available(tvOS, unavailable)
30 | public extension SliderTick where V: BinaryFloatingPoint {
| `- error: cannot find type 'SliderTick' in scope
31 | #if os(iOS) || os(macOS) || os(watchOS) || os(visionOS)
32 | /// Localizable-accepting form of SwiftUI's `SliderTick.init(_:_:)`.
/Users/admin/builder/spi-builder-workspace/Sources/FOSMVVM/SwiftUI Support/Generated/SliderTick+Localizable.swift:30:29: error: 'where' clause cannot be applied to a non-generic top-level declaration
28 | @available(iOS 26.0, macOS 26.0, watchOS 26.0, visionOS 26.0, *)
29 | @available(tvOS, unavailable)
30 | public extension SliderTick where V: BinaryFloatingPoint {
| `- error: 'where' clause cannot be applied to a non-generic top-level declaration
31 | #if os(iOS) || os(macOS) || os(watchOS) || os(visionOS)
32 | /// Localizable-accepting form of SwiftUI's `SliderTick.init(_:_:)`.
/Users/admin/builder/spi-builder-workspace/Sources/FOSMVVM/SwiftUI Support/Generated/SliderTick+Localizable.swift:51:81: error: cannot find type 'V' in scope
49 | @available(iOS 26.0, macOS 26.0, watchOS 26.0, visionOS 26.0, *)
50 | @available(tvOS, unavailable)
51 | init(_ localizable: some Localizable, defaultValue: String? = nil, _ value: V) {
| `- error: cannot find type 'V' in scope
52 | self.init(localizable.defaultedLocalizedString(defaultValue: defaultValue), value)
53 | }
[4644/5151] Compiling FOSMVVM Toggle+Localizable.swift
/Users/admin/builder/spi-builder-workspace/Sources/FOSMVVM/SwiftUI Support/Generated/SliderTick+Localizable.swift:30:18: error: cannot find type 'SliderTick' in scope
28 | @available(iOS 26.0, macOS 26.0, watchOS 26.0, visionOS 26.0, *)
29 | @available(tvOS, unavailable)
30 | public extension SliderTick where V: BinaryFloatingPoint {
| `- error: cannot find type 'SliderTick' in scope
31 | #if os(iOS) || os(macOS) || os(watchOS) || os(visionOS)
32 | /// Localizable-accepting form of SwiftUI's `SliderTick.init(_:_:)`.
/Users/admin/builder/spi-builder-workspace/Sources/FOSMVVM/SwiftUI Support/Generated/SliderTick+Localizable.swift:30:29: error: 'where' clause cannot be applied to a non-generic top-level declaration
28 | @available(iOS 26.0, macOS 26.0, watchOS 26.0, visionOS 26.0, *)
29 | @available(tvOS, unavailable)
30 | public extension SliderTick where V: BinaryFloatingPoint {
| `- error: 'where' clause cannot be applied to a non-generic top-level declaration
31 | #if os(iOS) || os(macOS) || os(watchOS) || os(visionOS)
32 | /// Localizable-accepting form of SwiftUI's `SliderTick.init(_:_:)`.
/Users/admin/builder/spi-builder-workspace/Sources/FOSMVVM/SwiftUI Support/Generated/SliderTick+Localizable.swift:51:81: error: cannot find type 'V' in scope
49 | @available(iOS 26.0, macOS 26.0, watchOS 26.0, visionOS 26.0, *)
50 | @available(tvOS, unavailable)
51 | init(_ localizable: some Localizable, defaultValue: String? = nil, _ value: V) {
| `- error: cannot find type 'V' in scope
52 | self.init(localizable.defaultedLocalizedString(defaultValue: defaultValue), value)
53 | }
[4645/5151] Compiling FOSMVVM UtilityWindow+Localizable.swift
/Users/admin/builder/spi-builder-workspace/Sources/FOSMVVM/SwiftUI Support/Generated/SliderTick+Localizable.swift:30:18: error: cannot find type 'SliderTick' in scope
28 | @available(iOS 26.0, macOS 26.0, watchOS 26.0, visionOS 26.0, *)
29 | @available(tvOS, unavailable)
30 | public extension SliderTick where V: BinaryFloatingPoint {
| `- error: cannot find type 'SliderTick' in scope
31 | #if os(iOS) || os(macOS) || os(watchOS) || os(visionOS)
32 | /// Localizable-accepting form of SwiftUI's `SliderTick.init(_:_:)`.
/Users/admin/builder/spi-builder-workspace/Sources/FOSMVVM/SwiftUI Support/Generated/SliderTick+Localizable.swift:30:29: error: 'where' clause cannot be applied to a non-generic top-level declaration
28 | @available(iOS 26.0, macOS 26.0, watchOS 26.0, visionOS 26.0, *)
29 | @available(tvOS, unavailable)
30 | public extension SliderTick where V: BinaryFloatingPoint {
| `- error: 'where' clause cannot be applied to a non-generic top-level declaration
31 | #if os(iOS) || os(macOS) || os(watchOS) || os(visionOS)
32 | /// Localizable-accepting form of SwiftUI's `SliderTick.init(_:_:)`.
/Users/admin/builder/spi-builder-workspace/Sources/FOSMVVM/SwiftUI Support/Generated/SliderTick+Localizable.swift:51:81: error: cannot find type 'V' in scope
49 | @available(iOS 26.0, macOS 26.0, watchOS 26.0, visionOS 26.0, *)
50 | @available(tvOS, unavailable)
51 | init(_ localizable: some Localizable, defaultValue: String? = nil, _ value: V) {
| `- error: cannot find type 'V' in scope
52 | self.init(localizable.defaultedLocalizedString(defaultValue: defaultValue), value)
53 | }
[4645/5165] Compiling trusty.cc
[4646/5165] Compiling ios.cc
[4647/5165] Compiling rand.cc
[4648/5165] Compiling passive.cc
[4649/5165] Compiling rsa_asn1.cc
[4650/5165] Compiling getentropy.cc
[4651/5165] Compiling poly1305_arm_asm.S
[4652/5165] Compiling forkunsafe.cc
[4653/5165] Compiling fork_detect.cc
[4655/5165] Compiling FOSMVVM View+Localizable.swift
/Users/admin/builder/spi-builder-workspace/Sources/FOSMVVM/SwiftUI Support/Generated/View+Localizable.swift:395:9: error: instance method 'accessibilityScrollStatus(_:defaultValue:isEnabled:)' requires that 'Text' conform to 'Localizable'
392 | /// - defaultValue: Fallback text used if localization did not complete.
393 | @available(iOS 26.0, macOS 26.0, tvOS 26.0, watchOS 26.0, visionOS 26.0, *)
394 | nonisolated func accessibilityScrollStatus(_ localizable: some Localizable, defaultValue: String? = nil, isEnabled: Bool = true) -> ModifiedContent<Self, AccessibilityAttachmentModifier> {
| `- note: where 'some Localizable' = 'Text'
395 | accessibilityScrollStatus(Text(verbatim: localizable.defaultedLocalizedString(defaultValue: defaultValue)), isEnabled: isEnabled)
| `- error: instance method 'accessibilityScrollStatus(_:defaultValue:isEnabled:)' requires that 'Text' conform to 'Localizable'
396 | }
397 |
[4656/5165] Compiling FOSMVVM Window+Localizable.swift
/Users/admin/builder/spi-builder-workspace/Sources/FOSMVVM/SwiftUI Support/Generated/View+Localizable.swift:395:9: error: instance method 'accessibilityScrollStatus(_:defaultValue:isEnabled:)' requires that 'Text' conform to 'Localizable'
392 | /// - defaultValue: Fallback text used if localization did not complete.
393 | @available(iOS 26.0, macOS 26.0, tvOS 26.0, watchOS 26.0, visionOS 26.0, *)
394 | nonisolated func accessibilityScrollStatus(_ localizable: some Localizable, defaultValue: String? = nil, isEnabled: Bool = true) -> ModifiedContent<Self, AccessibilityAttachmentModifier> {
| `- note: where 'some Localizable' = 'Text'
395 | accessibilityScrollStatus(Text(verbatim: localizable.defaultedLocalizedString(defaultValue: defaultValue)), isEnabled: isEnabled)
| `- error: instance method 'accessibilityScrollStatus(_:defaultValue:isEnabled:)' requires that 'Text' conform to 'Localizable'
396 | }
397 |
[4657/5165] Compiling FOSMVVM WindowGroup+Localizable.swift
/Users/admin/builder/spi-builder-workspace/Sources/FOSMVVM/SwiftUI Support/Generated/View+Localizable.swift:395:9: error: instance method 'accessibilityScrollStatus(_:defaultValue:isEnabled:)' requires that 'Text' conform to 'Localizable'
392 | /// - defaultValue: Fallback text used if localization did not complete.
393 | @available(iOS 26.0, macOS 26.0, tvOS 26.0, watchOS 26.0, visionOS 26.0, *)
394 | nonisolated func accessibilityScrollStatus(_ localizable: some Localizable, defaultValue: String? = nil, isEnabled: Bool = true) -> ModifiedContent<Self, AccessibilityAttachmentModifier> {
| `- note: where 'some Localizable' = 'Text'
395 | accessibilityScrollStatus(Text(verbatim: localizable.defaultedLocalizedString(defaultValue: defaultValue)), isEnabled: isEnabled)
| `- error: instance method 'accessibilityScrollStatus(_:defaultValue:isEnabled:)' requires that 'Text' conform to 'Localizable'
396 | }
397 |
[4658/5165] Compiling FOSMVVM InvalidationDispatcher.swift
/Users/admin/builder/spi-builder-workspace/Sources/FOSMVVM/SwiftUI Support/Generated/View+Localizable.swift:395:9: error: instance method 'accessibilityScrollStatus(_:defaultValue:isEnabled:)' requires that 'Text' conform to 'Localizable'
392 | /// - defaultValue: Fallback text used if localization did not complete.
393 | @available(iOS 26.0, macOS 26.0, tvOS 26.0, watchOS 26.0, visionOS 26.0, *)
394 | nonisolated func accessibilityScrollStatus(_ localizable: some Localizable, defaultValue: String? = nil, isEnabled: Bool = true) -> ModifiedContent<Self, AccessibilityAttachmentModifier> {
| `- note: where 'some Localizable' = 'Text'
395 | accessibilityScrollStatus(Text(verbatim: localizable.defaultedLocalizedString(defaultValue: defaultValue)), isEnabled: isEnabled)
| `- error: instance method 'accessibilityScrollStatus(_:defaultValue:isEnabled:)' requires that 'Text' conform to 'Localizable'
396 | }
397 |
[4659/5165] Compiling FOSMVVM LiveRegistrationCoordinator.swift
/Users/admin/builder/spi-builder-workspace/Sources/FOSMVVM/SwiftUI Support/Generated/View+Localizable.swift:395:9: error: instance method 'accessibilityScrollStatus(_:defaultValue:isEnabled:)' requires that 'Text' conform to 'Localizable'
392 | /// - defaultValue: Fallback text used if localization did not complete.
393 | @available(iOS 26.0, macOS 26.0, tvOS 26.0, watchOS 26.0, visionOS 26.0, *)
394 | nonisolated func accessibilityScrollStatus(_ localizable: some Localizable, defaultValue: String? = nil, isEnabled: Bool = true) -> ModifiedContent<Self, AccessibilityAttachmentModifier> {
| `- note: where 'some Localizable' = 'Text'
395 | accessibilityScrollStatus(Text(verbatim: localizable.defaultedLocalizedString(defaultValue: defaultValue)), isEnabled: isEnabled)
| `- error: instance method 'accessibilityScrollStatus(_:defaultValue:isEnabled:)' requires that 'Text' conform to 'Localizable'
396 | }
397 |
[4660/5165] Compiling FOSMVVM LocalizableViews.swift
/Users/admin/builder/spi-builder-workspace/Sources/FOSMVVM/SwiftUI Support/Generated/View+Localizable.swift:395:9: error: instance method 'accessibilityScrollStatus(_:defaultValue:isEnabled:)' requires that 'Text' conform to 'Localizable'
392 | /// - defaultValue: Fallback text used if localization did not complete.
393 | @available(iOS 26.0, macOS 26.0, tvOS 26.0, watchOS 26.0, visionOS 26.0, *)
394 | nonisolated func accessibilityScrollStatus(_ localizable: some Localizable, defaultValue: String? = nil, isEnabled: Bool = true) -> ModifiedContent<Self, AccessibilityAttachmentModifier> {
| `- note: where 'some Localizable' = 'Text'
395 | accessibilityScrollStatus(Text(verbatim: localizable.defaultedLocalizedString(defaultValue: defaultValue)), isEnabled: isEnabled)
| `- error: instance method 'accessibilityScrollStatus(_:defaultValue:isEnabled:)' requires that 'Text' conform to 'Localizable'
396 | }
397 |
[4661/5165] Compiling FOSMVVM MVVMEnvironment.swift
/Users/admin/builder/spi-builder-workspace/Sources/FOSMVVM/SwiftUI Support/Generated/View+Localizable.swift:395:9: error: instance method 'accessibilityScrollStatus(_:defaultValue:isEnabled:)' requires that 'Text' conform to 'Localizable'
392 | /// - defaultValue: Fallback text used if localization did not complete.
393 | @available(iOS 26.0, macOS 26.0, tvOS 26.0, watchOS 26.0, visionOS 26.0, *)
394 | nonisolated func accessibilityScrollStatus(_ localizable: some Localizable, defaultValue: String? = nil, isEnabled: Bool = true) -> ModifiedContent<Self, AccessibilityAttachmentModifier> {
| `- note: where 'some Localizable' = 'Text'
395 | accessibilityScrollStatus(Text(verbatim: localizable.defaultedLocalizedString(defaultValue: defaultValue)), isEnabled: isEnabled)
| `- error: instance method 'accessibilityScrollStatus(_:defaultValue:isEnabled:)' requires that 'Text' conform to 'Localizable'
396 | }
397 |
[4662/5165] Compiling FOSMVVM MissingEnvironmentDiagnostic.swift
/Users/admin/builder/spi-builder-workspace/Sources/FOSMVVM/SwiftUI Support/Generated/View+Localizable.swift:395:9: error: instance method 'accessibilityScrollStatus(_:defaultValue:isEnabled:)' requires that 'Text' conform to 'Localizable'
392 | /// - defaultValue: Fallback text used if localization did not complete.
393 | @available(iOS 26.0, macOS 26.0, tvOS 26.0, watchOS 26.0, visionOS 26.0, *)
394 | nonisolated func accessibilityScrollStatus(_ localizable: some Localizable, defaultValue: String? = nil, isEnabled: Bool = true) -> ModifiedContent<Self, AccessibilityAttachmentModifier> {
| `- note: where 'some Localizable' = 'Text'
395 | accessibilityScrollStatus(Text(verbatim: localizable.defaultedLocalizedString(defaultValue: defaultValue)), isEnabled: isEnabled)
| `- error: instance method 'accessibilityScrollStatus(_:defaultValue:isEnabled:)' requires that 'Text' conform to 'Localizable'
396 | }
397 |
[4663/5165] Compiling FOSMVVM OperationBus.swift
/Users/admin/builder/spi-builder-workspace/Sources/FOSMVVM/SwiftUI Support/Generated/View+Localizable.swift:395:9: error: instance method 'accessibilityScrollStatus(_:defaultValue:isEnabled:)' requires that 'Text' conform to 'Localizable'
392 | /// - defaultValue: Fallback text used if localization did not complete.
393 | @available(iOS 26.0, macOS 26.0, tvOS 26.0, watchOS 26.0, visionOS 26.0, *)
394 | nonisolated func accessibilityScrollStatus(_ localizable: some Localizable, defaultValue: String? = nil, isEnabled: Bool = true) -> ModifiedContent<Self, AccessibilityAttachmentModifier> {
| `- note: where 'some Localizable' = 'Text'
395 | accessibilityScrollStatus(Text(verbatim: localizable.defaultedLocalizedString(defaultValue: defaultValue)), isEnabled: isEnabled)
| `- error: instance method 'accessibilityScrollStatus(_:defaultValue:isEnabled:)' requires that 'Text' conform to 'Localizable'
396 | }
397 |
[4664/5165] Compiling FOSMVVM PreviewHostingView.swift
/Users/admin/builder/spi-builder-workspace/Sources/FOSMVVM/SwiftUI Support/Generated/View+Localizable.swift:395:9: error: instance method 'accessibilityScrollStatus(_:defaultValue:isEnabled:)' requires that 'Text' conform to 'Localizable'
392 | /// - defaultValue: Fallback text used if localization did not complete.
393 | @available(iOS 26.0, macOS 26.0, tvOS 26.0, watchOS 26.0, visionOS 26.0, *)
394 | nonisolated func accessibilityScrollStatus(_ localizable: some Localizable, defaultValue: String? = nil, isEnabled: Bool = true) -> ModifiedContent<Self, AccessibilityAttachmentModifier> {
| `- note: where 'some Localizable' = 'Text'
395 | accessibilityScrollStatus(Text(verbatim: localizable.defaultedLocalizedString(defaultValue: defaultValue)), isEnabled: isEnabled)
| `- error: instance method 'accessibilityScrollStatus(_:defaultValue:isEnabled:)' requires that 'Text' conform to 'Localizable'
396 | }
397 |
[4665/5165] Compiling FOSMVVM ProductionParents.swift
/Users/admin/builder/spi-builder-workspace/Sources/FOSMVVM/SwiftUI Support/Generated/View+Localizable.swift:395:9: error: instance method 'accessibilityScrollStatus(_:defaultValue:isEnabled:)' requires that 'Text' conform to 'Localizable'
392 | /// - defaultValue: Fallback text used if localization did not complete.
393 | @available(iOS 26.0, macOS 26.0, tvOS 26.0, watchOS 26.0, visionOS 26.0, *)
394 | nonisolated func accessibilityScrollStatus(_ localizable: some Localizable, defaultValue: String? = nil, isEnabled: Bool = true) -> ModifiedContent<Self, AccessibilityAttachmentModifier> {
| `- note: where 'some Localizable' = 'Text'
395 | accessibilityScrollStatus(Text(verbatim: localizable.defaultedLocalizedString(defaultValue: defaultValue)), isEnabled: isEnabled)
| `- error: instance method 'accessibilityScrollStatus(_:defaultValue:isEnabled:)' requires that 'Text' conform to 'Localizable'
396 | }
397 |
[4666/5165] Compiling FOSMVVM SSEInvalidationChannel.swift
/Users/admin/builder/spi-builder-workspace/Sources/FOSMVVM/SwiftUI Support/Generated/View+Localizable.swift:395:9: error: instance method 'accessibilityScrollStatus(_:defaultValue:isEnabled:)' requires that 'Text' conform to 'Localizable'
392 | /// - defaultValue: Fallback text used if localization did not complete.
393 | @available(iOS 26.0, macOS 26.0, tvOS 26.0, watchOS 26.0, visionOS 26.0, *)
394 | nonisolated func accessibilityScrollStatus(_ localizable: some Localizable, defaultValue: String? = nil, isEnabled: Bool = true) -> ModifiedContent<Self, AccessibilityAttachmentModifier> {
| `- note: where 'some Localizable' = 'Text'
395 | accessibilityScrollStatus(Text(verbatim: localizable.defaultedLocalizedString(defaultValue: defaultValue)), isEnabled: isEnabled)
| `- error: instance method 'accessibilityScrollStatus(_:defaultValue:isEnabled:)' requires that 'Text' conform to 'Localizable'
396 | }
397 |
[4667/5165] Compiling FOSMVVM TabContent+Testing.swift
/Users/admin/builder/spi-builder-workspace/Sources/FOSMVVM/SwiftUI Support/Generated/View+Localizable.swift:395:9: error: instance method 'accessibilityScrollStatus(_:defaultValue:isEnabled:)' requires that 'Text' conform to 'Localizable'
392 | /// - defaultValue: Fallback text used if localization did not complete.
393 | @available(iOS 26.0, macOS 26.0, tvOS 26.0, watchOS 26.0, visionOS 26.0, *)
394 | nonisolated func accessibilityScrollStatus(_ localizable: some Localizable, defaultValue: String? = nil, isEnabled: Bool = true) -> ModifiedContent<Self, AccessibilityAttachmentModifier> {
| `- note: where 'some Localizable' = 'Text'
395 | accessibilityScrollStatus(Text(verbatim: localizable.defaultedLocalizedString(defaultValue: defaultValue)), isEnabled: isEnabled)
| `- error: instance method 'accessibilityScrollStatus(_:defaultValue:isEnabled:)' requires that 'Text' conform to 'Localizable'
396 | }
397 |
[4668/5165] Compiling FOSMVVM TestDataTransporter.swift
/Users/admin/builder/spi-builder-workspace/Sources/FOSMVVM/SwiftUI Support/Generated/View+Localizable.swift:395:9: error: instance method 'accessibilityScrollStatus(_:defaultValue:isEnabled:)' requires that 'Text' conform to 'Localizable'
392 | /// - defaultValue: Fallback text used if localization did not complete.
393 | @available(iOS 26.0, macOS 26.0, tvOS 26.0, watchOS 26.0, visionOS 26.0, *)
394 | nonisolated func accessibilityScrollStatus(_ localizable: some Localizable, defaultValue: String? = nil, isEnabled: Bool = true) -> ModifiedContent<Self, AccessibilityAttachmentModifier> {
| `- note: where 'some Localizable' = 'Text'
395 | accessibilityScrollStatus(Text(verbatim: localizable.defaultedLocalizedString(defaultValue: defaultValue)), isEnabled: isEnabled)
| `- error: instance method 'accessibilityScrollStatus(_:defaultValue:isEnabled:)' requires that 'Text' conform to 'Localizable'
396 | }
397 |
[4668/5165] Compiling deterministic.cc
[4669/5165] Compiling poly1305_vec.cc
[4670/5165] Compiling poly1305_arm.cc
[4671/5165] Compiling poly1305.cc
[4687/5165] Compiling pool.cc
error: emit-module command failed with exit code 1 (use -v to see invocation)
[4700/5175] Compiling FOSMVVM ValidatableModel.swift
[4701/5175] Compiling FOSMVVM ValidatableViewModelRequest.swift
[4702/5175] Compiling FOSMVVM ViewModel.swift
[4703/5175] Compiling FOSMVVM ViewModelFactory.swift
[4704/5175] Compiling FOSMVVM ViewModelId.swift
[4705/5175] Compiling FOSMVVM ViewModelOperations.swift
[4706/5175] Compiling FOSMVVM ViewModelRequest.swift
[4707/5175] Compiling X509 VerifierPolicy.swift
[4708/5175] Compiling X509 AlgorithmIdentifier.swift
[4709/5175] Compiling X509 ECDSASignature.swift
[4710/5175] Compiling X509 RSAPKCS1PublicKey.swift
[4711/5175] Compiling X509 SubjectPublicKeyInfo.swift
[4712/5175] Compiling X509 TBSCertificate.swift
[4713/5175] Compiling X509 Time.swift
[4714/5175] Compiling X509 TimeCalculations.swift
[4715/5175] Compiling FOSMVVM ContainmentScope.swift
[4716/5175] Compiling FOSMVVM CreateRequest.swift
[4717/5175] Compiling FOSMVVM CredentialChallenge.swift
[4718/5175] Compiling FOSMVVM CredentialRejectedError.swift
[4719/5175] Compiling FOSMVVM DestroyRequest.swift
[4720/5175] Compiling FOSMVVM InvalidationChannel.swift
[4721/5175] Compiling FOSMVVM LiveViewModel.swift
[4722/5175] Compiling FOSMVVM LoadingPlan.swift
[4723/5175] Compiling FOSMVVM LocalizableError.swift
[4724/5175] Compiling FOSMVVM Model.swift
[4725/5175] Compiling FOSMVVM ModelAuthorization.swift
[4726/5175] Compiling FOSMVVM ModelIdentifiedViewModel.swift
[4727/5175] Compiling FOSMVVM ModelIdentity.swift
[4728/5175] Compiling FOSMVVM ModelNamespace.swift
[4729/5175] Compiling FOSMVVM UpdateRequest.swift
[4730/5175] Emitting module FOSMVVM
/Users/admin/builder/spi-builder-workspace/Sources/FOSMVVM/SwiftUI Support/Generated/SliderTick+Localizable.swift:30:18: error: cannot find type 'SliderTick' in scope
28 | @available(iOS 26.0, macOS 26.0, watchOS 26.0, visionOS 26.0, *)
29 | @available(tvOS, unavailable)
30 | public extension SliderTick where V: BinaryFloatingPoint {
| `- error: cannot find type 'SliderTick' in scope
31 | #if os(iOS) || os(macOS) || os(watchOS) || os(visionOS)
32 | /// Localizable-accepting form of SwiftUI's `SliderTick.init(_:_:)`.
[4731/5175] Compiling X509 Validity.swift
/Users/admin/builder/spi-builder-workspace/Sources/FOSMVVM/SwiftUI Support/Generated/View+Localizable.swift:395:9: error: instance method 'accessibilityScrollStatus(_:defaultValue:isEnabled:)' requires that 'Text' conform to 'Localizable'
392 | /// - defaultValue: Fallback text used if localization did not complete.
393 | @available(iOS 26.0, macOS 26.0, tvOS 26.0, watchOS 26.0, visionOS 26.0, *)
394 | nonisolated func accessibilityScrollStatus(_ localizable: some Localizable, defaultValue: String? = nil, isEnabled: Bool = true) -> ModifiedContent<Self, AccessibilityAttachmentModifier> {
| `- note: where 'some Localizable' = 'Text'
395 | accessibilityScrollStatus(Text(verbatim: localizable.defaultedLocalizedString(defaultValue: defaultValue)), isEnabled: isEnabled)
| `- error: instance method 'accessibilityScrollStatus(_:defaultValue:isEnabled:)' requires that 'Text' conform to 'Localizable'
396 | }
397 |
[4732/5175] Compiling X509 X509SendableMetatype.swift
/Users/admin/builder/spi-builder-workspace/Sources/FOSMVVM/SwiftUI Support/Generated/View+Localizable.swift:395:9: error: instance method 'accessibilityScrollStatus(_:defaultValue:isEnabled:)' requires that 'Text' conform to 'Localizable'
392 | /// - defaultValue: Fallback text used if localization did not complete.
393 | @available(iOS 26.0, macOS 26.0, tvOS 26.0, watchOS 26.0, visionOS 26.0, *)
394 | nonisolated func accessibilityScrollStatus(_ localizable: some Localizable, defaultValue: String? = nil, isEnabled: Bool = true) -> ModifiedContent<Self, AccessibilityAttachmentModifier> {
| `- note: where 'some Localizable' = 'Text'
395 | accessibilityScrollStatus(Text(verbatim: localizable.defaultedLocalizedString(defaultValue: defaultValue)), isEnabled: isEnabled)
| `- error: instance method 'accessibilityScrollStatus(_:defaultValue:isEnabled:)' requires that 'Text' conform to 'Localizable'
396 | }
397 |
[4733/5175] Compiling FOSMVVM LocalizationStore.swift
/Users/admin/builder/spi-builder-workspace/Sources/FOSMVVM/SwiftUI Support/Generated/View+Localizable.swift:395:9: error: instance method 'accessibilityScrollStatus(_:defaultValue:isEnabled:)' requires that 'Text' conform to 'Localizable'
392 | /// - defaultValue: Fallback text used if localization did not complete.
393 | @available(iOS 26.0, macOS 26.0, tvOS 26.0, watchOS 26.0, visionOS 26.0, *)
394 | nonisolated func accessibilityScrollStatus(_ localizable: some Localizable, defaultValue: String? = nil, isEnabled: Bool = true) -> ModifiedContent<Self, AccessibilityAttachmentModifier> {
| `- note: where 'some Localizable' = 'Text'
395 | accessibilityScrollStatus(Text(verbatim: localizable.defaultedLocalizedString(defaultValue: defaultValue)), isEnabled: isEnabled)
| `- error: instance method 'accessibilityScrollStatus(_:defaultValue:isEnabled:)' requires that 'Text' conform to 'Localizable'
396 | }
397 |
[4734/5175] Compiling FOSMVVM LocalizedArrayProperty.swift
/Users/admin/builder/spi-builder-workspace/Sources/FOSMVVM/SwiftUI Support/Generated/View+Localizable.swift:395:9: error: instance method 'accessibilityScrollStatus(_:defaultValue:isEnabled:)' requires that 'Text' conform to 'Localizable'
392 | /// - defaultValue: Fallback text used if localization did not complete.
393 | @available(iOS 26.0, macOS 26.0, tvOS 26.0, watchOS 26.0, visionOS 26.0, *)
394 | nonisolated func accessibilityScrollStatus(_ localizable: some Localizable, defaultValue: String? = nil, isEnabled: Bool = true) -> ModifiedContent<Self, AccessibilityAttachmentModifier> {
| `- note: where 'some Localizable' = 'Text'
395 | accessibilityScrollStatus(Text(verbatim: localizable.defaultedLocalizedString(defaultValue: defaultValue)), isEnabled: isEnabled)
| `- error: instance method 'accessibilityScrollStatus(_:defaultValue:isEnabled:)' requires that 'Text' conform to 'Localizable'
396 | }
397 |
[4735/5175] Compiling FOSMVVM LocalizedProperty.swift
/Users/admin/builder/spi-builder-workspace/Sources/FOSMVVM/SwiftUI Support/Generated/View+Localizable.swift:395:9: error: instance method 'accessibilityScrollStatus(_:defaultValue:isEnabled:)' requires that 'Text' conform to 'Localizable'
392 | /// - defaultValue: Fallback text used if localization did not complete.
393 | @available(iOS 26.0, macOS 26.0, tvOS 26.0, watchOS 26.0, visionOS 26.0, *)
394 | nonisolated func accessibilityScrollStatus(_ localizable: some Localizable, defaultValue: String? = nil, isEnabled: Bool = true) -> ModifiedContent<Self, AccessibilityAttachmentModifier> {
| `- note: where 'some Localizable' = 'Text'
395 | accessibilityScrollStatus(Text(verbatim: localizable.defaultedLocalizedString(defaultValue: defaultValue)), isEnabled: isEnabled)
| `- error: instance method 'accessibilityScrollStatus(_:defaultValue:isEnabled:)' requires that 'Text' conform to 'Localizable'
396 | }
397 |
[4736/5175] Compiling FOSMVVM Localizer.swift
/Users/admin/builder/spi-builder-workspace/Sources/FOSMVVM/SwiftUI Support/Generated/View+Localizable.swift:395:9: error: instance method 'accessibilityScrollStatus(_:defaultValue:isEnabled:)' requires that 'Text' conform to 'Localizable'
392 | /// - defaultValue: Fallback text used if localization did not complete.
393 | @available(iOS 26.0, macOS 26.0, tvOS 26.0, watchOS 26.0, visionOS 26.0, *)
394 | nonisolated func accessibilityScrollStatus(_ localizable: some Localizable, defaultValue: String? = nil, isEnabled: Bool = true) -> ModifiedContent<Self, AccessibilityAttachmentModifier> {
| `- note: where 'some Localizable' = 'Text'
395 | accessibilityScrollStatus(Text(verbatim: localizable.defaultedLocalizedString(defaultValue: defaultValue)), isEnabled: isEnabled)
| `- error: instance method 'accessibilityScrollStatus(_:defaultValue:isEnabled:)' requires that 'Text' conform to 'Localizable'
396 | }
397 |
[4737/5175] Compiling FOSMVVM YamlLocalizationStore.swift
/Users/admin/builder/spi-builder-workspace/Sources/FOSMVVM/SwiftUI Support/Generated/View+Localizable.swift:395:9: error: instance method 'accessibilityScrollStatus(_:defaultValue:isEnabled:)' requires that 'Text' conform to 'Localizable'
392 | /// - defaultValue: Fallback text used if localization did not complete.
393 | @available(iOS 26.0, macOS 26.0, tvOS 26.0, watchOS 26.0, visionOS 26.0, *)
394 | nonisolated func accessibilityScrollStatus(_ localizable: some Localizable, defaultValue: String? = nil, isEnabled: Bool = true) -> ModifiedContent<Self, AccessibilityAttachmentModifier> {
| `- note: where 'some Localizable' = 'Text'
395 | accessibilityScrollStatus(Text(verbatim: localizable.defaultedLocalizedString(defaultValue: defaultValue)), isEnabled: isEnabled)
| `- error: instance method 'accessibilityScrollStatus(_:defaultValue:isEnabled:)' requires that 'Text' conform to 'Localizable'
396 | }
397 |
[4738/5175] Compiling FOSMVVM Macros.swift
/Users/admin/builder/spi-builder-workspace/Sources/FOSMVVM/SwiftUI Support/Generated/View+Localizable.swift:395:9: error: instance method 'accessibilityScrollStatus(_:defaultValue:isEnabled:)' requires that 'Text' conform to 'Localizable'
392 | /// - defaultValue: Fallback text used if localization did not complete.
393 | @available(iOS 26.0, macOS 26.0, tvOS 26.0, watchOS 26.0, visionOS 26.0, *)
394 | nonisolated func accessibilityScrollStatus(_ localizable: some Localizable, defaultValue: String? = nil, isEnabled: Bool = true) -> ModifiedContent<Self, AccessibilityAttachmentModifier> {
| `- note: where 'some Localizable' = 'Text'
395 | accessibilityScrollStatus(Text(verbatim: localizable.defaultedLocalizedString(defaultValue: defaultValue)), isEnabled: isEnabled)
| `- error: instance method 'accessibilityScrollStatus(_:defaultValue:isEnabled:)' requires that 'Text' conform to 'Localizable'
396 | }
397 |
[4739/5175] Compiling FOSMVVM ArchiveRequest.swift
/Users/admin/builder/spi-builder-workspace/Sources/FOSMVVM/SwiftUI Support/Generated/View+Localizable.swift:395:9: error: instance method 'accessibilityScrollStatus(_:defaultValue:isEnabled:)' requires that 'Text' conform to 'Localizable'
392 | /// - defaultValue: Fallback text used if localization did not complete.
393 | @available(iOS 26.0, macOS 26.0, tvOS 26.0, watchOS 26.0, visionOS 26.0, *)
394 | nonisolated func accessibilityScrollStatus(_ localizable: some Localizable, defaultValue: String? = nil, isEnabled: Bool = true) -> ModifiedContent<Self, AccessibilityAttachmentModifier> {
| `- note: where 'some Localizable' = 'Text'
395 | accessibilityScrollStatus(Text(verbatim: localizable.defaultedLocalizedString(defaultValue: defaultValue)), isEnabled: isEnabled)
| `- error: instance method 'accessibilityScrollStatus(_:defaultValue:isEnabled:)' requires that 'Text' conform to 'Localizable'
396 | }
397 |
[4740/5175] Compiling FOSMVVM AuthorityFlow.swift
/Users/admin/builder/spi-builder-workspace/Sources/FOSMVVM/SwiftUI Support/Generated/View+Localizable.swift:395:9: error: instance method 'accessibilityScrollStatus(_:defaultValue:isEnabled:)' requires that 'Text' conform to 'Localizable'
392 | /// - defaultValue: Fallback text used if localization did not complete.
393 | @available(iOS 26.0, macOS 26.0, tvOS 26.0, watchOS 26.0, visionOS 26.0, *)
394 | nonisolated func accessibilityScrollStatus(_ localizable: some Localizable, defaultValue: String? = nil, isEnabled: Bool = true) -> ModifiedContent<Self, AccessibilityAttachmentModifier> {
| `- note: where 'some Localizable' = 'Text'
395 | accessibilityScrollStatus(Text(verbatim: localizable.defaultedLocalizedString(defaultValue: defaultValue)), isEnabled: isEnabled)
| `- error: instance method 'accessibilityScrollStatus(_:defaultValue:isEnabled:)' requires that 'Text' conform to 'Localizable'
396 | }
397 |
[4741/5175] Compiling FOSMVVM ClientCredentialProvider.swift
/Users/admin/builder/spi-builder-workspace/Sources/FOSMVVM/SwiftUI Support/Generated/View+Localizable.swift:395:9: error: instance method 'accessibilityScrollStatus(_:defaultValue:isEnabled:)' requires that 'Text' conform to 'Localizable'
392 | /// - defaultValue: Fallback text used if localization did not complete.
393 | @available(iOS 26.0, macOS 26.0, tvOS 26.0, watchOS 26.0, visionOS 26.0, *)
394 | nonisolated func accessibilityScrollStatus(_ localizable: some Localizable, defaultValue: String? = nil, isEnabled: Bool = true) -> ModifiedContent<Self, AccessibilityAttachmentModifier> {
| `- note: where 'some Localizable' = 'Text'
395 | accessibilityScrollStatus(Text(verbatim: localizable.defaultedLocalizedString(defaultValue: defaultValue)), isEnabled: isEnabled)
| `- error: instance method 'accessibilityScrollStatus(_:defaultValue:isEnabled:)' requires that 'Text' conform to 'Localizable'
396 | }
397 |
[4742/5175] Compiling FOSMVVM ComposableFactory.swift
/Users/admin/builder/spi-builder-workspace/Sources/FOSMVVM/SwiftUI Support/Generated/View+Localizable.swift:395:9: error: instance method 'accessibilityScrollStatus(_:defaultValue:isEnabled:)' requires that 'Text' conform to 'Localizable'
392 | /// - defaultValue: Fallback text used if localization did not complete.
393 | @available(iOS 26.0, macOS 26.0, tvOS 26.0, watchOS 26.0, visionOS 26.0, *)
394 | nonisolated func accessibilityScrollStatus(_ localizable: some Localizable, defaultValue: String? = nil, isEnabled: Bool = true) -> ModifiedContent<Self, AccessibilityAttachmentModifier> {
| `- note: where 'some Localizable' = 'Text'
395 | accessibilityScrollStatus(Text(verbatim: localizable.defaultedLocalizedString(defaultValue: defaultValue)), isEnabled: isEnabled)
| `- error: instance method 'accessibilityScrollStatus(_:defaultValue:isEnabled:)' requires that 'Text' conform to 'Localizable'
396 | }
397 |
[4743/5175] Compiling FOSMVVM ComposedChild.swift
/Users/admin/builder/spi-builder-workspace/Sources/FOSMVVM/SwiftUI Support/Generated/View+Localizable.swift:395:9: error: instance method 'accessibilityScrollStatus(_:defaultValue:isEnabled:)' requires that 'Text' conform to 'Localizable'
392 | /// - defaultValue: Fallback text used if localization did not complete.
393 | @available(iOS 26.0, macOS 26.0, tvOS 26.0, watchOS 26.0, visionOS 26.0, *)
394 | nonisolated func accessibilityScrollStatus(_ localizable: some Localizable, defaultValue: String? = nil, isEnabled: Bool = true) -> ModifiedContent<Self, AccessibilityAttachmentModifier> {
| `- note: where 'some Localizable' = 'Text'
395 | accessibilityScrollStatus(Text(verbatim: localizable.defaultedLocalizedString(defaultValue: defaultValue)), isEnabled: isEnabled)
| `- error: instance method 'accessibilityScrollStatus(_:defaultValue:isEnabled:)' requires that 'Text' conform to 'Localizable'
396 | }
397 |
[4744/5175] Compiling FOSMVVM Container.swift
/Users/admin/builder/spi-builder-workspace/Sources/FOSMVVM/SwiftUI Support/Generated/View+Localizable.swift:395:9: error: instance method 'accessibilityScrollStatus(_:defaultValue:isEnabled:)' requires that 'Text' conform to 'Localizable'
392 | /// - defaultValue: Fallback text used if localization did not complete.
393 | @available(iOS 26.0, macOS 26.0, tvOS 26.0, watchOS 26.0, visionOS 26.0, *)
394 | nonisolated func accessibilityScrollStatus(_ localizable: some Localizable, defaultValue: String? = nil, isEnabled: Bool = true) -> ModifiedContent<Self, AccessibilityAttachmentModifier> {
| `- note: where 'some Localizable' = 'Text'
395 | accessibilityScrollStatus(Text(verbatim: localizable.defaultedLocalizedString(defaultValue: defaultValue)), isEnabled: isEnabled)
| `- error: instance method 'accessibilityScrollStatus(_:defaultValue:isEnabled:)' requires that 'Text' conform to 'Localizable'
396 | }
397 |
[4745/5175] Compiling FOSMVVM MenuBarExtra+Localizable.swift
[4746/5175] Compiling FOSMVVM ModifiedContent+Localizable.swift
[4747/5175] Compiling FOSMVVM MultiDatePicker+Localizable.swift
[4748/5175] Compiling FOSMVVM NavigationLink+Localizable.swift
[4749/5175] Compiling FOSMVVM NewDocumentButton+Localizable.swift
[4750/5175] Compiling FOSMVVM Picker+Localizable.swift
[4751/5175] Compiling FOSMVVM ProgressView+Localizable.swift
[4752/5175] Compiling FOSMVVM Scene+Localizable.swift
[4753/5175] Compiling FOSMVVM ContainerOperation.swift
[4756/5175] Compiling FOSMVVM ServerRequest.swift
[4757/5175] Compiling FOSMVVM ServerRequestSort.swift
[4758/5175] Compiling FOSMVVM ShowRequest.swift
[4759/5175] Compiling FOSMVVM TargetedQuery.swift
[4760/5175] Compiling FOSMVVM DocumentGroupLaunchScene+Localizable.swift
[4761/5175] Compiling FOSMVVM DocumentLaunchView+Localizable.swift
[4762/5175] Compiling FOSMVVM GroupBox+Localizable.swift
[4763/5175] Compiling FOSMVVM Label+Localizable.swift
[4764/5175] Compiling FOSMVVM LabeledContent+Localizable.swift
[4765/5175] Compiling FOSMVVM Link+Localizable.swift
[4766/5175] Compiling FOSMVVM Menu+Localizable.swift
[4777/5175] Compiling pkcs8_x509.cc
[4778/5175] Compiling pkcs7.cc
[4779/5175] Compiling pkcs8.cc
[4780/5175] Compiling p5_pbev2.cc
[4782/5175] Compiling FOSMVVM FormValidationsView.swift
[4783/5175] Compiling FOSMVVM FreshnessGate.swift
[4784/5175] Compiling FOSMVVM AccessibilityActionCategory+Localizable.swift
[4785/5175] Compiling FOSMVVM AccessibilityCustomContentKey+Localizable.swift
[4786/5175] Compiling FOSMVVM AccessibilityRotorEntry+Localizable.swift
[4787/5175] Compiling FOSMVVM AlertScene+Localizable.swift
[4788/5175] Compiling FOSMVVM Button+AsyncAction.swift
[4789/5175] Compiling FOSMVVM Button+Localizable.swift
[4790/5175] Compiling FOSMVVM ColorPicker+Localizable.swift
[4791/5175] Compiling FOSMVVM CommandMenu+Localizable.swift
[4792/5175] Compiling FOSMVVM ContentUnavailableView+Localizable.swift
[4793/5175] Compiling FOSMVVM ControlGroup+Localizable.swift
[4794/5175] Compiling FOSMVVM DatePicker+Localizable.swift
[4795/5175] Compiling FOSMVVM DisclosureGroup+Localizable.swift
[4796/5175] Compiling FOSMVVM ModelOperation.swift
[4812/5175] Compiling FOSMVVM PaginatedQuery.swift
/Users/admin/builder/spi-builder-workspace/Sources/FOSMVVM/SwiftUI Support/Generated/ModifiedContent+Localizable.swift:186:9: error: instance method 'accessibilityScrollStatus(_:defaultValue:isEnabled:)' requires that 'Text' conform to 'Localizable'
183 | /// - defaultValue: Fallback text used if localization did not complete.
184 | @available(iOS 26.0, macOS 26.0, tvOS 26.0, watchOS 26.0, visionOS 26.0, *)
185 | nonisolated func accessibilityScrollStatus(_ localizable: some Localizable, defaultValue: String? = nil, isEnabled: Bool = true) -> ModifiedContent<Content, Modifier> {
| `- note: where 'some Localizable' = 'Text'
186 | accessibilityScrollStatus(Text(verbatim: localizable.defaultedLocalizedString(defaultValue: defaultValue)), isEnabled: isEnabled)
| `- error: instance method 'accessibilityScrollStatus(_:defaultValue:isEnabled:)' requires that 'Text' conform to 'Localizable'
187 | }
188 | }
[4813/5175] Compiling FOSMVVM ProjectionContext.swift
/Users/admin/builder/spi-builder-workspace/Sources/FOSMVVM/SwiftUI Support/Generated/ModifiedContent+Localizable.swift:186:9: error: instance method 'accessibilityScrollStatus(_:defaultValue:isEnabled:)' requires that 'Text' conform to 'Localizable'
183 | /// - defaultValue: Fallback text used if localization did not complete.
184 | @available(iOS 26.0, macOS 26.0, tvOS 26.0, watchOS 26.0, visionOS 26.0, *)
185 | nonisolated func accessibilityScrollStatus(_ localizable: some Localizable, defaultValue: String? = nil, isEnabled: Bool = true) -> ModifiedContent<Content, Modifier> {
| `- note: where 'some Localizable' = 'Text'
186 | accessibilityScrollStatus(Text(verbatim: localizable.defaultedLocalizedString(defaultValue: defaultValue)), isEnabled: isEnabled)
| `- error: instance method 'accessibilityScrollStatus(_:defaultValue:isEnabled:)' requires that 'Text' conform to 'Localizable'
187 | }
188 | }
[4814/5175] Compiling FOSMVVM ReplaceRequest.swift
/Users/admin/builder/spi-builder-workspace/Sources/FOSMVVM/SwiftUI Support/Generated/ModifiedContent+Localizable.swift:186:9: error: instance method 'accessibilityScrollStatus(_:defaultValue:isEnabled:)' requires that 'Text' conform to 'Localizable'
183 | /// - defaultValue: Fallback text used if localization did not complete.
184 | @available(iOS 26.0, macOS 26.0, tvOS 26.0, watchOS 26.0, visionOS 26.0, *)
185 | nonisolated func accessibilityScrollStatus(_ localizable: some Localizable, defaultValue: String? = nil, isEnabled: Bool = true) -> ModifiedContent<Content, Modifier> {
| `- note: where 'some Localizable' = 'Text'
186 | accessibilityScrollStatus(Text(verbatim: localizable.defaultedLocalizedString(defaultValue: defaultValue)), isEnabled: isEnabled)
| `- error: instance method 'accessibilityScrollStatus(_:defaultValue:isEnabled:)' requires that 'Text' conform to 'Localizable'
187 | }
188 | }
[4815/5175] Compiling FOSMVVM RequestableViewModel.swift
/Users/admin/builder/spi-builder-workspace/Sources/FOSMVVM/SwiftUI Support/Generated/ModifiedContent+Localizable.swift:186:9: error: instance method 'accessibilityScrollStatus(_:defaultValue:isEnabled:)' requires that 'Text' conform to 'Localizable'
183 | /// - defaultValue: Fallback text used if localization did not complete.
184 | @available(iOS 26.0, macOS 26.0, tvOS 26.0, watchOS 26.0, visionOS 26.0, *)
185 | nonisolated func accessibilityScrollStatus(_ localizable: some Localizable, defaultValue: String? = nil, isEnabled: Bool = true) -> ModifiedContent<Content, Modifier> {
| `- note: where 'some Localizable' = 'Text'
186 | accessibilityScrollStatus(Text(verbatim: localizable.defaultedLocalizedString(defaultValue: defaultValue)), isEnabled: isEnabled)
| `- error: instance method 'accessibilityScrollStatus(_:defaultValue:isEnabled:)' requires that 'Text' conform to 'Localizable'
187 | }
188 | }
[4816/5175] Compiling FOSMVVM ResettableModel.swift
/Users/admin/builder/spi-builder-workspace/Sources/FOSMVVM/SwiftUI Support/Generated/ModifiedContent+Localizable.swift:186:9: error: instance method 'accessibilityScrollStatus(_:defaultValue:isEnabled:)' requires that 'Text' conform to 'Localizable'
183 | /// - defaultValue: Fallback text used if localization did not complete.
184 | @available(iOS 26.0, macOS 26.0, tvOS 26.0, watchOS 26.0, visionOS 26.0, *)
185 | nonisolated func accessibilityScrollStatus(_ localizable: some Localizable, defaultValue: String? = nil, isEnabled: Bool = true) -> ModifiedContent<Content, Modifier> {
| `- note: where 'some Localizable' = 'Text'
186 | accessibilityScrollStatus(Text(verbatim: localizable.defaultedLocalizedString(defaultValue: defaultValue)), isEnabled: isEnabled)
| `- error: instance method 'accessibilityScrollStatus(_:defaultValue:isEnabled:)' requires that 'Text' conform to 'Localizable'
187 | }
188 | }
[4817/5175] Compiling FOSMVVM ResponseBodyFactory.swift
/Users/admin/builder/spi-builder-workspace/Sources/FOSMVVM/SwiftUI Support/Generated/ModifiedContent+Localizable.swift:186:9: error: instance method 'accessibilityScrollStatus(_:defaultValue:isEnabled:)' requires that 'Text' conform to 'Localizable'
183 | /// - defaultValue: Fallback text used if localization did not complete.
184 | @available(iOS 26.0, macOS 26.0, tvOS 26.0, watchOS 26.0, visionOS 26.0, *)
185 | nonisolated func accessibilityScrollStatus(_ localizable: some Localizable, defaultValue: String? = nil, isEnabled: Bool = true) -> ModifiedContent<Content, Modifier> {
| `- note: where 'some Localizable' = 'Text'
186 | accessibilityScrollStatus(Text(verbatim: localizable.defaultedLocalizedString(defaultValue: defaultValue)), isEnabled: isEnabled)
| `- error: instance method 'accessibilityScrollStatus(_:defaultValue:isEnabled:)' requires that 'Text' conform to 'Localizable'
187 | }
188 | }
[4818/5175] Compiling FOSMVVM RetrievablePropertyNames.swift
/Users/admin/builder/spi-builder-workspace/Sources/FOSMVVM/SwiftUI Support/Generated/ModifiedContent+Localizable.swift:186:9: error: instance method 'accessibilityScrollStatus(_:defaultValue:isEnabled:)' requires that 'Text' conform to 'Localizable'
183 | /// - defaultValue: Fallback text used if localization did not complete.
184 | @available(iOS 26.0, macOS 26.0, tvOS 26.0, watchOS 26.0, visionOS 26.0, *)
185 | nonisolated func accessibilityScrollStatus(_ localizable: some Localizable, defaultValue: String? = nil, isEnabled: Bool = true) -> ModifiedContent<Content, Modifier> {
| `- note: where 'some Localizable' = 'Text'
186 | accessibilityScrollStatus(Text(verbatim: localizable.defaultedLocalizedString(defaultValue: defaultValue)), isEnabled: isEnabled)
| `- error: instance method 'accessibilityScrollStatus(_:defaultValue:isEnabled:)' requires that 'Text' conform to 'Localizable'
187 | }
188 | }
[4819/5175] Compiling FOSMVVM RootScope.swift
/Users/admin/builder/spi-builder-workspace/Sources/FOSMVVM/SwiftUI Support/Generated/ModifiedContent+Localizable.swift:186:9: error: instance method 'accessibilityScrollStatus(_:defaultValue:isEnabled:)' requires that 'Text' conform to 'Localizable'
183 | /// - defaultValue: Fallback text used if localization did not complete.
184 | @available(iOS 26.0, macOS 26.0, tvOS 26.0, watchOS 26.0, visionOS 26.0, *)
185 | nonisolated func accessibilityScrollStatus(_ localizable: some Localizable, defaultValue: String? = nil, isEnabled: Bool = true) -> ModifiedContent<Content, Modifier> {
| `- note: where 'some Localizable' = 'Text'
186 | accessibilityScrollStatus(Text(verbatim: localizable.defaultedLocalizedString(defaultValue: defaultValue)), isEnabled: isEnabled)
| `- error: instance method 'accessibilityScrollStatus(_:defaultValue:isEnabled:)' requires that 'Text' conform to 'Localizable'
187 | }
188 | }
[4820/5175] Compiling FOSMVVM ScopedQuery.swift
/Users/admin/builder/spi-builder-workspace/Sources/FOSMVVM/SwiftUI Support/Generated/ModifiedContent+Localizable.swift:186:9: error: instance method 'accessibilityScrollStatus(_:defaultValue:isEnabled:)' requires that 'Text' conform to 'Localizable'
183 | /// - defaultValue: Fallback text used if localization did not complete.
184 | @available(iOS 26.0, macOS 26.0, tvOS 26.0, watchOS 26.0, visionOS 26.0, *)
185 | nonisolated func accessibilityScrollStatus(_ localizable: some Localizable, defaultValue: String? = nil, isEnabled: Bool = true) -> ModifiedContent<Content, Modifier> {
| `- note: where 'some Localizable' = 'Text'
186 | accessibilityScrollStatus(Text(verbatim: localizable.defaultedLocalizedString(defaultValue: defaultValue)), isEnabled: isEnabled)
| `- error: instance method 'accessibilityScrollStatus(_:defaultValue:isEnabled:)' requires that 'Text' conform to 'Localizable'
187 | }
188 | }
[4821/5175] Compiling FOSMVVM ServerRequest+Fetch.swift
/Users/admin/builder/spi-builder-workspace/Sources/FOSMVVM/SwiftUI Support/Generated/ModifiedContent+Localizable.swift:186:9: error: instance method 'accessibilityScrollStatus(_:defaultValue:isEnabled:)' requires that 'Text' conform to 'Localizable'
183 | /// - defaultValue: Fallback text used if localization did not complete.
184 | @available(iOS 26.0, macOS 26.0, tvOS 26.0, watchOS 26.0, visionOS 26.0, *)
185 | nonisolated func accessibilityScrollStatus(_ localizable: some Localizable, defaultValue: String? = nil, isEnabled: Bool = true) -> ModifiedContent<Content, Modifier> {
| `- note: where 'some Localizable' = 'Text'
186 | accessibilityScrollStatus(Text(verbatim: localizable.defaultedLocalizedString(defaultValue: defaultValue)), isEnabled: isEnabled)
| `- error: instance method 'accessibilityScrollStatus(_:defaultValue:isEnabled:)' requires that 'Text' conform to 'Localizable'
187 | }
188 | }
/Users/admin/builder/spi-builder-workspace/Sources/FOSMVVM/SwiftUI Support/Generated/ModifiedContent+Localizable.swift:186:9: error: instance method 'accessibilityScrollStatus(_:defaultValue:isEnabled:)' requires that 'Text' conform to 'Localizable'
183 | /// - defaultValue: Fallback text used if localization did not complete.
184 | @available(iOS 26.0, macOS 26.0, tvOS 26.0, watchOS 26.0, visionOS 26.0, *)
185 | nonisolated func accessibilityScrollStatus(_ localizable: some Localizable, defaultValue: String? = nil, isEnabled: Bool = true) -> ModifiedContent<Content, Modifier> {
| `- note: where 'some Localizable' = 'Text'
186 | accessibilityScrollStatus(Text(verbatim: localizable.defaultedLocalizedString(defaultValue: defaultValue)), isEnabled: isEnabled)
| `- error: instance method 'accessibilityScrollStatus(_:defaultValue:isEnabled:)' requires that 'Text' conform to 'Localizable'
187 | }
188 | }
/Users/admin/builder/spi-builder-workspace/Sources/FOSMVVM/SwiftUI Support/Generated/ModifiedContent+Localizable.swift:186:9: error: instance method 'accessibilityScrollStatus(_:defaultValue:isEnabled:)' requires that 'Text' conform to 'Localizable'
183 | /// - defaultValue: Fallback text used if localization did not complete.
184 | @available(iOS 26.0, macOS 26.0, tvOS 26.0, watchOS 26.0, visionOS 26.0, *)
185 | nonisolated func accessibilityScrollStatus(_ localizable: some Localizable, defaultValue: String? = nil, isEnabled: Bool = true) -> ModifiedContent<Content, Modifier> {
| `- note: where 'some Localizable' = 'Text'
186 | accessibilityScrollStatus(Text(verbatim: localizable.defaultedLocalizedString(defaultValue: defaultValue)), isEnabled: isEnabled)
| `- error: instance method 'accessibilityScrollStatus(_:defaultValue:isEnabled:)' requires that 'Text' conform to 'Localizable'
187 | }
188 | }
/Users/admin/builder/spi-builder-workspace/Sources/FOSMVVM/SwiftUI Support/Generated/ModifiedContent+Localizable.swift:186:9: error: instance method 'accessibilityScrollStatus(_:defaultValue:isEnabled:)' requires that 'Text' conform to 'Localizable'
183 | /// - defaultValue: Fallback text used if localization did not complete.
184 | @available(iOS 26.0, macOS 26.0, tvOS 26.0, watchOS 26.0, visionOS 26.0, *)
185 | nonisolated func accessibilityScrollStatus(_ localizable: some Localizable, defaultValue: String? = nil, isEnabled: Bool = true) -> ModifiedContent<Content, Modifier> {
| `- note: where 'some Localizable' = 'Text'
186 | accessibilityScrollStatus(Text(verbatim: localizable.defaultedLocalizedString(defaultValue: defaultValue)), isEnabled: isEnabled)
| `- error: instance method 'accessibilityScrollStatus(_:defaultValue:isEnabled:)' requires that 'Text' conform to 'Localizable'
187 | }
188 | }
/Users/admin/builder/spi-builder-workspace/Sources/FOSMVVM/SwiftUI Support/Generated/ModifiedContent+Localizable.swift:186:9: error: instance method 'accessibilityScrollStatus(_:defaultValue:isEnabled:)' requires that 'Text' conform to 'Localizable'
183 | /// - defaultValue: Fallback text used if localization did not complete.
184 | @available(iOS 26.0, macOS 26.0, tvOS 26.0, watchOS 26.0, visionOS 26.0, *)
185 | nonisolated func accessibilityScrollStatus(_ localizable: some Localizable, defaultValue: String? = nil, isEnabled: Bool = true) -> ModifiedContent<Content, Modifier> {
| `- note: where 'some Localizable' = 'Text'
186 | accessibilityScrollStatus(Text(verbatim: localizable.defaultedLocalizedString(defaultValue: defaultValue)), isEnabled: isEnabled)
| `- error: instance method 'accessibilityScrollStatus(_:defaultValue:isEnabled:)' requires that 'Text' conform to 'Localizable'
187 | }
188 | }
/Users/admin/builder/spi-builder-workspace/Sources/FOSMVVM/SwiftUI Support/Generated/ModifiedContent+Localizable.swift:186:9: error: instance method 'accessibilityScrollStatus(_:defaultValue:isEnabled:)' requires that 'Text' conform to 'Localizable'
183 | /// - defaultValue: Fallback text used if localization did not complete.
184 | @available(iOS 26.0, macOS 26.0, tvOS 26.0, watchOS 26.0, visionOS 26.0, *)
185 | nonisolated func accessibilityScrollStatus(_ localizable: some Localizable, defaultValue: String? = nil, isEnabled: Bool = true) -> ModifiedContent<Content, Modifier> {
| `- note: where 'some Localizable' = 'Text'
186 | accessibilityScrollStatus(Text(verbatim: localizable.defaultedLocalizedString(defaultValue: defaultValue)), isEnabled: isEnabled)
| `- error: instance method 'accessibilityScrollStatus(_:defaultValue:isEnabled:)' requires that 'Text' conform to 'Localizable'
187 | }
188 | }
[4826/5175] Compiling pem_xaux.cc
[4827/5175] Compiling pkcs7_x509.cc
[4847/5175] Compiling FOSMVVM FormFieldView.swift
[4861/5175] Compiling pem_x509.cc
[4862/5175] Compiling pem_pkey.cc
[4863/5175] Compiling pem_oth.cc
[4864/5175] Compiling pem_pk8.cc
[4865/5175] Compiling obj_xref.cc
[4866/5175] Compiling pem_info.cc
[4867/5175] Compiling pem_lib.cc
[4868/5175] Compiling pem_all.cc
[4869/5175] Compiling mlkem.cc
[4870/5175] Compiling mldsa.cc
[4871/5175] Compiling mem.cc
[4872/5175] Compiling poly_rq_mul.S
[4893/5175] Compiling lhash.cc
[4894/5175] Compiling obj.cc
[4895/5175] Compiling fips_shared_support.cc
[4896/5175] Compiling md5.cc
[4897/5175] Compiling md4.cc
[4898/5175] Compiling fuzzer_mode.cc
[4899/5175] Compiling kyber.cc
[4900/5175] Compiling ex_data.cc
[4901/5175] Compiling hrss.cc
[4902/5175] Compiling hpke.cc
[4914/5175] Compiling FOSMVVM TestHost.swift
[4915/5175] Compiling FOSMVVM TestHostFacts.swift
[4916/5175] Compiling FOSMVVM View+AsyncTask.swift
[4917/5175] Compiling FOSMVVM View+Testing.swift
[4918/5175] Compiling FOSMVVM View.swift
[4919/5175] Compiling FOSMVVM ViewModelView.swift
[4920/5175] Compiling FOSMVVM FieldValidationModel.swift
[4921/5175] Compiling FOSMVVM ValidationError.swift
[4922/5175] Compiling FOSMVVM ValidationResult.swift
[4923/5175] Compiling FOSMVVM Validations.swift
[4924/5175] Compiling FOSMVVM Deployment.swift
[4925/5175] Compiling FOSMVVM SystemVersion.swift
[4926/5175] Compiling FOSMVVM Versionable.swift
[4927/5175] Compiling FOSMVVM VersionedProperty.swift
/Users/admin/builder/spi-builder-workspace/Sources/FOSMVVM/Forms/FormFieldModel.swift:85:33: warning: forced cast from 'Value?' to 'Value' only unwraps optionals; did you mean to use '!'?
83 | // We've established the type at runtime and can ignore the compiler error
84 | // here (there's no way to tell the compiler to be quiet).
85 | result = (value as! Value) // swiftlint:disable:this force_cast
| `- warning: forced cast from 'Value?' to 'Value' only unwraps optionals; did you mean to use '!'?
86 | } else {
87 | guard value != nil else {
/Users/admin/builder/spi-builder-workspace/Sources/FOSMVVM/Forms/FormFieldModel.swift:85:33: warning: forced cast from 'Value?' to 'Value' only unwraps optionals; did you mean to use '!'?
83 | // We've established the type at runtime and can ignore the compiler error
84 | // here (there's no way to tell the compiler to be quiet).
85 | result = (value as! Value) // swiftlint:disable:this force_cast
| `- warning: forced cast from 'Value?' to 'Value' only unwraps optionals; did you mean to use '!'?
86 | } else {
87 | guard value != nil else {
/Users/admin/builder/spi-builder-workspace/Sources/FOSMVVM/Forms/FormFieldModel.swift:85:33: warning: forced cast from 'Value?' to 'Value' only unwraps optionals; did you mean to use '!'?
83 | // We've established the type at runtime and can ignore the compiler error
84 | // here (there's no way to tell the compiler to be quiet).
85 | result = (value as! Value) // swiftlint:disable:this force_cast
| `- warning: forced cast from 'Value?' to 'Value' only unwraps optionals; did you mean to use '!'?
86 | } else {
87 | guard value != nil else {
/Users/admin/builder/spi-builder-workspace/Sources/FOSMVVM/Forms/FormFieldModel.swift:85:33: warning: forced cast from 'Value?' to 'Value' only unwraps optionals; did you mean to use '!'?
83 | // We've established the type at runtime and can ignore the compiler error
84 | // here (there's no way to tell the compiler to be quiet).
85 | result = (value as! Value) // swiftlint:disable:this force_cast
| `- warning: forced cast from 'Value?' to 'Value' only unwraps optionals; did you mean to use '!'?
86 | } else {
87 | guard value != nil else {
/Users/admin/builder/spi-builder-workspace/Sources/FOSMVVM/Forms/FormFieldModel.swift:85:33: warning: forced cast from 'Value?' to 'Value' only unwraps optionals; did you mean to use '!'?
83 | // We've established the type at runtime and can ignore the compiler error
84 | // here (there's no way to tell the compiler to be quiet).
85 | result = (value as! Value) // swiftlint:disable:this force_cast
| `- warning: forced cast from 'Value?' to 'Value' only unwraps optionals; did you mean to use '!'?
86 | } else {
87 | guard value != nil else {
/Users/admin/builder/spi-builder-workspace/Sources/FOSMVVM/Forms/FormFieldModel.swift:85:33: warning: forced cast from 'Value?' to 'Value' only unwraps optionals; did you mean to use '!'?
83 | // We've established the type at runtime and can ignore the compiler error
84 | // here (there's no way to tell the compiler to be quiet).
85 | result = (value as! Value) // swiftlint:disable:this force_cast
| `- warning: forced cast from 'Value?' to 'Value' only unwraps optionals; did you mean to use '!'?
86 | } else {
87 | guard value != nil else {
/Users/admin/builder/spi-builder-workspace/Sources/FOSMVVM/Forms/FormFieldModel.swift:85:33: warning: forced cast from 'Value?' to 'Value' only unwraps optionals; did you mean to use '!'?
83 | // We've established the type at runtime and can ignore the compiler error
84 | // here (there's no way to tell the compiler to be quiet).
85 | result = (value as! Value) // swiftlint:disable:this force_cast
| `- warning: forced cast from 'Value?' to 'Value' only unwraps optionals; did you mean to use '!'?
86 | } else {
87 | guard value != nil else {
/Users/admin/builder/spi-builder-workspace/Sources/FOSMVVM/Forms/FormFieldModel.swift:85:33: warning: forced cast from 'Value?' to 'Value' only unwraps optionals; did you mean to use '!'?
83 | // We've established the type at runtime and can ignore the compiler error
84 | // here (there's no way to tell the compiler to be quiet).
85 | result = (value as! Value) // swiftlint:disable:this force_cast
| `- warning: forced cast from 'Value?' to 'Value' only unwraps optionals; did you mean to use '!'?
86 | } else {
87 | guard value != nil else {
/Users/admin/builder/spi-builder-workspace/Sources/FOSMVVM/Forms/FormFieldModel.swift:85:33: warning: forced cast from 'Value?' to 'Value' only unwraps optionals; did you mean to use '!'?
83 | // We've established the type at runtime and can ignore the compiler error
84 | // here (there's no way to tell the compiler to be quiet).
85 | result = (value as! Value) // swiftlint:disable:this force_cast
| `- warning: forced cast from 'Value?' to 'Value' only unwraps optionals; did you mean to use '!'?
86 | } else {
87 | guard value != nil else {
/Users/admin/builder/spi-builder-workspace/Sources/FOSMVVM/Forms/FormFieldModel.swift:85:33: warning: forced cast from 'Value?' to 'Value' only unwraps optionals; did you mean to use '!'?
83 | // We've established the type at runtime and can ignore the compiler error
84 | // here (there's no way to tell the compiler to be quiet).
85 | result = (value as! Value) // swiftlint:disable:this force_cast
| `- warning: forced cast from 'Value?' to 'Value' only unwraps optionals; did you mean to use '!'?
86 | } else {
87 | guard value != nil else {
/Users/admin/builder/spi-builder-workspace/Sources/FOSMVVM/Forms/FormFieldModel.swift:85:33: warning: forced cast from 'Value?' to 'Value' only unwraps optionals; did you mean to use '!'?
83 | // We've established the type at runtime and can ignore the compiler error
84 | // here (there's no way to tell the compiler to be quiet).
85 | result = (value as! Value) // swiftlint:disable:this force_cast
| `- warning: forced cast from 'Value?' to 'Value' only unwraps optionals; did you mean to use '!'?
86 | } else {
87 | guard value != nil else {
/Users/admin/builder/spi-builder-workspace/Sources/FOSMVVM/Forms/FormFieldModel.swift:85:33: warning: forced cast from 'Value?' to 'Value' only unwraps optionals; did you mean to use '!'?
83 | // We've established the type at runtime and can ignore the compiler error
84 | // here (there's no way to tell the compiler to be quiet).
85 | result = (value as! Value) // swiftlint:disable:this force_cast
| `- warning: forced cast from 'Value?' to 'Value' only unwraps optionals; did you mean to use '!'?
86 | } else {
87 | guard value != nil else {
/Users/admin/builder/spi-builder-workspace/Sources/FOSMVVM/Forms/FormFieldModel.swift:85:33: warning: forced cast from 'Value?' to 'Value' only unwraps optionals; did you mean to use '!'?
83 | // We've established the type at runtime and can ignore the compiler error
84 | // here (there's no way to tell the compiler to be quiet).
85 | result = (value as! Value) // swiftlint:disable:this force_cast
| `- warning: forced cast from 'Value?' to 'Value' only unwraps optionals; did you mean to use '!'?
86 | } else {
87 | guard value != nil else {
/Users/admin/builder/spi-builder-workspace/Sources/FOSMVVM/Forms/FormFieldModel.swift:85:33: warning: forced cast from 'Value?' to 'Value' only unwraps optionals; did you mean to use '!'?
83 | // We've established the type at runtime and can ignore the compiler error
84 | // here (there's no way to tell the compiler to be quiet).
85 | result = (value as! Value) // swiftlint:disable:this force_cast
| `- warning: forced cast from 'Value?' to 'Value' only unwraps optionals; did you mean to use '!'?
86 | } else {
87 | guard value != nil else {
/Users/admin/builder/spi-builder-workspace/Sources/FOSMVVM/Forms/FormFieldModel.swift:85:33: warning: forced cast from 'Value?' to 'Value' only unwraps optionals; did you mean to use '!'?
83 | // We've established the type at runtime and can ignore the compiler error
84 | // here (there's no way to tell the compiler to be quiet).
85 | result = (value as! Value) // swiftlint:disable:this force_cast
| `- warning: forced cast from 'Value?' to 'Value' only unwraps optionals; did you mean to use '!'?
86 | } else {
87 | guard value != nil else {
[4942/5175] Compiling sign.cc
[4943/5175] Compiling scrypt.cc
error: emit-module command failed with exit code 1 (use -v to see invocation)
/Users/admin/builder/spi-builder-workspace/Sources/FOSMVVM/Forms/FormFieldModel.swift:85:33: warning: forced cast from 'Value?' to 'Value' only unwraps optionals; did you mean to use '!'?
83 | // We've established the type at runtime and can ignore the compiler error
84 | // here (there's no way to tell the compiler to be quiet).
85 | result = (value as! Value) // swiftlint:disable:this force_cast
| `- warning: forced cast from 'Value?' to 'Value' only unwraps optionals; did you mean to use '!'?
86 | } else {
87 | guard value != nil else {
/Users/admin/builder/spi-builder-workspace/Sources/FOSMVVM/Forms/FormFieldModel.swift:85:33: warning: forced cast from 'Value?' to 'Value' only unwraps optionals; did you mean to use '!'?
83 | // We've established the type at runtime and can ignore the compiler error
84 | // here (there's no way to tell the compiler to be quiet).
85 | result = (value as! Value) // swiftlint:disable:this force_cast
| `- warning: forced cast from 'Value?' to 'Value' only unwraps optionals; did you mean to use '!'?
86 | } else {
87 | guard value != nil else {
/Users/admin/builder/spi-builder-workspace/Sources/FOSMVVM/Forms/FormFieldModel.swift:85:33: warning: forced cast from 'Value?' to 'Value' only unwraps optionals; did you mean to use '!'?
83 | // We've established the type at runtime and can ignore the compiler error
84 | // here (there's no way to tell the compiler to be quiet).
85 | result = (value as! Value) // swiftlint:disable:this force_cast
| `- warning: forced cast from 'Value?' to 'Value' only unwraps optionals; did you mean to use '!'?
86 | } else {
87 | guard value != nil else {
/Users/admin/builder/spi-builder-workspace/Sources/FOSMVVM/Forms/FormFieldModel.swift:85:33: warning: forced cast from 'Value?' to 'Value' only unwraps optionals; did you mean to use '!'?
83 | // We've established the type at runtime and can ignore the compiler error
84 | // here (there's no way to tell the compiler to be quiet).
85 | result = (value as! Value) // swiftlint:disable:this force_cast
| `- warning: forced cast from 'Value?' to 'Value' only unwraps optionals; did you mean to use '!'?
86 | } else {
87 | guard value != nil else {
/Users/admin/builder/spi-builder-workspace/Sources/FOSMVVM/Forms/FormFieldModel.swift:85:33: warning: forced cast from 'Value?' to 'Value' only unwraps optionals; did you mean to use '!'?
83 | // We've established the type at runtime and can ignore the compiler error
84 | // here (there's no way to tell the compiler to be quiet).
85 | result = (value as! Value) // swiftlint:disable:this force_cast
| `- warning: forced cast from 'Value?' to 'Value' only unwraps optionals; did you mean to use '!'?
86 | } else {
87 | guard value != nil else {
/Users/admin/builder/spi-builder-workspace/Sources/FOSMVVM/Forms/FormFieldModel.swift:85:33: warning: forced cast from 'Value?' to 'Value' only unwraps optionals; did you mean to use '!'?
83 | // We've established the type at runtime and can ignore the compiler error
84 | // here (there's no way to tell the compiler to be quiet).
85 | result = (value as! Value) // swiftlint:disable:this force_cast
| `- warning: forced cast from 'Value?' to 'Value' only unwraps optionals; did you mean to use '!'?
86 | } else {
87 | guard value != nil else {
/Users/admin/builder/spi-builder-workspace/Sources/FOSMVVM/Forms/FormFieldModel.swift:85:33: warning: forced cast from 'Value?' to 'Value' only unwraps optionals; did you mean to use '!'?
83 | // We've established the type at runtime and can ignore the compiler error
84 | // here (there's no way to tell the compiler to be quiet).
85 | result = (value as! Value) // swiftlint:disable:this force_cast
| `- warning: forced cast from 'Value?' to 'Value' only unwraps optionals; did you mean to use '!'?
86 | } else {
87 | guard value != nil else {
/Users/admin/builder/spi-builder-workspace/Sources/FOSMVVM/Forms/FormFieldModel.swift:85:33: warning: forced cast from 'Value?' to 'Value' only unwraps optionals; did you mean to use '!'?
83 | // We've established the type at runtime and can ignore the compiler error
84 | // here (there's no way to tell the compiler to be quiet).
85 | result = (value as! Value) // swiftlint:disable:this force_cast
| `- warning: forced cast from 'Value?' to 'Value' only unwraps optionals; did you mean to use '!'?
86 | } else {
87 | guard value != nil else {
/Users/admin/builder/spi-builder-workspace/Sources/FOSMVVM/Forms/FormFieldModel.swift:85:33: warning: forced cast from 'Value?' to 'Value' only unwraps optionals; did you mean to use '!'?
83 | // We've established the type at runtime and can ignore the compiler error
84 | // here (there's no way to tell the compiler to be quiet).
85 | result = (value as! Value) // swiftlint:disable:this force_cast
| `- warning: forced cast from 'Value?' to 'Value' only unwraps optionals; did you mean to use '!'?
86 | } else {
87 | guard value != nil else {
/Users/admin/builder/spi-builder-workspace/Sources/FOSMVVM/Forms/FormFieldModel.swift:85:33: warning: forced cast from 'Value?' to 'Value' only unwraps optionals; did you mean to use '!'?
83 | // We've established the type at runtime and can ignore the compiler error
84 | // here (there's no way to tell the compiler to be quiet).
85 | result = (value as! Value) // swiftlint:disable:this force_cast
| `- warning: forced cast from 'Value?' to 'Value' only unwraps optionals; did you mean to use '!'?
86 | } else {
87 | guard value != nil else {
/Users/admin/builder/spi-builder-workspace/Sources/FOSMVVM/Forms/FormFieldModel.swift:85:33: warning: forced cast from 'Value?' to 'Value' only unwraps optionals; did you mean to use '!'?
83 | // We've established the type at runtime and can ignore the compiler error
84 | // here (there's no way to tell the compiler to be quiet).
85 | result = (value as! Value) // swiftlint:disable:this force_cast
| `- warning: forced cast from 'Value?' to 'Value' only unwraps optionals; did you mean to use '!'?
86 | } else {
87 | guard value != nil else {
/Users/admin/builder/spi-builder-workspace/Sources/FOSMVVM/Forms/FormFieldModel.swift:85:33: warning: forced cast from 'Value?' to 'Value' only unwraps optionals; did you mean to use '!'?
83 | // We've established the type at runtime and can ignore the compiler error
84 | // here (there's no way to tell the compiler to be quiet).
85 | result = (value as! Value) // swiftlint:disable:this force_cast
| `- warning: forced cast from 'Value?' to 'Value' only unwraps optionals; did you mean to use '!'?
86 | } else {
87 | guard value != nil else {
/Users/admin/builder/spi-builder-workspace/Sources/FOSMVVM/Forms/FormFieldModel.swift:85:33: warning: forced cast from 'Value?' to 'Value' only unwraps optionals; did you mean to use '!'?
83 | // We've established the type at runtime and can ignore the compiler error
84 | // here (there's no way to tell the compiler to be quiet).
85 | result = (value as! Value) // swiftlint:disable:this force_cast
| `- warning: forced cast from 'Value?' to 'Value' only unwraps optionals; did you mean to use '!'?
86 | } else {
87 | guard value != nil else {
/Users/admin/builder/spi-builder-workspace/Sources/FOSMVVM/Forms/FormFieldModel.swift:85:33: warning: forced cast from 'Value?' to 'Value' only unwraps optionals; did you mean to use '!'?
83 | // We've established the type at runtime and can ignore the compiler error
84 | // here (there's no way to tell the compiler to be quiet).
85 | result = (value as! Value) // swiftlint:disable:this force_cast
| `- warning: forced cast from 'Value?' to 'Value' only unwraps optionals; did you mean to use '!'?
86 | } else {
87 | guard value != nil else {
/Users/admin/builder/spi-builder-workspace/Sources/FOSMVVM/Forms/FormFieldModel.swift:85:33: warning: forced cast from 'Value?' to 'Value' only unwraps optionals; did you mean to use '!'?
83 | // We've established the type at runtime and can ignore the compiler error
84 | // here (there's no way to tell the compiler to be quiet).
85 | result = (value as! Value) // swiftlint:disable:this force_cast
| `- warning: forced cast from 'Value?' to 'Value' only unwraps optionals; did you mean to use '!'?
86 | } else {
87 | guard value != nil else {
[5019/5175] Compiling print.cc
[5036/5175] Emitting module FOSMVVM
/Users/admin/builder/spi-builder-workspace/Sources/FOSMVVM/SwiftUI Support/Generated/SliderTick+Localizable.swift:30:18: error: cannot find type 'SliderTick' in scope
28 | @available(iOS 26.0, macOS 26.0, watchOS 26.0, visionOS 26.0, *)
29 | @available(tvOS, unavailable)
30 | public extension SliderTick where V: BinaryFloatingPoint {
| `- error: cannot find type 'SliderTick' in scope
31 | #if os(iOS) || os(macOS) || os(watchOS) || os(visionOS)
32 | /// Localizable-accepting form of SwiftUI's `SliderTick.init(_:_:)`.
/Users/admin/builder/spi-builder-workspace/Sources/FOSMVVM/SwiftUI Support/Generated/ModifiedContent+Localizable.swift:186:9: error: instance method 'accessibilityScrollStatus(_:defaultValue:isEnabled:)' requires that 'Text' conform to 'Localizable'
183 | /// - defaultValue: Fallback text used if localization did not complete.
184 | @available(iOS 26.0, macOS 26.0, tvOS 26.0, watchOS 26.0, visionOS 26.0, *)
185 | nonisolated func accessibilityScrollStatus(_ localizable: some Localizable, defaultValue: String? = nil, isEnabled: Bool = true) -> ModifiedContent<Content, Modifier> {
| `- note: where 'some Localizable' = 'Text'
186 | accessibilityScrollStatus(Text(verbatim: localizable.defaultedLocalizedString(defaultValue: defaultValue)), isEnabled: isEnabled)
| `- error: instance method 'accessibilityScrollStatus(_:defaultValue:isEnabled:)' requires that 'Text' conform to 'Localizable'
187 | }
188 | }
/Users/admin/builder/spi-builder-workspace/Sources/FOSMVVM/SwiftUI Support/Generated/ModifiedContent+Localizable.swift:186:9: error: instance method 'accessibilityScrollStatus(_:defaultValue:isEnabled:)' requires that 'Text' conform to 'Localizable'
183 | /// - defaultValue: Fallback text used if localization did not complete.
184 | @available(iOS 26.0, macOS 26.0, tvOS 26.0, watchOS 26.0, visionOS 26.0, *)
185 | nonisolated func accessibilityScrollStatus(_ localizable: some Localizable, defaultValue: String? = nil, isEnabled: Bool = true) -> ModifiedContent<Content, Modifier> {
| `- note: where 'some Localizable' = 'Text'
186 | accessibilityScrollStatus(Text(verbatim: localizable.defaultedLocalizedString(defaultValue: defaultValue)), isEnabled: isEnabled)
| `- error: instance method 'accessibilityScrollStatus(_:defaultValue:isEnabled:)' requires that 'Text' conform to 'Localizable'
187 | }
188 | }
/Users/admin/builder/spi-builder-workspace/Sources/FOSMVVM/SwiftUI Support/Generated/ModifiedContent+Localizable.swift:186:9: error: instance method 'accessibilityScrollStatus(_:defaultValue:isEnabled:)' requires that 'Text' conform to 'Localizable'
183 | /// - defaultValue: Fallback text used if localization did not complete.
184 | @available(iOS 26.0, macOS 26.0, tvOS 26.0, watchOS 26.0, visionOS 26.0, *)
185 | nonisolated func accessibilityScrollStatus(_ localizable: some Localizable, defaultValue: String? = nil, isEnabled: Bool = true) -> ModifiedContent<Content, Modifier> {
| `- note: where 'some Localizable' = 'Text'
186 | accessibilityScrollStatus(Text(verbatim: localizable.defaultedLocalizedString(defaultValue: defaultValue)), isEnabled: isEnabled)
| `- error: instance method 'accessibilityScrollStatus(_:defaultValue:isEnabled:)' requires that 'Text' conform to 'Localizable'
187 | }
188 | }
/Users/admin/builder/spi-builder-workspace/Sources/FOSMVVM/SwiftUI Support/Generated/ModifiedContent+Localizable.swift:186:9: error: instance method 'accessibilityScrollStatus(_:defaultValue:isEnabled:)' requires that 'Text' conform to 'Localizable'
183 | /// - defaultValue: Fallback text used if localization did not complete.
184 | @available(iOS 26.0, macOS 26.0, tvOS 26.0, watchOS 26.0, visionOS 26.0, *)
185 | nonisolated func accessibilityScrollStatus(_ localizable: some Localizable, defaultValue: String? = nil, isEnabled: Bool = true) -> ModifiedContent<Content, Modifier> {
| `- note: where 'some Localizable' = 'Text'
186 | accessibilityScrollStatus(Text(verbatim: localizable.defaultedLocalizedString(defaultValue: defaultValue)), isEnabled: isEnabled)
| `- error: instance method 'accessibilityScrollStatus(_:defaultValue:isEnabled:)' requires that 'Text' conform to 'Localizable'
187 | }
188 | }
/Users/admin/builder/spi-builder-workspace/Sources/FOSMVVM/SwiftUI Support/Generated/ModifiedContent+Localizable.swift:186:9: error: instance method 'accessibilityScrollStatus(_:defaultValue:isEnabled:)' requires that 'Text' conform to 'Localizable'
183 | /// - defaultValue: Fallback text used if localization did not complete.
184 | @available(iOS 26.0, macOS 26.0, tvOS 26.0, watchOS 26.0, visionOS 26.0, *)
185 | nonisolated func accessibilityScrollStatus(_ localizable: some Localizable, defaultValue: String? = nil, isEnabled: Bool = true) -> ModifiedContent<Content, Modifier> {
| `- note: where 'some Localizable' = 'Text'
186 | accessibilityScrollStatus(Text(verbatim: localizable.defaultedLocalizedString(defaultValue: defaultValue)), isEnabled: isEnabled)
| `- error: instance method 'accessibilityScrollStatus(_:defaultValue:isEnabled:)' requires that 'Text' conform to 'Localizable'
187 | }
188 | }
/Users/admin/builder/spi-builder-workspace/Sources/FOSMVVM/SwiftUI Support/Generated/ModifiedContent+Localizable.swift:186:9: error: instance method 'accessibilityScrollStatus(_:defaultValue:isEnabled:)' requires that 'Text' conform to 'Localizable'
183 | /// - defaultValue: Fallback text used if localization did not complete.
184 | @available(iOS 26.0, macOS 26.0, tvOS 26.0, watchOS 26.0, visionOS 26.0, *)
185 | nonisolated func accessibilityScrollStatus(_ localizable: some Localizable, defaultValue: String? = nil, isEnabled: Bool = true) -> ModifiedContent<Content, Modifier> {
| `- note: where 'some Localizable' = 'Text'
186 | accessibilityScrollStatus(Text(verbatim: localizable.defaultedLocalizedString(defaultValue: defaultValue)), isEnabled: isEnabled)
| `- error: instance method 'accessibilityScrollStatus(_:defaultValue:isEnabled:)' requires that 'Text' conform to 'Localizable'
187 | }
188 | }
/Users/admin/builder/spi-builder-workspace/Sources/FOSMVVM/SwiftUI Support/Generated/ModifiedContent+Localizable.swift:186:9: error: instance method 'accessibilityScrollStatus(_:defaultValue:isEnabled:)' requires that 'Text' conform to 'Localizable'
183 | /// - defaultValue: Fallback text used if localization did not complete.
184 | @available(iOS 26.0, macOS 26.0, tvOS 26.0, watchOS 26.0, visionOS 26.0, *)
185 | nonisolated func accessibilityScrollStatus(_ localizable: some Localizable, defaultValue: String? = nil, isEnabled: Bool = true) -> ModifiedContent<Content, Modifier> {
| `- note: where 'some Localizable' = 'Text'
186 | accessibilityScrollStatus(Text(verbatim: localizable.defaultedLocalizedString(defaultValue: defaultValue)), isEnabled: isEnabled)
| `- error: instance method 'accessibilityScrollStatus(_:defaultValue:isEnabled:)' requires that 'Text' conform to 'Localizable'
187 | }
188 | }
/Users/admin/builder/spi-builder-workspace/Sources/FOSMVVM/SwiftUI Support/Generated/ModifiedContent+Localizable.swift:186:9: error: instance method 'accessibilityScrollStatus(_:defaultValue:isEnabled:)' requires that 'Text' conform to 'Localizable'
183 | /// - defaultValue: Fallback text used if localization did not complete.
184 | @available(iOS 26.0, macOS 26.0, tvOS 26.0, watchOS 26.0, visionOS 26.0, *)
185 | nonisolated func accessibilityScrollStatus(_ localizable: some Localizable, defaultValue: String? = nil, isEnabled: Bool = true) -> ModifiedContent<Content, Modifier> {
| `- note: where 'some Localizable' = 'Text'
186 | accessibilityScrollStatus(Text(verbatim: localizable.defaultedLocalizedString(defaultValue: defaultValue)), isEnabled: isEnabled)
| `- error: instance method 'accessibilityScrollStatus(_:defaultValue:isEnabled:)' requires that 'Text' conform to 'Localizable'
187 | }
188 | }
/Users/admin/builder/spi-builder-workspace/Sources/FOSMVVM/SwiftUI Support/Generated/ModifiedContent+Localizable.swift:186:9: error: instance method 'accessibilityScrollStatus(_:defaultValue:isEnabled:)' requires that 'Text' conform to 'Localizable'
183 | /// - defaultValue: Fallback text used if localization did not complete.
184 | @available(iOS 26.0, macOS 26.0, tvOS 26.0, watchOS 26.0, visionOS 26.0, *)
185 | nonisolated func accessibilityScrollStatus(_ localizable: some Localizable, defaultValue: String? = nil, isEnabled: Bool = true) -> ModifiedContent<Content, Modifier> {
| `- note: where 'some Localizable' = 'Text'
186 | accessibilityScrollStatus(Text(verbatim: localizable.defaultedLocalizedString(defaultValue: defaultValue)), isEnabled: isEnabled)
| `- error: instance method 'accessibilityScrollStatus(_:defaultValue:isEnabled:)' requires that 'Text' conform to 'Localizable'
187 | }
188 | }
/Users/admin/builder/spi-builder-workspace/Sources/FOSMVVM/SwiftUI Support/Generated/ModifiedContent+Localizable.swift:186:9: error: instance method 'accessibilityScrollStatus(_:defaultValue:isEnabled:)' requires that 'Text' conform to 'Localizable'
183 | /// - defaultValue: Fallback text used if localization did not complete.
184 | @available(iOS 26.0, macOS 26.0, tvOS 26.0, watchOS 26.0, visionOS 26.0, *)
185 | nonisolated func accessibilityScrollStatus(_ localizable: some Localizable, defaultValue: String? = nil, isEnabled: Bool = true) -> ModifiedContent<Content, Modifier> {
| `- note: where 'some Localizable' = 'Text'
186 | accessibilityScrollStatus(Text(verbatim: localizable.defaultedLocalizedString(defaultValue: defaultValue)), isEnabled: isEnabled)
| `- error: instance method 'accessibilityScrollStatus(_:defaultValue:isEnabled:)' requires that 'Text' conform to 'Localizable'
187 | }
188 | }
/Users/admin/builder/spi-builder-workspace/Sources/FOSMVVM/SwiftUI Support/Generated/ModifiedContent+Localizable.swift:186:9: error: instance method 'accessibilityScrollStatus(_:defaultValue:isEnabled:)' requires that 'Text' conform to 'Localizable'
183 | /// - defaultValue: Fallback text used if localization did not complete.
184 | @available(iOS 26.0, macOS 26.0, tvOS 26.0, watchOS 26.0, visionOS 26.0, *)
185 | nonisolated func accessibilityScrollStatus(_ localizable: some Localizable, defaultValue: String? = nil, isEnabled: Bool = true) -> ModifiedContent<Content, Modifier> {
| `- note: where 'some Localizable' = 'Text'
186 | accessibilityScrollStatus(Text(verbatim: localizable.defaultedLocalizedString(defaultValue: defaultValue)), isEnabled: isEnabled)
| `- error: instance method 'accessibilityScrollStatus(_:defaultValue:isEnabled:)' requires that 'Text' conform to 'Localizable'
187 | }
188 | }
/Users/admin/builder/spi-builder-workspace/Sources/FOSMVVM/SwiftUI Support/Generated/ModifiedContent+Localizable.swift:186:9: error: instance method 'accessibilityScrollStatus(_:defaultValue:isEnabled:)' requires that 'Text' conform to 'Localizable'
183 | /// - defaultValue: Fallback text used if localization did not complete.
184 | @available(iOS 26.0, macOS 26.0, tvOS 26.0, watchOS 26.0, visionOS 26.0, *)
185 | nonisolated func accessibilityScrollStatus(_ localizable: some Localizable, defaultValue: String? = nil, isEnabled: Bool = true) -> ModifiedContent<Content, Modifier> {
| `- note: where 'some Localizable' = 'Text'
186 | accessibilityScrollStatus(Text(verbatim: localizable.defaultedLocalizedString(defaultValue: defaultValue)), isEnabled: isEnabled)
| `- error: instance method 'accessibilityScrollStatus(_:defaultValue:isEnabled:)' requires that 'Text' conform to 'Localizable'
187 | }
188 | }
/Users/admin/builder/spi-builder-workspace/Sources/FOSMVVM/SwiftUI Support/Generated/ModifiedContent+Localizable.swift:186:9: error: instance method 'accessibilityScrollStatus(_:defaultValue:isEnabled:)' requires that 'Text' conform to 'Localizable'
183 | /// - defaultValue: Fallback text used if localization did not complete.
184 | @available(iOS 26.0, macOS 26.0, tvOS 26.0, watchOS 26.0, visionOS 26.0, *)
185 | nonisolated func accessibilityScrollStatus(_ localizable: some Localizable, defaultValue: String? = nil, isEnabled: Bool = true) -> ModifiedContent<Content, Modifier> {
| `- note: where 'some Localizable' = 'Text'
186 | accessibilityScrollStatus(Text(verbatim: localizable.defaultedLocalizedString(defaultValue: defaultValue)), isEnabled: isEnabled)
| `- error: instance method 'accessibilityScrollStatus(_:defaultValue:isEnabled:)' requires that 'Text' conform to 'Localizable'
187 | }
188 | }
/Users/admin/builder/spi-builder-workspace/Sources/FOSMVVM/SwiftUI Support/Generated/ModifiedContent+Localizable.swift:186:9: error: instance method 'accessibilityScrollStatus(_:defaultValue:isEnabled:)' requires that 'Text' conform to 'Localizable'
183 | /// - defaultValue: Fallback text used if localization did not complete.
184 | @available(iOS 26.0, macOS 26.0, tvOS 26.0, watchOS 26.0, visionOS 26.0, *)
185 | nonisolated func accessibilityScrollStatus(_ localizable: some Localizable, defaultValue: String? = nil, isEnabled: Bool = true) -> ModifiedContent<Content, Modifier> {
| `- note: where 'some Localizable' = 'Text'
186 | accessibilityScrollStatus(Text(verbatim: localizable.defaultedLocalizedString(defaultValue: defaultValue)), isEnabled: isEnabled)
| `- error: instance method 'accessibilityScrollStatus(_:defaultValue:isEnabled:)' requires that 'Text' conform to 'Localizable'
187 | }
188 | }
/Users/admin/builder/spi-builder-workspace/Sources/FOSMVVM/SwiftUI Support/Generated/ModifiedContent+Localizable.swift:186:9: error: instance method 'accessibilityScrollStatus(_:defaultValue:isEnabled:)' requires that 'Text' conform to 'Localizable'
183 | /// - defaultValue: Fallback text used if localization did not complete.
184 | @available(iOS 26.0, macOS 26.0, tvOS 26.0, watchOS 26.0, visionOS 26.0, *)
185 | nonisolated func accessibilityScrollStatus(_ localizable: some Localizable, defaultValue: String? = nil, isEnabled: Bool = true) -> ModifiedContent<Content, Modifier> {
| `- note: where 'some Localizable' = 'Text'
186 | accessibilityScrollStatus(Text(verbatim: localizable.defaultedLocalizedString(defaultValue: defaultValue)), isEnabled: isEnabled)
| `- error: instance method 'accessibilityScrollStatus(_:defaultValue:isEnabled:)' requires that 'Text' conform to 'Localizable'
187 | }
188 | }
[5052/5175] Emitting module X509
[5052/5175] Compiling pbkdf.cc
[5053/5175] Compiling p_ed25519.cc
[5053/5175] Compiling p_rsa_asn1.cc
[5053/5175] Compiling p_rsa.cc
[5053/5175] Compiling p_ed25519_asn1.cc
[5053/5175] Compiling p_hkdf.cc
[5053/5175] Compiling p_x25519.cc
[5053/5175] Compiling p_x25519_asn1.cc
[5053/5175] Compiling bcm.cc
BUILD FAILURE 6.1 macosSpm