Build Information
Failed to build Colada, reference v0.2.7 (94478f), with Swift 6.1 for macOS (Xcode) using Xcode 16.3 on 3 Oct 2026 03:05:58 UTC.
Build Command
env DEVELOPER_DIR=/Applications/Xcode-16.3.0.app xcrun xcodebuild -IDEClonedSourcePackagesDirPathOverride=$PWD/.dependencies -skipMacroValidation -skipPackagePluginValidation -derivedDataPath $PWD/.derivedData build -scheme Colada -destination platform=macOS,arch=arm64Build Log
========================================
RunAll
========================================
Builder version: 5.1.1
Interrupt handler set up.
========================================
Checkout
========================================
Clone URL: https://github.com/3laween/colada-sdk-ios.git
Reference: v0.2.7
Initialized empty Git repository in /Users/admin/builder/spi-builder-workspace/.git/
From https://github.com/3laween/colada-sdk-ios
* tag v0.2.7 -> FETCH_HEAD
HEAD is now at 94478f9 Release v0.2.7: Colada.xcframework
Cloned https://github.com/3laween/colada-sdk-ios.git
Revision (git rev-parse @):
94478f9e0af2111d84124bf9cd0b35e674bde8d5
SUCCESS checkout https://github.com/3laween/colada-sdk-ios.git at v0.2.7
========================================
Build
========================================
Selected platform: macosXcodebuild
Swift version: 6.1
Building package at path: $PWD
https://github.com/3laween/colada-sdk-ios.git
https://github.com/3laween/colada-sdk-ios.git
{
"dependencies" : [
],
"manifest_display_name" : "Colada",
"name" : "Colada",
"path" : "/Users/admin/builder/spi-builder-workspace",
"platforms" : [
{
"name" : "ios",
"version" : "13.0"
}
],
"products" : [
{
"name" : "Colada",
"targets" : [
"Colada"
],
"type" : {
"library" : [
"automatic"
]
}
}
],
"targets" : [
{
"c99name" : "Colada",
"module_type" : "BinaryTarget",
"name" : "Colada",
"path" : "remote/archive/Colada.xcframework.zip",
"product_memberships" : [
"Colada"
],
"sources" : [
],
"type" : "binary"
}
],
"tools_version" : "5.9"
}
Command line invocation:
/Applications/Xcode-16.3.0.app/Contents/Developer/usr/bin/xcodebuild -IDEClonedSourcePackagesDirPathOverride=/Users/admin/builder/spi-builder-workspace/.dependencies -resolvePackageDependencies
Resolve Package Graph
Resolve Package Graph
Resolved source packages:
Colada: /Users/admin/builder/spi-builder-workspace
resolved source packages: Colada
{
"dependencies" : [
],
"manifest_display_name" : "Colada",
"name" : "Colada",
"path" : "/Users/admin/builder/spi-builder-workspace",
"platforms" : [
{
"name" : "ios",
"version" : "13.0"
}
],
"products" : [
{
"name" : "Colada",
"targets" : [
"Colada"
],
"type" : {
"library" : [
"automatic"
]
}
}
],
"targets" : [
{
"c99name" : "Colada",
"module_type" : "BinaryTarget",
"name" : "Colada",
"path" : "remote/archive/Colada.xcframework.zip",
"product_memberships" : [
"Colada"
],
"sources" : [
],
"type" : "binary"
}
],
"tools_version" : "5.9"
}
{
"workspace" : {
"name" : "spi-builder-workspace",
"schemes" : [
"Colada"
]
}
}
Running build ...
env DEVELOPER_DIR=/Applications/Xcode-16.3.0.app xcrun xcodebuild -IDEClonedSourcePackagesDirPathOverride=$PWD/.dependencies -skipMacroValidation -skipPackagePluginValidation -derivedDataPath $PWD/.derivedData build -scheme Colada -destination platform=macOS,arch=arm64 OTHER_SWIFT_FLAGS=-stats-output-dir .stats -strict-concurrency=complete -enable-upcoming-feature StrictConcurrency -enable-upcoming-feature DisableOutwardActorInference -enable-upcoming-feature GlobalActorIsolatedTypesUsability -enable-upcoming-feature InferSendableFromCaptures
Command line invocation:
/Applications/Xcode-16.3.0.app/Contents/Developer/usr/bin/xcodebuild -IDEClonedSourcePackagesDirPathOverride=/Users/admin/builder/spi-builder-workspace/.dependencies -skipMacroValidation -skipPackagePluginValidation -derivedDataPath /Users/admin/builder/spi-builder-workspace/.derivedData build -scheme Colada -destination platform=macOS,arch=arm64 "OTHER_SWIFT_FLAGS=-stats-output-dir .stats -strict-concurrency=complete -enable-upcoming-feature StrictConcurrency -enable-upcoming-feature DisableOutwardActorInference -enable-upcoming-feature GlobalActorIsolatedTypesUsability -enable-upcoming-feature InferSendableFromCaptures"
Build settings from command line:
OTHER_SWIFT_FLAGS = -stats-output-dir .stats -strict-concurrency=complete -enable-upcoming-feature StrictConcurrency -enable-upcoming-feature DisableOutwardActorInference -enable-upcoming-feature GlobalActorIsolatedTypesUsability -enable-upcoming-feature InferSendableFromCaptures
Resolve Package Graph
Resolved source packages:
Colada: /Users/admin/builder/spi-builder-workspace
ComputePackagePrebuildTargetDependencyGraph
Prepare packages
CreateBuildRequest
SendProjectDescription
CreateBuildOperation
ComputeTargetDependencyGraph
note: Building targets in dependency order
note: Target dependency graph (1 target)
Target 'Colada' in project 'Colada' (no dependencies)
GatherProvisioningInputs
CreateBuildDescription
ExecuteExternalTool /Applications/Xcode-16.3.0.app/Contents/Developer/Toolchains/XcodeDefault.xctoolchain/usr/bin/clang -v -E -dM -isysroot /Applications/Xcode-16.3.0.app/Contents/Developer/Platforms/MacOSX.platform/Developer/SDKs/MacOSX15.4.sdk -x c -c /dev/null
Build description signature: cf4296a8debd3551761f797fef784fd6
Build description path: /Users/admin/builder/spi-builder-workspace/.derivedData/Build/Intermediates.noindex/XCBuildData/cf4296a8debd3551761f797fef784fd6.xcbuilddata
/Users/admin/builder/spi-builder-workspace/.dependencies/artifacts/spi-builder-workspace/Colada/Colada.xcframework:1:1: error: While building for macOS, no library for this platform was found in '/Users/admin/builder/spi-builder-workspace/.dependencies/artifacts/spi-builder-workspace/Colada/Colada.xcframework'. (in target 'Colada' from project 'Colada')
--- xcodebuild: WARNING: Using the first of multiple matching destinations:
{ platform:macOS, arch:arm64, id:f71bf53157f9fdc0c80bbf0221bfaac00c61add2, name:My Mac }
{ platform:macOS, arch:arm64, variant:Mac Catalyst, id:f71bf53157f9fdc0c80bbf0221bfaac00c61add2, name:My Mac }
{ platform:macOS, arch:arm64, variant:DriverKit, id:f71bf53157f9fdc0c80bbf0221bfaac00c61add2, name:My Mac }
{ platform:macOS, arch:arm64, variant:Designed for [iPad,iPhone], id:f71bf53157f9fdc0c80bbf0221bfaac00c61add2, name:My Mac }
** BUILD FAILED **
The following build commands failed:
Building workspace spi-builder-workspace with scheme Colada
(1 failure)
Command line invocation:
/Applications/Xcode-16.3.0.app/Contents/Developer/usr/bin/xcodebuild -IDEClonedSourcePackagesDirPathOverride=/Users/admin/builder/spi-builder-workspace/.dependencies -resolvePackageDependencies
Resolve Package Graph
Resolved source packages:
Colada: /Users/admin/builder/spi-builder-workspace
resolved source packages: Colada
{
"dependencies" : [
],
"manifest_display_name" : "Colada",
"name" : "Colada",
"path" : "/Users/admin/builder/spi-builder-workspace",
"platforms" : [
{
"name" : "ios",
"version" : "13.0"
}
],
"products" : [
{
"name" : "Colada",
"targets" : [
"Colada"
],
"type" : {
"library" : [
"automatic"
]
}
}
],
"targets" : [
{
"c99name" : "Colada",
"module_type" : "BinaryTarget",
"name" : "Colada",
"path" : "remote/archive/Colada.xcframework.zip",
"product_memberships" : [
"Colada"
],
"sources" : [
],
"type" : "binary"
}
],
"tools_version" : "5.9"
}
{
"workspace" : {
"name" : "spi-builder-workspace",
"schemes" : [
"Colada"
]
}
}
Running build ...
env DEVELOPER_DIR=/Applications/Xcode-16.3.0.app xcrun xcodebuild -IDEClonedSourcePackagesDirPathOverride=$PWD/.dependencies -skipMacroValidation -skipPackagePluginValidation -derivedDataPath $PWD/.derivedData build -scheme Colada -destination platform=macOS,arch=arm64
Command line invocation:
/Applications/Xcode-16.3.0.app/Contents/Developer/usr/bin/xcodebuild -IDEClonedSourcePackagesDirPathOverride=/Users/admin/builder/spi-builder-workspace/.dependencies -skipMacroValidation -skipPackagePluginValidation -derivedDataPath /Users/admin/builder/spi-builder-workspace/.derivedData build -scheme Colada -destination platform=macOS,arch=arm64
Resolve Package Graph
Resolved source packages:
Colada: /Users/admin/builder/spi-builder-workspace
ComputePackagePrebuildTargetDependencyGraph
Prepare packages
CreateBuildRequest
SendProjectDescription
CreateBuildOperation
ComputeTargetDependencyGraph
note: Building targets in dependency order
note: Target dependency graph (1 target)
Target 'Colada' in project 'Colada' (no dependencies)
GatherProvisioningInputs
CreateBuildDescription
ExecuteExternalTool /Applications/Xcode-16.3.0.app/Contents/Developer/Toolchains/XcodeDefault.xctoolchain/usr/bin/clang -v -E -dM -isysroot /Applications/Xcode-16.3.0.app/Contents/Developer/Platforms/MacOSX.platform/Developer/SDKs/MacOSX15.4.sdk -x c -c /dev/null
Build description signature: 3be8b1b186dbe8c3f3599a3db7e507d5
Build description path: /Users/admin/builder/spi-builder-workspace/.derivedData/Build/Intermediates.noindex/XCBuildData/3be8b1b186dbe8c3f3599a3db7e507d5.xcbuilddata
/Users/admin/builder/spi-builder-workspace/.dependencies/artifacts/spi-builder-workspace/Colada/Colada.xcframework:1:1: error: While building for macOS, no library for this platform was found in '/Users/admin/builder/spi-builder-workspace/.dependencies/artifacts/spi-builder-workspace/Colada/Colada.xcframework'. (in target 'Colada' from project 'Colada')
--- xcodebuild: WARNING: Using the first of multiple matching destinations:
{ platform:macOS, arch:arm64, id:f71bf53157f9fdc0c80bbf0221bfaac00c61add2, name:My Mac }
{ platform:macOS, arch:arm64, variant:Mac Catalyst, id:f71bf53157f9fdc0c80bbf0221bfaac00c61add2, name:My Mac }
{ platform:macOS, arch:arm64, variant:DriverKit, id:f71bf53157f9fdc0c80bbf0221bfaac00c61add2, name:My Mac }
{ platform:macOS, arch:arm64, variant:Designed for [iPad,iPhone], id:f71bf53157f9fdc0c80bbf0221bfaac00c61add2, name:My Mac }
** BUILD FAILED **
The following build commands failed:
Building workspace spi-builder-workspace with scheme Colada
(1 failure)
BUILD FAILURE 6.1 macosXcodebuild