Build Information
Failed to build AccountsSDK, reference master (a2b905), with Swift 6.2 for watchOS using Xcode 26.3 on 23 Jul 2026 05:04:06 UTC.
Build Command
env DEVELOPER_DIR=/Applications/Xcode-26.3.0.app xcrun xcodebuild -IDEClonedSourcePackagesDirPathOverride=$PWD/.dependencies -skipMacroValidation -skipPackagePluginValidation -derivedDataPath $PWD/.derivedData build -scheme AccountsSDK -destination generic/platform=watchOSBuild Log
========================================
RunAll
========================================
Builder version: undefined version: run 'make version' to update
Interrupt handler set up.
========================================
Checkout
========================================
Clone URL: https://github.com/Alviere/alviere-accounts-ios.git
Reference: master
Initialized empty Git repository in /Users/admin/builder/spi-builder-workspace/.git/
From https://github.com/Alviere/alviere-accounts-ios
* branch master -> FETCH_HEAD
* [new branch] master -> origin/master
HEAD is now at a2b905c 0.9.32
Cloned https://github.com/Alviere/alviere-accounts-ios.git
Revision (git rev-parse @):
a2b905caa5aaba893a16b251653901d646983663
SUCCESS checkout https://github.com/Alviere/alviere-accounts-ios.git at master
========================================
Build
========================================
Selected platform: watchOS
Swift version: 6.2
Building package at path: $PWD
https://github.com/Alviere/alviere-accounts-ios.git
Command line invocation:
/Applications/Xcode-26.3.0.app/Contents/Developer/usr/bin/xcodebuild -IDEClonedSourcePackagesDirPathOverride=/Users/admin/builder/spi-builder-workspace/.dependencies -resolvePackageDependencies
Resolve Package Graph
Fetching from https://github.com/Alviere/alviere-core-ios.git
Fetching from https://github.com/Alviere/alviere-camera-ios.git
Creating working copy of package ‘alviere-camera-ios’
Checking out 1.6.0 of package ‘alviere-camera-ios’
Creating working copy of package ‘alviere-core-ios’
Checking out 0.9.32 of package ‘alviere-core-ios’
Resolve Package Graph
Resolved source packages:
AccountsSDK: /Users/admin/builder/spi-builder-workspace
AlCore: https://github.com/Alviere/alviere-core-ios.git @ 0.9.32
AlCamera: https://github.com/Alviere/alviere-camera-ios.git @ 1.6.0
resolved source packages: AccountsSDK, AlCore, AlCamera
2026-07-23 01:03:39.667 xcodebuild[572:3125] [MT] IDERunDestination: Supported platforms for the buildables in the current scheme is empty.
{
"default_localization" : "en",
"dependencies" : [
{
"identity" : "alviere-core-ios",
"requirement" : {
"exact" : [
"0.9.32"
]
},
"type" : "sourceControl",
"url" : "https://github.com/Alviere/alviere-core-ios.git"
},
{
"identity" : "alviere-camera-ios",
"requirement" : {
"exact" : [
"1.6.0"
]
},
"type" : "sourceControl",
"url" : "https://github.com/Alviere/alviere-camera-ios.git"
}
],
"manifest_display_name" : "AccountsSDK",
"name" : "AccountsSDK",
"path" : "/Users/admin/builder/spi-builder-workspace",
"platforms" : [
{
"name" : "ios",
"version" : "13.0"
}
],
"products" : [
{
"name" : "AccountsSDK",
"targets" : [
"AccountsSDKDeps"
],
"type" : {
"library" : [
"static"
]
}
}
],
"targets" : [
{
"c99name" : "AccountsSDKDeps",
"module_type" : "SwiftTarget",
"name" : "AccountsSDKDeps",
"path" : "AccountsSDKDeps",
"product_dependencies" : [
"AlCore",
"AlCamera"
],
"product_memberships" : [
"AccountsSDK"
],
"sources" : [
"AccountsSDK.swift"
],
"target_dependencies" : [
"AccountsSDK"
],
"type" : "library"
},
{
"c99name" : "AccountsSDK",
"module_type" : "BinaryTarget",
"name" : "AccountsSDK",
"path" : "remote/archive/AccountsSDK.xcframework.zip",
"product_memberships" : [
"AccountsSDK"
],
"sources" : [
],
"type" : "binary"
}
],
"tools_version" : "5.5"
}
{
"workspace" : {
"name" : "spi-builder-workspace",
"schemes" : [
"AccountsSDK"
]
}
}
2026-07-23 01:03:59.230 xcodebuild[875:4663] [MT] IDERunDestination: Supported platforms for the buildables in the current scheme is empty.
Running build ...
env DEVELOPER_DIR=/Applications/Xcode-26.3.0.app xcrun xcodebuild -IDEClonedSourcePackagesDirPathOverride=$PWD/.dependencies -skipMacroValidation -skipPackagePluginValidation -derivedDataPath $PWD/.derivedData build -scheme AccountsSDK -destination generic/platform=watchOS
Command line invocation:
/Applications/Xcode-26.3.0.app/Contents/Developer/usr/bin/xcodebuild -IDEClonedSourcePackagesDirPathOverride=/Users/admin/builder/spi-builder-workspace/.dependencies -skipMacroValidation -skipPackagePluginValidation -derivedDataPath /Users/admin/builder/spi-builder-workspace/.derivedData build -scheme AccountsSDK -destination generic/platform=watchOS
Resolve Package Graph
Resolve Package Graph
Resolved source packages:
AlCore: https://github.com/Alviere/alviere-core-ios.git @ 0.9.32
AlCamera: https://github.com/Alviere/alviere-camera-ios.git @ 1.6.0
AccountsSDK: /Users/admin/builder/spi-builder-workspace
ComputePackagePrebuildTargetDependencyGraph
Prepare packages
CreateBuildRequest
SendProjectDescription
CreateBuildOperation
ComputeTargetDependencyGraph
note: Building targets in dependency order
note: Target dependency graph (4 targets)
Target 'AccountsSDK' in project 'AccountsSDK'
➜ Explicit dependency on target 'AccountsSDKDeps' in project 'AccountsSDK'
➜ Explicit dependency on target 'AlCore' in project 'AlCore'
➜ Explicit dependency on target 'AlCamera' in project 'AlCamera'
Target 'AccountsSDKDeps' in project 'AccountsSDK'
➜ Explicit dependency on target 'AlCore' in project 'AlCore'
➜ Explicit dependency on target 'AlCamera' in project 'AlCamera'
Target 'AlCamera' in project 'AlCamera' (no dependencies)
Target 'AlCore' in project 'AlCore' (no dependencies)
GatherProvisioningInputs
CreateBuildDescription
ExecuteExternalTool /Applications/Xcode-26.3.0.app/Contents/Developer/Toolchains/XcodeDefault.xctoolchain/usr/bin/clang -v -E -dM -isysroot /Applications/Xcode-26.3.0.app/Contents/Developer/Platforms/WatchOS.platform/Developer/SDKs/WatchOS26.2.sdk -x c -c /dev/null
ExecuteExternalTool /Applications/Xcode-26.3.0.app/Contents/Developer/Toolchains/XcodeDefault.xctoolchain/usr/bin/swiftc --version
ExecuteExternalTool /Applications/Xcode-26.3.0.app/Contents/Developer/Toolchains/XcodeDefault.xctoolchain/usr/bin/ld -version_details
Build description signature: 75ae2834745f5a307906f492286beef9
Build description path: /Users/admin/builder/spi-builder-workspace/.derivedData/Build/Intermediates.noindex/XCBuildData/75ae2834745f5a307906f492286beef9.xcbuilddata
/Users/admin/builder/spi-builder-workspace/.dependencies/artifacts/alviere-camera-ios/MiSnapBarcodeScanner/MiSnapBarcodeScanner.xcframework:1:1: error: While building for watchOS, no library for this platform was found in '/Users/admin/builder/spi-builder-workspace/.dependencies/artifacts/alviere-camera-ios/MiSnapBarcodeScanner/MiSnapBarcodeScanner.xcframework'. (in target 'AlCamera' from project 'AlCamera')
/Users/admin/builder/spi-builder-workspace/.dependencies/artifacts/alviere-camera-ios/MiSnapFacialCapture/MiSnapFacialCapture.xcframework:1:1: error: While building for watchOS, no library for this platform was found in '/Users/admin/builder/spi-builder-workspace/.dependencies/artifacts/alviere-camera-ios/MiSnapFacialCapture/MiSnapFacialCapture.xcframework'. (in target 'AlCamera' from project 'AlCamera')
/Users/admin/builder/spi-builder-workspace/.dependencies/artifacts/alviere-camera-ios/MiSnap/MiSnap.xcframework:1:1: error: While building for watchOS, no library for this platform was found in '/Users/admin/builder/spi-builder-workspace/.dependencies/artifacts/alviere-camera-ios/MiSnap/MiSnap.xcframework'. (in target 'AlCamera' from project 'AlCamera')
/Users/admin/builder/spi-builder-workspace/.dependencies/artifacts/alviere-camera-ios/MiSnapCore/MiSnapCore.xcframework:1:1: error: While building for watchOS, no library for this platform was found in '/Users/admin/builder/spi-builder-workspace/.dependencies/artifacts/alviere-camera-ios/MiSnapCore/MiSnapCore.xcframework'. (in target 'AlCamera' from project 'AlCamera')
/Users/admin/builder/spi-builder-workspace/.dependencies/artifacts/alviere-camera-ios/MiSnapCamera/MiSnapCamera.xcframework:1:1: error: While building for watchOS, no library for this platform was found in '/Users/admin/builder/spi-builder-workspace/.dependencies/artifacts/alviere-camera-ios/MiSnapCamera/MiSnapCamera.xcframework'. (in target 'AlCamera' from project 'AlCamera')
/Users/admin/builder/spi-builder-workspace/.dependencies/artifacts/alviere-camera-ios/MiSnapScience/MiSnapScience.xcframework:1:1: error: While building for watchOS, no library for this platform was found in '/Users/admin/builder/spi-builder-workspace/.dependencies/artifacts/alviere-camera-ios/MiSnapScience/MiSnapScience.xcframework'. (in target 'AlCamera' from project 'AlCamera')
/Users/admin/builder/spi-builder-workspace/.dependencies/artifacts/alviere-camera-ios/MobileFlow/MobileFlow.xcframework:1:1: error: While building for watchOS, no library for this platform was found in '/Users/admin/builder/spi-builder-workspace/.dependencies/artifacts/alviere-camera-ios/MobileFlow/MobileFlow.xcframework'. (in target 'AlCamera' from project 'AlCamera')
/Users/admin/builder/spi-builder-workspace/.dependencies/artifacts/alviere-core-ios/AlCore/AlCore.xcframework:1:1: error: While building for watchOS, no library for this platform was found in '/Users/admin/builder/spi-builder-workspace/.dependencies/artifacts/alviere-core-ios/AlCore/AlCore.xcframework'. (in target 'AlCore' from project 'AlCore')
/Users/admin/builder/spi-builder-workspace/.dependencies/artifacts/spi-builder-workspace/AccountsSDK/AccountsSDK.xcframework:1:1: error: While building for watchOS, no library for this platform was found in '/Users/admin/builder/spi-builder-workspace/.dependencies/artifacts/spi-builder-workspace/AccountsSDK/AccountsSDK.xcframework'. (in target 'AccountsSDK' from project 'AccountsSDK')
/Users/admin/builder/spi-builder-workspace/.dependencies/artifacts/alviere-core-ios/AlCore/AlCore.xcframework:1:1: error: While building for watchOS, no library for this platform was found in '/Users/admin/builder/spi-builder-workspace/.dependencies/artifacts/alviere-core-ios/AlCore/AlCore.xcframework'. (in target 'AccountsSDK' from project 'AccountsSDK')
/Users/admin/builder/spi-builder-workspace/.dependencies/artifacts/alviere-camera-ios/MiSnapBarcodeScanner/MiSnapBarcodeScanner.xcframework:1:1: error: While building for watchOS, no library for this platform was found in '/Users/admin/builder/spi-builder-workspace/.dependencies/artifacts/alviere-camera-ios/MiSnapBarcodeScanner/MiSnapBarcodeScanner.xcframework'. (in target 'AccountsSDK' from project 'AccountsSDK')
/Users/admin/builder/spi-builder-workspace/.dependencies/artifacts/alviere-camera-ios/MiSnapFacialCapture/MiSnapFacialCapture.xcframework:1:1: error: While building for watchOS, no library for this platform was found in '/Users/admin/builder/spi-builder-workspace/.dependencies/artifacts/alviere-camera-ios/MiSnapFacialCapture/MiSnapFacialCapture.xcframework'. (in target 'AccountsSDK' from project 'AccountsSDK')
/Users/admin/builder/spi-builder-workspace/.dependencies/artifacts/alviere-camera-ios/MiSnap/MiSnap.xcframework:1:1: error: While building for watchOS, no library for this platform was found in '/Users/admin/builder/spi-builder-workspace/.dependencies/artifacts/alviere-camera-ios/MiSnap/MiSnap.xcframework'. (in target 'AccountsSDK' from project 'AccountsSDK')
/Users/admin/builder/spi-builder-workspace/.dependencies/artifacts/alviere-camera-ios/MiSnapCore/MiSnapCore.xcframework:1:1: error: While building for watchOS, no library for this platform was found in '/Users/admin/builder/spi-builder-workspace/.dependencies/artifacts/alviere-camera-ios/MiSnapCore/MiSnapCore.xcframework'. (in target 'AccountsSDK' from project 'AccountsSDK')
/Users/admin/builder/spi-builder-workspace/.dependencies/artifacts/alviere-camera-ios/MiSnapCamera/MiSnapCamera.xcframework:1:1: error: While building for watchOS, no library for this platform was found in '/Users/admin/builder/spi-builder-workspace/.dependencies/artifacts/alviere-camera-ios/MiSnapCamera/MiSnapCamera.xcframework'. (in target 'AccountsSDK' from project 'AccountsSDK')
/Users/admin/builder/spi-builder-workspace/.dependencies/artifacts/alviere-camera-ios/MiSnapScience/MiSnapScience.xcframework:1:1: error: While building for watchOS, no library for this platform was found in '/Users/admin/builder/spi-builder-workspace/.dependencies/artifacts/alviere-camera-ios/MiSnapScience/MiSnapScience.xcframework'. (in target 'AccountsSDK' from project 'AccountsSDK')
/Users/admin/builder/spi-builder-workspace/.dependencies/artifacts/alviere-camera-ios/MobileFlow/MobileFlow.xcframework:1:1: error: While building for watchOS, no library for this platform was found in '/Users/admin/builder/spi-builder-workspace/.dependencies/artifacts/alviere-camera-ios/MobileFlow/MobileFlow.xcframework'. (in target 'AccountsSDK' from project 'AccountsSDK')
/Users/admin/builder/spi-builder-workspace/.dependencies/artifacts/alviere-core-ios/AlCore/AlCore.xcframework:1:1: error: While building for watchOS, no library for this platform was found in '/Users/admin/builder/spi-builder-workspace/.dependencies/artifacts/alviere-core-ios/AlCore/AlCore.xcframework'. (in target 'AccountsSDK' from project 'AccountsSDK')
/Users/admin/builder/spi-builder-workspace/.dependencies/artifacts/alviere-camera-ios/MiSnapBarcodeScanner/MiSnapBarcodeScanner.xcframework:1:1: error: While building for watchOS, no library for this platform was found in '/Users/admin/builder/spi-builder-workspace/.dependencies/artifacts/alviere-camera-ios/MiSnapBarcodeScanner/MiSnapBarcodeScanner.xcframework'. (in target 'AccountsSDK' from project 'AccountsSDK')
/Users/admin/builder/spi-builder-workspace/.dependencies/artifacts/alviere-camera-ios/MiSnapFacialCapture/MiSnapFacialCapture.xcframework:1:1: error: While building for watchOS, no library for this platform was found in '/Users/admin/builder/spi-builder-workspace/.dependencies/artifacts/alviere-camera-ios/MiSnapFacialCapture/MiSnapFacialCapture.xcframework'. (in target 'AccountsSDK' from project 'AccountsSDK')
/Users/admin/builder/spi-builder-workspace/.dependencies/artifacts/alviere-camera-ios/MiSnap/MiSnap.xcframework:1:1: error: While building for watchOS, no library for this platform was found in '/Users/admin/builder/spi-builder-workspace/.dependencies/artifacts/alviere-camera-ios/MiSnap/MiSnap.xcframework'. (in target 'AccountsSDK' from project 'AccountsSDK')
/Users/admin/builder/spi-builder-workspace/.dependencies/artifacts/alviere-camera-ios/MiSnapCore/MiSnapCore.xcframework:1:1: error: While building for watchOS, no library for this platform was found in '/Users/admin/builder/spi-builder-workspace/.dependencies/artifacts/alviere-camera-ios/MiSnapCore/MiSnapCore.xcframework'. (in target 'AccountsSDK' from project 'AccountsSDK')
/Users/admin/builder/spi-builder-workspace/.dependencies/artifacts/alviere-camera-ios/MiSnapCamera/MiSnapCamera.xcframework:1:1: error: While building for watchOS, no library for this platform was found in '/Users/admin/builder/spi-builder-workspace/.dependencies/artifacts/alviere-camera-ios/MiSnapCamera/MiSnapCamera.xcframework'. (in target 'AccountsSDK' from project 'AccountsSDK')
/Users/admin/builder/spi-builder-workspace/.dependencies/artifacts/alviere-camera-ios/MiSnapScience/MiSnapScience.xcframework:1:1: error: While building for watchOS, no library for this platform was found in '/Users/admin/builder/spi-builder-workspace/.dependencies/artifacts/alviere-camera-ios/MiSnapScience/MiSnapScience.xcframework'. (in target 'AccountsSDK' from project 'AccountsSDK')
/Users/admin/builder/spi-builder-workspace/.dependencies/artifacts/alviere-camera-ios/MobileFlow/MobileFlow.xcframework:1:1: error: While building for watchOS, no library for this platform was found in '/Users/admin/builder/spi-builder-workspace/.dependencies/artifacts/alviere-camera-ios/MobileFlow/MobileFlow.xcframework'. (in target 'AccountsSDK' from project 'AccountsSDK')
/Users/admin/builder/spi-builder-workspace/.dependencies/artifacts/spi-builder-workspace/AccountsSDK/AccountsSDK.xcframework:1:1: error: While building for watchOS, no library for this platform was found in '/Users/admin/builder/spi-builder-workspace/.dependencies/artifacts/spi-builder-workspace/AccountsSDK/AccountsSDK.xcframework'. (in target 'AccountsSDKDeps' from project 'AccountsSDK')
/Users/admin/builder/spi-builder-workspace/.dependencies/artifacts/alviere-core-ios/AlCore/AlCore.xcframework:1:1: error: While building for watchOS, no library for this platform was found in '/Users/admin/builder/spi-builder-workspace/.dependencies/artifacts/alviere-core-ios/AlCore/AlCore.xcframework'. (in target 'AccountsSDKDeps' from project 'AccountsSDK')
/Users/admin/builder/spi-builder-workspace/.dependencies/artifacts/alviere-camera-ios/MiSnapBarcodeScanner/MiSnapBarcodeScanner.xcframework:1:1: error: While building for watchOS, no library for this platform was found in '/Users/admin/builder/spi-builder-workspace/.dependencies/artifacts/alviere-camera-ios/MiSnapBarcodeScanner/MiSnapBarcodeScanner.xcframework'. (in target 'AccountsSDKDeps' from project 'AccountsSDK')
/Users/admin/builder/spi-builder-workspace/.dependencies/artifacts/alviere-camera-ios/MiSnapFacialCapture/MiSnapFacialCapture.xcframework:1:1: error: While building for watchOS, no library for this platform was found in '/Users/admin/builder/spi-builder-workspace/.dependencies/artifacts/alviere-camera-ios/MiSnapFacialCapture/MiSnapFacialCapture.xcframework'. (in target 'AccountsSDKDeps' from project 'AccountsSDK')
/Users/admin/builder/spi-builder-workspace/.dependencies/artifacts/alviere-camera-ios/MiSnap/MiSnap.xcframework:1:1: error: While building for watchOS, no library for this platform was found in '/Users/admin/builder/spi-builder-workspace/.dependencies/artifacts/alviere-camera-ios/MiSnap/MiSnap.xcframework'. (in target 'AccountsSDKDeps' from project 'AccountsSDK')
/Users/admin/builder/spi-builder-workspace/.dependencies/artifacts/alviere-camera-ios/MiSnapCore/MiSnapCore.xcframework:1:1: error: While building for watchOS, no library for this platform was found in '/Users/admin/builder/spi-builder-workspace/.dependencies/artifacts/alviere-camera-ios/MiSnapCore/MiSnapCore.xcframework'. (in target 'AccountsSDKDeps' from project 'AccountsSDK')
/Users/admin/builder/spi-builder-workspace/.dependencies/artifacts/alviere-camera-ios/MiSnapCamera/MiSnapCamera.xcframework:1:1: error: While building for watchOS, no library for this platform was found in '/Users/admin/builder/spi-builder-workspace/.dependencies/artifacts/alviere-camera-ios/MiSnapCamera/MiSnapCamera.xcframework'. (in target 'AccountsSDKDeps' from project 'AccountsSDK')
/Users/admin/builder/spi-builder-workspace/.dependencies/artifacts/alviere-camera-ios/MiSnapScience/MiSnapScience.xcframework:1:1: error: While building for watchOS, no library for this platform was found in '/Users/admin/builder/spi-builder-workspace/.dependencies/artifacts/alviere-camera-ios/MiSnapScience/MiSnapScience.xcframework'. (in target 'AccountsSDKDeps' from project 'AccountsSDK')
/Users/admin/builder/spi-builder-workspace/.dependencies/artifacts/alviere-camera-ios/MobileFlow/MobileFlow.xcframework:1:1: error: While building for watchOS, no library for this platform was found in '/Users/admin/builder/spi-builder-workspace/.dependencies/artifacts/alviere-camera-ios/MobileFlow/MobileFlow.xcframework'. (in target 'AccountsSDKDeps' from project 'AccountsSDK')
2026-07-23 01:04:01.307 xcodebuild[877:4713] [MT] IDERunDestination: Supported platforms for the buildables in the current scheme is empty.
** BUILD FAILED **
The following build commands failed:
Building workspace spi-builder-workspace with scheme AccountsSDK
(1 failure)
Command line invocation:
/Applications/Xcode-26.3.0.app/Contents/Developer/usr/bin/xcodebuild -IDEClonedSourcePackagesDirPathOverride=/Users/admin/builder/spi-builder-workspace/.dependencies -resolvePackageDependencies
Resolve Package Graph
Resolved source packages:
AlCamera: https://github.com/Alviere/alviere-camera-ios.git @ 1.6.0
AccountsSDK: /Users/admin/builder/spi-builder-workspace
AlCore: https://github.com/Alviere/alviere-core-ios.git @ 0.9.32
resolved source packages: AlCamera, AccountsSDK, AlCore
2026-07-23 01:04:03.730 xcodebuild[908:4908] [MT] IDERunDestination: Supported platforms for the buildables in the current scheme is empty.
{
"default_localization" : "en",
"dependencies" : [
{
"identity" : "alviere-core-ios",
"requirement" : {
"exact" : [
"0.9.32"
]
},
"type" : "sourceControl",
"url" : "https://github.com/Alviere/alviere-core-ios.git"
},
{
"identity" : "alviere-camera-ios",
"requirement" : {
"exact" : [
"1.6.0"
]
},
"type" : "sourceControl",
"url" : "https://github.com/Alviere/alviere-camera-ios.git"
}
],
"manifest_display_name" : "AccountsSDK",
"name" : "AccountsSDK",
"path" : "/Users/admin/builder/spi-builder-workspace",
"platforms" : [
{
"name" : "ios",
"version" : "13.0"
}
],
"products" : [
{
"name" : "AccountsSDK",
"targets" : [
"AccountsSDKDeps"
],
"type" : {
"library" : [
"static"
]
}
}
],
"targets" : [
{
"c99name" : "AccountsSDKDeps",
"module_type" : "SwiftTarget",
"name" : "AccountsSDKDeps",
"path" : "AccountsSDKDeps",
"product_dependencies" : [
"AlCore",
"AlCamera"
],
"product_memberships" : [
"AccountsSDK"
],
"sources" : [
"AccountsSDK.swift"
],
"target_dependencies" : [
"AccountsSDK"
],
"type" : "library"
},
{
"c99name" : "AccountsSDK",
"module_type" : "BinaryTarget",
"name" : "AccountsSDK",
"path" : "remote/archive/AccountsSDK.xcframework.zip",
"product_memberships" : [
"AccountsSDK"
],
"sources" : [
],
"type" : "binary"
}
],
"tools_version" : "5.5"
}
{
"workspace" : {
"name" : "spi-builder-workspace",
"schemes" : [
"AccountsSDK"
]
}
}
2026-07-23 01:04:04.801 xcodebuild[916:4971] [MT] IDERunDestination: Supported platforms for the buildables in the current scheme is empty.
Running build ...
env DEVELOPER_DIR=/Applications/Xcode-26.3.0.app xcrun xcodebuild -IDEClonedSourcePackagesDirPathOverride=$PWD/.dependencies -skipMacroValidation -skipPackagePluginValidation -derivedDataPath $PWD/.derivedData build -scheme AccountsSDK -destination generic/platform=watchOS
Command line invocation:
/Applications/Xcode-26.3.0.app/Contents/Developer/usr/bin/xcodebuild -IDEClonedSourcePackagesDirPathOverride=/Users/admin/builder/spi-builder-workspace/.dependencies -skipMacroValidation -skipPackagePluginValidation -derivedDataPath /Users/admin/builder/spi-builder-workspace/.derivedData build -scheme AccountsSDK -destination generic/platform=watchOS
Resolve Package Graph
Resolved source packages:
AlCamera: https://github.com/Alviere/alviere-camera-ios.git @ 1.6.0
AlCore: https://github.com/Alviere/alviere-core-ios.git @ 0.9.32
AccountsSDK: /Users/admin/builder/spi-builder-workspace
ComputePackagePrebuildTargetDependencyGraph
Prepare packages
CreateBuildRequest
SendProjectDescription
CreateBuildOperation
ComputeTargetDependencyGraph
note: Building targets in dependency order
note: Target dependency graph (4 targets)
Target 'AccountsSDK' in project 'AccountsSDK'
➜ Explicit dependency on target 'AccountsSDKDeps' in project 'AccountsSDK'
➜ Explicit dependency on target 'AlCore' in project 'AlCore'
➜ Explicit dependency on target 'AlCamera' in project 'AlCamera'
Target 'AccountsSDKDeps' in project 'AccountsSDK'
➜ Explicit dependency on target 'AlCore' in project 'AlCore'
➜ Explicit dependency on target 'AlCamera' in project 'AlCamera'
Target 'AlCamera' in project 'AlCamera' (no dependencies)
Target 'AlCore' in project 'AlCore' (no dependencies)
GatherProvisioningInputs
CreateBuildDescription
ExecuteExternalTool /Applications/Xcode-26.3.0.app/Contents/Developer/Toolchains/XcodeDefault.xctoolchain/usr/bin/clang -v -E -dM -isysroot /Applications/Xcode-26.3.0.app/Contents/Developer/Platforms/WatchOS.platform/Developer/SDKs/WatchOS26.2.sdk -x c -c /dev/null
ExecuteExternalTool /Applications/Xcode-26.3.0.app/Contents/Developer/Toolchains/XcodeDefault.xctoolchain/usr/bin/swiftc --version
ExecuteExternalTool /Applications/Xcode-26.3.0.app/Contents/Developer/Toolchains/XcodeDefault.xctoolchain/usr/bin/ld -version_details
Build description signature: 75ae2834745f5a307906f492286beef9
Build description path: /Users/admin/builder/spi-builder-workspace/.derivedData/Build/Intermediates.noindex/XCBuildData/75ae2834745f5a307906f492286beef9.xcbuilddata
/Users/admin/builder/spi-builder-workspace/.dependencies/artifacts/spi-builder-workspace/AccountsSDK/AccountsSDK.xcframework:1:1: error: While building for watchOS, no library for this platform was found in '/Users/admin/builder/spi-builder-workspace/.dependencies/artifacts/spi-builder-workspace/AccountsSDK/AccountsSDK.xcframework'. (in target 'AccountsSDKDeps' from project 'AccountsSDK')
/Users/admin/builder/spi-builder-workspace/.dependencies/artifacts/alviere-core-ios/AlCore/AlCore.xcframework:1:1: error: While building for watchOS, no library for this platform was found in '/Users/admin/builder/spi-builder-workspace/.dependencies/artifacts/alviere-core-ios/AlCore/AlCore.xcframework'. (in target 'AccountsSDKDeps' from project 'AccountsSDK')
/Users/admin/builder/spi-builder-workspace/.dependencies/artifacts/alviere-camera-ios/MiSnapBarcodeScanner/MiSnapBarcodeScanner.xcframework:1:1: error: While building for watchOS, no library for this platform was found in '/Users/admin/builder/spi-builder-workspace/.dependencies/artifacts/alviere-camera-ios/MiSnapBarcodeScanner/MiSnapBarcodeScanner.xcframework'. (in target 'AccountsSDKDeps' from project 'AccountsSDK')
/Users/admin/builder/spi-builder-workspace/.dependencies/artifacts/alviere-camera-ios/MiSnapFacialCapture/MiSnapFacialCapture.xcframework:1:1: error: While building for watchOS, no library for this platform was found in '/Users/admin/builder/spi-builder-workspace/.dependencies/artifacts/alviere-camera-ios/MiSnapFacialCapture/MiSnapFacialCapture.xcframework'. (in target 'AccountsSDKDeps' from project 'AccountsSDK')
/Users/admin/builder/spi-builder-workspace/.dependencies/artifacts/alviere-camera-ios/MiSnap/MiSnap.xcframework:1:1: error: While building for watchOS, no library for this platform was found in '/Users/admin/builder/spi-builder-workspace/.dependencies/artifacts/alviere-camera-ios/MiSnap/MiSnap.xcframework'. (in target 'AccountsSDKDeps' from project 'AccountsSDK')
/Users/admin/builder/spi-builder-workspace/.dependencies/artifacts/alviere-camera-ios/MiSnapCore/MiSnapCore.xcframework:1:1: error: While building for watchOS, no library for this platform was found in '/Users/admin/builder/spi-builder-workspace/.dependencies/artifacts/alviere-camera-ios/MiSnapCore/MiSnapCore.xcframework'. (in target 'AccountsSDKDeps' from project 'AccountsSDK')
/Users/admin/builder/spi-builder-workspace/.dependencies/artifacts/alviere-camera-ios/MiSnapCamera/MiSnapCamera.xcframework:1:1: error: While building for watchOS, no library for this platform was found in '/Users/admin/builder/spi-builder-workspace/.dependencies/artifacts/alviere-camera-ios/MiSnapCamera/MiSnapCamera.xcframework'. (in target 'AccountsSDKDeps' from project 'AccountsSDK')
/Users/admin/builder/spi-builder-workspace/.dependencies/artifacts/alviere-camera-ios/MiSnapScience/MiSnapScience.xcframework:1:1: error: While building for watchOS, no library for this platform was found in '/Users/admin/builder/spi-builder-workspace/.dependencies/artifacts/alviere-camera-ios/MiSnapScience/MiSnapScience.xcframework'. (in target 'AccountsSDKDeps' from project 'AccountsSDK')
/Users/admin/builder/spi-builder-workspace/.dependencies/artifacts/alviere-camera-ios/MobileFlow/MobileFlow.xcframework:1:1: error: While building for watchOS, no library for this platform was found in '/Users/admin/builder/spi-builder-workspace/.dependencies/artifacts/alviere-camera-ios/MobileFlow/MobileFlow.xcframework'. (in target 'AccountsSDKDeps' from project 'AccountsSDK')
/Users/admin/builder/spi-builder-workspace/.dependencies/artifacts/spi-builder-workspace/AccountsSDK/AccountsSDK.xcframework:1:1: error: While building for watchOS, no library for this platform was found in '/Users/admin/builder/spi-builder-workspace/.dependencies/artifacts/spi-builder-workspace/AccountsSDK/AccountsSDK.xcframework'. (in target 'AccountsSDK' from project 'AccountsSDK')
/Users/admin/builder/spi-builder-workspace/.dependencies/artifacts/alviere-core-ios/AlCore/AlCore.xcframework:1:1: error: While building for watchOS, no library for this platform was found in '/Users/admin/builder/spi-builder-workspace/.dependencies/artifacts/alviere-core-ios/AlCore/AlCore.xcframework'. (in target 'AccountsSDK' from project 'AccountsSDK')
/Users/admin/builder/spi-builder-workspace/.dependencies/artifacts/alviere-camera-ios/MiSnapBarcodeScanner/MiSnapBarcodeScanner.xcframework:1:1: error: While building for watchOS, no library for this platform was found in '/Users/admin/builder/spi-builder-workspace/.dependencies/artifacts/alviere-camera-ios/MiSnapBarcodeScanner/MiSnapBarcodeScanner.xcframework'. (in target 'AccountsSDK' from project 'AccountsSDK')
/Users/admin/builder/spi-builder-workspace/.dependencies/artifacts/alviere-camera-ios/MiSnapFacialCapture/MiSnapFacialCapture.xcframework:1:1: error: While building for watchOS, no library for this platform was found in '/Users/admin/builder/spi-builder-workspace/.dependencies/artifacts/alviere-camera-ios/MiSnapFacialCapture/MiSnapFacialCapture.xcframework'. (in target 'AccountsSDK' from project 'AccountsSDK')
/Users/admin/builder/spi-builder-workspace/.dependencies/artifacts/alviere-camera-ios/MiSnap/MiSnap.xcframework:1:1: error: While building for watchOS, no library for this platform was found in '/Users/admin/builder/spi-builder-workspace/.dependencies/artifacts/alviere-camera-ios/MiSnap/MiSnap.xcframework'. (in target 'AccountsSDK' from project 'AccountsSDK')
/Users/admin/builder/spi-builder-workspace/.dependencies/artifacts/alviere-camera-ios/MiSnapCore/MiSnapCore.xcframework:1:1: error: While building for watchOS, no library for this platform was found in '/Users/admin/builder/spi-builder-workspace/.dependencies/artifacts/alviere-camera-ios/MiSnapCore/MiSnapCore.xcframework'. (in target 'AccountsSDK' from project 'AccountsSDK')
/Users/admin/builder/spi-builder-workspace/.dependencies/artifacts/alviere-camera-ios/MiSnapCamera/MiSnapCamera.xcframework:1:1: error: While building for watchOS, no library for this platform was found in '/Users/admin/builder/spi-builder-workspace/.dependencies/artifacts/alviere-camera-ios/MiSnapCamera/MiSnapCamera.xcframework'. (in target 'AccountsSDK' from project 'AccountsSDK')
/Users/admin/builder/spi-builder-workspace/.dependencies/artifacts/alviere-camera-ios/MiSnapScience/MiSnapScience.xcframework:1:1: error: While building for watchOS, no library for this platform was found in '/Users/admin/builder/spi-builder-workspace/.dependencies/artifacts/alviere-camera-ios/MiSnapScience/MiSnapScience.xcframework'. (in target 'AccountsSDK' from project 'AccountsSDK')
/Users/admin/builder/spi-builder-workspace/.dependencies/artifacts/alviere-camera-ios/MobileFlow/MobileFlow.xcframework:1:1: error: While building for watchOS, no library for this platform was found in '/Users/admin/builder/spi-builder-workspace/.dependencies/artifacts/alviere-camera-ios/MobileFlow/MobileFlow.xcframework'. (in target 'AccountsSDK' from project 'AccountsSDK')
/Users/admin/builder/spi-builder-workspace/.dependencies/artifacts/alviere-core-ios/AlCore/AlCore.xcframework:1:1: error: While building for watchOS, no library for this platform was found in '/Users/admin/builder/spi-builder-workspace/.dependencies/artifacts/alviere-core-ios/AlCore/AlCore.xcframework'. (in target 'AccountsSDK' from project 'AccountsSDK')
/Users/admin/builder/spi-builder-workspace/.dependencies/artifacts/alviere-camera-ios/MiSnapBarcodeScanner/MiSnapBarcodeScanner.xcframework:1:1: error: While building for watchOS, no library for this platform was found in '/Users/admin/builder/spi-builder-workspace/.dependencies/artifacts/alviere-camera-ios/MiSnapBarcodeScanner/MiSnapBarcodeScanner.xcframework'. (in target 'AccountsSDK' from project 'AccountsSDK')
/Users/admin/builder/spi-builder-workspace/.dependencies/artifacts/alviere-camera-ios/MiSnapFacialCapture/MiSnapFacialCapture.xcframework:1:1: error: While building for watchOS, no library for this platform was found in '/Users/admin/builder/spi-builder-workspace/.dependencies/artifacts/alviere-camera-ios/MiSnapFacialCapture/MiSnapFacialCapture.xcframework'. (in target 'AccountsSDK' from project 'AccountsSDK')
/Users/admin/builder/spi-builder-workspace/.dependencies/artifacts/alviere-camera-ios/MiSnap/MiSnap.xcframework:1:1: error: While building for watchOS, no library for this platform was found in '/Users/admin/builder/spi-builder-workspace/.dependencies/artifacts/alviere-camera-ios/MiSnap/MiSnap.xcframework'. (in target 'AccountsSDK' from project 'AccountsSDK')
/Users/admin/builder/spi-builder-workspace/.dependencies/artifacts/alviere-camera-ios/MiSnapCore/MiSnapCore.xcframework:1:1: error: While building for watchOS, no library for this platform was found in '/Users/admin/builder/spi-builder-workspace/.dependencies/artifacts/alviere-camera-ios/MiSnapCore/MiSnapCore.xcframework'. (in target 'AccountsSDK' from project 'AccountsSDK')
/Users/admin/builder/spi-builder-workspace/.dependencies/artifacts/alviere-camera-ios/MiSnapCamera/MiSnapCamera.xcframework:1:1: error: While building for watchOS, no library for this platform was found in '/Users/admin/builder/spi-builder-workspace/.dependencies/artifacts/alviere-camera-ios/MiSnapCamera/MiSnapCamera.xcframework'. (in target 'AccountsSDK' from project 'AccountsSDK')
/Users/admin/builder/spi-builder-workspace/.dependencies/artifacts/alviere-camera-ios/MiSnapScience/MiSnapScience.xcframework:1:1: error: While building for watchOS, no library for this platform was found in '/Users/admin/builder/spi-builder-workspace/.dependencies/artifacts/alviere-camera-ios/MiSnapScience/MiSnapScience.xcframework'. (in target 'AccountsSDK' from project 'AccountsSDK')
/Users/admin/builder/spi-builder-workspace/.dependencies/artifacts/alviere-camera-ios/MobileFlow/MobileFlow.xcframework:1:1: error: While building for watchOS, no library for this platform was found in '/Users/admin/builder/spi-builder-workspace/.dependencies/artifacts/alviere-camera-ios/MobileFlow/MobileFlow.xcframework'. (in target 'AccountsSDK' from project 'AccountsSDK')
/Users/admin/builder/spi-builder-workspace/.dependencies/artifacts/alviere-core-ios/AlCore/AlCore.xcframework:1:1: error: While building for watchOS, no library for this platform was found in '/Users/admin/builder/spi-builder-workspace/.dependencies/artifacts/alviere-core-ios/AlCore/AlCore.xcframework'. (in target 'AlCore' from project 'AlCore')
/Users/admin/builder/spi-builder-workspace/.dependencies/artifacts/alviere-camera-ios/MiSnapBarcodeScanner/MiSnapBarcodeScanner.xcframework:1:1: error: While building for watchOS, no library for this platform was found in '/Users/admin/builder/spi-builder-workspace/.dependencies/artifacts/alviere-camera-ios/MiSnapBarcodeScanner/MiSnapBarcodeScanner.xcframework'. (in target 'AlCamera' from project 'AlCamera')
/Users/admin/builder/spi-builder-workspace/.dependencies/artifacts/alviere-camera-ios/MiSnapFacialCapture/MiSnapFacialCapture.xcframework:1:1: error: While building for watchOS, no library for this platform was found in '/Users/admin/builder/spi-builder-workspace/.dependencies/artifacts/alviere-camera-ios/MiSnapFacialCapture/MiSnapFacialCapture.xcframework'. (in target 'AlCamera' from project 'AlCamera')
/Users/admin/builder/spi-builder-workspace/.dependencies/artifacts/alviere-camera-ios/MiSnap/MiSnap.xcframework:1:1: error: While building for watchOS, no library for this platform was found in '/Users/admin/builder/spi-builder-workspace/.dependencies/artifacts/alviere-camera-ios/MiSnap/MiSnap.xcframework'. (in target 'AlCamera' from project 'AlCamera')
/Users/admin/builder/spi-builder-workspace/.dependencies/artifacts/alviere-camera-ios/MiSnapCore/MiSnapCore.xcframework:1:1: error: While building for watchOS, no library for this platform was found in '/Users/admin/builder/spi-builder-workspace/.dependencies/artifacts/alviere-camera-ios/MiSnapCore/MiSnapCore.xcframework'. (in target 'AlCamera' from project 'AlCamera')
/Users/admin/builder/spi-builder-workspace/.dependencies/artifacts/alviere-camera-ios/MiSnapCamera/MiSnapCamera.xcframework:1:1: error: While building for watchOS, no library for this platform was found in '/Users/admin/builder/spi-builder-workspace/.dependencies/artifacts/alviere-camera-ios/MiSnapCamera/MiSnapCamera.xcframework'. (in target 'AlCamera' from project 'AlCamera')
/Users/admin/builder/spi-builder-workspace/.dependencies/artifacts/alviere-camera-ios/MiSnapScience/MiSnapScience.xcframework:1:1: error: While building for watchOS, no library for this platform was found in '/Users/admin/builder/spi-builder-workspace/.dependencies/artifacts/alviere-camera-ios/MiSnapScience/MiSnapScience.xcframework'. (in target 'AlCamera' from project 'AlCamera')
/Users/admin/builder/spi-builder-workspace/.dependencies/artifacts/alviere-camera-ios/MobileFlow/MobileFlow.xcframework:1:1: error: While building for watchOS, no library for this platform was found in '/Users/admin/builder/spi-builder-workspace/.dependencies/artifacts/alviere-camera-ios/MobileFlow/MobileFlow.xcframework'. (in target 'AlCamera' from project 'AlCamera')
2026-07-23 01:04:05.668 xcodebuild[918:5002] [MT] IDERunDestination: Supported platforms for the buildables in the current scheme is empty.
** BUILD FAILED **
The following build commands failed:
Building workspace spi-builder-workspace with scheme AccountsSDK
(1 failure)
BUILD FAILURE 6.2 watchOS