The Swift Package Index logo.Swift Package Index

Build Information

Failed to build secp256k1_swift, reference 1.0.3 (2eae32), with Swift 6.4 for watchOS using Xcode 27.0 on 16 Sep 2026 14:47:52 UTC.

Build Command

env DEVELOPER_DIR=/Applications/Xcode-27.0.0-Release.Candidate.app xcrun xcodebuild -IDEClonedSourcePackagesDirPathOverride=$PWD/.dependencies -skipMacroValidation -skipPackagePluginValidation -derivedDataPath $PWD/.derivedData build -scheme secp256k1_swift -destination generic/platform=watchOS

Build Log

========================================
RunAll
========================================
Builder version: 5.1.0
Interrupt handler set up.
========================================
Checkout
========================================
Clone URL: https://github.com/shamatar/secp256k1_swift.git
Reference: 1.0.3
Initialized empty Git repository in /Users/admin/builder/spi-builder-workspace/.git/
From https://github.com/shamatar/secp256k1_swift
 * tag               1.0.3      -> FETCH_HEAD
HEAD is now at 2eae320 use deterministic by default
Submodule path 'Classes/secp256k1': checked out '1e6f1f5ad5e7f1e3ef79313ec02023902bf8175c'
Submodule 'Classes/secp256k1' (https://github.com/bitcoin-core/secp256k1.git) registered for path 'Classes/secp256k1'
Cloning into '/Users/admin/builder/spi-builder-workspace/Classes/secp256k1'...
Cloned https://github.com/shamatar/secp256k1_swift.git
Revision (git rev-parse @):
2eae320474dcc3e94b14687ad39b99f4f2856274
SUCCESS checkout https://github.com/shamatar/secp256k1_swift.git at 1.0.3
========================================
Build
========================================
Selected platform:         watchOS
Swift version:             6.4
Building package at path:  $PWD
https://github.com/shamatar/secp256k1_swift.git
Command line invocation:
    /Applications/Xcode-27.0.0-Release.Candidate.app/Contents/Developer/usr/bin/xcodebuild -IDEClonedSourcePackagesDirPathOverride=/Users/admin/builder/spi-builder-workspace/.dependencies -resolvePackageDependencies
resolved source packages:
{
  "dependencies" : [
  ],
  "manifest_display_name" : "secp256k1_swift",
  "name" : "secp256k1_swift",
  "path" : "/Users/admin/builder/spi-builder-workspace",
  "platforms" : [
  ],
  "products" : [
    {
      "name" : "secp256k1_swift",
      "targets" : [
        "secp256k1_swift"
      ],
      "type" : {
        "library" : [
          "automatic"
        ]
      }
    }
  ],
  "targets" : [
    {
      "c99name" : "secp256k1_swift",
      "module_type" : "SwiftTarget",
      "name" : "secp256k1_swift",
      "path" : "Classes",
      "product_memberships" : [
        "secp256k1_swift"
      ],
      "sources" : [
        "secp256k1.swift"
      ],
      "target_dependencies" : [
        "libsecp256k1"
      ],
      "type" : "library"
    },
    {
      "c99name" : "libsecp256k1",
      "module_type" : "ClangTarget",
      "name" : "libsecp256k1",
      "path" : "Classes",
      "product_memberships" : [
        "secp256k1_swift"
      ],
      "sources" : [
        "secp256k1/contrib/lax_der_parsing.c",
        "secp256k1/contrib/lax_der_privatekey_parsing.c",
        "secp256k1/src/secp256k1.c"
      ],
      "type" : "library"
    }
  ],
  "tools_version" : "4.2"
}
warning: 'spi-builder-workspace': Invalid Source '/Users/admin/builder/spi-builder-workspace/Classes/secp256k1/modules/ecdh': File not found.
warning: 'spi-builder-workspace': Invalid Source '/Users/admin/builder/spi-builder-workspace/Classes/secp256k1/modules/recovery': File not found.
{
  "project" : {
    "configurations" : [
      "Debug",
      "Release"
    ],
    "name" : "secp256k1_swift",
    "schemes" : [
      "secp256k1_swift",
      "secp256k1_swift_Cartage",
      "secp256k1_swift_ios",
      "secp256k1_swift_ios_Cartage"
    ],
    "targets" : [
      "secp256k1_swift",
      "secp256k1_swiftTests",
      "secp256k1_swift_ios",
      "secp256k1_swift_Cartage",
      "secp256k1_swift_ios_Cartage"
    ]
  }
}
{
  "workspace" : {
    "name" : "secp256k1_swift",
    "schemes" : [
      "secp256k1_swift"
    ]
  }
}
2026-09-16 10:47:45.561 xcodebuild[664:4155] [MT] IDERunDestination: Supported platforms for the buildables in the current scheme is empty.
Running build ...
env DEVELOPER_DIR=/Applications/Xcode-27.0.0-Release.Candidate.app xcrun xcodebuild -IDEClonedSourcePackagesDirPathOverride=$PWD/.dependencies -skipMacroValidation -skipPackagePluginValidation -derivedDataPath $PWD/.derivedData build -scheme secp256k1_swift -destination generic/platform=watchOS
Command line invocation:
    /Applications/Xcode-27.0.0-Release.Candidate.app/Contents/Developer/usr/bin/xcodebuild -IDEClonedSourcePackagesDirPathOverride=/Users/admin/builder/spi-builder-workspace/.dependencies -skipMacroValidation -skipPackagePluginValidation -derivedDataPath /Users/admin/builder/spi-builder-workspace/.derivedData build -scheme secp256k1_swift -destination generic/platform=watchOS
Resolve Package Graph
Invalid Source '/Users/admin/builder/spi-builder-workspace/Classes/secp256k1/modules/ecdh': File not found.Invalid Source '/Users/admin/builder/spi-builder-workspace/Classes/secp256k1/modules/recovery': File not found.
Resolved source packages:
  secp256k1_swift: /Users/admin/builder/spi-builder-workspace
ComputePackagePrebuildTargetDependencyGraph
Prepare packages
CreateBuildRequest
SendProjectDescription
CreateBuildOperation
ComputeTargetDependencyGraph
note: Building targets in dependency order
note: Target dependency graph (3 targets)
    Target 'secp256k1_swift-product' in project 'secp256k1_swift'
        ➜ Explicit dependency on target 'secp256k1_swift' in project 'secp256k1_swift'
        ➜ Explicit dependency on target 'libsecp256k1' in project 'secp256k1_swift'
    Target 'secp256k1_swift' in project 'secp256k1_swift'
        ➜ Explicit dependency on target 'libsecp256k1' in project 'secp256k1_swift'
    Target 'libsecp256k1' in project 'secp256k1_swift' (no dependencies)
GatherProvisioningInputs
CreateBuildDescription
ExecuteExternalTool /Applications/Xcode-27.0.0-Release.Candidate.app/Contents/Developer/Toolchains/XcodeDefault.xctoolchain/usr/bin/clang -v -E -dM -arch arm64 -isysroot /Applications/Xcode-27.0.0-Release.Candidate.app/Contents/Developer/Platforms/WatchOS.platform/Developer/SDKs/WatchOS27.0.sdk -x c -c /dev/null
ExecuteExternalTool /Applications/Xcode-27.0.0-Release.Candidate.app/Contents/Developer/Toolchains/XcodeDefault.xctoolchain/usr/bin/swiftc --version
ExecuteExternalTool /Applications/Xcode-27.0.0-Release.Candidate.app/Contents/Developer/Toolchains/XcodeDefault.xctoolchain/usr/bin/clang -v -E -dM -isysroot /Applications/Xcode-27.0.0-Release.Candidate.app/Contents/Developer/Platforms/WatchOS.platform/Developer/SDKs/WatchOS27.0.sdk -x c -c /dev/null
ExecuteExternalTool /Applications/Xcode-27.0.0-Release.Candidate.app/Contents/Developer/Toolchains/XcodeDefault.xctoolchain/usr/bin/ld -version_details
ExecuteExternalTool /Applications/Xcode-27.0.0-Release.Candidate.app/Contents/Developer/Toolchains/XcodeDefault.xctoolchain/usr/bin/clang -v -E -dM -arch arm64_32 -isysroot /Applications/Xcode-27.0.0-Release.Candidate.app/Contents/Developer/Platforms/WatchOS.platform/Developer/SDKs/WatchOS27.0.sdk -x c -c /dev/null
Build description signature: 8495d365acb8cf6a3e5a5671aba54095
Build description path: /Users/admin/builder/spi-builder-workspace/.derivedData/Build/Intermediates.noindex/XCBuildData/8495d365acb8cf6a3e5a5671aba54095.xcbuilddata
CreateBuildDirectory /Users/admin/builder/spi-builder-workspace/.derivedData/CompilationCache.noindex
    cd /Users/admin/builder/spi-builder-workspace/.swiftpm/xcode
    builtin-create-build-directory /Users/admin/builder/spi-builder-workspace/.derivedData/CompilationCache.noindex
CreateBuildDirectory /Users/admin/builder/spi-builder-workspace/.derivedData/Build/Intermediates.noindex
    cd /Users/admin/builder/spi-builder-workspace/.swiftpm/xcode
    builtin-create-build-directory /Users/admin/builder/spi-builder-workspace/.derivedData/Build/Intermediates.noindex
CreateBuildDirectory /Users/admin/builder/spi-builder-workspace/.derivedData/Build/Products
    cd /Users/admin/builder/spi-builder-workspace/.swiftpm/xcode
    builtin-create-build-directory /Users/admin/builder/spi-builder-workspace/.derivedData/Build/Products
ClangStatCache /Applications/Xcode-27.0.0-Release.Candidate.app/Contents/Developer/Toolchains/XcodeDefault.xctoolchain/usr/bin/clang-stat-cache /Applications/Xcode-27.0.0-Release.Candidate.app/Contents/Developer/Platforms/WatchOS.platform/Developer/SDKs/WatchOS27.0.sdk /Users/admin/builder/spi-builder-workspace/.derivedData/SDKStatCaches.noindex/watchos27.0-24R360-e829b21a6f8c9b70876ba0858053c04477534ef55a1706bf4c1112bbb242f0a2.sdkstatcache
    cd /Users/admin/builder/spi-builder-workspace/.swiftpm/xcode
    /Applications/Xcode-27.0.0-Release.Candidate.app/Contents/Developer/Toolchains/XcodeDefault.xctoolchain/usr/bin/clang-stat-cache /Applications/Xcode-27.0.0-Release.Candidate.app/Contents/Developer/Platforms/WatchOS.platform/Developer/SDKs/WatchOS27.0.sdk -o /Users/admin/builder/spi-builder-workspace/.derivedData/SDKStatCaches.noindex/watchos27.0-24R360-e829b21a6f8c9b70876ba0858053c04477534ef55a1706bf4c1112bbb242f0a2.sdkstatcache
CreateBuildDirectory /Users/admin/builder/spi-builder-workspace/.derivedData/SDKExplicitPrecompiledModules
    cd /Users/admin/builder/spi-builder-workspace/.swiftpm/xcode
    builtin-create-build-directory /Users/admin/builder/spi-builder-workspace/.derivedData/SDKExplicitPrecompiledModules
CreateBuildDirectory /Users/admin/builder/spi-builder-workspace/.derivedData/ModuleCache.noindex
    cd /Users/admin/builder/spi-builder-workspace/.swiftpm/xcode
    builtin-create-build-directory /Users/admin/builder/spi-builder-workspace/.derivedData/ModuleCache.noindex
CreateBuildDirectory /Users/admin/builder/spi-builder-workspace/.derivedData/Build/Intermediates.noindex/PrecompiledHeaders
    cd /Users/admin/builder/spi-builder-workspace/.swiftpm/xcode
    builtin-create-build-directory /Users/admin/builder/spi-builder-workspace/.derivedData/Build/Intermediates.noindex/PrecompiledHeaders
CreateBuildDirectory /Users/admin/builder/spi-builder-workspace/.derivedData/Build/Intermediates.noindex/SwiftExplicitPrecompiledModules
    cd /Users/admin/builder/spi-builder-workspace/.swiftpm/xcode
    builtin-create-build-directory /Users/admin/builder/spi-builder-workspace/.derivedData/Build/Intermediates.noindex/SwiftExplicitPrecompiledModules
CreateBuildDirectory /Users/admin/builder/spi-builder-workspace/.derivedData/Build/Intermediates.noindex/ExplicitPrecompiledModules
    cd /Users/admin/builder/spi-builder-workspace/.swiftpm/xcode
    builtin-create-build-directory /Users/admin/builder/spi-builder-workspace/.derivedData/Build/Intermediates.noindex/ExplicitPrecompiledModules
CreateBuildDirectory /Users/admin/builder/spi-builder-workspace/.derivedData/Build/Products/Debug-watchos
    cd /Users/admin/builder/spi-builder-workspace/.swiftpm/xcode
    builtin-create-build-directory /Users/admin/builder/spi-builder-workspace/.derivedData/Build/Products/Debug-watchos
CreateBuildDirectory /Users/admin/builder/spi-builder-workspace/.derivedData/Build/Intermediates.noindex/EagerLinkingTBDs/Debug-watchos
    cd /Users/admin/builder/spi-builder-workspace/.swiftpm/xcode
    builtin-create-build-directory /Users/admin/builder/spi-builder-workspace/.derivedData/Build/Intermediates.noindex/EagerLinkingTBDs/Debug-watchos
CreateBuildDirectory /Users/admin/builder/spi-builder-workspace/.derivedData/Build/Products/Debug-watchos/PackageFrameworks
    cd /Users/admin/builder/spi-builder-workspace/.swiftpm/xcode
    builtin-create-build-directory /Users/admin/builder/spi-builder-workspace/.derivedData/Build/Products/Debug-watchos/PackageFrameworks
WriteAuxiliaryFile /Users/admin/builder/spi-builder-workspace/.derivedData/Build/Intermediates.noindex/secp256k1_swift.build/Debug-watchos/secp256k1_swift-t.build/secp256k1_swift.DependencyStaticMetadataFileList (in target 'secp256k1_swift' from project 'secp256k1_swift')
    cd /Users/admin/builder/spi-builder-workspace
    write-file /Users/admin/builder/spi-builder-workspace/.derivedData/Build/Intermediates.noindex/secp256k1_swift.build/Debug-watchos/secp256k1_swift-t.build/secp256k1_swift.DependencyStaticMetadataFileList
WriteAuxiliaryFile /Users/admin/builder/spi-builder-workspace/.derivedData/Build/Intermediates.noindex/secp256k1_swift.build/Debug-watchos/secp256k1_swift-t.build/secp256k1_swift.modulemap (in target 'secp256k1_swift' from project 'secp256k1_swift')
    cd /Users/admin/builder/spi-builder-workspace
    write-file /Users/admin/builder/spi-builder-workspace/.derivedData/Build/Intermediates.noindex/secp256k1_swift.build/Debug-watchos/secp256k1_swift-t.build/secp256k1_swift.modulemap
WriteAuxiliaryFile /Users/admin/builder/spi-builder-workspace/.derivedData/Build/Intermediates.noindex/secp256k1_swift.build/Debug-watchos/secp256k1_swift-t.build/secp256k1_swift.DependencyMetadataFileList (in target 'secp256k1_swift' from project 'secp256k1_swift')
    cd /Users/admin/builder/spi-builder-workspace
    write-file /Users/admin/builder/spi-builder-workspace/.derivedData/Build/Intermediates.noindex/secp256k1_swift.build/Debug-watchos/secp256k1_swift-t.build/secp256k1_swift.DependencyMetadataFileList
WriteAuxiliaryFile /Users/admin/builder/spi-builder-workspace/.derivedData/Build/Intermediates.noindex/secp256k1_swift.build/Debug-watchos/secp256k1_swift-t.build/Objects-normal/arm64_32/secp256k1_swift.LinkFileList (in target 'secp256k1_swift' from project 'secp256k1_swift')
    cd /Users/admin/builder/spi-builder-workspace
    write-file /Users/admin/builder/spi-builder-workspace/.derivedData/Build/Intermediates.noindex/secp256k1_swift.build/Debug-watchos/secp256k1_swift-t.build/Objects-normal/arm64_32/secp256k1_swift.LinkFileList
WriteAuxiliaryFile /Users/admin/builder/spi-builder-workspace/.derivedData/Build/Intermediates.noindex/secp256k1_swift.build/Debug-watchos/secp256k1_swift-t.build/Objects-normal/arm64_32/secp256k1_swift.SwiftConstValuesFileList (in target 'secp256k1_swift' from project 'secp256k1_swift')
    cd /Users/admin/builder/spi-builder-workspace
    write-file /Users/admin/builder/spi-builder-workspace/.derivedData/Build/Intermediates.noindex/secp256k1_swift.build/Debug-watchos/secp256k1_swift-t.build/Objects-normal/arm64_32/secp256k1_swift.SwiftConstValuesFileList
WriteAuxiliaryFile /Users/admin/builder/spi-builder-workspace/.derivedData/Build/Intermediates.noindex/secp256k1_swift.build/Debug-watchos/secp256k1_swift-t.build/Objects-normal/arm64_32/secp256k1_swift.SwiftFileList (in target 'secp256k1_swift' from project 'secp256k1_swift')
    cd /Users/admin/builder/spi-builder-workspace
    write-file /Users/admin/builder/spi-builder-workspace/.derivedData/Build/Intermediates.noindex/secp256k1_swift.build/Debug-watchos/secp256k1_swift-t.build/Objects-normal/arm64_32/secp256k1_swift.SwiftFileList
WriteAuxiliaryFile /Users/admin/builder/spi-builder-workspace/.derivedData/Build/Intermediates.noindex/secp256k1_swift.build/Debug-watchos/secp256k1_swift-t.build/Objects-normal/arm64_32/secp256k1_swift_const_extract_protocols.json (in target 'secp256k1_swift' from project 'secp256k1_swift')
    cd /Users/admin/builder/spi-builder-workspace
    write-file /Users/admin/builder/spi-builder-workspace/.derivedData/Build/Intermediates.noindex/secp256k1_swift.build/Debug-watchos/secp256k1_swift-t.build/Objects-normal/arm64_32/secp256k1_swift_const_extract_protocols.json
WriteAuxiliaryFile /Users/admin/builder/spi-builder-workspace/.derivedData/Build/Intermediates.noindex/secp256k1_swift.build/Debug-watchos/secp256k1_swift-t.build/Objects-normal/arm64_32/secp256k1_swift-OutputFileMap.json (in target 'secp256k1_swift' from project 'secp256k1_swift')
    cd /Users/admin/builder/spi-builder-workspace
    write-file /Users/admin/builder/spi-builder-workspace/.derivedData/Build/Intermediates.noindex/secp256k1_swift.build/Debug-watchos/secp256k1_swift-t.build/Objects-normal/arm64_32/secp256k1_swift-OutputFileMap.json
WriteAuxiliaryFile /Users/admin/builder/spi-builder-workspace/.derivedData/Build/Intermediates.noindex/secp256k1_swift.build/Debug-watchos/secp256k1_swift-t.build/Objects-normal/arm64/secp256k1_swift_const_extract_protocols.json (in target 'secp256k1_swift' from project 'secp256k1_swift')
    cd /Users/admin/builder/spi-builder-workspace
    write-file /Users/admin/builder/spi-builder-workspace/.derivedData/Build/Intermediates.noindex/secp256k1_swift.build/Debug-watchos/secp256k1_swift-t.build/Objects-normal/arm64/secp256k1_swift_const_extract_protocols.json
WriteAuxiliaryFile /Users/admin/builder/spi-builder-workspace/.derivedData/Build/Intermediates.noindex/secp256k1_swift.build/Debug-watchos/secp256k1_swift-t.build/Objects-normal/arm64/secp256k1_swift.SwiftFileList (in target 'secp256k1_swift' from project 'secp256k1_swift')
    cd /Users/admin/builder/spi-builder-workspace
    write-file /Users/admin/builder/spi-builder-workspace/.derivedData/Build/Intermediates.noindex/secp256k1_swift.build/Debug-watchos/secp256k1_swift-t.build/Objects-normal/arm64/secp256k1_swift.SwiftFileList
WriteAuxiliaryFile /Users/admin/builder/spi-builder-workspace/.derivedData/Build/Intermediates.noindex/secp256k1_swift.build/Debug-watchos/secp256k1_swift-t.build/Objects-normal/arm64/secp256k1_swift.SwiftConstValuesFileList (in target 'secp256k1_swift' from project 'secp256k1_swift')
    cd /Users/admin/builder/spi-builder-workspace
    write-file /Users/admin/builder/spi-builder-workspace/.derivedData/Build/Intermediates.noindex/secp256k1_swift.build/Debug-watchos/secp256k1_swift-t.build/Objects-normal/arm64/secp256k1_swift.SwiftConstValuesFileList
WriteAuxiliaryFile /Users/admin/builder/spi-builder-workspace/.derivedData/Build/Intermediates.noindex/secp256k1_swift.build/Debug-watchos/secp256k1_swift-t.build/Objects-normal/arm64/secp256k1_swift.LinkFileList (in target 'secp256k1_swift' from project 'secp256k1_swift')
    cd /Users/admin/builder/spi-builder-workspace
    write-file /Users/admin/builder/spi-builder-workspace/.derivedData/Build/Intermediates.noindex/secp256k1_swift.build/Debug-watchos/secp256k1_swift-t.build/Objects-normal/arm64/secp256k1_swift.LinkFileList
WriteAuxiliaryFile /Users/admin/builder/spi-builder-workspace/.derivedData/Build/Intermediates.noindex/secp256k1_swift.build/Debug-watchos/secp256k1_swift-t.build/Objects-normal/arm64/secp256k1_swift-OutputFileMap.json (in target 'secp256k1_swift' from project 'secp256k1_swift')
    cd /Users/admin/builder/spi-builder-workspace
    write-file /Users/admin/builder/spi-builder-workspace/.derivedData/Build/Intermediates.noindex/secp256k1_swift.build/Debug-watchos/secp256k1_swift-t.build/Objects-normal/arm64/secp256k1_swift-OutputFileMap.json
WriteAuxiliaryFile /Users/admin/builder/spi-builder-workspace/.derivedData/Build/Intermediates.noindex/secp256k1_swift.build/Debug-watchos/libsecp256k1-t.build/libsecp256k1.modulemap (in target 'libsecp256k1' from project 'secp256k1_swift')
    cd /Users/admin/builder/spi-builder-workspace
    write-file /Users/admin/builder/spi-builder-workspace/.derivedData/Build/Intermediates.noindex/secp256k1_swift.build/Debug-watchos/libsecp256k1-t.build/libsecp256k1.modulemap
WriteAuxiliaryFile /Users/admin/builder/spi-builder-workspace/.derivedData/Build/Intermediates.noindex/secp256k1_swift.build/Debug-watchos/libsecp256k1-t.build/libsecp256k1.DependencyMetadataFileList (in target 'libsecp256k1' from project 'secp256k1_swift')
    cd /Users/admin/builder/spi-builder-workspace
    write-file /Users/admin/builder/spi-builder-workspace/.derivedData/Build/Intermediates.noindex/secp256k1_swift.build/Debug-watchos/libsecp256k1-t.build/libsecp256k1.DependencyMetadataFileList
WriteAuxiliaryFile /Users/admin/builder/spi-builder-workspace/.derivedData/Build/Intermediates.noindex/secp256k1_swift.build/Debug-watchos/libsecp256k1-t.build/libsecp256k1.DependencyStaticMetadataFileList (in target 'libsecp256k1' from project 'secp256k1_swift')
    cd /Users/admin/builder/spi-builder-workspace
    write-file /Users/admin/builder/spi-builder-workspace/.derivedData/Build/Intermediates.noindex/secp256k1_swift.build/Debug-watchos/libsecp256k1-t.build/libsecp256k1.DependencyStaticMetadataFileList
Copy /Users/admin/builder/spi-builder-workspace/.derivedData/Build/Intermediates.noindex/GeneratedModuleMaps-watchos/secp256k1_swift.modulemap /Users/admin/builder/spi-builder-workspace/.derivedData/Build/Intermediates.noindex/secp256k1_swift.build/Debug-watchos/secp256k1_swift-t.build/secp256k1_swift.modulemap (in target 'secp256k1_swift' from project 'secp256k1_swift')
    cd /Users/admin/builder/spi-builder-workspace
    builtin-copy -exclude .DS_Store -exclude CVS -exclude .svn -exclude .git -exclude .hg -resolve-src-symlinks /Users/admin/builder/spi-builder-workspace/.derivedData/Build/Intermediates.noindex/secp256k1_swift.build/Debug-watchos/secp256k1_swift-t.build/secp256k1_swift.modulemap /Users/admin/builder/spi-builder-workspace/.derivedData/Build/Intermediates.noindex/GeneratedModuleMaps-watchos
WriteAuxiliaryFile /Users/admin/builder/spi-builder-workspace/.derivedData/Build/Intermediates.noindex/secp256k1_swift.build/Debug-watchos/libsecp256k1-t.build/Objects-normal/arm64_32/libsecp256k1.LinkFileList (in target 'libsecp256k1' from project 'secp256k1_swift')
    cd /Users/admin/builder/spi-builder-workspace
    write-file /Users/admin/builder/spi-builder-workspace/.derivedData/Build/Intermediates.noindex/secp256k1_swift.build/Debug-watchos/libsecp256k1-t.build/Objects-normal/arm64_32/libsecp256k1.LinkFileList
WriteAuxiliaryFile /Users/admin/builder/spi-builder-workspace/.derivedData/Build/Intermediates.noindex/secp256k1_swift.build/Debug-watchos/libsecp256k1-t.build/Objects-normal/arm64_32/7187679823f38a2a940e0043cdf9d637-common-args.resp (in target 'libsecp256k1' from project 'secp256k1_swift')
    cd /Users/admin/builder/spi-builder-workspace
    write-file /Users/admin/builder/spi-builder-workspace/.derivedData/Build/Intermediates.noindex/secp256k1_swift.build/Debug-watchos/libsecp256k1-t.build/Objects-normal/arm64_32/7187679823f38a2a940e0043cdf9d637-common-args.resp
-fmodules -gmodules '-fmodules-cache-path=/Users/admin/builder/spi-builder-workspace/.derivedData/ModuleCache.noindex' '-fmodule-name=libsecp256k1' -fpascal-strings -O0 -DSWIFT_PACKAGE '-DDEBUG=1' -g -I/Users/admin/builder/spi-builder-workspace/.derivedData/Build/Products/Debug-watchos/include -I/Users/admin/builder/spi-builder-workspace/Classes/secp256k1/include -I/Users/admin/builder/spi-builder-workspace/.derivedData/Build/Intermediates.noindex/secp256k1_swift.build/Debug-watchos/libsecp256k1-t.build/DerivedSources-normal/arm64_32 -I/Users/admin/builder/spi-builder-workspace/.derivedData/Build/Intermediates.noindex/secp256k1_swift.build/Debug-watchos/libsecp256k1-t.build/DerivedSources/arm64_32 -I/Users/admin/builder/spi-builder-workspace/.derivedData/Build/Intermediates.noindex/secp256k1_swift.build/Debug-watchos/libsecp256k1-t.build/DerivedSources -F/Users/admin/builder/spi-builder-workspace/.derivedData/Build/Products/Debug-watchos -iframework /Applications/Xcode-27.0.0-Release.Candidate.app/Contents/Developer/Platforms/WatchOS.platform/Developer/Library/Frameworks -iframework /Applications/Xcode-27.0.0-Release.Candidate.app/Contents/Developer/Platforms/WatchOS.platform/Developer/SDKs/WatchOS27.0.sdk/Developer/Library/Frameworks -DXcode
WriteAuxiliaryFile /Users/admin/builder/spi-builder-workspace/.derivedData/Build/Intermediates.noindex/secp256k1_swift.build/Debug-watchos/libsecp256k1-t.build/Objects-normal/arm64/libsecp256k1.LinkFileList (in target 'libsecp256k1' from project 'secp256k1_swift')
    cd /Users/admin/builder/spi-builder-workspace
    write-file /Users/admin/builder/spi-builder-workspace/.derivedData/Build/Intermediates.noindex/secp256k1_swift.build/Debug-watchos/libsecp256k1-t.build/Objects-normal/arm64/libsecp256k1.LinkFileList
WriteAuxiliaryFile /Users/admin/builder/spi-builder-workspace/.derivedData/Build/Intermediates.noindex/secp256k1_swift.build/Debug-watchos/libsecp256k1-t.build/Objects-normal/arm64/7187679823f38a2a940e0043cdf9d637-common-args.resp (in target 'libsecp256k1' from project 'secp256k1_swift')
    cd /Users/admin/builder/spi-builder-workspace
    write-file /Users/admin/builder/spi-builder-workspace/.derivedData/Build/Intermediates.noindex/secp256k1_swift.build/Debug-watchos/libsecp256k1-t.build/Objects-normal/arm64/7187679823f38a2a940e0043cdf9d637-common-args.resp
-fmodules -gmodules '-fmodules-cache-path=/Users/admin/builder/spi-builder-workspace/.derivedData/ModuleCache.noindex' '-fmodule-name=libsecp256k1' -fpascal-strings -O0 -DSWIFT_PACKAGE '-DDEBUG=1' -g -I/Users/admin/builder/spi-builder-workspace/.derivedData/Build/Products/Debug-watchos/include -I/Users/admin/builder/spi-builder-workspace/Classes/secp256k1/include -I/Users/admin/builder/spi-builder-workspace/.derivedData/Build/Intermediates.noindex/secp256k1_swift.build/Debug-watchos/libsecp256k1-t.build/DerivedSources-normal/arm64 -I/Users/admin/builder/spi-builder-workspace/.derivedData/Build/Intermediates.noindex/secp256k1_swift.build/Debug-watchos/libsecp256k1-t.build/DerivedSources/arm64 -I/Users/admin/builder/spi-builder-workspace/.derivedData/Build/Intermediates.noindex/secp256k1_swift.build/Debug-watchos/libsecp256k1-t.build/DerivedSources -F/Users/admin/builder/spi-builder-workspace/.derivedData/Build/Products/Debug-watchos -iframework /Applications/Xcode-27.0.0-Release.Candidate.app/Contents/Developer/Platforms/WatchOS.platform/Developer/Library/Frameworks -iframework /Applications/Xcode-27.0.0-Release.Candidate.app/Contents/Developer/Platforms/WatchOS.platform/Developer/SDKs/WatchOS27.0.sdk/Developer/Library/Frameworks -DXcode
Copy /Users/admin/builder/spi-builder-workspace/.derivedData/Build/Intermediates.noindex/GeneratedModuleMaps-watchos/libsecp256k1.modulemap /Users/admin/builder/spi-builder-workspace/.derivedData/Build/Intermediates.noindex/secp256k1_swift.build/Debug-watchos/libsecp256k1-t.build/libsecp256k1.modulemap (in target 'libsecp256k1' from project 'secp256k1_swift')
    cd /Users/admin/builder/spi-builder-workspace
    builtin-copy -exclude .DS_Store -exclude CVS -exclude .svn -exclude .git -exclude .hg -resolve-src-symlinks /Users/admin/builder/spi-builder-workspace/.derivedData/Build/Intermediates.noindex/secp256k1_swift.build/Debug-watchos/libsecp256k1-t.build/libsecp256k1.modulemap /Users/admin/builder/spi-builder-workspace/.derivedData/Build/Intermediates.noindex/GeneratedModuleMaps-watchos
ScanDependencies /Users/admin/builder/spi-builder-workspace/.derivedData/Build/Intermediates.noindex/secp256k1_swift.build/Debug-watchos/libsecp256k1-t.build/Objects-normal/arm64_32/secp256k1.o /Users/admin/builder/spi-builder-workspace/Classes/secp256k1/src/secp256k1.c normal arm64_32 c com.apple.compilers.llvm.clang.1_0.compiler (in target 'libsecp256k1' from project 'secp256k1_swift')
    cd /Users/admin/builder/spi-builder-workspace/.swiftpm/xcode

    Using response file: /Users/admin/builder/spi-builder-workspace/.derivedData/Build/Intermediates.noindex/secp256k1_swift.build/Debug-watchos/libsecp256k1-t.build/Objects-normal/arm64_32/7187679823f38a2a940e0043cdf9d637-common-args.resp

    builtin-ScanDependencies -o /Users/admin/builder/spi-builder-workspace/.derivedData/Build/Intermediates.noindex/secp256k1_swift.build/Debug-watchos/libsecp256k1-t.build/Objects-normal/arm64_32/secp256k1.o.scan -- /Applications/Xcode-27.0.0-Release.Candidate.app/Contents/Developer/Toolchains/XcodeDefault.xctoolchain/usr/bin/clang -x c -ivfsstatcache /Users/admin/builder/spi-builder-workspace/.derivedData/SDKStatCaches.noindex/watchos27.0-24R360-e829b21a6f8c9b70876ba0858053c04477534ef55a1706bf4c1112bbb242f0a2.sdkstatcache -target arm64_32-apple-watchos9.0 -fmessage-length\=0 -fdiagnostics-show-note-include-stack -fmacro-backtrace-limit\=0 -fno-color-diagnostics -fmodules-prune-interval\=86400 -fmodules-prune-after\=345600 -fbuild-session-file\=/Users/admin/builder/spi-builder-workspace/.derivedData/ModuleCache.noindex/Session.modulevalidation -fmodules-validate-once-per-build-session -Wnon-modular-include-in-framework-module -Werror\=non-modular-include-in-framework-module -Wno-trigraphs -Wno-missing-field-initializers -Wno-missing-prototypes -Wno-return-type -Wno-missing-braces -Wparentheses -Wswitch -Wno-unused-function -Wno-unused-label -Wno-unused-parameter -Wno-unused-variable -Wunused-value -Wno-empty-body -Wno-uninitialized -Wno-unknown-pragmas -Wno-shadow -Wno-four-char-constants -Wno-conversion -Wno-constant-conversion -Wno-int-conversion -Wno-bool-conversion -Wno-enum-conversion -Wno-float-conversion -Wno-non-literal-null-conversion -Wno-objc-literal-conversion -Wno-shorten-64-to-32 -Wpointer-sign -Wno-newline-eof -Wno-implicit-fallthrough -isysroot /Applications/Xcode-27.0.0-Release.Candidate.app/Contents/Developer/Platforms/WatchOS.platform/Developer/SDKs/WatchOS27.0.sdk -fstrict-aliasing -Wdeprecated-declarations -Wno-sign-conversion -Wno-infinite-recursion -Wno-comma -Wno-block-capture-autoreleasing -Wno-strict-prototypes -Wno-semicolon-before-method-body -index-store-path /Users/admin/builder/spi-builder-workspace/.derivedData/Index.noindex/DataStore @/Users/admin/builder/spi-builder-workspace/.derivedData/Build/Intermediates.noindex/secp256k1_swift.build/Debug-watchos/libsecp256k1-t.build/Objects-normal/arm64_32/7187679823f38a2a940e0043cdf9d637-common-args.resp -MMD -MT dependencies -MF /Users/admin/builder/spi-builder-workspace/.derivedData/Build/Intermediates.noindex/secp256k1_swift.build/Debug-watchos/libsecp256k1-t.build/Objects-normal/arm64_32/secp256k1.d --serialize-diagnostics /Users/admin/builder/spi-builder-workspace/.derivedData/Build/Intermediates.noindex/secp256k1_swift.build/Debug-watchos/libsecp256k1-t.build/Objects-normal/arm64_32/secp256k1.dia -c /Users/admin/builder/spi-builder-workspace/Classes/secp256k1/src/secp256k1.c -o /Users/admin/builder/spi-builder-workspace/.derivedData/Build/Intermediates.noindex/secp256k1_swift.build/Debug-watchos/libsecp256k1-t.build/Objects-normal/arm64_32/secp256k1.o -index-unit-output-path /secp256k1_swift.build/Debug-watchos/libsecp256k1-t.build/Objects-normal/arm64_32/secp256k1.o
/Users/admin/builder/spi-builder-workspace/Classes/secp256k1/src/secp256k1.c:7:10: error: 'include/secp256k1.h' file not found (in target 'libsecp256k1' from project 'secp256k1_swift')
ScanDependencies /Users/admin/builder/spi-builder-workspace/.derivedData/Build/Intermediates.noindex/secp256k1_swift.build/Debug-watchos/libsecp256k1-t.build/Objects-normal/arm64_32/lax_der_privatekey_parsing.o /Users/admin/builder/spi-builder-workspace/Classes/secp256k1/contrib/lax_der_privatekey_parsing.c normal arm64_32 c com.apple.compilers.llvm.clang.1_0.compiler (in target 'libsecp256k1' from project 'secp256k1_swift')
    cd /Users/admin/builder/spi-builder-workspace/.swiftpm/xcode

    Using response file: /Users/admin/builder/spi-builder-workspace/.derivedData/Build/Intermediates.noindex/secp256k1_swift.build/Debug-watchos/libsecp256k1-t.build/Objects-normal/arm64_32/7187679823f38a2a940e0043cdf9d637-common-args.resp

    builtin-ScanDependencies -o /Users/admin/builder/spi-builder-workspace/.derivedData/Build/Intermediates.noindex/secp256k1_swift.build/Debug-watchos/libsecp256k1-t.build/Objects-normal/arm64_32/lax_der_privatekey_parsing.o.scan -- /Applications/Xcode-27.0.0-Release.Candidate.app/Contents/Developer/Toolchains/XcodeDefault.xctoolchain/usr/bin/clang -x c -ivfsstatcache /Users/admin/builder/spi-builder-workspace/.derivedData/SDKStatCaches.noindex/watchos27.0-24R360-e829b21a6f8c9b70876ba0858053c04477534ef55a1706bf4c1112bbb242f0a2.sdkstatcache -target arm64_32-apple-watchos9.0 -fmessage-length\=0 -fdiagnostics-show-note-include-stack -fmacro-backtrace-limit\=0 -fno-color-diagnostics -fmodules-prune-interval\=86400 -fmodules-prune-after\=345600 -fbuild-session-file\=/Users/admin/builder/spi-builder-workspace/.derivedData/ModuleCache.noindex/Session.modulevalidation -fmodules-validate-once-per-build-session -Wnon-modular-include-in-framework-module -Werror\=non-modular-include-in-framework-module -Wno-trigraphs -Wno-missing-field-initializers -Wno-missing-prototypes -Wno-return-type -Wno-missing-braces -Wparentheses -Wswitch -Wno-unused-function -Wno-unused-label -Wno-unused-parameter -Wno-unused-variable -Wunused-value -Wno-empty-body -Wno-uninitialized -Wno-unknown-pragmas -Wno-shadow -Wno-four-char-constants -Wno-conversion -Wno-constant-conversion -Wno-int-conversion -Wno-bool-conversion -Wno-enum-conversion -Wno-float-conversion -Wno-non-literal-null-conversion -Wno-objc-literal-conversion -Wno-shorten-64-to-32 -Wpointer-sign -Wno-newline-eof -Wno-implicit-fallthrough -isysroot /Applications/Xcode-27.0.0-Release.Candidate.app/Contents/Developer/Platforms/WatchOS.platform/Developer/SDKs/WatchOS27.0.sdk -fstrict-aliasing -Wdeprecated-declarations -Wno-sign-conversion -Wno-infinite-recursion -Wno-comma -Wno-block-capture-autoreleasing -Wno-strict-prototypes -Wno-semicolon-before-method-body -index-store-path /Users/admin/builder/spi-builder-workspace/.derivedData/Index.noindex/DataStore @/Users/admin/builder/spi-builder-workspace/.derivedData/Build/Intermediates.noindex/secp256k1_swift.build/Debug-watchos/libsecp256k1-t.build/Objects-normal/arm64_32/7187679823f38a2a940e0043cdf9d637-common-args.resp -MMD -MT dependencies -MF /Users/admin/builder/spi-builder-workspace/.derivedData/Build/Intermediates.noindex/secp256k1_swift.build/Debug-watchos/libsecp256k1-t.build/Objects-normal/arm64_32/lax_der_privatekey_parsing.d --serialize-diagnostics /Users/admin/builder/spi-builder-workspace/.derivedData/Build/Intermediates.noindex/secp256k1_swift.build/Debug-watchos/libsecp256k1-t.build/Objects-normal/arm64_32/lax_der_privatekey_parsing.dia -c /Users/admin/builder/spi-builder-workspace/Classes/secp256k1/contrib/lax_der_privatekey_parsing.c -o /Users/admin/builder/spi-builder-workspace/.derivedData/Build/Intermediates.noindex/secp256k1_swift.build/Debug-watchos/libsecp256k1-t.build/Objects-normal/arm64_32/lax_der_privatekey_parsing.o -index-unit-output-path /secp256k1_swift.build/Debug-watchos/libsecp256k1-t.build/Objects-normal/arm64_32/lax_der_privatekey_parsing.o
ScanDependencies /Users/admin/builder/spi-builder-workspace/.derivedData/Build/Intermediates.noindex/secp256k1_swift.build/Debug-watchos/libsecp256k1-t.build/Objects-normal/arm64_32/lax_der_parsing.o /Users/admin/builder/spi-builder-workspace/Classes/secp256k1/contrib/lax_der_parsing.c normal arm64_32 c com.apple.compilers.llvm.clang.1_0.compiler (in target 'libsecp256k1' from project 'secp256k1_swift')
    cd /Users/admin/builder/spi-builder-workspace/.swiftpm/xcode

    Using response file: /Users/admin/builder/spi-builder-workspace/.derivedData/Build/Intermediates.noindex/secp256k1_swift.build/Debug-watchos/libsecp256k1-t.build/Objects-normal/arm64_32/7187679823f38a2a940e0043cdf9d637-common-args.resp

    builtin-ScanDependencies -o /Users/admin/builder/spi-builder-workspace/.derivedData/Build/Intermediates.noindex/secp256k1_swift.build/Debug-watchos/libsecp256k1-t.build/Objects-normal/arm64_32/lax_der_parsing.o.scan -- /Applications/Xcode-27.0.0-Release.Candidate.app/Contents/Developer/Toolchains/XcodeDefault.xctoolchain/usr/bin/clang -x c -ivfsstatcache /Users/admin/builder/spi-builder-workspace/.derivedData/SDKStatCaches.noindex/watchos27.0-24R360-e829b21a6f8c9b70876ba0858053c04477534ef55a1706bf4c1112bbb242f0a2.sdkstatcache -target arm64_32-apple-watchos9.0 -fmessage-length\=0 -fdiagnostics-show-note-include-stack -fmacro-backtrace-limit\=0 -fno-color-diagnostics -fmodules-prune-interval\=86400 -fmodules-prune-after\=345600 -fbuild-session-file\=/Users/admin/builder/spi-builder-workspace/.derivedData/ModuleCache.noindex/Session.modulevalidation -fmodules-validate-once-per-build-session -Wnon-modular-include-in-framework-module -Werror\=non-modular-include-in-framework-module -Wno-trigraphs -Wno-missing-field-initializers -Wno-missing-prototypes -Wno-return-type -Wno-missing-braces -Wparentheses -Wswitch -Wno-unused-function -Wno-unused-label -Wno-unused-parameter -Wno-unused-variable -Wunused-value -Wno-empty-body -Wno-uninitialized -Wno-unknown-pragmas -Wno-shadow -Wno-four-char-constants -Wno-conversion -Wno-constant-conversion -Wno-int-conversion -Wno-bool-conversion -Wno-enum-conversion -Wno-float-conversion -Wno-non-literal-null-conversion -Wno-objc-literal-conversion -Wno-shorten-64-to-32 -Wpointer-sign -Wno-newline-eof -Wno-implicit-fallthrough -isysroot /Applications/Xcode-27.0.0-Release.Candidate.app/Contents/Developer/Platforms/WatchOS.platform/Developer/SDKs/WatchOS27.0.sdk -fstrict-aliasing -Wdeprecated-declarations -Wno-sign-conversion -Wno-infinite-recursion -Wno-comma -Wno-block-capture-autoreleasing -Wno-strict-prototypes -Wno-semicolon-before-method-body -index-store-path /Users/admin/builder/spi-builder-workspace/.derivedData/Index.noindex/DataStore @/Users/admin/builder/spi-builder-workspace/.derivedData/Build/Intermediates.noindex/secp256k1_swift.build/Debug-watchos/libsecp256k1-t.build/Objects-normal/arm64_32/7187679823f38a2a940e0043cdf9d637-common-args.resp -MMD -MT dependencies -MF /Users/admin/builder/spi-builder-workspace/.derivedData/Build/Intermediates.noindex/secp256k1_swift.build/Debug-watchos/libsecp256k1-t.build/Objects-normal/arm64_32/lax_der_parsing.d --serialize-diagnostics /Users/admin/builder/spi-builder-workspace/.derivedData/Build/Intermediates.noindex/secp256k1_swift.build/Debug-watchos/libsecp256k1-t.build/Objects-normal/arm64_32/lax_der_parsing.dia -c /Users/admin/builder/spi-builder-workspace/Classes/secp256k1/contrib/lax_der_parsing.c -o /Users/admin/builder/spi-builder-workspace/.derivedData/Build/Intermediates.noindex/secp256k1_swift.build/Debug-watchos/libsecp256k1-t.build/Objects-normal/arm64_32/lax_der_parsing.o -index-unit-output-path /secp256k1_swift.build/Debug-watchos/libsecp256k1-t.build/Objects-normal/arm64_32/lax_der_parsing.o
ScanDependencies /Users/admin/builder/spi-builder-workspace/.derivedData/Build/Intermediates.noindex/secp256k1_swift.build/Debug-watchos/libsecp256k1-t.build/Objects-normal/arm64/lax_der_privatekey_parsing.o /Users/admin/builder/spi-builder-workspace/Classes/secp256k1/contrib/lax_der_privatekey_parsing.c normal arm64 c com.apple.compilers.llvm.clang.1_0.compiler (in target 'libsecp256k1' from project 'secp256k1_swift')
    cd /Users/admin/builder/spi-builder-workspace/.swiftpm/xcode

    Using response file: /Users/admin/builder/spi-builder-workspace/.derivedData/Build/Intermediates.noindex/secp256k1_swift.build/Debug-watchos/libsecp256k1-t.build/Objects-normal/arm64/7187679823f38a2a940e0043cdf9d637-common-args.resp

    builtin-ScanDependencies -o /Users/admin/builder/spi-builder-workspace/.derivedData/Build/Intermediates.noindex/secp256k1_swift.build/Debug-watchos/libsecp256k1-t.build/Objects-normal/arm64/lax_der_privatekey_parsing.o.scan -- /Applications/Xcode-27.0.0-Release.Candidate.app/Contents/Developer/Toolchains/XcodeDefault.xctoolchain/usr/bin/clang -x c -ivfsstatcache /Users/admin/builder/spi-builder-workspace/.derivedData/SDKStatCaches.noindex/watchos27.0-24R360-e829b21a6f8c9b70876ba0858053c04477534ef55a1706bf4c1112bbb242f0a2.sdkstatcache -target arm64-apple-watchos9.0 -fmessage-length\=0 -fdiagnostics-show-note-include-stack -fmacro-backtrace-limit\=0 -fno-color-diagnostics -fmodules-prune-interval\=86400 -fmodules-prune-after\=345600 -fbuild-session-file\=/Users/admin/builder/spi-builder-workspace/.derivedData/ModuleCache.noindex/Session.modulevalidation -fmodules-validate-once-per-build-session -Wnon-modular-include-in-framework-module -Werror\=non-modular-include-in-framework-module -Wno-trigraphs -Wno-missing-field-initializers -Wno-missing-prototypes -Wno-return-type -Wno-missing-braces -Wparentheses -Wswitch -Wno-unused-function -Wno-unused-label -Wno-unused-parameter -Wno-unused-variable -Wunused-value -Wno-empty-body -Wno-uninitialized -Wno-unknown-pragmas -Wno-shadow -Wno-four-char-constants -Wno-conversion -Wno-constant-conversion -Wno-int-conversion -Wno-bool-conversion -Wno-enum-conversion -Wno-float-conversion -Wno-non-literal-null-conversion -Wno-objc-literal-conversion -Wshorten-64-to-32 -Wpointer-sign -Wno-newline-eof -Wno-implicit-fallthrough -isysroot /Applications/Xcode-27.0.0-Release.Candidate.app/Contents/Developer/Platforms/WatchOS.platform/Developer/SDKs/WatchOS27.0.sdk -fstrict-aliasing -Wdeprecated-declarations -Wno-sign-conversion -Wno-infinite-recursion -Wno-comma -Wno-block-capture-autoreleasing -Wno-strict-prototypes -Wno-semicolon-before-method-body -index-store-path /Users/admin/builder/spi-builder-workspace/.derivedData/Index.noindex/DataStore @/Users/admin/builder/spi-builder-workspace/.derivedData/Build/Intermediates.noindex/secp256k1_swift.build/Debug-watchos/libsecp256k1-t.build/Objects-normal/arm64/7187679823f38a2a940e0043cdf9d637-common-args.resp -MMD -MT dependencies -MF /Users/admin/builder/spi-builder-workspace/.derivedData/Build/Intermediates.noindex/secp256k1_swift.build/Debug-watchos/libsecp256k1-t.build/Objects-normal/arm64/lax_der_privatekey_parsing.d --serialize-diagnostics /Users/admin/builder/spi-builder-workspace/.derivedData/Build/Intermediates.noindex/secp256k1_swift.build/Debug-watchos/libsecp256k1-t.build/Objects-normal/arm64/lax_der_privatekey_parsing.dia -c /Users/admin/builder/spi-builder-workspace/Classes/secp256k1/contrib/lax_der_privatekey_parsing.c -o /Users/admin/builder/spi-builder-workspace/.derivedData/Build/Intermediates.noindex/secp256k1_swift.build/Debug-watchos/libsecp256k1-t.build/Objects-normal/arm64/lax_der_privatekey_parsing.o -index-unit-output-path /secp256k1_swift.build/Debug-watchos/libsecp256k1-t.build/Objects-normal/arm64/lax_der_privatekey_parsing.o
ScanDependencies /Users/admin/builder/spi-builder-workspace/.derivedData/Build/Intermediates.noindex/secp256k1_swift.build/Debug-watchos/libsecp256k1-t.build/Objects-normal/arm64/secp256k1.o /Users/admin/builder/spi-builder-workspace/Classes/secp256k1/src/secp256k1.c normal arm64 c com.apple.compilers.llvm.clang.1_0.compiler (in target 'libsecp256k1' from project 'secp256k1_swift')
    cd /Users/admin/builder/spi-builder-workspace/.swiftpm/xcode

    Using response file: /Users/admin/builder/spi-builder-workspace/.derivedData/Build/Intermediates.noindex/secp256k1_swift.build/Debug-watchos/libsecp256k1-t.build/Objects-normal/arm64/7187679823f38a2a940e0043cdf9d637-common-args.resp

    builtin-ScanDependencies -o /Users/admin/builder/spi-builder-workspace/.derivedData/Build/Intermediates.noindex/secp256k1_swift.build/Debug-watchos/libsecp256k1-t.build/Objects-normal/arm64/secp256k1.o.scan -- /Applications/Xcode-27.0.0-Release.Candidate.app/Contents/Developer/Toolchains/XcodeDefault.xctoolchain/usr/bin/clang -x c -ivfsstatcache /Users/admin/builder/spi-builder-workspace/.derivedData/SDKStatCaches.noindex/watchos27.0-24R360-e829b21a6f8c9b70876ba0858053c04477534ef55a1706bf4c1112bbb242f0a2.sdkstatcache -target arm64-apple-watchos9.0 -fmessage-length\=0 -fdiagnostics-show-note-include-stack -fmacro-backtrace-limit\=0 -fno-color-diagnostics -fmodules-prune-interval\=86400 -fmodules-prune-after\=345600 -fbuild-session-file\=/Users/admin/builder/spi-builder-workspace/.derivedData/ModuleCache.noindex/Session.modulevalidation -fmodules-validate-once-per-build-session -Wnon-modular-include-in-framework-module -Werror\=non-modular-include-in-framework-module -Wno-trigraphs -Wno-missing-field-initializers -Wno-missing-prototypes -Wno-return-type -Wno-missing-braces -Wparentheses -Wswitch -Wno-unused-function -Wno-unused-label -Wno-unused-parameter -Wno-unused-variable -Wunused-value -Wno-empty-body -Wno-uninitialized -Wno-unknown-pragmas -Wno-shadow -Wno-four-char-constants -Wno-conversion -Wno-constant-conversion -Wno-int-conversion -Wno-bool-conversion -Wno-enum-conversion -Wno-float-conversion -Wno-non-literal-null-conversion -Wno-objc-literal-conversion -Wshorten-64-to-32 -Wpointer-sign -Wno-newline-eof -Wno-implicit-fallthrough -isysroot /Applications/Xcode-27.0.0-Release.Candidate.app/Contents/Developer/Platforms/WatchOS.platform/Developer/SDKs/WatchOS27.0.sdk -fstrict-aliasing -Wdeprecated-declarations -Wno-sign-conversion -Wno-infinite-recursion -Wno-comma -Wno-block-capture-autoreleasing -Wno-strict-prototypes -Wno-semicolon-before-method-body -index-store-path /Users/admin/builder/spi-builder-workspace/.derivedData/Index.noindex/DataStore @/Users/admin/builder/spi-builder-workspace/.derivedData/Build/Intermediates.noindex/secp256k1_swift.build/Debug-watchos/libsecp256k1-t.build/Objects-normal/arm64/7187679823f38a2a940e0043cdf9d637-common-args.resp -MMD -MT dependencies -MF /Users/admin/builder/spi-builder-workspace/.derivedData/Build/Intermediates.noindex/secp256k1_swift.build/Debug-watchos/libsecp256k1-t.build/Objects-normal/arm64/secp256k1.d --serialize-diagnostics /Users/admin/builder/spi-builder-workspace/.derivedData/Build/Intermediates.noindex/secp256k1_swift.build/Debug-watchos/libsecp256k1-t.build/Objects-normal/arm64/secp256k1.dia -c /Users/admin/builder/spi-builder-workspace/Classes/secp256k1/src/secp256k1.c -o /Users/admin/builder/spi-builder-workspace/.derivedData/Build/Intermediates.noindex/secp256k1_swift.build/Debug-watchos/libsecp256k1-t.build/Objects-normal/arm64/secp256k1.o -index-unit-output-path /secp256k1_swift.build/Debug-watchos/libsecp256k1-t.build/Objects-normal/arm64/secp256k1.o
/Users/admin/builder/spi-builder-workspace/Classes/secp256k1/src/secp256k1.c:7:10: error: 'include/secp256k1.h' file not found (in target 'libsecp256k1' from project 'secp256k1_swift')
SwiftDriver secp256k1_swift normal arm64 com.apple.xcode.tools.swift.compiler (in target 'secp256k1_swift' from project 'secp256k1_swift')
    cd /Users/admin/builder/spi-builder-workspace/.swiftpm/xcode
    builtin-SwiftDriver -- /Applications/Xcode-27.0.0-Release.Candidate.app/Contents/Developer/Toolchains/XcodeDefault.xctoolchain/usr/bin/swiftc -parse-as-library -module-name secp256k1_swift -Onone @/Users/admin/builder/spi-builder-workspace/.derivedData/Build/Intermediates.noindex/secp256k1_swift.build/Debug-watchos/secp256k1_swift-t.build/Objects-normal/arm64/secp256k1_swift.SwiftFileList -DSWIFT_PACKAGE -DDEBUG -DSWIFT_MODULE_RESOURCE_BUNDLE_UNAVAILABLE -Xcc -fmodule-map-file\=/Users/admin/builder/spi-builder-workspace/.derivedData/Build/Intermediates.noindex/GeneratedModuleMaps-watchos/libsecp256k1.modulemap -DXcode -plugin-path /Applications/Xcode-27.0.0-Release.Candidate.app/Contents/Developer/Toolchains/XcodeDefault.xctoolchain/usr/lib/swift/host/plugins/testing -enable-experimental-feature DebugDescriptionMacro -sdk /Applications/Xcode-27.0.0-Release.Candidate.app/Contents/Developer/Platforms/WatchOS.platform/Developer/SDKs/WatchOS27.0.sdk -target arm64-apple-watchos9.0 -g -module-cache-path /Users/admin/builder/spi-builder-workspace/.derivedData/ModuleCache.noindex -Xfrontend -serialize-debugging-options -enable-testing -index-store-path /Users/admin/builder/spi-builder-workspace/.derivedData/Index.noindex/DataStore -Xcc -D_LIBCPP_HARDENING_MODE\=_LIBCPP_HARDENING_MODE_DEBUG -swift-version 4.2 -I /Users/admin/builder/spi-builder-workspace/.derivedData/Build/Products/Debug-watchos -Isystem /Applications/Xcode-27.0.0-Release.Candidate.app/Contents/Developer/Platforms/WatchOS.platform/Developer/usr/lib -F /Users/admin/builder/spi-builder-workspace/.derivedData/Build/Products/Debug-watchos/PackageFrameworks -F /Users/admin/builder/spi-builder-workspace/.derivedData/Build/Products/Debug-watchos -F /Applications/Xcode-27.0.0-Release.Candidate.app/Contents/Developer/Platforms/WatchOS.platform/Developer/Library/Frameworks -F /Applications/Xcode-27.0.0-Release.Candidate.app/Contents/Developer/Platforms/WatchOS.platform/Developer/SDKs/WatchOS27.0.sdk/Developer/Library/Frameworks -c -j10 -enable-batch-mode -incremental -Xcc -ivfsstatcache -Xcc /Users/admin/builder/spi-builder-workspace/.derivedData/SDKStatCaches.noindex/watchos27.0-24R360-e829b21a6f8c9b70876ba0858053c04477534ef55a1706bf4c1112bbb242f0a2.sdkstatcache -output-file-map /Users/admin/builder/spi-builder-workspace/.derivedData/Build/Intermediates.noindex/secp256k1_swift.build/Debug-watchos/secp256k1_swift-t.build/Objects-normal/arm64/secp256k1_swift-OutputFileMap.json -save-temps -no-color-diagnostics -emit-dependencies -emit-module -emit-module-path /Users/admin/builder/spi-builder-workspace/.derivedData/Build/Intermediates.noindex/secp256k1_swift.build/Debug-watchos/secp256k1_swift-t.build/Objects-normal/arm64/secp256k1_swift.swiftmodule -serialize-diagnostics -validate-clang-modules-once -clang-build-session-file /Users/admin/builder/spi-builder-workspace/.derivedData/ModuleCache.noindex/Session.modulevalidation -Xcc -fmodules-prune-interval\=86400 -Xcc -fmodules-prune-after\=345600 -emit-const-values -const-gather-protocols-list /Users/admin/builder/spi-builder-workspace/.derivedData/Build/Intermediates.noindex/secp256k1_swift.build/Debug-watchos/secp256k1_swift-t.build/Objects-normal/arm64/secp256k1_swift_const_extract_protocols.json -Xcc -I/Users/admin/builder/spi-builder-workspace/Classes/secp256k1/include -Xcc -I/Users/admin/builder/spi-builder-workspace/.derivedData/Build/Products/Debug-watchos/include -Xcc -I/Users/admin/builder/spi-builder-workspace/.derivedData/Build/Intermediates.noindex/secp256k1_swift.build/Debug-watchos/secp256k1_swift-t.build/DerivedSources-normal/arm64 -Xcc -I/Users/admin/builder/spi-builder-workspace/.derivedData/Build/Intermediates.noindex/secp256k1_swift.build/Debug-watchos/secp256k1_swift-t.build/DerivedSources/arm64 -Xcc -I/Users/admin/builder/spi-builder-workspace/.derivedData/Build/Intermediates.noindex/secp256k1_swift.build/Debug-watchos/secp256k1_swift-t.build/DerivedSources -Xcc -DSWIFT_PACKAGE -Xcc -DDEBUG\=1 -emit-objc-header -emit-objc-header-path /Users/admin/builder/spi-builder-workspace/.derivedData/Build/Intermediates.noindex/secp256k1_swift.build/Debug-watchos/secp256k1_swift-t.build/Objects-normal/arm64/secp256k1_swift-Swift.h -working-directory /Users/admin/builder/spi-builder-workspace/.swiftpm/xcode -experimental-emit-module-separately -disable-cmo
SwiftDriver secp256k1_swift normal arm64_32 com.apple.xcode.tools.swift.compiler (in target 'secp256k1_swift' from project 'secp256k1_swift')
    cd /Users/admin/builder/spi-builder-workspace/.swiftpm/xcode
    builtin-SwiftDriver -- /Applications/Xcode-27.0.0-Release.Candidate.app/Contents/Developer/Toolchains/XcodeDefault.xctoolchain/usr/bin/swiftc -parse-as-library -module-name secp256k1_swift -Onone @/Users/admin/builder/spi-builder-workspace/.derivedData/Build/Intermediates.noindex/secp256k1_swift.build/Debug-watchos/secp256k1_swift-t.build/Objects-normal/arm64_32/secp256k1_swift.SwiftFileList -DSWIFT_PACKAGE -DDEBUG -DSWIFT_MODULE_RESOURCE_BUNDLE_UNAVAILABLE -Xcc -fmodule-map-file\=/Users/admin/builder/spi-builder-workspace/.derivedData/Build/Intermediates.noindex/GeneratedModuleMaps-watchos/libsecp256k1.modulemap -DXcode -plugin-path /Applications/Xcode-27.0.0-Release.Candidate.app/Contents/Developer/Toolchains/XcodeDefault.xctoolchain/usr/lib/swift/host/plugins/testing -enable-experimental-feature DebugDescriptionMacro -sdk /Applications/Xcode-27.0.0-Release.Candidate.app/Contents/Developer/Platforms/WatchOS.platform/Developer/SDKs/WatchOS27.0.sdk -target arm64_32-apple-watchos9.0 -g -module-cache-path /Users/admin/builder/spi-builder-workspace/.derivedData/ModuleCache.noindex -Xfrontend -serialize-debugging-options -enable-testing -index-store-path /Users/admin/builder/spi-builder-workspace/.derivedData/Index.noindex/DataStore -Xcc -D_LIBCPP_HARDENING_MODE\=_LIBCPP_HARDENING_MODE_DEBUG -swift-version 4.2 -I /Users/admin/builder/spi-builder-workspace/.derivedData/Build/Products/Debug-watchos -Isystem /Applications/Xcode-27.0.0-Release.Candidate.app/Contents/Developer/Platforms/WatchOS.platform/Developer/usr/lib -F /Users/admin/builder/spi-builder-workspace/.derivedData/Build/Products/Debug-watchos/PackageFrameworks -F /Users/admin/builder/spi-builder-workspace/.derivedData/Build/Products/Debug-watchos -F /Applications/Xcode-27.0.0-Release.Candidate.app/Contents/Developer/Platforms/WatchOS.platform/Developer/Library/Frameworks -F /Applications/Xcode-27.0.0-Release.Candidate.app/Contents/Developer/Platforms/WatchOS.platform/Developer/SDKs/WatchOS27.0.sdk/Developer/Library/Frameworks -c -j10 -enable-batch-mode -incremental -Xcc -ivfsstatcache -Xcc /Users/admin/builder/spi-builder-workspace/.derivedData/SDKStatCaches.noindex/watchos27.0-24R360-e829b21a6f8c9b70876ba0858053c04477534ef55a1706bf4c1112bbb242f0a2.sdkstatcache -output-file-map /Users/admin/builder/spi-builder-workspace/.derivedData/Build/Intermediates.noindex/secp256k1_swift.build/Debug-watchos/secp256k1_swift-t.build/Objects-normal/arm64_32/secp256k1_swift-OutputFileMap.json -save-temps -no-color-diagnostics -emit-dependencies -emit-module -emit-module-path /Users/admin/builder/spi-builder-workspace/.derivedData/Build/Intermediates.noindex/secp256k1_swift.build/Debug-watchos/secp256k1_swift-t.build/Objects-normal/arm64_32/secp256k1_swift.swiftmodule -serialize-diagnostics -validate-clang-modules-once -clang-build-session-file /Users/admin/builder/spi-builder-workspace/.derivedData/ModuleCache.noindex/Session.modulevalidation -Xcc -fmodules-prune-interval\=86400 -Xcc -fmodules-prune-after\=345600 -emit-const-values -const-gather-protocols-list /Users/admin/builder/spi-builder-workspace/.derivedData/Build/Intermediates.noindex/secp256k1_swift.build/Debug-watchos/secp256k1_swift-t.build/Objects-normal/arm64_32/secp256k1_swift_const_extract_protocols.json -Xcc -I/Users/admin/builder/spi-builder-workspace/Classes/secp256k1/include -Xcc -I/Users/admin/builder/spi-builder-workspace/.derivedData/Build/Products/Debug-watchos/include -Xcc -I/Users/admin/builder/spi-builder-workspace/.derivedData/Build/Intermediates.noindex/secp256k1_swift.build/Debug-watchos/secp256k1_swift-t.build/DerivedSources-normal/arm64_32 -Xcc -I/Users/admin/builder/spi-builder-workspace/.derivedData/Build/Intermediates.noindex/secp256k1_swift.build/Debug-watchos/secp256k1_swift-t.build/DerivedSources/arm64_32 -Xcc -I/Users/admin/builder/spi-builder-workspace/.derivedData/Build/Intermediates.noindex/secp256k1_swift.build/Debug-watchos/secp256k1_swift-t.build/DerivedSources -Xcc -DSWIFT_PACKAGE -Xcc -DDEBUG\=1 -emit-objc-header -emit-objc-header-path /Users/admin/builder/spi-builder-workspace/.derivedData/Build/Intermediates.noindex/secp256k1_swift.build/Debug-watchos/secp256k1_swift-t.build/Objects-normal/arm64_32/secp256k1_swift-Swift.h -working-directory /Users/admin/builder/spi-builder-workspace/.swiftpm/xcode -experimental-emit-module-separately -disable-cmo
ScanDependencies /Users/admin/builder/spi-builder-workspace/.derivedData/Build/Intermediates.noindex/secp256k1_swift.build/Debug-watchos/libsecp256k1-t.build/Objects-normal/arm64/lax_der_parsing.o /Users/admin/builder/spi-builder-workspace/Classes/secp256k1/contrib/lax_der_parsing.c normal arm64 c com.apple.compilers.llvm.clang.1_0.compiler (in target 'libsecp256k1' from project 'secp256k1_swift')
    cd /Users/admin/builder/spi-builder-workspace/.swiftpm/xcode

    Using response file: /Users/admin/builder/spi-builder-workspace/.derivedData/Build/Intermediates.noindex/secp256k1_swift.build/Debug-watchos/libsecp256k1-t.build/Objects-normal/arm64/7187679823f38a2a940e0043cdf9d637-common-args.resp

    builtin-ScanDependencies -o /Users/admin/builder/spi-builder-workspace/.derivedData/Build/Intermediates.noindex/secp256k1_swift.build/Debug-watchos/libsecp256k1-t.build/Objects-normal/arm64/lax_der_parsing.o.scan -- /Applications/Xcode-27.0.0-Release.Candidate.app/Contents/Developer/Toolchains/XcodeDefault.xctoolchain/usr/bin/clang -x c -ivfsstatcache /Users/admin/builder/spi-builder-workspace/.derivedData/SDKStatCaches.noindex/watchos27.0-24R360-e829b21a6f8c9b70876ba0858053c04477534ef55a1706bf4c1112bbb242f0a2.sdkstatcache -target arm64-apple-watchos9.0 -fmessage-length\=0 -fdiagnostics-show-note-include-stack -fmacro-backtrace-limit\=0 -fno-color-diagnostics -fmodules-prune-interval\=86400 -fmodules-prune-after\=345600 -fbuild-session-file\=/Users/admin/builder/spi-builder-workspace/.derivedData/ModuleCache.noindex/Session.modulevalidation -fmodules-validate-once-per-build-session -Wnon-modular-include-in-framework-module -Werror\=non-modular-include-in-framework-module -Wno-trigraphs -Wno-missing-field-initializers -Wno-missing-prototypes -Wno-return-type -Wno-missing-braces -Wparentheses -Wswitch -Wno-unused-function -Wno-unused-label -Wno-unused-parameter -Wno-unused-variable -Wunused-value -Wno-empty-body -Wno-uninitialized -Wno-unknown-pragmas -Wno-shadow -Wno-four-char-constants -Wno-conversion -Wno-constant-conversion -Wno-int-conversion -Wno-bool-conversion -Wno-enum-conversion -Wno-float-conversion -Wno-non-literal-null-conversion -Wno-objc-literal-conversion -Wshorten-64-to-32 -Wpointer-sign -Wno-newline-eof -Wno-implicit-fallthrough -isysroot /Applications/Xcode-27.0.0-Release.Candidate.app/Contents/Developer/Platforms/WatchOS.platform/Developer/SDKs/WatchOS27.0.sdk -fstrict-aliasing -Wdeprecated-declarations -Wno-sign-conversion -Wno-infinite-recursion -Wno-comma -Wno-block-capture-autoreleasing -Wno-strict-prototypes -Wno-semicolon-before-method-body -index-store-path /Users/admin/builder/spi-builder-workspace/.derivedData/Index.noindex/DataStore @/Users/admin/builder/spi-builder-workspace/.derivedData/Build/Intermediates.noindex/secp256k1_swift.build/Debug-watchos/libsecp256k1-t.build/Objects-normal/arm64/7187679823f38a2a940e0043cdf9d637-common-args.resp -MMD -MT dependencies -MF /Users/admin/builder/spi-builder-workspace/.derivedData/Build/Intermediates.noindex/secp256k1_swift.build/Debug-watchos/libsecp256k1-t.build/Objects-normal/arm64/lax_der_parsing.d --serialize-diagnostics /Users/admin/builder/spi-builder-workspace/.derivedData/Build/Intermediates.noindex/secp256k1_swift.build/Debug-watchos/libsecp256k1-t.build/Objects-normal/arm64/lax_der_parsing.dia -c /Users/admin/builder/spi-builder-workspace/Classes/secp256k1/contrib/lax_der_parsing.c -o /Users/admin/builder/spi-builder-workspace/.derivedData/Build/Intermediates.noindex/secp256k1_swift.build/Debug-watchos/libsecp256k1-t.build/Objects-normal/arm64/lax_der_parsing.o -index-unit-output-path /secp256k1_swift.build/Debug-watchos/libsecp256k1-t.build/Objects-normal/arm64/lax_der_parsing.o
SwiftEmitModule normal arm64 Emitting\ module\ for\ secp256k1_swift (in target 'secp256k1_swift' from project 'secp256k1_swift')
SwiftCompile normal arm64 (in target 'secp256k1_swift' from project 'secp256k1_swift')
    cd /Users/admin/builder/spi-builder-workspace/.swiftpm/xcode

SwiftCompile normal arm64 Compiling\ secp256k1.swift /Users/admin/builder/spi-builder-workspace/Classes/secp256k1.swift (in target 'secp256k1_swift' from project 'secp256k1_swift')
SwiftCompile normal arm64 /Users/admin/builder/spi-builder-workspace/Classes/secp256k1.swift (in target 'secp256k1_swift' from project 'secp256k1_swift')
    cd /Users/admin/builder/spi-builder-workspace/.swiftpm/xcode
    builtin-SwiftPerFileCompile secp256k1.swift
SwiftEmitModule normal arm64_32 Emitting\ module\ for\ secp256k1_swift (in target 'secp256k1_swift' from project 'secp256k1_swift')
SwiftCompile normal arm64_32 (in target 'secp256k1_swift' from project 'secp256k1_swift')
    cd /Users/admin/builder/spi-builder-workspace/.swiftpm/xcode

SwiftCompile normal arm64_32 Compiling\ secp256k1.swift /Users/admin/builder/spi-builder-workspace/Classes/secp256k1.swift (in target 'secp256k1_swift' from project 'secp256k1_swift')
SwiftCompile normal arm64_32 /Users/admin/builder/spi-builder-workspace/Classes/secp256k1.swift (in target 'secp256k1_swift' from project 'secp256k1_swift')
    cd /Users/admin/builder/spi-builder-workspace/.swiftpm/xcode
    builtin-SwiftPerFileCompile secp256k1.swift
PrecompileModule /Users/admin/builder/spi-builder-workspace/.derivedData/Build/Intermediates.noindex/ExplicitPrecompiledModules/_Builtin_stdarg-BNBBJ92HYA671BK8FV57ZG305.scan
    cd /
    builtin-precompileModule /Users/admin/builder/spi-builder-workspace/.derivedData/Build/Intermediates.noindex/ExplicitPrecompiledModules/_Builtin_stdarg-BNBBJ92HYA671BK8FV57ZG305.scan
PrecompileModule /Users/admin/builder/spi-builder-workspace/.derivedData/Build/Intermediates.noindex/ExplicitPrecompiledModules/_Builtin_stddef-75642XNKWLPNPJ5UPO0GYQ48Z.scan
    cd /
    builtin-precompileModule /Users/admin/builder/spi-builder-workspace/.derivedData/Build/Intermediates.noindex/ExplicitPrecompiledModules/_Builtin_stddef-75642XNKWLPNPJ5UPO0GYQ48Z.scan
PrecompileModule /Users/admin/builder/spi-builder-workspace/.derivedData/Build/Intermediates.noindex/ExplicitPrecompiledModules/ptrcheck-92TOB8YGK0GETTDK46QVCE9JT.scan
    cd /
    builtin-precompileModule /Users/admin/builder/spi-builder-workspace/.derivedData/Build/Intermediates.noindex/ExplicitPrecompiledModules/ptrcheck-92TOB8YGK0GETTDK46QVCE9JT.scan
PrecompileModule /Users/admin/builder/spi-builder-workspace/.derivedData/Build/Intermediates.noindex/ExplicitPrecompiledModules/_AvailabilityInternal-639G2R9OHW79I32FJB9P954TI.scan
    cd /
    builtin-precompileModule /Users/admin/builder/spi-builder-workspace/.derivedData/Build/Intermediates.noindex/ExplicitPrecompiledModules/_AvailabilityInternal-639G2R9OHW79I32FJB9P954TI.scan
PruneExplicitPrecompiledModules /Users/admin/builder/spi-builder-workspace/.derivedData/SDKExplicitPrecompiledModules
PruneExplicitPrecompiledModules /Users/admin/builder/spi-builder-workspace/.derivedData/Build/Intermediates.noindex/ExplicitPrecompiledModules
PruneExplicitPrecompiledModules /Users/admin/builder/spi-builder-workspace/.derivedData/Build/Intermediates.noindex/SwiftExplicitPrecompiledModules
2026-09-16 10:47:47.122 xcodebuild[674:4331] [MT] IDERunDestination: Supported platforms for the buildables in the current scheme is empty.
** BUILD FAILED **
The following build commands failed:
	ScanDependencies /Users/admin/builder/spi-builder-workspace/.derivedData/Build/Intermediates.noindex/secp256k1_swift.build/Debug-watchos/libsecp256k1-t.build/Objects-normal/arm64_32/secp256k1.o /Users/admin/builder/spi-builder-workspace/Classes/secp256k1/src/secp256k1.c normal arm64_32 c com.apple.compilers.llvm.clang.1_0.compiler (in target 'libsecp256k1' from project 'secp256k1_swift')
	ScanDependencies /Users/admin/builder/spi-builder-workspace/.derivedData/Build/Intermediates.noindex/secp256k1_swift.build/Debug-watchos/libsecp256k1-t.build/Objects-normal/arm64/secp256k1.o /Users/admin/builder/spi-builder-workspace/Classes/secp256k1/src/secp256k1.c normal arm64 c com.apple.compilers.llvm.clang.1_0.compiler (in target 'libsecp256k1' from project 'secp256k1_swift')
	Building workspace secp256k1_swift with scheme secp256k1_swift
(3 failures)
Command line invocation:
    /Applications/Xcode-27.0.0-Release.Candidate.app/Contents/Developer/usr/bin/xcodebuild -IDEClonedSourcePackagesDirPathOverride=/Users/admin/builder/spi-builder-workspace/.dependencies -resolvePackageDependencies
Resolve Package Graph
Invalid Source '/Users/admin/builder/spi-builder-workspace/Classes/secp256k1/modules/ecdh': File not found.Invalid Source '/Users/admin/builder/spi-builder-workspace/Classes/secp256k1/modules/recovery': File not found.
Resolved source packages:
  secp256k1_swift: /Users/admin/builder/spi-builder-workspace
resolved source packages: secp256k1_swift
2026-09-16 10:47:49.709 xcodebuild[702:4514] [MT] IDERunDestination: Supported platforms for the buildables in the current scheme is empty.
{
  "dependencies" : [
  ],
  "manifest_display_name" : "secp256k1_swift",
  "name" : "secp256k1_swift",
  "path" : "/Users/admin/builder/spi-builder-workspace",
  "platforms" : [
  ],
  "products" : [
    {
      "name" : "secp256k1_swift",
      "targets" : [
        "secp256k1_swift"
      ],
      "type" : {
        "library" : [
          "automatic"
        ]
      }
    }
  ],
  "targets" : [
    {
      "c99name" : "secp256k1_swift",
      "module_type" : "SwiftTarget",
      "name" : "secp256k1_swift",
      "path" : "Classes",
      "product_memberships" : [
        "secp256k1_swift"
      ],
      "sources" : [
        "secp256k1.swift"
      ],
      "target_dependencies" : [
        "libsecp256k1"
      ],
      "type" : "library"
    },
    {
      "c99name" : "libsecp256k1",
      "module_type" : "ClangTarget",
      "name" : "libsecp256k1",
      "path" : "Classes",
      "product_memberships" : [
        "secp256k1_swift"
      ],
      "sources" : [
        "secp256k1/contrib/lax_der_parsing.c",
        "secp256k1/contrib/lax_der_privatekey_parsing.c",
        "secp256k1/src/secp256k1.c"
      ],
      "type" : "library"
    }
  ],
  "tools_version" : "4.2"
}
warning: 'spi-builder-workspace': Invalid Source '/Users/admin/builder/spi-builder-workspace/Classes/secp256k1/modules/ecdh': File not found.
warning: 'spi-builder-workspace': Invalid Source '/Users/admin/builder/spi-builder-workspace/Classes/secp256k1/modules/recovery': File not found.
{
  "workspace" : {
    "name" : "secp256k1_swift",
    "schemes" : [
      "secp256k1_swift"
    ]
  }
}
2026-09-16 10:47:50.944 xcodebuild[710:4569] [MT] IDERunDestination: Supported platforms for the buildables in the current scheme is empty.
Running build ...
env DEVELOPER_DIR=/Applications/Xcode-27.0.0-Release.Candidate.app xcrun xcodebuild -IDEClonedSourcePackagesDirPathOverride=$PWD/.dependencies -skipMacroValidation -skipPackagePluginValidation -derivedDataPath $PWD/.derivedData build -scheme secp256k1_swift -destination generic/platform=watchOS
Command line invocation:
    /Applications/Xcode-27.0.0-Release.Candidate.app/Contents/Developer/usr/bin/xcodebuild -IDEClonedSourcePackagesDirPathOverride=/Users/admin/builder/spi-builder-workspace/.dependencies -skipMacroValidation -skipPackagePluginValidation -derivedDataPath /Users/admin/builder/spi-builder-workspace/.derivedData build -scheme secp256k1_swift -destination generic/platform=watchOS
Resolve Package Graph
Invalid Source '/Users/admin/builder/spi-builder-workspace/Classes/secp256k1/modules/ecdh': File not found.Invalid Source '/Users/admin/builder/spi-builder-workspace/Classes/secp256k1/modules/recovery': File not found.
Resolved source packages:
  secp256k1_swift: /Users/admin/builder/spi-builder-workspace
ComputePackagePrebuildTargetDependencyGraph
Prepare packages
CreateBuildRequest
SendProjectDescription
CreateBuildOperation
ComputeTargetDependencyGraph
note: Building targets in dependency order
note: Target dependency graph (3 targets)
    Target 'secp256k1_swift-product' in project 'secp256k1_swift'
        ➜ Explicit dependency on target 'secp256k1_swift' in project 'secp256k1_swift'
        ➜ Explicit dependency on target 'libsecp256k1' in project 'secp256k1_swift'
    Target 'secp256k1_swift' in project 'secp256k1_swift'
        ➜ Explicit dependency on target 'libsecp256k1' in project 'secp256k1_swift'
    Target 'libsecp256k1' in project 'secp256k1_swift' (no dependencies)
GatherProvisioningInputs
CreateBuildDescription
ClangStatCache /Applications/Xcode-27.0.0-Release.Candidate.app/Contents/Developer/Toolchains/XcodeDefault.xctoolchain/usr/bin/clang-stat-cache /Applications/Xcode-27.0.0-Release.Candidate.app/Contents/Developer/Platforms/WatchOS.platform/Developer/SDKs/WatchOS27.0.sdk /Users/admin/builder/spi-builder-workspace/.derivedData/SDKStatCaches.noindex/watchos27.0-24R360-e829b21a6f8c9b70876ba0858053c04477534ef55a1706bf4c1112bbb242f0a2.sdkstatcache
    cd /Users/admin/builder/spi-builder-workspace/.swiftpm/xcode
    /Applications/Xcode-27.0.0-Release.Candidate.app/Contents/Developer/Toolchains/XcodeDefault.xctoolchain/usr/bin/clang-stat-cache /Applications/Xcode-27.0.0-Release.Candidate.app/Contents/Developer/Platforms/WatchOS.platform/Developer/SDKs/WatchOS27.0.sdk -o /Users/admin/builder/spi-builder-workspace/.derivedData/SDKStatCaches.noindex/watchos27.0-24R360-e829b21a6f8c9b70876ba0858053c04477534ef55a1706bf4c1112bbb242f0a2.sdkstatcache
ScanDependencies /Users/admin/builder/spi-builder-workspace/.derivedData/Build/Intermediates.noindex/secp256k1_swift.build/Debug-watchos/libsecp256k1-t.build/Objects-normal/arm64_32/secp256k1.o /Users/admin/builder/spi-builder-workspace/Classes/secp256k1/src/secp256k1.c normal arm64_32 c com.apple.compilers.llvm.clang.1_0.compiler (in target 'libsecp256k1' from project 'secp256k1_swift')
    cd /Users/admin/builder/spi-builder-workspace/.swiftpm/xcode

    Using response file: /Users/admin/builder/spi-builder-workspace/.derivedData/Build/Intermediates.noindex/secp256k1_swift.build/Debug-watchos/libsecp256k1-t.build/Objects-normal/arm64_32/7187679823f38a2a940e0043cdf9d637-common-args.resp

    builtin-ScanDependencies -o /Users/admin/builder/spi-builder-workspace/.derivedData/Build/Intermediates.noindex/secp256k1_swift.build/Debug-watchos/libsecp256k1-t.build/Objects-normal/arm64_32/secp256k1.o.scan -- /Applications/Xcode-27.0.0-Release.Candidate.app/Contents/Developer/Toolchains/XcodeDefault.xctoolchain/usr/bin/clang -x c -ivfsstatcache /Users/admin/builder/spi-builder-workspace/.derivedData/SDKStatCaches.noindex/watchos27.0-24R360-e829b21a6f8c9b70876ba0858053c04477534ef55a1706bf4c1112bbb242f0a2.sdkstatcache -target arm64_32-apple-watchos9.0 -fmessage-length\=0 -fdiagnostics-show-note-include-stack -fmacro-backtrace-limit\=0 -fno-color-diagnostics -fmodules-prune-interval\=86400 -fmodules-prune-after\=345600 -fbuild-session-file\=/Users/admin/builder/spi-builder-workspace/.derivedData/ModuleCache.noindex/Session.modulevalidation -fmodules-validate-once-per-build-session -Wnon-modular-include-in-framework-module -Werror\=non-modular-include-in-framework-module -Wno-trigraphs -Wno-missing-field-initializers -Wno-missing-prototypes -Wno-return-type -Wno-missing-braces -Wparentheses -Wswitch -Wno-unused-function -Wno-unused-label -Wno-unused-parameter -Wno-unused-variable -Wunused-value -Wno-empty-body -Wno-uninitialized -Wno-unknown-pragmas -Wno-shadow -Wno-four-char-constants -Wno-conversion -Wno-constant-conversion -Wno-int-conversion -Wno-bool-conversion -Wno-enum-conversion -Wno-float-conversion -Wno-non-literal-null-conversion -Wno-objc-literal-conversion -Wno-shorten-64-to-32 -Wpointer-sign -Wno-newline-eof -Wno-implicit-fallthrough -isysroot /Applications/Xcode-27.0.0-Release.Candidate.app/Contents/Developer/Platforms/WatchOS.platform/Developer/SDKs/WatchOS27.0.sdk -fstrict-aliasing -Wdeprecated-declarations -Wno-sign-conversion -Wno-infinite-recursion -Wno-comma -Wno-block-capture-autoreleasing -Wno-strict-prototypes -Wno-semicolon-before-method-body -index-store-path /Users/admin/builder/spi-builder-workspace/.derivedData/Index.noindex/DataStore @/Users/admin/builder/spi-builder-workspace/.derivedData/Build/Intermediates.noindex/secp256k1_swift.build/Debug-watchos/libsecp256k1-t.build/Objects-normal/arm64_32/7187679823f38a2a940e0043cdf9d637-common-args.resp -MMD -MT dependencies -MF /Users/admin/builder/spi-builder-workspace/.derivedData/Build/Intermediates.noindex/secp256k1_swift.build/Debug-watchos/libsecp256k1-t.build/Objects-normal/arm64_32/secp256k1.d --serialize-diagnostics /Users/admin/builder/spi-builder-workspace/.derivedData/Build/Intermediates.noindex/secp256k1_swift.build/Debug-watchos/libsecp256k1-t.build/Objects-normal/arm64_32/secp256k1.dia -c /Users/admin/builder/spi-builder-workspace/Classes/secp256k1/src/secp256k1.c -o /Users/admin/builder/spi-builder-workspace/.derivedData/Build/Intermediates.noindex/secp256k1_swift.build/Debug-watchos/libsecp256k1-t.build/Objects-normal/arm64_32/secp256k1.o -index-unit-output-path /secp256k1_swift.build/Debug-watchos/libsecp256k1-t.build/Objects-normal/arm64_32/secp256k1.o
/Users/admin/builder/spi-builder-workspace/Classes/secp256k1/src/secp256k1.c:7:10: error: 'include/secp256k1.h' file not found (in target 'libsecp256k1' from project 'secp256k1_swift')
ScanDependencies /Users/admin/builder/spi-builder-workspace/.derivedData/Build/Intermediates.noindex/secp256k1_swift.build/Debug-watchos/libsecp256k1-t.build/Objects-normal/arm64/secp256k1.o /Users/admin/builder/spi-builder-workspace/Classes/secp256k1/src/secp256k1.c normal arm64 c com.apple.compilers.llvm.clang.1_0.compiler (in target 'libsecp256k1' from project 'secp256k1_swift')
    cd /Users/admin/builder/spi-builder-workspace/.swiftpm/xcode

    Using response file: /Users/admin/builder/spi-builder-workspace/.derivedData/Build/Intermediates.noindex/secp256k1_swift.build/Debug-watchos/libsecp256k1-t.build/Objects-normal/arm64/7187679823f38a2a940e0043cdf9d637-common-args.resp

    builtin-ScanDependencies -o /Users/admin/builder/spi-builder-workspace/.derivedData/Build/Intermediates.noindex/secp256k1_swift.build/Debug-watchos/libsecp256k1-t.build/Objects-normal/arm64/secp256k1.o.scan -- /Applications/Xcode-27.0.0-Release.Candidate.app/Contents/Developer/Toolchains/XcodeDefault.xctoolchain/usr/bin/clang -x c -ivfsstatcache /Users/admin/builder/spi-builder-workspace/.derivedData/SDKStatCaches.noindex/watchos27.0-24R360-e829b21a6f8c9b70876ba0858053c04477534ef55a1706bf4c1112bbb242f0a2.sdkstatcache -target arm64-apple-watchos9.0 -fmessage-length\=0 -fdiagnostics-show-note-include-stack -fmacro-backtrace-limit\=0 -fno-color-diagnostics -fmodules-prune-interval\=86400 -fmodules-prune-after\=345600 -fbuild-session-file\=/Users/admin/builder/spi-builder-workspace/.derivedData/ModuleCache.noindex/Session.modulevalidation -fmodules-validate-once-per-build-session -Wnon-modular-include-in-framework-module -Werror\=non-modular-include-in-framework-module -Wno-trigraphs -Wno-missing-field-initializers -Wno-missing-prototypes -Wno-return-type -Wno-missing-braces -Wparentheses -Wswitch -Wno-unused-function -Wno-unused-label -Wno-unused-parameter -Wno-unused-variable -Wunused-value -Wno-empty-body -Wno-uninitialized -Wno-unknown-pragmas -Wno-shadow -Wno-four-char-constants -Wno-conversion -Wno-constant-conversion -Wno-int-conversion -Wno-bool-conversion -Wno-enum-conversion -Wno-float-conversion -Wno-non-literal-null-conversion -Wno-objc-literal-conversion -Wshorten-64-to-32 -Wpointer-sign -Wno-newline-eof -Wno-implicit-fallthrough -isysroot /Applications/Xcode-27.0.0-Release.Candidate.app/Contents/Developer/Platforms/WatchOS.platform/Developer/SDKs/WatchOS27.0.sdk -fstrict-aliasing -Wdeprecated-declarations -Wno-sign-conversion -Wno-infinite-recursion -Wno-comma -Wno-block-capture-autoreleasing -Wno-strict-prototypes -Wno-semicolon-before-method-body -index-store-path /Users/admin/builder/spi-builder-workspace/.derivedData/Index.noindex/DataStore @/Users/admin/builder/spi-builder-workspace/.derivedData/Build/Intermediates.noindex/secp256k1_swift.build/Debug-watchos/libsecp256k1-t.build/Objects-normal/arm64/7187679823f38a2a940e0043cdf9d637-common-args.resp -MMD -MT dependencies -MF /Users/admin/builder/spi-builder-workspace/.derivedData/Build/Intermediates.noindex/secp256k1_swift.build/Debug-watchos/libsecp256k1-t.build/Objects-normal/arm64/secp256k1.d --serialize-diagnostics /Users/admin/builder/spi-builder-workspace/.derivedData/Build/Intermediates.noindex/secp256k1_swift.build/Debug-watchos/libsecp256k1-t.build/Objects-normal/arm64/secp256k1.dia -c /Users/admin/builder/spi-builder-workspace/Classes/secp256k1/src/secp256k1.c -o /Users/admin/builder/spi-builder-workspace/.derivedData/Build/Intermediates.noindex/secp256k1_swift.build/Debug-watchos/libsecp256k1-t.build/Objects-normal/arm64/secp256k1.o -index-unit-output-path /secp256k1_swift.build/Debug-watchos/libsecp256k1-t.build/Objects-normal/arm64/secp256k1.o
/Users/admin/builder/spi-builder-workspace/Classes/secp256k1/src/secp256k1.c:7:10: error: 'include/secp256k1.h' file not found (in target 'libsecp256k1' from project 'secp256k1_swift')
PrecompileModule /Users/admin/builder/spi-builder-workspace/.derivedData/Build/Intermediates.noindex/ExplicitPrecompiledModules/_Builtin_stddef-75642XNKWLPNPJ5UPO0GYQ48Z.scan
    cd /
    builtin-precompileModule /Users/admin/builder/spi-builder-workspace/.derivedData/Build/Intermediates.noindex/ExplicitPrecompiledModules/_Builtin_stddef-75642XNKWLPNPJ5UPO0GYQ48Z.scan
SwiftDriver secp256k1_swift normal arm64 com.apple.xcode.tools.swift.compiler (in target 'secp256k1_swift' from project 'secp256k1_swift')
    cd /Users/admin/builder/spi-builder-workspace/.swiftpm/xcode
    builtin-SwiftDriver -- /Applications/Xcode-27.0.0-Release.Candidate.app/Contents/Developer/Toolchains/XcodeDefault.xctoolchain/usr/bin/swiftc -parse-as-library -module-name secp256k1_swift -Onone @/Users/admin/builder/spi-builder-workspace/.derivedData/Build/Intermediates.noindex/secp256k1_swift.build/Debug-watchos/secp256k1_swift-t.build/Objects-normal/arm64/secp256k1_swift.SwiftFileList -DSWIFT_PACKAGE -DDEBUG -DSWIFT_MODULE_RESOURCE_BUNDLE_UNAVAILABLE -Xcc -fmodule-map-file\=/Users/admin/builder/spi-builder-workspace/.derivedData/Build/Intermediates.noindex/GeneratedModuleMaps-watchos/libsecp256k1.modulemap -DXcode -plugin-path /Applications/Xcode-27.0.0-Release.Candidate.app/Contents/Developer/Toolchains/XcodeDefault.xctoolchain/usr/lib/swift/host/plugins/testing -enable-experimental-feature DebugDescriptionMacro -sdk /Applications/Xcode-27.0.0-Release.Candidate.app/Contents/Developer/Platforms/WatchOS.platform/Developer/SDKs/WatchOS27.0.sdk -target arm64-apple-watchos9.0 -g -module-cache-path /Users/admin/builder/spi-builder-workspace/.derivedData/ModuleCache.noindex -Xfrontend -serialize-debugging-options -enable-testing -index-store-path /Users/admin/builder/spi-builder-workspace/.derivedData/Index.noindex/DataStore -Xcc -D_LIBCPP_HARDENING_MODE\=_LIBCPP_HARDENING_MODE_DEBUG -swift-version 4.2 -I /Users/admin/builder/spi-builder-workspace/.derivedData/Build/Products/Debug-watchos -Isystem /Applications/Xcode-27.0.0-Release.Candidate.app/Contents/Developer/Platforms/WatchOS.platform/Developer/usr/lib -F /Users/admin/builder/spi-builder-workspace/.derivedData/Build/Products/Debug-watchos/PackageFrameworks -F /Users/admin/builder/spi-builder-workspace/.derivedData/Build/Products/Debug-watchos -F /Applications/Xcode-27.0.0-Release.Candidate.app/Contents/Developer/Platforms/WatchOS.platform/Developer/Library/Frameworks -F /Applications/Xcode-27.0.0-Release.Candidate.app/Contents/Developer/Platforms/WatchOS.platform/Developer/SDKs/WatchOS27.0.sdk/Developer/Library/Frameworks -c -j10 -enable-batch-mode -incremental -Xcc -ivfsstatcache -Xcc /Users/admin/builder/spi-builder-workspace/.derivedData/SDKStatCaches.noindex/watchos27.0-24R360-e829b21a6f8c9b70876ba0858053c04477534ef55a1706bf4c1112bbb242f0a2.sdkstatcache -output-file-map /Users/admin/builder/spi-builder-workspace/.derivedData/Build/Intermediates.noindex/secp256k1_swift.build/Debug-watchos/secp256k1_swift-t.build/Objects-normal/arm64/secp256k1_swift-OutputFileMap.json -save-temps -no-color-diagnostics -emit-dependencies -emit-module -emit-module-path /Users/admin/builder/spi-builder-workspace/.derivedData/Build/Intermediates.noindex/secp256k1_swift.build/Debug-watchos/secp256k1_swift-t.build/Objects-normal/arm64/secp256k1_swift.swiftmodule -serialize-diagnostics -validate-clang-modules-once -clang-build-session-file /Users/admin/builder/spi-builder-workspace/.derivedData/ModuleCache.noindex/Session.modulevalidation -Xcc -fmodules-prune-interval\=86400 -Xcc -fmodules-prune-after\=345600 -emit-const-values -const-gather-protocols-list /Users/admin/builder/spi-builder-workspace/.derivedData/Build/Intermediates.noindex/secp256k1_swift.build/Debug-watchos/secp256k1_swift-t.build/Objects-normal/arm64/secp256k1_swift_const_extract_protocols.json -Xcc -I/Users/admin/builder/spi-builder-workspace/Classes/secp256k1/include -Xcc -I/Users/admin/builder/spi-builder-workspace/.derivedData/Build/Products/Debug-watchos/include -Xcc -I/Users/admin/builder/spi-builder-workspace/.derivedData/Build/Intermediates.noindex/secp256k1_swift.build/Debug-watchos/secp256k1_swift-t.build/DerivedSources-normal/arm64 -Xcc -I/Users/admin/builder/spi-builder-workspace/.derivedData/Build/Intermediates.noindex/secp256k1_swift.build/Debug-watchos/secp256k1_swift-t.build/DerivedSources/arm64 -Xcc -I/Users/admin/builder/spi-builder-workspace/.derivedData/Build/Intermediates.noindex/secp256k1_swift.build/Debug-watchos/secp256k1_swift-t.build/DerivedSources -Xcc -DSWIFT_PACKAGE -Xcc -DDEBUG\=1 -emit-objc-header -emit-objc-header-path /Users/admin/builder/spi-builder-workspace/.derivedData/Build/Intermediates.noindex/secp256k1_swift.build/Debug-watchos/secp256k1_swift-t.build/Objects-normal/arm64/secp256k1_swift-Swift.h -working-directory /Users/admin/builder/spi-builder-workspace/.swiftpm/xcode -experimental-emit-module-separately -disable-cmo
SwiftDriver secp256k1_swift normal arm64_32 com.apple.xcode.tools.swift.compiler (in target 'secp256k1_swift' from project 'secp256k1_swift')
    cd /Users/admin/builder/spi-builder-workspace/.swiftpm/xcode
    builtin-SwiftDriver -- /Applications/Xcode-27.0.0-Release.Candidate.app/Contents/Developer/Toolchains/XcodeDefault.xctoolchain/usr/bin/swiftc -parse-as-library -module-name secp256k1_swift -Onone @/Users/admin/builder/spi-builder-workspace/.derivedData/Build/Intermediates.noindex/secp256k1_swift.build/Debug-watchos/secp256k1_swift-t.build/Objects-normal/arm64_32/secp256k1_swift.SwiftFileList -DSWIFT_PACKAGE -DDEBUG -DSWIFT_MODULE_RESOURCE_BUNDLE_UNAVAILABLE -Xcc -fmodule-map-file\=/Users/admin/builder/spi-builder-workspace/.derivedData/Build/Intermediates.noindex/GeneratedModuleMaps-watchos/libsecp256k1.modulemap -DXcode -plugin-path /Applications/Xcode-27.0.0-Release.Candidate.app/Contents/Developer/Toolchains/XcodeDefault.xctoolchain/usr/lib/swift/host/plugins/testing -enable-experimental-feature DebugDescriptionMacro -sdk /Applications/Xcode-27.0.0-Release.Candidate.app/Contents/Developer/Platforms/WatchOS.platform/Developer/SDKs/WatchOS27.0.sdk -target arm64_32-apple-watchos9.0 -g -module-cache-path /Users/admin/builder/spi-builder-workspace/.derivedData/ModuleCache.noindex -Xfrontend -serialize-debugging-options -enable-testing -index-store-path /Users/admin/builder/spi-builder-workspace/.derivedData/Index.noindex/DataStore -Xcc -D_LIBCPP_HARDENING_MODE\=_LIBCPP_HARDENING_MODE_DEBUG -swift-version 4.2 -I /Users/admin/builder/spi-builder-workspace/.derivedData/Build/Products/Debug-watchos -Isystem /Applications/Xcode-27.0.0-Release.Candidate.app/Contents/Developer/Platforms/WatchOS.platform/Developer/usr/lib -F /Users/admin/builder/spi-builder-workspace/.derivedData/Build/Products/Debug-watchos/PackageFrameworks -F /Users/admin/builder/spi-builder-workspace/.derivedData/Build/Products/Debug-watchos -F /Applications/Xcode-27.0.0-Release.Candidate.app/Contents/Developer/Platforms/WatchOS.platform/Developer/Library/Frameworks -F /Applications/Xcode-27.0.0-Release.Candidate.app/Contents/Developer/Platforms/WatchOS.platform/Developer/SDKs/WatchOS27.0.sdk/Developer/Library/Frameworks -c -j10 -enable-batch-mode -incremental -Xcc -ivfsstatcache -Xcc /Users/admin/builder/spi-builder-workspace/.derivedData/SDKStatCaches.noindex/watchos27.0-24R360-e829b21a6f8c9b70876ba0858053c04477534ef55a1706bf4c1112bbb242f0a2.sdkstatcache -output-file-map /Users/admin/builder/spi-builder-workspace/.derivedData/Build/Intermediates.noindex/secp256k1_swift.build/Debug-watchos/secp256k1_swift-t.build/Objects-normal/arm64_32/secp256k1_swift-OutputFileMap.json -save-temps -no-color-diagnostics -emit-dependencies -emit-module -emit-module-path /Users/admin/builder/spi-builder-workspace/.derivedData/Build/Intermediates.noindex/secp256k1_swift.build/Debug-watchos/secp256k1_swift-t.build/Objects-normal/arm64_32/secp256k1_swift.swiftmodule -serialize-diagnostics -validate-clang-modules-once -clang-build-session-file /Users/admin/builder/spi-builder-workspace/.derivedData/ModuleCache.noindex/Session.modulevalidation -Xcc -fmodules-prune-interval\=86400 -Xcc -fmodules-prune-after\=345600 -emit-const-values -const-gather-protocols-list /Users/admin/builder/spi-builder-workspace/.derivedData/Build/Intermediates.noindex/secp256k1_swift.build/Debug-watchos/secp256k1_swift-t.build/Objects-normal/arm64_32/secp256k1_swift_const_extract_protocols.json -Xcc -I/Users/admin/builder/spi-builder-workspace/Classes/secp256k1/include -Xcc -I/Users/admin/builder/spi-builder-workspace/.derivedData/Build/Products/Debug-watchos/include -Xcc -I/Users/admin/builder/spi-builder-workspace/.derivedData/Build/Intermediates.noindex/secp256k1_swift.build/Debug-watchos/secp256k1_swift-t.build/DerivedSources-normal/arm64_32 -Xcc -I/Users/admin/builder/spi-builder-workspace/.derivedData/Build/Intermediates.noindex/secp256k1_swift.build/Debug-watchos/secp256k1_swift-t.build/DerivedSources/arm64_32 -Xcc -I/Users/admin/builder/spi-builder-workspace/.derivedData/Build/Intermediates.noindex/secp256k1_swift.build/Debug-watchos/secp256k1_swift-t.build/DerivedSources -Xcc -DSWIFT_PACKAGE -Xcc -DDEBUG\=1 -emit-objc-header -emit-objc-header-path /Users/admin/builder/spi-builder-workspace/.derivedData/Build/Intermediates.noindex/secp256k1_swift.build/Debug-watchos/secp256k1_swift-t.build/Objects-normal/arm64_32/secp256k1_swift-Swift.h -working-directory /Users/admin/builder/spi-builder-workspace/.swiftpm/xcode -experimental-emit-module-separately -disable-cmo
PrecompileModule /Users/admin/builder/spi-builder-workspace/.derivedData/Build/Intermediates.noindex/ExplicitPrecompiledModules/_Builtin_stddef-1XN21C1WAXFV78XO4YVEDFAYY.scan
    cd /
    builtin-precompileModule /Users/admin/builder/spi-builder-workspace/.derivedData/Build/Intermediates.noindex/ExplicitPrecompiledModules/_Builtin_stddef-1XN21C1WAXFV78XO4YVEDFAYY.scan
PrecompileModule /Users/admin/builder/spi-builder-workspace/.derivedData/Build/Intermediates.noindex/ExplicitPrecompiledModules/_Builtin_stdarg-BNBBJ92HYA671BK8FV57ZG305.scan
    cd /
    builtin-precompileModule /Users/admin/builder/spi-builder-workspace/.derivedData/Build/Intermediates.noindex/ExplicitPrecompiledModules/_Builtin_stdarg-BNBBJ92HYA671BK8FV57ZG305.scan
PrecompileModule /Users/admin/builder/spi-builder-workspace/.derivedData/Build/Intermediates.noindex/ExplicitPrecompiledModules/_Builtin_stdarg-18B7ED0JVEHZDMSMCBORZU8OZ.scan
    cd /
    builtin-precompileModule /Users/admin/builder/spi-builder-workspace/.derivedData/Build/Intermediates.noindex/ExplicitPrecompiledModules/_Builtin_stdarg-18B7ED0JVEHZDMSMCBORZU8OZ.scan
PrecompileModule /Users/admin/builder/spi-builder-workspace/.derivedData/Build/Intermediates.noindex/ExplicitPrecompiledModules/_AvailabilityInternal-639G2R9OHW79I32FJB9P954TI.scan
    cd /
    builtin-precompileModule /Users/admin/builder/spi-builder-workspace/.derivedData/Build/Intermediates.noindex/ExplicitPrecompiledModules/_AvailabilityInternal-639G2R9OHW79I32FJB9P954TI.scan
PrecompileModule /Users/admin/builder/spi-builder-workspace/.derivedData/Build/Intermediates.noindex/ExplicitPrecompiledModules/ptrcheck-92TOB8YGK0GETTDK46QVCE9JT.scan
    cd /
    builtin-precompileModule /Users/admin/builder/spi-builder-workspace/.derivedData/Build/Intermediates.noindex/ExplicitPrecompiledModules/ptrcheck-92TOB8YGK0GETTDK46QVCE9JT.scan
PruneExplicitPrecompiledModules /Users/admin/builder/spi-builder-workspace/.derivedData/SDKExplicitPrecompiledModules
PruneExplicitPrecompiledModules /Users/admin/builder/spi-builder-workspace/.derivedData/Build/Intermediates.noindex/ExplicitPrecompiledModules
PruneExplicitPrecompiledModules /Users/admin/builder/spi-builder-workspace/.derivedData/Build/Intermediates.noindex/SwiftExplicitPrecompiledModules
2026-09-16 10:47:51.936 xcodebuild[711:4597] [MT] IDERunDestination: Supported platforms for the buildables in the current scheme is empty.
** BUILD FAILED **
The following build commands failed:
	ScanDependencies /Users/admin/builder/spi-builder-workspace/.derivedData/Build/Intermediates.noindex/secp256k1_swift.build/Debug-watchos/libsecp256k1-t.build/Objects-normal/arm64_32/secp256k1.o /Users/admin/builder/spi-builder-workspace/Classes/secp256k1/src/secp256k1.c normal arm64_32 c com.apple.compilers.llvm.clang.1_0.compiler (in target 'libsecp256k1' from project 'secp256k1_swift')
	ScanDependencies /Users/admin/builder/spi-builder-workspace/.derivedData/Build/Intermediates.noindex/secp256k1_swift.build/Debug-watchos/libsecp256k1-t.build/Objects-normal/arm64/secp256k1.o /Users/admin/builder/spi-builder-workspace/Classes/secp256k1/src/secp256k1.c normal arm64 c com.apple.compilers.llvm.clang.1_0.compiler (in target 'libsecp256k1' from project 'secp256k1_swift')
	Building workspace secp256k1_swift with scheme secp256k1_swift
(3 failures)
BUILD FAILURE 6.4 watchOS