Build Information
Failed to build SwiftTree, reference 0.4.0 (ce190f), with Swift 6.3 for watchOS using Xcode 26.4 on 29 Sep 2026 21:30:53 UTC.
Build Command
env DEVELOPER_DIR=/Applications/Xcode-26.5.0.app xcrun xcodebuild -IDEClonedSourcePackagesDirPathOverride=$PWD/.dependencies -skipMacroValidation -skipPackagePluginValidation -derivedDataPath $PWD/.derivedData build -scheme SwiftTree -destination generic/platform=watchOSBuild Log
========================================
RunAll
========================================
Builder version: 5.1.0
Interrupt handler set up.
========================================
Checkout
========================================
Clone URL: https://github.com/contexthub-dev/swift-tree.git
Reference: 0.4.0
Initialized empty Git repository in /Users/admin/builder/spi-builder-workspace/.git/
From https://github.com/contexthub-dev/swift-tree
* tag 0.4.0 -> FETCH_HEAD
HEAD is now at ce190f1 Release 0.4.0 (devicon v2.17.0)
Cloned https://github.com/contexthub-dev/swift-tree.git
Revision (git rev-parse @):
ce190f1abfbf6a5b2ba32c23aab9816637b918e1
SPI manifest file found: $PWD/.spi.yml
SUCCESS checkout https://github.com/contexthub-dev/swift-tree.git at 0.4.0
========================================
Build
========================================
Selected platform: watchOS
Swift version: 6.3
Building package at path: $PWD
https://github.com/contexthub-dev/swift-tree.git
Command line invocation:
/Applications/Xcode-26.5.0.app/Contents/Developer/usr/bin/xcodebuild -IDEClonedSourcePackagesDirPathOverride=/Users/admin/builder/spi-builder-workspace/.dependencies -resolvePackageDependencies
Resolve Package Graph
Resolve Package Graph
Resolved source packages:
SwiftTree: /Users/admin/builder/spi-builder-workspace
resolved source packages: SwiftTree
2026-09-29 17:30:36.526 xcodebuild[542:3148] [MT] IDERunDestination: Supported platforms for the buildables in the current scheme is empty.
{
"dependencies" : [
],
"manifest_display_name" : "SwiftTree",
"name" : "SwiftTree",
"path" : "/Users/admin/builder/spi-builder-workspace",
"platforms" : [
{
"name" : "macos",
"version" : "14.0"
}
],
"products" : [
{
"name" : "SwiftTree",
"targets" : [
"SwiftTree"
],
"type" : {
"library" : [
"automatic"
]
}
}
],
"targets" : [
{
"c99name" : "SwiftTreeTests",
"module_type" : "SwiftTarget",
"name" : "SwiftTreeTests",
"path" : "Tests/SwiftTreeTests",
"sources" : [
"BrowsableTreeTests.swift",
"ClickTests.swift",
"DevIconsTests.swift",
"FailureAndBranchTests.swift",
"GitStatusEngineTests.swift",
"LiveUpdateTests.swift",
"OptionsTests.swift",
"StatusParserTests.swift",
"Support.swift"
],
"target_dependencies" : [
"SwiftTree"
],
"type" : "test"
},
{
"c99name" : "SwiftTree",
"module_type" : "SwiftTarget",
"name" : "SwiftTree",
"path" : "Sources/SwiftTree",
"product_memberships" : [
"SwiftTree"
],
"resources" : [
{
"path" : "/Users/admin/builder/spi-builder-workspace/Sources/SwiftTree/Resources/DevIcons",
"rule" : {
"copy" : {
}
}
}
],
"sources" : [
"DevIcons.swift",
"FileTree.swift",
"FileTreeError.swift",
"FileTreeOptions.swift",
"FileTreeView.swift",
"FileWatching.swift",
"Git.swift",
"GitStatus.swift",
"GitStatusEngine.swift",
"InlineEdit.swift",
"StatusColors.swift",
"StatusParser.swift",
"StatusRollup.swift",
"TreeItemInfo.swift",
"TreeNode.swift"
],
"type" : "library"
}
],
"tools_version" : "6.0"
}
{
"workspace" : {
"name" : "spi-builder-workspace",
"schemes" : [
"SwiftTree"
]
}
}
2026-09-29 17:30:44.261 xcodebuild[659:4005] [MT] IDERunDestination: Supported platforms for the buildables in the current scheme is empty.
Running build ...
env DEVELOPER_DIR=/Applications/Xcode-26.5.0.app xcrun xcodebuild -IDEClonedSourcePackagesDirPathOverride=$PWD/.dependencies -skipMacroValidation -skipPackagePluginValidation -derivedDataPath $PWD/.derivedData build -scheme SwiftTree -destination generic/platform=watchOS
Command line invocation:
/Applications/Xcode-26.5.0.app/Contents/Developer/usr/bin/xcodebuild -IDEClonedSourcePackagesDirPathOverride=/Users/admin/builder/spi-builder-workspace/.dependencies -skipMacroValidation -skipPackagePluginValidation -derivedDataPath /Users/admin/builder/spi-builder-workspace/.derivedData build -scheme SwiftTree -destination generic/platform=watchOS
Resolve Package Graph
Resolved source packages:
SwiftTree: /Users/admin/builder/spi-builder-workspace
ComputePackagePrebuildTargetDependencyGraph
Prepare packages
CreateBuildRequest
SendProjectDescription
CreateBuildOperation
ComputeTargetDependencyGraph
note: Building targets in dependency order
note: Target dependency graph (3 targets)
Target 'SwiftTree' in project 'SwiftTree'
➜ Explicit dependency on target 'SwiftTree' in project 'SwiftTree'
➜ Explicit dependency on target 'SwiftTree_SwiftTree' in project 'SwiftTree'
Target 'SwiftTree' in project 'SwiftTree'
➜ Explicit dependency on target 'SwiftTree_SwiftTree' in project 'SwiftTree'
Target 'SwiftTree_SwiftTree' in project 'SwiftTree' (no dependencies)
GatherProvisioningInputs
CreateBuildDescription
ExecuteExternalTool /Applications/Xcode-26.5.0.app/Contents/Developer/Toolchains/XcodeDefault.xctoolchain/usr/bin/clang -v -E -dM -isysroot /Applications/Xcode-26.5.0.app/Contents/Developer/Platforms/WatchOS.platform/Developer/SDKs/WatchOS26.5.sdk -x c -c /dev/null
ExecuteExternalTool /Applications/Xcode-26.5.0.app/Contents/Developer/Toolchains/XcodeDefault.xctoolchain/usr/bin/swiftc --version
ExecuteExternalTool /Applications/Xcode-26.5.0.app/Contents/Developer/Toolchains/XcodeDefault.xctoolchain/usr/bin/ld -version_details
Build description signature: 5dc3aac9a30f7300f03d9f49b662a27a
Build description path: /Users/admin/builder/spi-builder-workspace/.derivedData/Build/Intermediates.noindex/XCBuildData/5dc3aac9a30f7300f03d9f49b662a27a.xcbuilddata
CreateBuildDirectory /Users/admin/builder/spi-builder-workspace/.derivedData/Build/Intermediates.noindex
cd /Users/admin/builder/spi-builder-workspace/.swiftpm/xcode
builtin-create-build-directory /Users/admin/builder/spi-builder-workspace/.derivedData/Build/Intermediates.noindex
CreateBuildDirectory /Users/admin/builder/spi-builder-workspace/.derivedData/Build/Products
cd /Users/admin/builder/spi-builder-workspace/.swiftpm/xcode
builtin-create-build-directory /Users/admin/builder/spi-builder-workspace/.derivedData/Build/Products
ClangStatCache /Applications/Xcode-26.5.0.app/Contents/Developer/Toolchains/XcodeDefault.xctoolchain/usr/bin/clang-stat-cache /Applications/Xcode-26.5.0.app/Contents/Developer/Platforms/WatchOS.platform/Developer/SDKs/WatchOS26.5.sdk /Users/admin/builder/spi-builder-workspace/.derivedData/SDKStatCaches.noindex/watchos26.5-23T570-688ef53f1462e2c8f657fdc38a81448f7931b973dfc65d9472806dbbc3af9379.sdkstatcache
cd /Users/admin/builder/spi-builder-workspace/.swiftpm/xcode
/Applications/Xcode-26.5.0.app/Contents/Developer/Toolchains/XcodeDefault.xctoolchain/usr/bin/clang-stat-cache /Applications/Xcode-26.5.0.app/Contents/Developer/Platforms/WatchOS.platform/Developer/SDKs/WatchOS26.5.sdk -o /Users/admin/builder/spi-builder-workspace/.derivedData/SDKStatCaches.noindex/watchos26.5-23T570-688ef53f1462e2c8f657fdc38a81448f7931b973dfc65d9472806dbbc3af9379.sdkstatcache
CreateBuildDirectory /Users/admin/builder/spi-builder-workspace/.derivedData/Build/Intermediates.noindex/SwiftExplicitPrecompiledModules
cd /Users/admin/builder/spi-builder-workspace/.swiftpm/xcode
builtin-create-build-directory /Users/admin/builder/spi-builder-workspace/.derivedData/Build/Intermediates.noindex/SwiftExplicitPrecompiledModules
CreateBuildDirectory /Users/admin/builder/spi-builder-workspace/.derivedData/Build/Intermediates.noindex/ExplicitPrecompiledModules
cd /Users/admin/builder/spi-builder-workspace/.swiftpm/xcode
builtin-create-build-directory /Users/admin/builder/spi-builder-workspace/.derivedData/Build/Intermediates.noindex/ExplicitPrecompiledModules
CreateBuildDirectory /Users/admin/builder/spi-builder-workspace/.derivedData/Build/Products/Debug-watchos
cd /Users/admin/builder/spi-builder-workspace/.swiftpm/xcode
builtin-create-build-directory /Users/admin/builder/spi-builder-workspace/.derivedData/Build/Products/Debug-watchos
CreateBuildDirectory /Users/admin/builder/spi-builder-workspace/.derivedData/Build/Intermediates.noindex/EagerLinkingTBDs/Debug-watchos
cd /Users/admin/builder/spi-builder-workspace/.swiftpm/xcode
builtin-create-build-directory /Users/admin/builder/spi-builder-workspace/.derivedData/Build/Intermediates.noindex/EagerLinkingTBDs/Debug-watchos
CreateBuildDirectory /Users/admin/builder/spi-builder-workspace/.derivedData/Build/Products/Debug-watchos/PackageFrameworks
cd /Users/admin/builder/spi-builder-workspace/.swiftpm/xcode
builtin-create-build-directory /Users/admin/builder/spi-builder-workspace/.derivedData/Build/Products/Debug-watchos/PackageFrameworks
MkDir /Users/admin/builder/spi-builder-workspace/.derivedData/Build/Products/Debug-watchos/SwiftTree_SwiftTree.bundle (in target 'SwiftTree_SwiftTree' from project 'SwiftTree')
cd /Users/admin/builder/spi-builder-workspace
/bin/mkdir -p /Users/admin/builder/spi-builder-workspace/.derivedData/Build/Products/Debug-watchos/SwiftTree_SwiftTree.bundle
WriteAuxiliaryFile /Users/admin/builder/spi-builder-workspace/.derivedData/Build/Intermediates.noindex/SwiftTree.build/Debug-watchos/SwiftTree.build/SwiftTree.modulemap (in target 'SwiftTree' from project 'SwiftTree')
cd /Users/admin/builder/spi-builder-workspace
write-file /Users/admin/builder/spi-builder-workspace/.derivedData/Build/Intermediates.noindex/SwiftTree.build/Debug-watchos/SwiftTree.build/SwiftTree.modulemap
WriteAuxiliaryFile /Users/admin/builder/spi-builder-workspace/.derivedData/Build/Intermediates.noindex/SwiftTree.build/Debug-watchos/SwiftTree_SwiftTree.build/SwiftTree_SwiftTree.DependencyStaticMetadataFileList (in target 'SwiftTree_SwiftTree' from project 'SwiftTree')
cd /Users/admin/builder/spi-builder-workspace
write-file /Users/admin/builder/spi-builder-workspace/.derivedData/Build/Intermediates.noindex/SwiftTree.build/Debug-watchos/SwiftTree_SwiftTree.build/SwiftTree_SwiftTree.DependencyStaticMetadataFileList
WriteAuxiliaryFile /Users/admin/builder/spi-builder-workspace/.derivedData/Build/Intermediates.noindex/SwiftTree.build/Debug-watchos/SwiftTree_SwiftTree.build/SwiftTree_SwiftTree.DependencyMetadataFileList (in target 'SwiftTree_SwiftTree' from project 'SwiftTree')
cd /Users/admin/builder/spi-builder-workspace
write-file /Users/admin/builder/spi-builder-workspace/.derivedData/Build/Intermediates.noindex/SwiftTree.build/Debug-watchos/SwiftTree_SwiftTree.build/SwiftTree_SwiftTree.DependencyMetadataFileList
WriteAuxiliaryFile /Users/admin/builder/spi-builder-workspace/.derivedData/Build/Intermediates.noindex/SwiftTree.build/Debug-watchos/SwiftTree_SwiftTree.build/empty-SwiftTree_SwiftTree.plist (in target 'SwiftTree_SwiftTree' from project 'SwiftTree')
cd /Users/admin/builder/spi-builder-workspace
write-file /Users/admin/builder/spi-builder-workspace/.derivedData/Build/Intermediates.noindex/SwiftTree.build/Debug-watchos/SwiftTree_SwiftTree.build/empty-SwiftTree_SwiftTree.plist
WriteAuxiliaryFile /Users/admin/builder/spi-builder-workspace/.derivedData/Build/Intermediates.noindex/SwiftTree.build/Debug-watchos/SwiftTree.build/SwiftTree.DependencyStaticMetadataFileList (in target 'SwiftTree' from project 'SwiftTree')
cd /Users/admin/builder/spi-builder-workspace
write-file /Users/admin/builder/spi-builder-workspace/.derivedData/Build/Intermediates.noindex/SwiftTree.build/Debug-watchos/SwiftTree.build/SwiftTree.DependencyStaticMetadataFileList
WriteAuxiliaryFile /Users/admin/builder/spi-builder-workspace/.derivedData/Build/Intermediates.noindex/SwiftTree.build/Debug-watchos/SwiftTree.build/SwiftTree.DependencyMetadataFileList (in target 'SwiftTree' from project 'SwiftTree')
cd /Users/admin/builder/spi-builder-workspace
write-file /Users/admin/builder/spi-builder-workspace/.derivedData/Build/Intermediates.noindex/SwiftTree.build/Debug-watchos/SwiftTree.build/SwiftTree.DependencyMetadataFileList
WriteAuxiliaryFile /Users/admin/builder/spi-builder-workspace/.derivedData/Build/Intermediates.noindex/SwiftTree.build/Debug-watchos/SwiftTree.build/Objects-normal/armv7k/SwiftTree_const_extract_protocols.json (in target 'SwiftTree' from project 'SwiftTree')
cd /Users/admin/builder/spi-builder-workspace
write-file /Users/admin/builder/spi-builder-workspace/.derivedData/Build/Intermediates.noindex/SwiftTree.build/Debug-watchos/SwiftTree.build/Objects-normal/armv7k/SwiftTree_const_extract_protocols.json
WriteAuxiliaryFile /Users/admin/builder/spi-builder-workspace/.derivedData/Build/Intermediates.noindex/SwiftTree.build/Debug-watchos/SwiftTree.build/Objects-normal/armv7k/SwiftTree.SwiftFileList (in target 'SwiftTree' from project 'SwiftTree')
cd /Users/admin/builder/spi-builder-workspace
write-file /Users/admin/builder/spi-builder-workspace/.derivedData/Build/Intermediates.noindex/SwiftTree.build/Debug-watchos/SwiftTree.build/Objects-normal/armv7k/SwiftTree.SwiftFileList
WriteAuxiliaryFile /Users/admin/builder/spi-builder-workspace/.derivedData/Build/Intermediates.noindex/SwiftTree.build/Debug-watchos/SwiftTree.build/Objects-normal/armv7k/SwiftTree.SwiftConstValuesFileList (in target 'SwiftTree' from project 'SwiftTree')
cd /Users/admin/builder/spi-builder-workspace
write-file /Users/admin/builder/spi-builder-workspace/.derivedData/Build/Intermediates.noindex/SwiftTree.build/Debug-watchos/SwiftTree.build/Objects-normal/armv7k/SwiftTree.SwiftConstValuesFileList
WriteAuxiliaryFile /Users/admin/builder/spi-builder-workspace/.derivedData/Build/Intermediates.noindex/SwiftTree.build/Debug-watchos/SwiftTree.build/Objects-normal/armv7k/SwiftTree.LinkFileList (in target 'SwiftTree' from project 'SwiftTree')
cd /Users/admin/builder/spi-builder-workspace
write-file /Users/admin/builder/spi-builder-workspace/.derivedData/Build/Intermediates.noindex/SwiftTree.build/Debug-watchos/SwiftTree.build/Objects-normal/armv7k/SwiftTree.LinkFileList
WriteAuxiliaryFile /Users/admin/builder/spi-builder-workspace/.derivedData/Build/Intermediates.noindex/SwiftTree.build/Debug-watchos/SwiftTree.build/Objects-normal/armv7k/SwiftTree-OutputFileMap.json (in target 'SwiftTree' from project 'SwiftTree')
cd /Users/admin/builder/spi-builder-workspace
write-file /Users/admin/builder/spi-builder-workspace/.derivedData/Build/Intermediates.noindex/SwiftTree.build/Debug-watchos/SwiftTree.build/Objects-normal/armv7k/SwiftTree-OutputFileMap.json
WriteAuxiliaryFile /Users/admin/builder/spi-builder-workspace/.derivedData/Build/Intermediates.noindex/SwiftTree.build/Debug-watchos/SwiftTree.build/Objects-normal/arm64_32/SwiftTree.SwiftConstValuesFileList (in target 'SwiftTree' from project 'SwiftTree')
cd /Users/admin/builder/spi-builder-workspace
write-file /Users/admin/builder/spi-builder-workspace/.derivedData/Build/Intermediates.noindex/SwiftTree.build/Debug-watchos/SwiftTree.build/Objects-normal/arm64_32/SwiftTree.SwiftConstValuesFileList
WriteAuxiliaryFile /Users/admin/builder/spi-builder-workspace/.derivedData/Build/Intermediates.noindex/SwiftTree.build/Debug-watchos/SwiftTree.build/Objects-normal/arm64_32/SwiftTree.LinkFileList (in target 'SwiftTree' from project 'SwiftTree')
cd /Users/admin/builder/spi-builder-workspace
write-file /Users/admin/builder/spi-builder-workspace/.derivedData/Build/Intermediates.noindex/SwiftTree.build/Debug-watchos/SwiftTree.build/Objects-normal/arm64_32/SwiftTree.LinkFileList
WriteAuxiliaryFile /Users/admin/builder/spi-builder-workspace/.derivedData/Build/Intermediates.noindex/SwiftTree.build/Debug-watchos/SwiftTree.build/Objects-normal/arm64_32/SwiftTree_const_extract_protocols.json (in target 'SwiftTree' from project 'SwiftTree')
cd /Users/admin/builder/spi-builder-workspace
write-file /Users/admin/builder/spi-builder-workspace/.derivedData/Build/Intermediates.noindex/SwiftTree.build/Debug-watchos/SwiftTree.build/Objects-normal/arm64_32/SwiftTree_const_extract_protocols.json
WriteAuxiliaryFile /Users/admin/builder/spi-builder-workspace/.derivedData/Build/Intermediates.noindex/SwiftTree.build/Debug-watchos/SwiftTree.build/Objects-normal/arm64_32/SwiftTree.SwiftFileList (in target 'SwiftTree' from project 'SwiftTree')
cd /Users/admin/builder/spi-builder-workspace
write-file /Users/admin/builder/spi-builder-workspace/.derivedData/Build/Intermediates.noindex/SwiftTree.build/Debug-watchos/SwiftTree.build/Objects-normal/arm64_32/SwiftTree.SwiftFileList
WriteAuxiliaryFile /Users/admin/builder/spi-builder-workspace/.derivedData/Build/Intermediates.noindex/SwiftTree.build/Debug-watchos/SwiftTree.build/Objects-normal/arm64_32/SwiftTree-OutputFileMap.json (in target 'SwiftTree' from project 'SwiftTree')
cd /Users/admin/builder/spi-builder-workspace
write-file /Users/admin/builder/spi-builder-workspace/.derivedData/Build/Intermediates.noindex/SwiftTree.build/Debug-watchos/SwiftTree.build/Objects-normal/arm64_32/SwiftTree-OutputFileMap.json
WriteAuxiliaryFile /Users/admin/builder/spi-builder-workspace/.derivedData/Build/Intermediates.noindex/SwiftTree.build/Debug-watchos/SwiftTree.build/Objects-normal/arm64/SwiftTree.SwiftConstValuesFileList (in target 'SwiftTree' from project 'SwiftTree')
cd /Users/admin/builder/spi-builder-workspace
write-file /Users/admin/builder/spi-builder-workspace/.derivedData/Build/Intermediates.noindex/SwiftTree.build/Debug-watchos/SwiftTree.build/Objects-normal/arm64/SwiftTree.SwiftConstValuesFileList
WriteAuxiliaryFile /Users/admin/builder/spi-builder-workspace/.derivedData/Build/Intermediates.noindex/SwiftTree.build/Debug-watchos/SwiftTree.build/Objects-normal/arm64/SwiftTree.LinkFileList (in target 'SwiftTree' from project 'SwiftTree')
cd /Users/admin/builder/spi-builder-workspace
write-file /Users/admin/builder/spi-builder-workspace/.derivedData/Build/Intermediates.noindex/SwiftTree.build/Debug-watchos/SwiftTree.build/Objects-normal/arm64/SwiftTree.LinkFileList
WriteAuxiliaryFile /Users/admin/builder/spi-builder-workspace/.derivedData/Build/Intermediates.noindex/SwiftTree.build/Debug-watchos/SwiftTree.build/Objects-normal/arm64/SwiftTree_const_extract_protocols.json (in target 'SwiftTree' from project 'SwiftTree')
cd /Users/admin/builder/spi-builder-workspace
write-file /Users/admin/builder/spi-builder-workspace/.derivedData/Build/Intermediates.noindex/SwiftTree.build/Debug-watchos/SwiftTree.build/Objects-normal/arm64/SwiftTree_const_extract_protocols.json
WriteAuxiliaryFile /Users/admin/builder/spi-builder-workspace/.derivedData/Build/Intermediates.noindex/SwiftTree.build/Debug-watchos/SwiftTree.build/Objects-normal/arm64/SwiftTree.SwiftFileList (in target 'SwiftTree' from project 'SwiftTree')
cd /Users/admin/builder/spi-builder-workspace
write-file /Users/admin/builder/spi-builder-workspace/.derivedData/Build/Intermediates.noindex/SwiftTree.build/Debug-watchos/SwiftTree.build/Objects-normal/arm64/SwiftTree.SwiftFileList
WriteAuxiliaryFile /Users/admin/builder/spi-builder-workspace/.derivedData/Build/Intermediates.noindex/SwiftTree.build/Debug-watchos/SwiftTree.build/Objects-normal/arm64/SwiftTree-OutputFileMap.json (in target 'SwiftTree' from project 'SwiftTree')
cd /Users/admin/builder/spi-builder-workspace
write-file /Users/admin/builder/spi-builder-workspace/.derivedData/Build/Intermediates.noindex/SwiftTree.build/Debug-watchos/SwiftTree.build/Objects-normal/arm64/SwiftTree-OutputFileMap.json
Copy /Users/admin/builder/spi-builder-workspace/.derivedData/Build/Intermediates.noindex/GeneratedModuleMaps-watchos/SwiftTree.modulemap /Users/admin/builder/spi-builder-workspace/.derivedData/Build/Intermediates.noindex/SwiftTree.build/Debug-watchos/SwiftTree.build/SwiftTree.modulemap (in target 'SwiftTree' from project 'SwiftTree')
cd /Users/admin/builder/spi-builder-workspace
builtin-copy -exclude .DS_Store -exclude CVS -exclude .svn -exclude .git -exclude .hg -resolve-src-symlinks /Users/admin/builder/spi-builder-workspace/.derivedData/Build/Intermediates.noindex/SwiftTree.build/Debug-watchos/SwiftTree.build/SwiftTree.modulemap /Users/admin/builder/spi-builder-workspace/.derivedData/Build/Intermediates.noindex/GeneratedModuleMaps-watchos
WriteAuxiliaryFile /Users/admin/builder/spi-builder-workspace/.derivedData/Build/Intermediates.noindex/SwiftTree.build/Debug-watchos/SwiftTree.build/DerivedSources/resource_bundle_accessor.swift (in target 'SwiftTree' from project 'SwiftTree')
cd /Users/admin/builder/spi-builder-workspace
write-file /Users/admin/builder/spi-builder-workspace/.derivedData/Build/Intermediates.noindex/SwiftTree.build/Debug-watchos/SwiftTree.build/DerivedSources/resource_bundle_accessor.swift
ProcessInfoPlistFile /Users/admin/builder/spi-builder-workspace/.derivedData/Build/Products/Debug-watchos/SwiftTree_SwiftTree.bundle/Info.plist /Users/admin/builder/spi-builder-workspace/.derivedData/Build/Intermediates.noindex/SwiftTree.build/Debug-watchos/SwiftTree_SwiftTree.build/empty-SwiftTree_SwiftTree.plist (in target 'SwiftTree_SwiftTree' from project 'SwiftTree')
cd /Users/admin/builder/spi-builder-workspace
builtin-infoPlistUtility /Users/admin/builder/spi-builder-workspace/.derivedData/Build/Intermediates.noindex/SwiftTree.build/Debug-watchos/SwiftTree_SwiftTree.build/empty-SwiftTree_SwiftTree.plist -producttype com.apple.product-type.bundle -expandbuildsettings -format binary -platform watchos -o /Users/admin/builder/spi-builder-workspace/.derivedData/Build/Products/Debug-watchos/SwiftTree_SwiftTree.bundle/Info.plist
CpResource /Users/admin/builder/spi-builder-workspace/.derivedData/Build/Products/Debug-watchos/SwiftTree_SwiftTree.bundle/DevIcons /Users/admin/builder/spi-builder-workspace/Sources/SwiftTree/Resources/DevIcons (in target 'SwiftTree_SwiftTree' from project 'SwiftTree')
cd /Users/admin/builder/spi-builder-workspace
builtin-copy -exclude .DS_Store -exclude CVS -exclude .svn -exclude .git -exclude .hg -resolve-src-symlinks /Users/admin/builder/spi-builder-workspace/Sources/SwiftTree/Resources/DevIcons /Users/admin/builder/spi-builder-workspace/.derivedData/Build/Products/Debug-watchos/SwiftTree_SwiftTree.bundle
RegisterExecutionPolicyException /Users/admin/builder/spi-builder-workspace/.derivedData/Build/Products/Debug-watchos/SwiftTree_SwiftTree.bundle (in target 'SwiftTree_SwiftTree' from project 'SwiftTree')
cd /Users/admin/builder/spi-builder-workspace
builtin-RegisterExecutionPolicyException /Users/admin/builder/spi-builder-workspace/.derivedData/Build/Products/Debug-watchos/SwiftTree_SwiftTree.bundle
Touch /Users/admin/builder/spi-builder-workspace/.derivedData/Build/Products/Debug-watchos/SwiftTree_SwiftTree.bundle (in target 'SwiftTree_SwiftTree' from project 'SwiftTree')
cd /Users/admin/builder/spi-builder-workspace
/usr/bin/touch -c /Users/admin/builder/spi-builder-workspace/.derivedData/Build/Products/Debug-watchos/SwiftTree_SwiftTree.bundle
SwiftDriver SwiftTree normal arm64_32 com.apple.xcode.tools.swift.compiler (in target 'SwiftTree' from project 'SwiftTree')
cd /Users/admin/builder/spi-builder-workspace/.swiftpm/xcode
builtin-SwiftDriver -- /Applications/Xcode-26.5.0.app/Contents/Developer/Toolchains/XcodeDefault.xctoolchain/usr/bin/swiftc -module-name SwiftTree -Onone @/Users/admin/builder/spi-builder-workspace/.derivedData/Build/Intermediates.noindex/SwiftTree.build/Debug-watchos/SwiftTree.build/Objects-normal/arm64_32/SwiftTree.SwiftFileList -DSWIFT_PACKAGE -DDEBUG -DSWIFT_MODULE_RESOURCE_BUNDLE_AVAILABLE -DXcode -plugin-path /Applications/Xcode-26.5.0.app/Contents/Developer/Toolchains/XcodeDefault.xctoolchain/usr/lib/swift/host/plugins/testing -enable-experimental-feature DebugDescriptionMacro -sdk /Applications/Xcode-26.5.0.app/Contents/Developer/Platforms/WatchOS.platform/Developer/SDKs/WatchOS26.5.sdk -target arm64_32-apple-watchos5.0 -g -module-cache-path /Users/admin/builder/spi-builder-workspace/.derivedData/ModuleCache.noindex -Xfrontend -serialize-debugging-options -profile-coverage-mapping -profile-generate -enable-testing -index-store-path /Users/admin/builder/spi-builder-workspace/.derivedData/Index.noindex/DataStore -Xcc -D_LIBCPP_HARDENING_MODE\=_LIBCPP_HARDENING_MODE_DEBUG -swift-version 6 -I /Users/admin/builder/spi-builder-workspace/.derivedData/Build/Products/Debug-watchos -Isystem /Applications/Xcode-26.5.0.app/Contents/Developer/Platforms/WatchOS.platform/Developer/usr/lib -F /Users/admin/builder/spi-builder-workspace/.derivedData/Build/Products/Debug-watchos -F /Applications/Xcode-26.5.0.app/Contents/Developer/Platforms/WatchOS.platform/Developer/Library/Frameworks -F /Applications/Xcode-26.5.0.app/Contents/Developer/Platforms/WatchOS.platform/Developer/SDKs/WatchOS26.5.sdk/Developer/Library/Frameworks -c -j10 -enable-batch-mode -incremental -Xcc -ivfsstatcache -Xcc /Users/admin/builder/spi-builder-workspace/.derivedData/SDKStatCaches.noindex/watchos26.5-23T570-688ef53f1462e2c8f657fdc38a81448f7931b973dfc65d9472806dbbc3af9379.sdkstatcache -output-file-map /Users/admin/builder/spi-builder-workspace/.derivedData/Build/Intermediates.noindex/SwiftTree.build/Debug-watchos/SwiftTree.build/Objects-normal/arm64_32/SwiftTree-OutputFileMap.json -use-frontend-parseable-output -save-temps -no-color-diagnostics -explicit-module-build -module-cache-path /Users/admin/builder/spi-builder-workspace/.derivedData/Build/Intermediates.noindex/SwiftExplicitPrecompiledModules -clang-scanner-module-cache-path /Users/admin/builder/spi-builder-workspace/.derivedData/ModuleCache.noindex -sdk-module-cache-path /Users/admin/builder/spi-builder-workspace/.derivedData/ModuleCache.noindex -serialize-diagnostics -emit-dependencies -emit-module -emit-module-path /Users/admin/builder/spi-builder-workspace/.derivedData/Build/Intermediates.noindex/SwiftTree.build/Debug-watchos/SwiftTree.build/Objects-normal/arm64_32/SwiftTree.swiftmodule -validate-clang-modules-once -clang-build-session-file /Users/admin/builder/spi-builder-workspace/.derivedData/ModuleCache.noindex/Session.modulevalidation -package-name spi_builder_workspace -Xcc -I/Users/admin/builder/spi-builder-workspace/.derivedData/Build/Intermediates.noindex/SwiftTree.build/Debug-watchos/SwiftTree.build/swift-overrides.hmap -emit-const-values -Xfrontend -const-gather-protocols-file -Xfrontend /Users/admin/builder/spi-builder-workspace/.derivedData/Build/Intermediates.noindex/SwiftTree.build/Debug-watchos/SwiftTree.build/Objects-normal/arm64_32/SwiftTree_const_extract_protocols.json -Xcc -I/Users/admin/builder/spi-builder-workspace/.derivedData/Build/Products/Debug-watchos/include -Xcc -I/Users/admin/builder/spi-builder-workspace/.derivedData/Build/Intermediates.noindex/SwiftTree.build/Debug-watchos/SwiftTree.build/DerivedSources-normal/arm64_32 -Xcc -I/Users/admin/builder/spi-builder-workspace/.derivedData/Build/Intermediates.noindex/SwiftTree.build/Debug-watchos/SwiftTree.build/DerivedSources/arm64_32 -Xcc -I/Users/admin/builder/spi-builder-workspace/.derivedData/Build/Intermediates.noindex/SwiftTree.build/Debug-watchos/SwiftTree.build/DerivedSources -Xcc -DSWIFT_PACKAGE -Xcc -DDEBUG\=1 -emit-objc-header -emit-objc-header-path /Users/admin/builder/spi-builder-workspace/.derivedData/Build/Intermediates.noindex/SwiftTree.build/Debug-watchos/SwiftTree.build/Objects-normal/arm64_32/SwiftTree-Swift.h -working-directory /Users/admin/builder/spi-builder-workspace/.swiftpm/xcode -experimental-emit-module-separately -disable-cmo
/Users/admin/builder/spi-builder-workspace/Sources/SwiftTree/StatusColors.swift:1:8: error: Unable to resolve module dependency: 'AppKit'
import AppKit
^ (in target 'SwiftTree' from project 'SwiftTree')
/Users/admin/builder/spi-builder-workspace/Sources/SwiftTree/StatusColors.swift:1:8: note: A dependency of main module 'SwiftTree'
import AppKit
^ (in target 'SwiftTree' from project 'SwiftTree')
SwiftDriver SwiftTree normal armv7k com.apple.xcode.tools.swift.compiler (in target 'SwiftTree' from project 'SwiftTree')
cd /Users/admin/builder/spi-builder-workspace/.swiftpm/xcode
builtin-SwiftDriver -- /Applications/Xcode-26.5.0.app/Contents/Developer/Toolchains/XcodeDefault.xctoolchain/usr/bin/swiftc -module-name SwiftTree -Onone @/Users/admin/builder/spi-builder-workspace/.derivedData/Build/Intermediates.noindex/SwiftTree.build/Debug-watchos/SwiftTree.build/Objects-normal/armv7k/SwiftTree.SwiftFileList -DSWIFT_PACKAGE -DDEBUG -DSWIFT_MODULE_RESOURCE_BUNDLE_AVAILABLE -DXcode -plugin-path /Applications/Xcode-26.5.0.app/Contents/Developer/Toolchains/XcodeDefault.xctoolchain/usr/lib/swift/host/plugins/testing -enable-experimental-feature DebugDescriptionMacro -sdk /Applications/Xcode-26.5.0.app/Contents/Developer/Platforms/WatchOS.platform/Developer/SDKs/WatchOS26.5.sdk -target armv7k-apple-watchos5.0 -g -module-cache-path /Users/admin/builder/spi-builder-workspace/.derivedData/ModuleCache.noindex -Xfrontend -serialize-debugging-options -profile-coverage-mapping -profile-generate -enable-testing -index-store-path /Users/admin/builder/spi-builder-workspace/.derivedData/Index.noindex/DataStore -Xcc -D_LIBCPP_HARDENING_MODE\=_LIBCPP_HARDENING_MODE_DEBUG -swift-version 6 -I /Users/admin/builder/spi-builder-workspace/.derivedData/Build/Products/Debug-watchos -Isystem /Applications/Xcode-26.5.0.app/Contents/Developer/Platforms/WatchOS.platform/Developer/usr/lib -F /Users/admin/builder/spi-builder-workspace/.derivedData/Build/Products/Debug-watchos -F /Applications/Xcode-26.5.0.app/Contents/Developer/Platforms/WatchOS.platform/Developer/Library/Frameworks -F /Applications/Xcode-26.5.0.app/Contents/Developer/Platforms/WatchOS.platform/Developer/SDKs/WatchOS26.5.sdk/Developer/Library/Frameworks -c -j10 -enable-batch-mode -incremental -Xcc -ivfsstatcache -Xcc /Users/admin/builder/spi-builder-workspace/.derivedData/SDKStatCaches.noindex/watchos26.5-23T570-688ef53f1462e2c8f657fdc38a81448f7931b973dfc65d9472806dbbc3af9379.sdkstatcache -output-file-map /Users/admin/builder/spi-builder-workspace/.derivedData/Build/Intermediates.noindex/SwiftTree.build/Debug-watchos/SwiftTree.build/Objects-normal/armv7k/SwiftTree-OutputFileMap.json -use-frontend-parseable-output -save-temps -no-color-diagnostics -explicit-module-build -module-cache-path /Users/admin/builder/spi-builder-workspace/.derivedData/Build/Intermediates.noindex/SwiftExplicitPrecompiledModules -clang-scanner-module-cache-path /Users/admin/builder/spi-builder-workspace/.derivedData/ModuleCache.noindex -sdk-module-cache-path /Users/admin/builder/spi-builder-workspace/.derivedData/ModuleCache.noindex -serialize-diagnostics -emit-dependencies -emit-module -emit-module-path /Users/admin/builder/spi-builder-workspace/.derivedData/Build/Intermediates.noindex/SwiftTree.build/Debug-watchos/SwiftTree.build/Objects-normal/armv7k/SwiftTree.swiftmodule -validate-clang-modules-once -clang-build-session-file /Users/admin/builder/spi-builder-workspace/.derivedData/ModuleCache.noindex/Session.modulevalidation -package-name spi_builder_workspace -Xcc -I/Users/admin/builder/spi-builder-workspace/.derivedData/Build/Intermediates.noindex/SwiftTree.build/Debug-watchos/SwiftTree.build/swift-overrides.hmap -emit-const-values -Xfrontend -const-gather-protocols-file -Xfrontend /Users/admin/builder/spi-builder-workspace/.derivedData/Build/Intermediates.noindex/SwiftTree.build/Debug-watchos/SwiftTree.build/Objects-normal/armv7k/SwiftTree_const_extract_protocols.json -Xcc -I/Users/admin/builder/spi-builder-workspace/.derivedData/Build/Products/Debug-watchos/include -Xcc -I/Users/admin/builder/spi-builder-workspace/.derivedData/Build/Intermediates.noindex/SwiftTree.build/Debug-watchos/SwiftTree.build/DerivedSources-normal/armv7k -Xcc -I/Users/admin/builder/spi-builder-workspace/.derivedData/Build/Intermediates.noindex/SwiftTree.build/Debug-watchos/SwiftTree.build/DerivedSources/armv7k -Xcc -I/Users/admin/builder/spi-builder-workspace/.derivedData/Build/Intermediates.noindex/SwiftTree.build/Debug-watchos/SwiftTree.build/DerivedSources -Xcc -DSWIFT_PACKAGE -Xcc -DDEBUG\=1 -emit-objc-header -emit-objc-header-path /Users/admin/builder/spi-builder-workspace/.derivedData/Build/Intermediates.noindex/SwiftTree.build/Debug-watchos/SwiftTree.build/Objects-normal/armv7k/SwiftTree-Swift.h -working-directory /Users/admin/builder/spi-builder-workspace/.swiftpm/xcode -experimental-emit-module-separately -disable-cmo
/Users/admin/builder/spi-builder-workspace/Sources/SwiftTree/StatusColors.swift:1:8: error: Unable to resolve module dependency: 'AppKit'
import AppKit
^ (in target 'SwiftTree' from project 'SwiftTree')
/Users/admin/builder/spi-builder-workspace/Sources/SwiftTree/StatusColors.swift:1:8: note: A dependency of main module 'SwiftTree'
import AppKit
^ (in target 'SwiftTree' from project 'SwiftTree')
SwiftDriver SwiftTree normal arm64 com.apple.xcode.tools.swift.compiler (in target 'SwiftTree' from project 'SwiftTree')
cd /Users/admin/builder/spi-builder-workspace/.swiftpm/xcode
builtin-SwiftDriver -- /Applications/Xcode-26.5.0.app/Contents/Developer/Toolchains/XcodeDefault.xctoolchain/usr/bin/swiftc -module-name SwiftTree -Onone @/Users/admin/builder/spi-builder-workspace/.derivedData/Build/Intermediates.noindex/SwiftTree.build/Debug-watchos/SwiftTree.build/Objects-normal/arm64/SwiftTree.SwiftFileList -DSWIFT_PACKAGE -DDEBUG -DSWIFT_MODULE_RESOURCE_BUNDLE_AVAILABLE -DXcode -plugin-path /Applications/Xcode-26.5.0.app/Contents/Developer/Toolchains/XcodeDefault.xctoolchain/usr/lib/swift/host/plugins/testing -enable-experimental-feature DebugDescriptionMacro -sdk /Applications/Xcode-26.5.0.app/Contents/Developer/Platforms/WatchOS.platform/Developer/SDKs/WatchOS26.5.sdk -target arm64-apple-watchos5.0 -g -module-cache-path /Users/admin/builder/spi-builder-workspace/.derivedData/ModuleCache.noindex -Xfrontend -serialize-debugging-options -profile-coverage-mapping -profile-generate -enable-testing -index-store-path /Users/admin/builder/spi-builder-workspace/.derivedData/Index.noindex/DataStore -Xcc -D_LIBCPP_HARDENING_MODE\=_LIBCPP_HARDENING_MODE_DEBUG -swift-version 6 -I /Users/admin/builder/spi-builder-workspace/.derivedData/Build/Products/Debug-watchos -Isystem /Applications/Xcode-26.5.0.app/Contents/Developer/Platforms/WatchOS.platform/Developer/usr/lib -F /Users/admin/builder/spi-builder-workspace/.derivedData/Build/Products/Debug-watchos -F /Applications/Xcode-26.5.0.app/Contents/Developer/Platforms/WatchOS.platform/Developer/Library/Frameworks -F /Applications/Xcode-26.5.0.app/Contents/Developer/Platforms/WatchOS.platform/Developer/SDKs/WatchOS26.5.sdk/Developer/Library/Frameworks -c -j10 -enable-batch-mode -incremental -Xcc -ivfsstatcache -Xcc /Users/admin/builder/spi-builder-workspace/.derivedData/SDKStatCaches.noindex/watchos26.5-23T570-688ef53f1462e2c8f657fdc38a81448f7931b973dfc65d9472806dbbc3af9379.sdkstatcache -output-file-map /Users/admin/builder/spi-builder-workspace/.derivedData/Build/Intermediates.noindex/SwiftTree.build/Debug-watchos/SwiftTree.build/Objects-normal/arm64/SwiftTree-OutputFileMap.json -use-frontend-parseable-output -save-temps -no-color-diagnostics -explicit-module-build -module-cache-path /Users/admin/builder/spi-builder-workspace/.derivedData/Build/Intermediates.noindex/SwiftExplicitPrecompiledModules -clang-scanner-module-cache-path /Users/admin/builder/spi-builder-workspace/.derivedData/ModuleCache.noindex -sdk-module-cache-path /Users/admin/builder/spi-builder-workspace/.derivedData/ModuleCache.noindex -serialize-diagnostics -emit-dependencies -emit-module -emit-module-path /Users/admin/builder/spi-builder-workspace/.derivedData/Build/Intermediates.noindex/SwiftTree.build/Debug-watchos/SwiftTree.build/Objects-normal/arm64/SwiftTree.swiftmodule -validate-clang-modules-once -clang-build-session-file /Users/admin/builder/spi-builder-workspace/.derivedData/ModuleCache.noindex/Session.modulevalidation -package-name spi_builder_workspace -Xcc -I/Users/admin/builder/spi-builder-workspace/.derivedData/Build/Intermediates.noindex/SwiftTree.build/Debug-watchos/SwiftTree.build/swift-overrides.hmap -emit-const-values -Xfrontend -const-gather-protocols-file -Xfrontend /Users/admin/builder/spi-builder-workspace/.derivedData/Build/Intermediates.noindex/SwiftTree.build/Debug-watchos/SwiftTree.build/Objects-normal/arm64/SwiftTree_const_extract_protocols.json -Xcc -I/Users/admin/builder/spi-builder-workspace/.derivedData/Build/Products/Debug-watchos/include -Xcc -I/Users/admin/builder/spi-builder-workspace/.derivedData/Build/Intermediates.noindex/SwiftTree.build/Debug-watchos/SwiftTree.build/DerivedSources-normal/arm64 -Xcc -I/Users/admin/builder/spi-builder-workspace/.derivedData/Build/Intermediates.noindex/SwiftTree.build/Debug-watchos/SwiftTree.build/DerivedSources/arm64 -Xcc -I/Users/admin/builder/spi-builder-workspace/.derivedData/Build/Intermediates.noindex/SwiftTree.build/Debug-watchos/SwiftTree.build/DerivedSources -Xcc -DSWIFT_PACKAGE -Xcc -DDEBUG\=1 -emit-objc-header -emit-objc-header-path /Users/admin/builder/spi-builder-workspace/.derivedData/Build/Intermediates.noindex/SwiftTree.build/Debug-watchos/SwiftTree.build/Objects-normal/arm64/SwiftTree-Swift.h -working-directory /Users/admin/builder/spi-builder-workspace/.swiftpm/xcode -experimental-emit-module-separately -disable-cmo
/Users/admin/builder/spi-builder-workspace/Sources/SwiftTree/StatusColors.swift:1:8: error: Unable to resolve module dependency: 'AppKit'
import AppKit
^ (in target 'SwiftTree' from project 'SwiftTree')
/Users/admin/builder/spi-builder-workspace/Sources/SwiftTree/StatusColors.swift:1:8: note: A dependency of main module 'SwiftTree'
import AppKit
^ (in target 'SwiftTree' from project 'SwiftTree')
2026-09-29 17:30:45.680 xcodebuild[666:4070] [MT] IDERunDestination: Supported platforms for the buildables in the current scheme is empty.
/Users/admin/builder/spi-builder-workspace/Sources/SwiftTree/StatusColors.swift:1:8: error: unable to resolve module dependency: 'AppKit'
import AppKit
^
/Users/admin/builder/spi-builder-workspace/Sources/SwiftTree/StatusColors.swift:1:8: note: a dependency of main module 'SwiftTree'
import AppKit
^
/Users/admin/builder/spi-builder-workspace/Sources/SwiftTree/StatusColors.swift:1:8: error: unable to resolve module dependency: 'AppKit'
import AppKit
^
/Users/admin/builder/spi-builder-workspace/Sources/SwiftTree/StatusColors.swift:1:8: note: a dependency of main module 'SwiftTree'
import AppKit
^
/Users/admin/builder/spi-builder-workspace/Sources/SwiftTree/StatusColors.swift:1:8: error: unable to resolve module dependency: 'AppKit'
import AppKit
^
/Users/admin/builder/spi-builder-workspace/Sources/SwiftTree/StatusColors.swift:1:8: note: a dependency of main module 'SwiftTree'
import AppKit
^
** BUILD FAILED **
The following build commands failed:
SwiftDriver SwiftTree normal arm64_32 com.apple.xcode.tools.swift.compiler (in target 'SwiftTree' from project 'SwiftTree')
SwiftDriver SwiftTree normal armv7k com.apple.xcode.tools.swift.compiler (in target 'SwiftTree' from project 'SwiftTree')
SwiftDriver SwiftTree normal arm64 com.apple.xcode.tools.swift.compiler (in target 'SwiftTree' from project 'SwiftTree')
Building workspace spi-builder-workspace with scheme SwiftTree
(4 failures)
Command line invocation:
/Applications/Xcode-26.5.0.app/Contents/Developer/usr/bin/xcodebuild -IDEClonedSourcePackagesDirPathOverride=/Users/admin/builder/spi-builder-workspace/.dependencies -resolvePackageDependencies
Resolve Package Graph
Resolved source packages:
SwiftTree: /Users/admin/builder/spi-builder-workspace
resolved source packages: SwiftTree
2026-09-29 17:30:50.113 xcodebuild[684:4389] [MT] IDERunDestination: Supported platforms for the buildables in the current scheme is empty.
{
"dependencies" : [
],
"manifest_display_name" : "SwiftTree",
"name" : "SwiftTree",
"path" : "/Users/admin/builder/spi-builder-workspace",
"platforms" : [
{
"name" : "macos",
"version" : "14.0"
}
],
"products" : [
{
"name" : "SwiftTree",
"targets" : [
"SwiftTree"
],
"type" : {
"library" : [
"automatic"
]
}
}
],
"targets" : [
{
"c99name" : "SwiftTreeTests",
"module_type" : "SwiftTarget",
"name" : "SwiftTreeTests",
"path" : "Tests/SwiftTreeTests",
"sources" : [
"BrowsableTreeTests.swift",
"ClickTests.swift",
"DevIconsTests.swift",
"FailureAndBranchTests.swift",
"GitStatusEngineTests.swift",
"LiveUpdateTests.swift",
"OptionsTests.swift",
"StatusParserTests.swift",
"Support.swift"
],
"target_dependencies" : [
"SwiftTree"
],
"type" : "test"
},
{
"c99name" : "SwiftTree",
"module_type" : "SwiftTarget",
"name" : "SwiftTree",
"path" : "Sources/SwiftTree",
"product_memberships" : [
"SwiftTree"
],
"resources" : [
{
"path" : "/Users/admin/builder/spi-builder-workspace/Sources/SwiftTree/Resources/DevIcons",
"rule" : {
"copy" : {
}
}
}
],
"sources" : [
"DevIcons.swift",
"FileTree.swift",
"FileTreeError.swift",
"FileTreeOptions.swift",
"FileTreeView.swift",
"FileWatching.swift",
"Git.swift",
"GitStatus.swift",
"GitStatusEngine.swift",
"InlineEdit.swift",
"StatusColors.swift",
"StatusParser.swift",
"StatusRollup.swift",
"TreeItemInfo.swift",
"TreeNode.swift"
],
"type" : "library"
}
],
"tools_version" : "6.0"
}
{
"workspace" : {
"name" : "spi-builder-workspace",
"schemes" : [
"SwiftTree"
]
}
}
2026-09-29 17:30:51.376 xcodebuild[695:4483] [MT] IDERunDestination: Supported platforms for the buildables in the current scheme is empty.
Running build ...
env DEVELOPER_DIR=/Applications/Xcode-26.5.0.app xcrun xcodebuild -IDEClonedSourcePackagesDirPathOverride=$PWD/.dependencies -skipMacroValidation -skipPackagePluginValidation -derivedDataPath $PWD/.derivedData build -scheme SwiftTree -destination generic/platform=watchOS
Command line invocation:
/Applications/Xcode-26.5.0.app/Contents/Developer/usr/bin/xcodebuild -IDEClonedSourcePackagesDirPathOverride=/Users/admin/builder/spi-builder-workspace/.dependencies -skipMacroValidation -skipPackagePluginValidation -derivedDataPath /Users/admin/builder/spi-builder-workspace/.derivedData build -scheme SwiftTree -destination generic/platform=watchOS
Resolve Package Graph
Resolved source packages:
SwiftTree: /Users/admin/builder/spi-builder-workspace
ComputePackagePrebuildTargetDependencyGraph
Prepare packages
CreateBuildRequest
SendProjectDescription
CreateBuildOperation
ComputeTargetDependencyGraph
note: Building targets in dependency order
note: Target dependency graph (3 targets)
Target 'SwiftTree' in project 'SwiftTree'
➜ Explicit dependency on target 'SwiftTree' in project 'SwiftTree'
➜ Explicit dependency on target 'SwiftTree_SwiftTree' in project 'SwiftTree'
Target 'SwiftTree' in project 'SwiftTree'
➜ Explicit dependency on target 'SwiftTree_SwiftTree' in project 'SwiftTree'
Target 'SwiftTree_SwiftTree' in project 'SwiftTree' (no dependencies)
GatherProvisioningInputs
CreateBuildDescription
ClangStatCache /Applications/Xcode-26.5.0.app/Contents/Developer/Toolchains/XcodeDefault.xctoolchain/usr/bin/clang-stat-cache /Applications/Xcode-26.5.0.app/Contents/Developer/Platforms/WatchOS.platform/Developer/SDKs/WatchOS26.5.sdk /Users/admin/builder/spi-builder-workspace/.derivedData/SDKStatCaches.noindex/watchos26.5-23T570-688ef53f1462e2c8f657fdc38a81448f7931b973dfc65d9472806dbbc3af9379.sdkstatcache
cd /Users/admin/builder/spi-builder-workspace/.swiftpm/xcode
/Applications/Xcode-26.5.0.app/Contents/Developer/Toolchains/XcodeDefault.xctoolchain/usr/bin/clang-stat-cache /Applications/Xcode-26.5.0.app/Contents/Developer/Platforms/WatchOS.platform/Developer/SDKs/WatchOS26.5.sdk -o /Users/admin/builder/spi-builder-workspace/.derivedData/SDKStatCaches.noindex/watchos26.5-23T570-688ef53f1462e2c8f657fdc38a81448f7931b973dfc65d9472806dbbc3af9379.sdkstatcache
SwiftDriver SwiftTree normal armv7k com.apple.xcode.tools.swift.compiler (in target 'SwiftTree' from project 'SwiftTree')
cd /Users/admin/builder/spi-builder-workspace/.swiftpm/xcode
builtin-SwiftDriver -- /Applications/Xcode-26.5.0.app/Contents/Developer/Toolchains/XcodeDefault.xctoolchain/usr/bin/swiftc -module-name SwiftTree -Onone @/Users/admin/builder/spi-builder-workspace/.derivedData/Build/Intermediates.noindex/SwiftTree.build/Debug-watchos/SwiftTree.build/Objects-normal/armv7k/SwiftTree.SwiftFileList -DSWIFT_PACKAGE -DDEBUG -DSWIFT_MODULE_RESOURCE_BUNDLE_AVAILABLE -DXcode -plugin-path /Applications/Xcode-26.5.0.app/Contents/Developer/Toolchains/XcodeDefault.xctoolchain/usr/lib/swift/host/plugins/testing -enable-experimental-feature DebugDescriptionMacro -sdk /Applications/Xcode-26.5.0.app/Contents/Developer/Platforms/WatchOS.platform/Developer/SDKs/WatchOS26.5.sdk -target armv7k-apple-watchos5.0 -g -module-cache-path /Users/admin/builder/spi-builder-workspace/.derivedData/ModuleCache.noindex -Xfrontend -serialize-debugging-options -profile-coverage-mapping -profile-generate -enable-testing -index-store-path /Users/admin/builder/spi-builder-workspace/.derivedData/Index.noindex/DataStore -Xcc -D_LIBCPP_HARDENING_MODE\=_LIBCPP_HARDENING_MODE_DEBUG -swift-version 6 -I /Users/admin/builder/spi-builder-workspace/.derivedData/Build/Products/Debug-watchos -Isystem /Applications/Xcode-26.5.0.app/Contents/Developer/Platforms/WatchOS.platform/Developer/usr/lib -F /Users/admin/builder/spi-builder-workspace/.derivedData/Build/Products/Debug-watchos -F /Applications/Xcode-26.5.0.app/Contents/Developer/Platforms/WatchOS.platform/Developer/Library/Frameworks -F /Applications/Xcode-26.5.0.app/Contents/Developer/Platforms/WatchOS.platform/Developer/SDKs/WatchOS26.5.sdk/Developer/Library/Frameworks -c -j10 -enable-batch-mode -incremental -Xcc -ivfsstatcache -Xcc /Users/admin/builder/spi-builder-workspace/.derivedData/SDKStatCaches.noindex/watchos26.5-23T570-688ef53f1462e2c8f657fdc38a81448f7931b973dfc65d9472806dbbc3af9379.sdkstatcache -output-file-map /Users/admin/builder/spi-builder-workspace/.derivedData/Build/Intermediates.noindex/SwiftTree.build/Debug-watchos/SwiftTree.build/Objects-normal/armv7k/SwiftTree-OutputFileMap.json -use-frontend-parseable-output -save-temps -no-color-diagnostics -explicit-module-build -module-cache-path /Users/admin/builder/spi-builder-workspace/.derivedData/Build/Intermediates.noindex/SwiftExplicitPrecompiledModules -clang-scanner-module-cache-path /Users/admin/builder/spi-builder-workspace/.derivedData/ModuleCache.noindex -sdk-module-cache-path /Users/admin/builder/spi-builder-workspace/.derivedData/ModuleCache.noindex -serialize-diagnostics -emit-dependencies -emit-module -emit-module-path /Users/admin/builder/spi-builder-workspace/.derivedData/Build/Intermediates.noindex/SwiftTree.build/Debug-watchos/SwiftTree.build/Objects-normal/armv7k/SwiftTree.swiftmodule -validate-clang-modules-once -clang-build-session-file /Users/admin/builder/spi-builder-workspace/.derivedData/ModuleCache.noindex/Session.modulevalidation -package-name spi_builder_workspace -Xcc -I/Users/admin/builder/spi-builder-workspace/.derivedData/Build/Intermediates.noindex/SwiftTree.build/Debug-watchos/SwiftTree.build/swift-overrides.hmap -emit-const-values -Xfrontend -const-gather-protocols-file -Xfrontend /Users/admin/builder/spi-builder-workspace/.derivedData/Build/Intermediates.noindex/SwiftTree.build/Debug-watchos/SwiftTree.build/Objects-normal/armv7k/SwiftTree_const_extract_protocols.json -Xcc -I/Users/admin/builder/spi-builder-workspace/.derivedData/Build/Products/Debug-watchos/include -Xcc -I/Users/admin/builder/spi-builder-workspace/.derivedData/Build/Intermediates.noindex/SwiftTree.build/Debug-watchos/SwiftTree.build/DerivedSources-normal/armv7k -Xcc -I/Users/admin/builder/spi-builder-workspace/.derivedData/Build/Intermediates.noindex/SwiftTree.build/Debug-watchos/SwiftTree.build/DerivedSources/armv7k -Xcc -I/Users/admin/builder/spi-builder-workspace/.derivedData/Build/Intermediates.noindex/SwiftTree.build/Debug-watchos/SwiftTree.build/DerivedSources -Xcc -DSWIFT_PACKAGE -Xcc -DDEBUG\=1 -emit-objc-header -emit-objc-header-path /Users/admin/builder/spi-builder-workspace/.derivedData/Build/Intermediates.noindex/SwiftTree.build/Debug-watchos/SwiftTree.build/Objects-normal/armv7k/SwiftTree-Swift.h -working-directory /Users/admin/builder/spi-builder-workspace/.swiftpm/xcode -experimental-emit-module-separately -disable-cmo
/Users/admin/builder/spi-builder-workspace/Sources/SwiftTree/StatusColors.swift:1:8: error: Unable to resolve module dependency: 'AppKit'
import AppKit
^ (in target 'SwiftTree' from project 'SwiftTree')
/Users/admin/builder/spi-builder-workspace/Sources/SwiftTree/StatusColors.swift:1:8: note: A dependency of main module 'SwiftTree'
import AppKit
^ (in target 'SwiftTree' from project 'SwiftTree')
SwiftDriver SwiftTree normal arm64_32 com.apple.xcode.tools.swift.compiler (in target 'SwiftTree' from project 'SwiftTree')
cd /Users/admin/builder/spi-builder-workspace/.swiftpm/xcode
builtin-SwiftDriver -- /Applications/Xcode-26.5.0.app/Contents/Developer/Toolchains/XcodeDefault.xctoolchain/usr/bin/swiftc -module-name SwiftTree -Onone @/Users/admin/builder/spi-builder-workspace/.derivedData/Build/Intermediates.noindex/SwiftTree.build/Debug-watchos/SwiftTree.build/Objects-normal/arm64_32/SwiftTree.SwiftFileList -DSWIFT_PACKAGE -DDEBUG -DSWIFT_MODULE_RESOURCE_BUNDLE_AVAILABLE -DXcode -plugin-path /Applications/Xcode-26.5.0.app/Contents/Developer/Toolchains/XcodeDefault.xctoolchain/usr/lib/swift/host/plugins/testing -enable-experimental-feature DebugDescriptionMacro -sdk /Applications/Xcode-26.5.0.app/Contents/Developer/Platforms/WatchOS.platform/Developer/SDKs/WatchOS26.5.sdk -target arm64_32-apple-watchos5.0 -g -module-cache-path /Users/admin/builder/spi-builder-workspace/.derivedData/ModuleCache.noindex -Xfrontend -serialize-debugging-options -profile-coverage-mapping -profile-generate -enable-testing -index-store-path /Users/admin/builder/spi-builder-workspace/.derivedData/Index.noindex/DataStore -Xcc -D_LIBCPP_HARDENING_MODE\=_LIBCPP_HARDENING_MODE_DEBUG -swift-version 6 -I /Users/admin/builder/spi-builder-workspace/.derivedData/Build/Products/Debug-watchos -Isystem /Applications/Xcode-26.5.0.app/Contents/Developer/Platforms/WatchOS.platform/Developer/usr/lib -F /Users/admin/builder/spi-builder-workspace/.derivedData/Build/Products/Debug-watchos -F /Applications/Xcode-26.5.0.app/Contents/Developer/Platforms/WatchOS.platform/Developer/Library/Frameworks -F /Applications/Xcode-26.5.0.app/Contents/Developer/Platforms/WatchOS.platform/Developer/SDKs/WatchOS26.5.sdk/Developer/Library/Frameworks -c -j10 -enable-batch-mode -incremental -Xcc -ivfsstatcache -Xcc /Users/admin/builder/spi-builder-workspace/.derivedData/SDKStatCaches.noindex/watchos26.5-23T570-688ef53f1462e2c8f657fdc38a81448f7931b973dfc65d9472806dbbc3af9379.sdkstatcache -output-file-map /Users/admin/builder/spi-builder-workspace/.derivedData/Build/Intermediates.noindex/SwiftTree.build/Debug-watchos/SwiftTree.build/Objects-normal/arm64_32/SwiftTree-OutputFileMap.json -use-frontend-parseable-output -save-temps -no-color-diagnostics -explicit-module-build -module-cache-path /Users/admin/builder/spi-builder-workspace/.derivedData/Build/Intermediates.noindex/SwiftExplicitPrecompiledModules -clang-scanner-module-cache-path /Users/admin/builder/spi-builder-workspace/.derivedData/ModuleCache.noindex -sdk-module-cache-path /Users/admin/builder/spi-builder-workspace/.derivedData/ModuleCache.noindex -serialize-diagnostics -emit-dependencies -emit-module -emit-module-path /Users/admin/builder/spi-builder-workspace/.derivedData/Build/Intermediates.noindex/SwiftTree.build/Debug-watchos/SwiftTree.build/Objects-normal/arm64_32/SwiftTree.swiftmodule -validate-clang-modules-once -clang-build-session-file /Users/admin/builder/spi-builder-workspace/.derivedData/ModuleCache.noindex/Session.modulevalidation -package-name spi_builder_workspace -Xcc -I/Users/admin/builder/spi-builder-workspace/.derivedData/Build/Intermediates.noindex/SwiftTree.build/Debug-watchos/SwiftTree.build/swift-overrides.hmap -emit-const-values -Xfrontend -const-gather-protocols-file -Xfrontend /Users/admin/builder/spi-builder-workspace/.derivedData/Build/Intermediates.noindex/SwiftTree.build/Debug-watchos/SwiftTree.build/Objects-normal/arm64_32/SwiftTree_const_extract_protocols.json -Xcc -I/Users/admin/builder/spi-builder-workspace/.derivedData/Build/Products/Debug-watchos/include -Xcc -I/Users/admin/builder/spi-builder-workspace/.derivedData/Build/Intermediates.noindex/SwiftTree.build/Debug-watchos/SwiftTree.build/DerivedSources-normal/arm64_32 -Xcc -I/Users/admin/builder/spi-builder-workspace/.derivedData/Build/Intermediates.noindex/SwiftTree.build/Debug-watchos/SwiftTree.build/DerivedSources/arm64_32 -Xcc -I/Users/admin/builder/spi-builder-workspace/.derivedData/Build/Intermediates.noindex/SwiftTree.build/Debug-watchos/SwiftTree.build/DerivedSources -Xcc -DSWIFT_PACKAGE -Xcc -DDEBUG\=1 -emit-objc-header -emit-objc-header-path /Users/admin/builder/spi-builder-workspace/.derivedData/Build/Intermediates.noindex/SwiftTree.build/Debug-watchos/SwiftTree.build/Objects-normal/arm64_32/SwiftTree-Swift.h -working-directory /Users/admin/builder/spi-builder-workspace/.swiftpm/xcode -experimental-emit-module-separately -disable-cmo
/Users/admin/builder/spi-builder-workspace/Sources/SwiftTree/StatusColors.swift:1:8: error: Unable to resolve module dependency: 'AppKit'
import AppKit
^ (in target 'SwiftTree' from project 'SwiftTree')
/Users/admin/builder/spi-builder-workspace/Sources/SwiftTree/StatusColors.swift:1:8: note: A dependency of main module 'SwiftTree'
import AppKit
^ (in target 'SwiftTree' from project 'SwiftTree')
SwiftDriver SwiftTree normal arm64 com.apple.xcode.tools.swift.compiler (in target 'SwiftTree' from project 'SwiftTree')
cd /Users/admin/builder/spi-builder-workspace/.swiftpm/xcode
builtin-SwiftDriver -- /Applications/Xcode-26.5.0.app/Contents/Developer/Toolchains/XcodeDefault.xctoolchain/usr/bin/swiftc -module-name SwiftTree -Onone @/Users/admin/builder/spi-builder-workspace/.derivedData/Build/Intermediates.noindex/SwiftTree.build/Debug-watchos/SwiftTree.build/Objects-normal/arm64/SwiftTree.SwiftFileList -DSWIFT_PACKAGE -DDEBUG -DSWIFT_MODULE_RESOURCE_BUNDLE_AVAILABLE -DXcode -plugin-path /Applications/Xcode-26.5.0.app/Contents/Developer/Toolchains/XcodeDefault.xctoolchain/usr/lib/swift/host/plugins/testing -enable-experimental-feature DebugDescriptionMacro -sdk /Applications/Xcode-26.5.0.app/Contents/Developer/Platforms/WatchOS.platform/Developer/SDKs/WatchOS26.5.sdk -target arm64-apple-watchos5.0 -g -module-cache-path /Users/admin/builder/spi-builder-workspace/.derivedData/ModuleCache.noindex -Xfrontend -serialize-debugging-options -profile-coverage-mapping -profile-generate -enable-testing -index-store-path /Users/admin/builder/spi-builder-workspace/.derivedData/Index.noindex/DataStore -Xcc -D_LIBCPP_HARDENING_MODE\=_LIBCPP_HARDENING_MODE_DEBUG -swift-version 6 -I /Users/admin/builder/spi-builder-workspace/.derivedData/Build/Products/Debug-watchos -Isystem /Applications/Xcode-26.5.0.app/Contents/Developer/Platforms/WatchOS.platform/Developer/usr/lib -F /Users/admin/builder/spi-builder-workspace/.derivedData/Build/Products/Debug-watchos -F /Applications/Xcode-26.5.0.app/Contents/Developer/Platforms/WatchOS.platform/Developer/Library/Frameworks -F /Applications/Xcode-26.5.0.app/Contents/Developer/Platforms/WatchOS.platform/Developer/SDKs/WatchOS26.5.sdk/Developer/Library/Frameworks -c -j10 -enable-batch-mode -incremental -Xcc -ivfsstatcache -Xcc /Users/admin/builder/spi-builder-workspace/.derivedData/SDKStatCaches.noindex/watchos26.5-23T570-688ef53f1462e2c8f657fdc38a81448f7931b973dfc65d9472806dbbc3af9379.sdkstatcache -output-file-map /Users/admin/builder/spi-builder-workspace/.derivedData/Build/Intermediates.noindex/SwiftTree.build/Debug-watchos/SwiftTree.build/Objects-normal/arm64/SwiftTree-OutputFileMap.json -use-frontend-parseable-output -save-temps -no-color-diagnostics -explicit-module-build -module-cache-path /Users/admin/builder/spi-builder-workspace/.derivedData/Build/Intermediates.noindex/SwiftExplicitPrecompiledModules -clang-scanner-module-cache-path /Users/admin/builder/spi-builder-workspace/.derivedData/ModuleCache.noindex -sdk-module-cache-path /Users/admin/builder/spi-builder-workspace/.derivedData/ModuleCache.noindex -serialize-diagnostics -emit-dependencies -emit-module -emit-module-path /Users/admin/builder/spi-builder-workspace/.derivedData/Build/Intermediates.noindex/SwiftTree.build/Debug-watchos/SwiftTree.build/Objects-normal/arm64/SwiftTree.swiftmodule -validate-clang-modules-once -clang-build-session-file /Users/admin/builder/spi-builder-workspace/.derivedData/ModuleCache.noindex/Session.modulevalidation -package-name spi_builder_workspace -Xcc -I/Users/admin/builder/spi-builder-workspace/.derivedData/Build/Intermediates.noindex/SwiftTree.build/Debug-watchos/SwiftTree.build/swift-overrides.hmap -emit-const-values -Xfrontend -const-gather-protocols-file -Xfrontend /Users/admin/builder/spi-builder-workspace/.derivedData/Build/Intermediates.noindex/SwiftTree.build/Debug-watchos/SwiftTree.build/Objects-normal/arm64/SwiftTree_const_extract_protocols.json -Xcc -I/Users/admin/builder/spi-builder-workspace/.derivedData/Build/Products/Debug-watchos/include -Xcc -I/Users/admin/builder/spi-builder-workspace/.derivedData/Build/Intermediates.noindex/SwiftTree.build/Debug-watchos/SwiftTree.build/DerivedSources-normal/arm64 -Xcc -I/Users/admin/builder/spi-builder-workspace/.derivedData/Build/Intermediates.noindex/SwiftTree.build/Debug-watchos/SwiftTree.build/DerivedSources/arm64 -Xcc -I/Users/admin/builder/spi-builder-workspace/.derivedData/Build/Intermediates.noindex/SwiftTree.build/Debug-watchos/SwiftTree.build/DerivedSources -Xcc -DSWIFT_PACKAGE -Xcc -DDEBUG\=1 -emit-objc-header -emit-objc-header-path /Users/admin/builder/spi-builder-workspace/.derivedData/Build/Intermediates.noindex/SwiftTree.build/Debug-watchos/SwiftTree.build/Objects-normal/arm64/SwiftTree-Swift.h -working-directory /Users/admin/builder/spi-builder-workspace/.swiftpm/xcode -experimental-emit-module-separately -disable-cmo
/Users/admin/builder/spi-builder-workspace/Sources/SwiftTree/StatusColors.swift:1:8: error: Unable to resolve module dependency: 'AppKit'
import AppKit
^ (in target 'SwiftTree' from project 'SwiftTree')
/Users/admin/builder/spi-builder-workspace/Sources/SwiftTree/StatusColors.swift:1:8: note: A dependency of main module 'SwiftTree'
import AppKit
^ (in target 'SwiftTree' from project 'SwiftTree')
2026-09-29 17:30:52.278 xcodebuild[721:4684] [MT] IDERunDestination: Supported platforms for the buildables in the current scheme is empty.
/Users/admin/builder/spi-builder-workspace/Sources/SwiftTree/StatusColors.swift:1:8: error: unable to resolve module dependency: 'AppKit'
import AppKit
^
/Users/admin/builder/spi-builder-workspace/Sources/SwiftTree/StatusColors.swift:1:8: note: a dependency of main module 'SwiftTree'
import AppKit
^
/Users/admin/builder/spi-builder-workspace/Sources/SwiftTree/StatusColors.swift:1:8: error: unable to resolve module dependency: 'AppKit'
import AppKit
^
/Users/admin/builder/spi-builder-workspace/Sources/SwiftTree/StatusColors.swift:1:8: note: a dependency of main module 'SwiftTree'
import AppKit
^
/Users/admin/builder/spi-builder-workspace/Sources/SwiftTree/StatusColors.swift:1:8: error: unable to resolve module dependency: 'AppKit'
import AppKit
^
/Users/admin/builder/spi-builder-workspace/Sources/SwiftTree/StatusColors.swift:1:8: note: a dependency of main module 'SwiftTree'
import AppKit
^
** BUILD FAILED **
The following build commands failed:
SwiftDriver SwiftTree normal armv7k com.apple.xcode.tools.swift.compiler (in target 'SwiftTree' from project 'SwiftTree')
SwiftDriver SwiftTree normal arm64_32 com.apple.xcode.tools.swift.compiler (in target 'SwiftTree' from project 'SwiftTree')
SwiftDriver SwiftTree normal arm64 com.apple.xcode.tools.swift.compiler (in target 'SwiftTree' from project 'SwiftTree')
Building workspace spi-builder-workspace with scheme SwiftTree
(4 failures)
BUILD FAILURE 6.3 watchOS