The Swift Package Index logo.Swift Package Index

Track the adoption of Swift 6 strict concurrency checks for data race safety. How many packages are Ready for Swift 6?

Build Information

Failed to build DS1307 with Swift 5.10 for watchOS using Xcode 15.4 at master.

Build Command

env DEVELOPER_DIR=/Applications/Xcode-15.3.0-Beta.2.app xcrun xcodebuild -IDEClonedSourcePackagesDirPathOverride=$workDir/.dependencies -skipMacroValidation -skipPackagePluginValidation -derivedDataPath $workDir/.derivedData build -scheme DS1307 -destination generic/platform=watchos

Build Log

Command SwiftCompile failed with a nonzero exit code
2024-02-14 17:19:31.480 xcodebuild[36963:9585094] Requested but did not find extension point with identifier Xcode.DVTDeviceFoundation.Aspect for extension Xcode.IDEiOSSupportCore.Aspect.NBDD of plug-in com.apple.dt.IDE.IDEiOSSupportCore
2024-02-14 17:19:32.319 xcodebuild[36963:9585094] [MT] DVTPlugInQuery: Requested but did not find extension point with identifier 'Xcode.DVTDeviceFoundation.CompatibleDeviceFamilyPair'. This is programmer error; code should only request extension points that are defined by itself or its dependencies.
** BUILD FAILED **
The following build commands failed:
	SwiftCompile normal arm64 /Users/admin/builds/J1XnyXFH/1/finestructure/swiftpackageindex-builder/spi-builder-workspace/.dependencies/checkouts/SwiftyGPIO/Sources/UART.swift (in target 'SwiftyGPIO' from project 'SwiftyGPIO')
	SwiftCompile normal arm64 Compiling\ UART.swift /Users/admin/builds/J1XnyXFH/1/finestructure/swiftpackageindex-builder/spi-builder-workspace/.dependencies/checkouts/SwiftyGPIO/Sources/UART.swift (in target 'SwiftyGPIO' from project 'SwiftyGPIO')
	SwiftCompile normal armv7k Compiling\ I2C.swift,\ Mailbox.swift /Users/admin/builds/J1XnyXFH/1/finestructure/swiftpackageindex-builder/spi-builder-workspace/.dependencies/checkouts/SwiftyGPIO/Sources/I2C.swift /Users/admin/builds/J1XnyXFH/1/finestructure/swiftpackageindex-builder/spi-builder-workspace/.dependencies/checkouts/SwiftyGPIO/Sources/Mailbox.swift (in target 'SwiftyGPIO' from project 'SwiftyGPIO')
	SwiftCompile normal arm64 Compiling\ I2C.swift,\ Mailbox.swift /Users/admin/builds/J1XnyXFH/1/finestructure/swiftpackageindex-builder/spi-builder-workspace/.dependencies/checkouts/SwiftyGPIO/Sources/I2C.swift /Users/admin/builds/J1XnyXFH/1/finestructure/swiftpackageindex-builder/spi-builder-workspace/.dependencies/checkouts/SwiftyGPIO/Sources/Mailbox.swift (in target 'SwiftyGPIO' from project 'SwiftyGPIO')
(4 failures)
Command line invocation:
    /Applications/Xcode-15.3.0-Beta.2.app/Contents/Developer/usr/bin/xcodebuild -IDEClonedSourcePackagesDirPathOverride=/Users/admin/builds/J1XnyXFH/1/finestructure/swiftpackageindex-builder/spi-builder-workspace/.dependencies -skipMacroValidation -skipPackagePluginValidation -derivedDataPath /Users/admin/builds/J1XnyXFH/1/finestructure/swiftpackageindex-builder/spi-builder-workspace/.derivedData build -scheme DS1307 -destination generic/platform=watchos
User defaults from command line:
    IDEClonedSourcePackagesDirPathOverride = /Users/admin/builds/J1XnyXFH/1/finestructure/swiftpackageindex-builder/spi-builder-workspace/.dependencies
    IDEDerivedDataPathOverride = /Users/admin/builds/J1XnyXFH/1/finestructure/swiftpackageindex-builder/spi-builder-workspace/.derivedData
    IDEPackageSupportUseBuiltinSCM = YES
Resolve Package Graph
Resolved source packages:
  DS1307: /Users/admin/builds/J1XnyXFH/1/finestructure/swiftpackageindex-builder/spi-builder-workspace
  SwiftyGPIO: https://github.com/uraimo/SwiftyGPIO.git @ 1.4.1
Prepare packages
ComputeTargetDependencyGraph
note: Building targets in dependency order
note: Target dependency graph (4 targets)
    Target 'DS1307' in project 'DS1307'
        ➜ Explicit dependency on target 'DS1307' in project 'DS1307'
        ➜ Explicit dependency on target 'SwiftyGPIO' in project 'SwiftyGPIO'
    Target 'DS1307' in project 'DS1307'
        ➜ Explicit dependency on target 'SwiftyGPIO' in project 'SwiftyGPIO'
    Target 'SwiftyGPIO' in project 'SwiftyGPIO'
        ➜ Explicit dependency on target 'SwiftyGPIO' in project 'SwiftyGPIO'
    Target 'SwiftyGPIO' in project 'SwiftyGPIO' (no dependencies)
GatherProvisioningInputs
CreateBuildDescription
ClangStatCache /Applications/Xcode-15.3.0-Beta.2.app/Contents/Developer/Toolchains/XcodeDefault.xctoolchain/usr/bin/clang-stat-cache /Applications/Xcode-15.3.0-Beta.2.app/Contents/Developer/Platforms/WatchOS.platform/Developer/SDKs/WatchOS10.4.sdk /Users/admin/builds/J1XnyXFH/1/finestructure/swiftpackageindex-builder/spi-builder-workspace/.derivedData/SDKStatCaches.noindex/watchos10.4-21T5196c-188b4c5c5639cdba02b95625249bd203.sdkstatcache
    cd /Users/admin/builds/J1XnyXFH/1/finestructure/swiftpackageindex-builder/spi-builder-workspace/.swiftpm/xcode
    /Applications/Xcode-15.3.0-Beta.2.app/Contents/Developer/Toolchains/XcodeDefault.xctoolchain/usr/bin/clang-stat-cache /Applications/Xcode-15.3.0-Beta.2.app/Contents/Developer/Platforms/WatchOS.platform/Developer/SDKs/WatchOS10.4.sdk -o /Users/admin/builds/J1XnyXFH/1/finestructure/swiftpackageindex-builder/spi-builder-workspace/.derivedData/SDKStatCaches.noindex/watchos10.4-21T5196c-188b4c5c5639cdba02b95625249bd203.sdkstatcache
SwiftDriver SwiftyGPIO normal armv7k com.apple.xcode.tools.swift.compiler (in target 'SwiftyGPIO' from project 'SwiftyGPIO')
    cd /Users/admin/builds/J1XnyXFH/1/finestructure/swiftpackageindex-builder/spi-builder-workspace/.dependencies/checkouts/SwiftyGPIO
    builtin-SwiftDriver -- /Applications/Xcode-15.3.0-Beta.2.app/Contents/Developer/Toolchains/XcodeDefault.xctoolchain/usr/bin/swiftc -module-name SwiftyGPIO -Onone -enforce-exclusivity\=checked @/Users/admin/builds/J1XnyXFH/1/finestructure/swiftpackageindex-builder/spi-builder-workspace/.derivedData/Build/Intermediates.noindex/SwiftyGPIO.build/Debug-watchos/SwiftyGPIO.build/Objects-normal/armv7k/SwiftyGPIO.SwiftFileList -DSWIFT_PACKAGE -DDEBUG -DXcode -sdk /Applications/Xcode-15.3.0-Beta.2.app/Contents/Developer/Platforms/WatchOS.platform/Developer/SDKs/WatchOS10.4.sdk -target armv7k-apple-watchos5.0 -g -module-cache-path /Users/admin/builds/J1XnyXFH/1/finestructure/swiftpackageindex-builder/spi-builder-workspace/.derivedData/ModuleCache.noindex -Xfrontend -serialize-debugging-options -enable-testing -suppress-warnings -index-store-path /Users/admin/builds/J1XnyXFH/1/finestructure/swiftpackageindex-builder/spi-builder-workspace/.derivedData/Index.noindex/DataStore -swift-version 5 -I /Users/admin/builds/J1XnyXFH/1/finestructure/swiftpackageindex-builder/spi-builder-workspace/.derivedData/Build/Products/Debug-watchos -I /Applications/Xcode-15.3.0-Beta.2.app/Contents/Developer/Platforms/WatchOS.platform/Developer/usr/lib -F /Users/admin/builds/J1XnyXFH/1/finestructure/swiftpackageindex-builder/spi-builder-workspace/.derivedData/Build/Products/Debug-watchos -F /Applications/Xcode-15.3.0-Beta.2.app/Contents/Developer/Platforms/WatchOS.platform/Developer/Library/Frameworks -F /Applications/Xcode-15.3.0-Beta.2.app/Contents/Developer/Platforms/WatchOS.platform/Developer/SDKs/WatchOS10.4.sdk/Developer/Library/Frameworks -c -j8 -enable-batch-mode -incremental -Xcc -ivfsstatcache -Xcc /Users/admin/builds/J1XnyXFH/1/finestructure/swiftpackageindex-builder/spi-builder-workspace/.derivedData/SDKStatCaches.noindex/watchos10.4-21T5196c-188b4c5c5639cdba02b95625249bd203.sdkstatcache -output-file-map /Users/admin/builds/J1XnyXFH/1/finestructure/swiftpackageindex-builder/spi-builder-workspace/.derivedData/Build/Intermediates.noindex/SwiftyGPIO.build/Debug-watchos/SwiftyGPIO.build/Objects-normal/armv7k/SwiftyGPIO-OutputFileMap.json -use-frontend-parseable-output -save-temps -no-color-diagnostics -serialize-diagnostics -emit-dependencies -emit-module -emit-module-path /Users/admin/builds/J1XnyXFH/1/finestructure/swiftpackageindex-builder/spi-builder-workspace/.derivedData/Build/Intermediates.noindex/SwiftyGPIO.build/Debug-watchos/SwiftyGPIO.build/Objects-normal/armv7k/SwiftyGPIO.swiftmodule -validate-clang-modules-once -clang-build-session-file /Users/admin/builds/J1XnyXFH/1/finestructure/swiftpackageindex-builder/spi-builder-workspace/.derivedData/ModuleCache.noindex/Session.modulevalidation -Xcc -I/Users/admin/builds/J1XnyXFH/1/finestructure/swiftpackageindex-builder/spi-builder-workspace/.derivedData/Build/Intermediates.noindex/SwiftyGPIO.build/Debug-watchos/SwiftyGPIO.build/swift-overrides.hmap -emit-const-values -Xfrontend -const-gather-protocols-file -Xfrontend /Users/admin/builds/J1XnyXFH/1/finestructure/swiftpackageindex-builder/spi-builder-workspace/.derivedData/Build/Intermediates.noindex/SwiftyGPIO.build/Debug-watchos/SwiftyGPIO.build/Objects-normal/armv7k/SwiftyGPIO_const_extract_protocols.json -Xcc -I/Users/admin/builds/J1XnyXFH/1/finestructure/swiftpackageindex-builder/spi-builder-workspace/.derivedData/Build/Products/Debug-watchos/include -Xcc -I/Users/admin/builds/J1XnyXFH/1/finestructure/swiftpackageindex-builder/spi-builder-workspace/.derivedData/Build/Intermediates.noindex/SwiftyGPIO.build/Debug-watchos/SwiftyGPIO.build/DerivedSources-normal/armv7k -Xcc -I/Users/admin/builds/J1XnyXFH/1/finestructure/swiftpackageindex-builder/spi-builder-workspace/.derivedData/Build/Intermediates.noindex/SwiftyGPIO.build/Debug-watchos/SwiftyGPIO.build/DerivedSources/armv7k -Xcc -I/Users/admin/builds/J1XnyXFH/1/finestructure/swiftpackageindex-builder/spi-builder-workspace/.derivedData/Build/Intermediates.noindex/SwiftyGPIO.build/Debug-watchos/SwiftyGPIO.build/DerivedSources -Xcc -DSWIFT_PACKAGE -Xcc -DDEBUG\=1 -emit-objc-header -emit-objc-header-path /Users/admin/builds/J1XnyXFH/1/finestructure/swiftpackageindex-builder/spi-builder-workspace/.derivedData/Build/Intermediates.noindex/SwiftyGPIO.build/Debug-watchos/SwiftyGPIO.build/Objects-normal/armv7k/SwiftyGPIO-Swift.h -working-directory /Users/admin/builds/J1XnyXFH/1/finestructure/swiftpackageindex-builder/spi-builder-workspace/.dependencies/checkouts/SwiftyGPIO -experimental-emit-module-separately -disable-cmo
SwiftDriver SwiftyGPIO normal arm64 com.apple.xcode.tools.swift.compiler (in target 'SwiftyGPIO' from project 'SwiftyGPIO')
    cd /Users/admin/builds/J1XnyXFH/1/finestructure/swiftpackageindex-builder/spi-builder-workspace/.dependencies/checkouts/SwiftyGPIO
    builtin-SwiftDriver -- /Applications/Xcode-15.3.0-Beta.2.app/Contents/Developer/Toolchains/XcodeDefault.xctoolchain/usr/bin/swiftc -module-name SwiftyGPIO -Onone -enforce-exclusivity\=checked @/Users/admin/builds/J1XnyXFH/1/finestructure/swiftpackageindex-builder/spi-builder-workspace/.derivedData/Build/Intermediates.noindex/SwiftyGPIO.build/Debug-watchos/SwiftyGPIO.build/Objects-normal/arm64/SwiftyGPIO.SwiftFileList -DSWIFT_PACKAGE -DDEBUG -DXcode -sdk /Applications/Xcode-15.3.0-Beta.2.app/Contents/Developer/Platforms/WatchOS.platform/Developer/SDKs/WatchOS10.4.sdk -target arm64-apple-watchos5.0 -g -module-cache-path /Users/admin/builds/J1XnyXFH/1/finestructure/swiftpackageindex-builder/spi-builder-workspace/.derivedData/ModuleCache.noindex -Xfrontend -serialize-debugging-options -enable-testing -suppress-warnings -index-store-path /Users/admin/builds/J1XnyXFH/1/finestructure/swiftpackageindex-builder/spi-builder-workspace/.derivedData/Index.noindex/DataStore -swift-version 5 -I /Users/admin/builds/J1XnyXFH/1/finestructure/swiftpackageindex-builder/spi-builder-workspace/.derivedData/Build/Products/Debug-watchos -I /Applications/Xcode-15.3.0-Beta.2.app/Contents/Developer/Platforms/WatchOS.platform/Developer/usr/lib -F /Users/admin/builds/J1XnyXFH/1/finestructure/swiftpackageindex-builder/spi-builder-workspace/.derivedData/Build/Products/Debug-watchos -F /Applications/Xcode-15.3.0-Beta.2.app/Contents/Developer/Platforms/WatchOS.platform/Developer/Library/Frameworks -F /Applications/Xcode-15.3.0-Beta.2.app/Contents/Developer/Platforms/WatchOS.platform/Developer/SDKs/WatchOS10.4.sdk/Developer/Library/Frameworks -c -j8 -enable-batch-mode -incremental -Xcc -ivfsstatcache -Xcc /Users/admin/builds/J1XnyXFH/1/finestructure/swiftpackageindex-builder/spi-builder-workspace/.derivedData/SDKStatCaches.noindex/watchos10.4-21T5196c-188b4c5c5639cdba02b95625249bd203.sdkstatcache -output-file-map /Users/admin/builds/J1XnyXFH/1/finestructure/swiftpackageindex-builder/spi-builder-workspace/.derivedData/Build/Intermediates.noindex/SwiftyGPIO.build/Debug-watchos/SwiftyGPIO.build/Objects-normal/arm64/SwiftyGPIO-OutputFileMap.json -use-frontend-parseable-output -save-temps -no-color-diagnostics -serialize-diagnostics -emit-dependencies -emit-module -emit-module-path /Users/admin/builds/J1XnyXFH/1/finestructure/swiftpackageindex-builder/spi-builder-workspace/.derivedData/Build/Intermediates.noindex/SwiftyGPIO.build/Debug-watchos/SwiftyGPIO.build/Objects-normal/arm64/SwiftyGPIO.swiftmodule -validate-clang-modules-once -clang-build-session-file /Users/admin/builds/J1XnyXFH/1/finestructure/swiftpackageindex-builder/spi-builder-workspace/.derivedData/ModuleCache.noindex/Session.modulevalidation -Xcc -I/Users/admin/builds/J1XnyXFH/1/finestructure/swiftpackageindex-builder/spi-builder-workspace/.derivedData/Build/Intermediates.noindex/SwiftyGPIO.build/Debug-watchos/SwiftyGPIO.build/swift-overrides.hmap -emit-const-values -Xfrontend -const-gather-protocols-file -Xfrontend /Users/admin/builds/J1XnyXFH/1/finestructure/swiftpackageindex-builder/spi-builder-workspace/.derivedData/Build/Intermediates.noindex/SwiftyGPIO.build/Debug-watchos/SwiftyGPIO.build/Objects-normal/arm64/SwiftyGPIO_const_extract_protocols.json -Xcc -I/Users/admin/builds/J1XnyXFH/1/finestructure/swiftpackageindex-builder/spi-builder-workspace/.derivedData/Build/Products/Debug-watchos/include -Xcc -I/Users/admin/builds/J1XnyXFH/1/finestructure/swiftpackageindex-builder/spi-builder-workspace/.derivedData/Build/Intermediates.noindex/SwiftyGPIO.build/Debug-watchos/SwiftyGPIO.build/DerivedSources-normal/arm64 -Xcc -I/Users/admin/builds/J1XnyXFH/1/finestructure/swiftpackageindex-builder/spi-builder-workspace/.derivedData/Build/Intermediates.noindex/SwiftyGPIO.build/Debug-watchos/SwiftyGPIO.build/DerivedSources/arm64 -Xcc -I/Users/admin/builds/J1XnyXFH/1/finestructure/swiftpackageindex-builder/spi-builder-workspace/.derivedData/Build/Intermediates.noindex/SwiftyGPIO.build/Debug-watchos/SwiftyGPIO.build/DerivedSources -Xcc -DSWIFT_PACKAGE -Xcc -DDEBUG\=1 -emit-objc-header -emit-objc-header-path /Users/admin/builds/J1XnyXFH/1/finestructure/swiftpackageindex-builder/spi-builder-workspace/.derivedData/Build/Intermediates.noindex/SwiftyGPIO.build/Debug-watchos/SwiftyGPIO.build/Objects-normal/arm64/SwiftyGPIO-Swift.h -working-directory /Users/admin/builds/J1XnyXFH/1/finestructure/swiftpackageindex-builder/spi-builder-workspace/.dependencies/checkouts/SwiftyGPIO -experimental-emit-module-separately -disable-cmo
SwiftDriver SwiftyGPIO normal arm64_32 com.apple.xcode.tools.swift.compiler (in target 'SwiftyGPIO' from project 'SwiftyGPIO')
    cd /Users/admin/builds/J1XnyXFH/1/finestructure/swiftpackageindex-builder/spi-builder-workspace/.dependencies/checkouts/SwiftyGPIO
    builtin-SwiftDriver -- /Applications/Xcode-15.3.0-Beta.2.app/Contents/Developer/Toolchains/XcodeDefault.xctoolchain/usr/bin/swiftc -module-name SwiftyGPIO -Onone -enforce-exclusivity\=checked @/Users/admin/builds/J1XnyXFH/1/finestructure/swiftpackageindex-builder/spi-builder-workspace/.derivedData/Build/Intermediates.noindex/SwiftyGPIO.build/Debug-watchos/SwiftyGPIO.build/Objects-normal/arm64_32/SwiftyGPIO.SwiftFileList -DSWIFT_PACKAGE -DDEBUG -DXcode -sdk /Applications/Xcode-15.3.0-Beta.2.app/Contents/Developer/Platforms/WatchOS.platform/Developer/SDKs/WatchOS10.4.sdk -target arm64_32-apple-watchos5.0 -g -module-cache-path /Users/admin/builds/J1XnyXFH/1/finestructure/swiftpackageindex-builder/spi-builder-workspace/.derivedData/ModuleCache.noindex -Xfrontend -serialize-debugging-options -enable-testing -suppress-warnings -index-store-path /Users/admin/builds/J1XnyXFH/1/finestructure/swiftpackageindex-builder/spi-builder-workspace/.derivedData/Index.noindex/DataStore -swift-version 5 -I /Users/admin/builds/J1XnyXFH/1/finestructure/swiftpackageindex-builder/spi-builder-workspace/.derivedData/Build/Products/Debug-watchos -I /Applications/Xcode-15.3.0-Beta.2.app/Contents/Developer/Platforms/WatchOS.platform/Developer/usr/lib -F /Users/admin/builds/J1XnyXFH/1/finestructure/swiftpackageindex-builder/spi-builder-workspace/.derivedData/Build/Products/Debug-watchos -F /Applications/Xcode-15.3.0-Beta.2.app/Contents/Developer/Platforms/WatchOS.platform/Developer/Library/Frameworks -F /Applications/Xcode-15.3.0-Beta.2.app/Contents/Developer/Platforms/WatchOS.platform/Developer/SDKs/WatchOS10.4.sdk/Developer/Library/Frameworks -c -j8 -enable-batch-mode -incremental -Xcc -ivfsstatcache -Xcc /Users/admin/builds/J1XnyXFH/1/finestructure/swiftpackageindex-builder/spi-builder-workspace/.derivedData/SDKStatCaches.noindex/watchos10.4-21T5196c-188b4c5c5639cdba02b95625249bd203.sdkstatcache -output-file-map /Users/admin/builds/J1XnyXFH/1/finestructure/swiftpackageindex-builder/spi-builder-workspace/.derivedData/Build/Intermediates.noindex/SwiftyGPIO.build/Debug-watchos/SwiftyGPIO.build/Objects-normal/arm64_32/SwiftyGPIO-OutputFileMap.json -use-frontend-parseable-output -save-temps -no-color-diagnostics -serialize-diagnostics -emit-dependencies -emit-module -emit-module-path /Users/admin/builds/J1XnyXFH/1/finestructure/swiftpackageindex-builder/spi-builder-workspace/.derivedData/Build/Intermediates.noindex/SwiftyGPIO.build/Debug-watchos/SwiftyGPIO.build/Objects-normal/arm64_32/SwiftyGPIO.swiftmodule -validate-clang-modules-once -clang-build-session-file /Users/admin/builds/J1XnyXFH/1/finestructure/swiftpackageindex-builder/spi-builder-workspace/.derivedData/ModuleCache.noindex/Session.modulevalidation -Xcc -I/Users/admin/builds/J1XnyXFH/1/finestructure/swiftpackageindex-builder/spi-builder-workspace/.derivedData/Build/Intermediates.noindex/SwiftyGPIO.build/Debug-watchos/SwiftyGPIO.build/swift-overrides.hmap -emit-const-values -Xfrontend -const-gather-protocols-file -Xfrontend /Users/admin/builds/J1XnyXFH/1/finestructure/swiftpackageindex-builder/spi-builder-workspace/.derivedData/Build/Intermediates.noindex/SwiftyGPIO.build/Debug-watchos/SwiftyGPIO.build/Objects-normal/arm64_32/SwiftyGPIO_const_extract_protocols.json -Xcc -I/Users/admin/builds/J1XnyXFH/1/finestructure/swiftpackageindex-builder/spi-builder-workspace/.derivedData/Build/Products/Debug-watchos/include -Xcc -I/Users/admin/builds/J1XnyXFH/1/finestructure/swiftpackageindex-builder/spi-builder-workspace/.derivedData/Build/Intermediates.noindex/SwiftyGPIO.build/Debug-watchos/SwiftyGPIO.build/DerivedSources-normal/arm64_32 -Xcc -I/Users/admin/builds/J1XnyXFH/1/finestructure/swiftpackageindex-builder/spi-builder-workspace/.derivedData/Build/Intermediates.noindex/SwiftyGPIO.build/Debug-watchos/SwiftyGPIO.build/DerivedSources/arm64_32 -Xcc -I/Users/admin/builds/J1XnyXFH/1/finestructure/swiftpackageindex-builder/spi-builder-workspace/.derivedData/Build/Intermediates.noindex/SwiftyGPIO.build/Debug-watchos/SwiftyGPIO.build/DerivedSources -Xcc -DSWIFT_PACKAGE -Xcc -DDEBUG\=1 -emit-objc-header -emit-objc-header-path /Users/admin/builds/J1XnyXFH/1/finestructure/swiftpackageindex-builder/spi-builder-workspace/.derivedData/Build/Intermediates.noindex/SwiftyGPIO.build/Debug-watchos/SwiftyGPIO.build/Objects-normal/arm64_32/SwiftyGPIO-Swift.h -working-directory /Users/admin/builds/J1XnyXFH/1/finestructure/swiftpackageindex-builder/spi-builder-workspace/.dependencies/checkouts/SwiftyGPIO -experimental-emit-module-separately -disable-cmo
WriteAuxiliaryFile /Users/admin/builds/J1XnyXFH/1/finestructure/swiftpackageindex-builder/spi-builder-workspace/.derivedData/Build/Intermediates.noindex/DS1307.build/Debug-watchos/DS1307.build/DS1307.modulemap (in target 'DS1307' from project 'DS1307')
    cd /Users/admin/builds/J1XnyXFH/1/finestructure/swiftpackageindex-builder/spi-builder-workspace
    write-file /Users/admin/builds/J1XnyXFH/1/finestructure/swiftpackageindex-builder/spi-builder-workspace/.derivedData/Build/Intermediates.noindex/DS1307.build/Debug-watchos/DS1307.build/DS1307.modulemap
Copy /Users/admin/builds/J1XnyXFH/1/finestructure/swiftpackageindex-builder/spi-builder-workspace/.derivedData/Build/Intermediates.noindex/GeneratedModuleMaps-watchos/DS1307.modulemap /Users/admin/builds/J1XnyXFH/1/finestructure/swiftpackageindex-builder/spi-builder-workspace/.derivedData/Build/Intermediates.noindex/DS1307.build/Debug-watchos/DS1307.build/DS1307.modulemap (in target 'DS1307' from project 'DS1307')
    cd /Users/admin/builds/J1XnyXFH/1/finestructure/swiftpackageindex-builder/spi-builder-workspace
    builtin-copy -exclude .DS_Store -exclude CVS -exclude .svn -exclude .git -exclude .hg -resolve-src-symlinks /Users/admin/builds/J1XnyXFH/1/finestructure/swiftpackageindex-builder/spi-builder-workspace/.derivedData/Build/Intermediates.noindex/DS1307.build/Debug-watchos/DS1307.build/DS1307.modulemap /Users/admin/builds/J1XnyXFH/1/finestructure/swiftpackageindex-builder/spi-builder-workspace/.derivedData/Build/Intermediates.noindex/GeneratedModuleMaps-watchos
WriteAuxiliaryFile /Users/admin/builds/J1XnyXFH/1/finestructure/swiftpackageindex-builder/spi-builder-workspace/.derivedData/Build/Intermediates.noindex/DS1307.build/Debug-watchos/DS1307.build/Objects-normal/armv7k/DS1307_const_extract_protocols.json (in target 'DS1307' from project 'DS1307')
    cd /Users/admin/builds/J1XnyXFH/1/finestructure/swiftpackageindex-builder/spi-builder-workspace
    write-file /Users/admin/builds/J1XnyXFH/1/finestructure/swiftpackageindex-builder/spi-builder-workspace/.derivedData/Build/Intermediates.noindex/DS1307.build/Debug-watchos/DS1307.build/Objects-normal/armv7k/DS1307_const_extract_protocols.json
WriteAuxiliaryFile /Users/admin/builds/J1XnyXFH/1/finestructure/swiftpackageindex-builder/spi-builder-workspace/.derivedData/Build/Intermediates.noindex/DS1307.build/Debug-watchos/DS1307.build/Objects-normal/armv7k/DS1307-OutputFileMap.json (in target 'DS1307' from project 'DS1307')
    cd /Users/admin/builds/J1XnyXFH/1/finestructure/swiftpackageindex-builder/spi-builder-workspace
    write-file /Users/admin/builds/J1XnyXFH/1/finestructure/swiftpackageindex-builder/spi-builder-workspace/.derivedData/Build/Intermediates.noindex/DS1307.build/Debug-watchos/DS1307.build/Objects-normal/armv7k/DS1307-OutputFileMap.json
WriteAuxiliaryFile /Users/admin/builds/J1XnyXFH/1/finestructure/swiftpackageindex-builder/spi-builder-workspace/.derivedData/Build/Intermediates.noindex/DS1307.build/Debug-watchos/DS1307.build/Objects-normal/armv7k/DS1307.SwiftFileList (in target 'DS1307' from project 'DS1307')
    cd /Users/admin/builds/J1XnyXFH/1/finestructure/swiftpackageindex-builder/spi-builder-workspace
    write-file /Users/admin/builds/J1XnyXFH/1/finestructure/swiftpackageindex-builder/spi-builder-workspace/.derivedData/Build/Intermediates.noindex/DS1307.build/Debug-watchos/DS1307.build/Objects-normal/armv7k/DS1307.SwiftFileList
WriteAuxiliaryFile /Users/admin/builds/J1XnyXFH/1/finestructure/swiftpackageindex-builder/spi-builder-workspace/.derivedData/Build/Intermediates.noindex/DS1307.build/Debug-watchos/DS1307.build/Objects-normal/arm64_32/DS1307.SwiftFileList (in target 'DS1307' from project 'DS1307')
    cd /Users/admin/builds/J1XnyXFH/1/finestructure/swiftpackageindex-builder/spi-builder-workspace
    write-file /Users/admin/builds/J1XnyXFH/1/finestructure/swiftpackageindex-builder/spi-builder-workspace/.derivedData/Build/Intermediates.noindex/DS1307.build/Debug-watchos/DS1307.build/Objects-normal/arm64_32/DS1307.SwiftFileList
WriteAuxiliaryFile /Users/admin/builds/J1XnyXFH/1/finestructure/swiftpackageindex-builder/spi-builder-workspace/.derivedData/Build/Intermediates.noindex/DS1307.build/Debug-watchos/DS1307.build/Objects-normal/arm64_32/DS1307_const_extract_protocols.json (in target 'DS1307' from project 'DS1307')
    cd /Users/admin/builds/J1XnyXFH/1/finestructure/swiftpackageindex-builder/spi-builder-workspace
    write-file /Users/admin/builds/J1XnyXFH/1/finestructure/swiftpackageindex-builder/spi-builder-workspace/.derivedData/Build/Intermediates.noindex/DS1307.build/Debug-watchos/DS1307.build/Objects-normal/arm64_32/DS1307_const_extract_protocols.json
WriteAuxiliaryFile /Users/admin/builds/J1XnyXFH/1/finestructure/swiftpackageindex-builder/spi-builder-workspace/.derivedData/Build/Intermediates.noindex/DS1307.build/Debug-watchos/DS1307.build/Objects-normal/arm64_32/DS1307-OutputFileMap.json (in target 'DS1307' from project 'DS1307')
    cd /Users/admin/builds/J1XnyXFH/1/finestructure/swiftpackageindex-builder/spi-builder-workspace
    write-file /Users/admin/builds/J1XnyXFH/1/finestructure/swiftpackageindex-builder/spi-builder-workspace/.derivedData/Build/Intermediates.noindex/DS1307.build/Debug-watchos/DS1307.build/Objects-normal/arm64_32/DS1307-OutputFileMap.json
WriteAuxiliaryFile /Users/admin/builds/J1XnyXFH/1/finestructure/swiftpackageindex-builder/spi-builder-workspace/.derivedData/Build/Intermediates.noindex/DS1307.build/Debug-watchos/DS1307.build/Objects-normal/arm64/DS1307_const_extract_protocols.json (in target 'DS1307' from project 'DS1307')
    cd /Users/admin/builds/J1XnyXFH/1/finestructure/swiftpackageindex-builder/spi-builder-workspace
    write-file /Users/admin/builds/J1XnyXFH/1/finestructure/swiftpackageindex-builder/spi-builder-workspace/.derivedData/Build/Intermediates.noindex/DS1307.build/Debug-watchos/DS1307.build/Objects-normal/arm64/DS1307_const_extract_protocols.json
WriteAuxiliaryFile /Users/admin/builds/J1XnyXFH/1/finestructure/swiftpackageindex-builder/spi-builder-workspace/.derivedData/Build/Intermediates.noindex/DS1307.build/Debug-watchos/DS1307.build/Objects-normal/arm64/DS1307.SwiftFileList (in target 'DS1307' from project 'DS1307')
    cd /Users/admin/builds/J1XnyXFH/1/finestructure/swiftpackageindex-builder/spi-builder-workspace
    write-file /Users/admin/builds/J1XnyXFH/1/finestructure/swiftpackageindex-builder/spi-builder-workspace/.derivedData/Build/Intermediates.noindex/DS1307.build/Debug-watchos/DS1307.build/Objects-normal/arm64/DS1307.SwiftFileList
WriteAuxiliaryFile /Users/admin/builds/J1XnyXFH/1/finestructure/swiftpackageindex-builder/spi-builder-workspace/.derivedData/Build/Intermediates.noindex/DS1307.build/Debug-watchos/DS1307.build/Objects-normal/arm64/DS1307-OutputFileMap.json (in target 'DS1307' from project 'DS1307')
    cd /Users/admin/builds/J1XnyXFH/1/finestructure/swiftpackageindex-builder/spi-builder-workspace
    write-file /Users/admin/builds/J1XnyXFH/1/finestructure/swiftpackageindex-builder/spi-builder-workspace/.derivedData/Build/Intermediates.noindex/DS1307.build/Debug-watchos/DS1307.build/Objects-normal/arm64/DS1307-OutputFileMap.json
SwiftDriver DS1307 normal arm64_32 com.apple.xcode.tools.swift.compiler (in target 'DS1307' from project 'DS1307')
    cd /Users/admin/builds/J1XnyXFH/1/finestructure/swiftpackageindex-builder/spi-builder-workspace
    builtin-SwiftDriver -- /Applications/Xcode-15.3.0-Beta.2.app/Contents/Developer/Toolchains/XcodeDefault.xctoolchain/usr/bin/swiftc -module-name DS1307 -Onone -enforce-exclusivity\=checked @/Users/admin/builds/J1XnyXFH/1/finestructure/swiftpackageindex-builder/spi-builder-workspace/.derivedData/Build/Intermediates.noindex/DS1307.build/Debug-watchos/DS1307.build/Objects-normal/arm64_32/DS1307.SwiftFileList -DSWIFT_PACKAGE -DDEBUG -DXcode -sdk /Applications/Xcode-15.3.0-Beta.2.app/Contents/Developer/Platforms/WatchOS.platform/Developer/SDKs/WatchOS10.4.sdk -target arm64_32-apple-watchos5.0 -g -module-cache-path /Users/admin/builds/J1XnyXFH/1/finestructure/swiftpackageindex-builder/spi-builder-workspace/.derivedData/ModuleCache.noindex -Xfrontend -serialize-debugging-options -enable-testing -index-store-path /Users/admin/builds/J1XnyXFH/1/finestructure/swiftpackageindex-builder/spi-builder-workspace/.derivedData/Index.noindex/DataStore -swift-version 4 -I /Users/admin/builds/J1XnyXFH/1/finestructure/swiftpackageindex-builder/spi-builder-workspace/.derivedData/Build/Products/Debug-watchos -I /Applications/Xcode-15.3.0-Beta.2.app/Contents/Developer/Platforms/WatchOS.platform/Developer/usr/lib -F /Users/admin/builds/J1XnyXFH/1/finestructure/swiftpackageindex-builder/spi-builder-workspace/.derivedData/Build/Products/Debug-watchos/PackageFrameworks -F /Users/admin/builds/J1XnyXFH/1/finestructure/swiftpackageindex-builder/spi-builder-workspace/.derivedData/Build/Products/Debug-watchos -F /Applications/Xcode-15.3.0-Beta.2.app/Contents/Developer/Platforms/WatchOS.platform/Developer/Library/Frameworks -F /Applications/Xcode-15.3.0-Beta.2.app/Contents/Developer/Platforms/WatchOS.platform/Developer/SDKs/WatchOS10.4.sdk/Developer/Library/Frameworks -parse-as-library -c -j8 -enable-batch-mode -incremental -Xcc -ivfsstatcache -Xcc /Users/admin/builds/J1XnyXFH/1/finestructure/swiftpackageindex-builder/spi-builder-workspace/.derivedData/SDKStatCaches.noindex/watchos10.4-21T5196c-188b4c5c5639cdba02b95625249bd203.sdkstatcache -output-file-map /Users/admin/builds/J1XnyXFH/1/finestructure/swiftpackageindex-builder/spi-builder-workspace/.derivedData/Build/Intermediates.noindex/DS1307.build/Debug-watchos/DS1307.build/Objects-normal/arm64_32/DS1307-OutputFileMap.json -use-frontend-parseable-output -save-temps -no-color-diagnostics -serialize-diagnostics -emit-dependencies -emit-module -emit-module-path /Users/admin/builds/J1XnyXFH/1/finestructure/swiftpackageindex-builder/spi-builder-workspace/.derivedData/Build/Intermediates.noindex/DS1307.build/Debug-watchos/DS1307.build/Objects-normal/arm64_32/DS1307.swiftmodule -validate-clang-modules-once -clang-build-session-file /Users/admin/builds/J1XnyXFH/1/finestructure/swiftpackageindex-builder/spi-builder-workspace/.derivedData/ModuleCache.noindex/Session.modulevalidation -Xcc -I/Users/admin/builds/J1XnyXFH/1/finestructure/swiftpackageindex-builder/spi-builder-workspace/.derivedData/Build/Intermediates.noindex/DS1307.build/Debug-watchos/DS1307.build/swift-overrides.hmap -emit-const-values -Xfrontend -const-gather-protocols-file -Xfrontend /Users/admin/builds/J1XnyXFH/1/finestructure/swiftpackageindex-builder/spi-builder-workspace/.derivedData/Build/Intermediates.noindex/DS1307.build/Debug-watchos/DS1307.build/Objects-normal/arm64_32/DS1307_const_extract_protocols.json -Xcc -I/Users/admin/builds/J1XnyXFH/1/finestructure/swiftpackageindex-builder/spi-builder-workspace/.derivedData/Build/Products/Debug-watchos/include -Xcc -I/Users/admin/builds/J1XnyXFH/1/finestructure/swiftpackageindex-builder/spi-builder-workspace/.derivedData/Build/Intermediates.noindex/DS1307.build/Debug-watchos/DS1307.build/DerivedSources-normal/arm64_32 -Xcc -I/Users/admin/builds/J1XnyXFH/1/finestructure/swiftpackageindex-builder/spi-builder-workspace/.derivedData/Build/Intermediates.noindex/DS1307.build/Debug-watchos/DS1307.build/DerivedSources/arm64_32 -Xcc -I/Users/admin/builds/J1XnyXFH/1/finestructure/swiftpackageindex-builder/spi-builder-workspace/.derivedData/Build/Intermediates.noindex/DS1307.build/Debug-watchos/DS1307.build/DerivedSources -Xcc -DSWIFT_PACKAGE -Xcc -DDEBUG\=1 -emit-objc-header -emit-objc-header-path /Users/admin/builds/J1XnyXFH/1/finestructure/swiftpackageindex-builder/spi-builder-workspace/.derivedData/Build/Intermediates.noindex/DS1307.build/Debug-watchos/DS1307.build/Objects-normal/arm64_32/DS1307-Swift.h -working-directory /Users/admin/builds/J1XnyXFH/1/finestructure/swiftpackageindex-builder/spi-builder-workspace -experimental-emit-module-separately -disable-cmo
SwiftDriver DS1307 normal arm64 com.apple.xcode.tools.swift.compiler (in target 'DS1307' from project 'DS1307')
    cd /Users/admin/builds/J1XnyXFH/1/finestructure/swiftpackageindex-builder/spi-builder-workspace
    builtin-SwiftDriver -- /Applications/Xcode-15.3.0-Beta.2.app/Contents/Developer/Toolchains/XcodeDefault.xctoolchain/usr/bin/swiftc -module-name DS1307 -Onone -enforce-exclusivity\=checked @/Users/admin/builds/J1XnyXFH/1/finestructure/swiftpackageindex-builder/spi-builder-workspace/.derivedData/Build/Intermediates.noindex/DS1307.build/Debug-watchos/DS1307.build/Objects-normal/arm64/DS1307.SwiftFileList -DSWIFT_PACKAGE -DDEBUG -DXcode -sdk /Applications/Xcode-15.3.0-Beta.2.app/Contents/Developer/Platforms/WatchOS.platform/Developer/SDKs/WatchOS10.4.sdk -target arm64-apple-watchos5.0 -g -module-cache-path /Users/admin/builds/J1XnyXFH/1/finestructure/swiftpackageindex-builder/spi-builder-workspace/.derivedData/ModuleCache.noindex -Xfrontend -serialize-debugging-options -enable-testing -index-store-path /Users/admin/builds/J1XnyXFH/1/finestructure/swiftpackageindex-builder/spi-builder-workspace/.derivedData/Index.noindex/DataStore -swift-version 4 -I /Users/admin/builds/J1XnyXFH/1/finestructure/swiftpackageindex-builder/spi-builder-workspace/.derivedData/Build/Products/Debug-watchos -I /Applications/Xcode-15.3.0-Beta.2.app/Contents/Developer/Platforms/WatchOS.platform/Developer/usr/lib -F /Users/admin/builds/J1XnyXFH/1/finestructure/swiftpackageindex-builder/spi-builder-workspace/.derivedData/Build/Products/Debug-watchos/PackageFrameworks -F /Users/admin/builds/J1XnyXFH/1/finestructure/swiftpackageindex-builder/spi-builder-workspace/.derivedData/Build/Products/Debug-watchos -F /Applications/Xcode-15.3.0-Beta.2.app/Contents/Developer/Platforms/WatchOS.platform/Developer/Library/Frameworks -F /Applications/Xcode-15.3.0-Beta.2.app/Contents/Developer/Platforms/WatchOS.platform/Developer/SDKs/WatchOS10.4.sdk/Developer/Library/Frameworks -parse-as-library -c -j8 -enable-batch-mode -incremental -Xcc -ivfsstatcache -Xcc /Users/admin/builds/J1XnyXFH/1/finestructure/swiftpackageindex-builder/spi-builder-workspace/.derivedData/SDKStatCaches.noindex/watchos10.4-21T5196c-188b4c5c5639cdba02b95625249bd203.sdkstatcache -output-file-map /Users/admin/builds/J1XnyXFH/1/finestructure/swiftpackageindex-builder/spi-builder-workspace/.derivedData/Build/Intermediates.noindex/DS1307.build/Debug-watchos/DS1307.build/Objects-normal/arm64/DS1307-OutputFileMap.json -use-frontend-parseable-output -save-temps -no-color-diagnostics -serialize-diagnostics -emit-dependencies -emit-module -emit-module-path /Users/admin/builds/J1XnyXFH/1/finestructure/swiftpackageindex-builder/spi-builder-workspace/.derivedData/Build/Intermediates.noindex/DS1307.build/Debug-watchos/DS1307.build/Objects-normal/arm64/DS1307.swiftmodule -validate-clang-modules-once -clang-build-session-file /Users/admin/builds/J1XnyXFH/1/finestructure/swiftpackageindex-builder/spi-builder-workspace/.derivedData/ModuleCache.noindex/Session.modulevalidation -Xcc -I/Users/admin/builds/J1XnyXFH/1/finestructure/swiftpackageindex-builder/spi-builder-workspace/.derivedData/Build/Intermediates.noindex/DS1307.build/Debug-watchos/DS1307.build/swift-overrides.hmap -emit-const-values -Xfrontend -const-gather-protocols-file -Xfrontend /Users/admin/builds/J1XnyXFH/1/finestructure/swiftpackageindex-builder/spi-builder-workspace/.derivedData/Build/Intermediates.noindex/DS1307.build/Debug-watchos/DS1307.build/Objects-normal/arm64/DS1307_const_extract_protocols.json -Xcc -I/Users/admin/builds/J1XnyXFH/1/finestructure/swiftpackageindex-builder/spi-builder-workspace/.derivedData/Build/Products/Debug-watchos/include -Xcc -I/Users/admin/builds/J1XnyXFH/1/finestructure/swiftpackageindex-builder/spi-builder-workspace/.derivedData/Build/Intermediates.noindex/DS1307.build/Debug-watchos/DS1307.build/DerivedSources-normal/arm64 -Xcc -I/Users/admin/builds/J1XnyXFH/1/finestructure/swiftpackageindex-builder/spi-builder-workspace/.derivedData/Build/Intermediates.noindex/DS1307.build/Debug-watchos/DS1307.build/DerivedSources/arm64 -Xcc -I/Users/admin/builds/J1XnyXFH/1/finestructure/swiftpackageindex-builder/spi-builder-workspace/.derivedData/Build/Intermediates.noindex/DS1307.build/Debug-watchos/DS1307.build/DerivedSources -Xcc -DSWIFT_PACKAGE -Xcc -DDEBUG\=1 -emit-objc-header -emit-objc-header-path /Users/admin/builds/J1XnyXFH/1/finestructure/swiftpackageindex-builder/spi-builder-workspace/.derivedData/Build/Intermediates.noindex/DS1307.build/Debug-watchos/DS1307.build/Objects-normal/arm64/DS1307-Swift.h -working-directory /Users/admin/builds/J1XnyXFH/1/finestructure/swiftpackageindex-builder/spi-builder-workspace -experimental-emit-module-separately -disable-cmo
SwiftDriver DS1307 normal armv7k com.apple.xcode.tools.swift.compiler (in target 'DS1307' from project 'DS1307')
    cd /Users/admin/builds/J1XnyXFH/1/finestructure/swiftpackageindex-builder/spi-builder-workspace
    builtin-SwiftDriver -- /Applications/Xcode-15.3.0-Beta.2.app/Contents/Developer/Toolchains/XcodeDefault.xctoolchain/usr/bin/swiftc -module-name DS1307 -Onone -enforce-exclusivity\=checked @/Users/admin/builds/J1XnyXFH/1/finestructure/swiftpackageindex-builder/spi-builder-workspace/.derivedData/Build/Intermediates.noindex/DS1307.build/Debug-watchos/DS1307.build/Objects-normal/armv7k/DS1307.SwiftFileList -DSWIFT_PACKAGE -DDEBUG -DXcode -sdk /Applications/Xcode-15.3.0-Beta.2.app/Contents/Developer/Platforms/WatchOS.platform/Developer/SDKs/WatchOS10.4.sdk -target armv7k-apple-watchos5.0 -g -module-cache-path /Users/admin/builds/J1XnyXFH/1/finestructure/swiftpackageindex-builder/spi-builder-workspace/.derivedData/ModuleCache.noindex -Xfrontend -serialize-debugging-options -enable-testing -index-store-path /Users/admin/builds/J1XnyXFH/1/finestructure/swiftpackageindex-builder/spi-builder-workspace/.derivedData/Index.noindex/DataStore -swift-version 4 -I /Users/admin/builds/J1XnyXFH/1/finestructure/swiftpackageindex-builder/spi-builder-workspace/.derivedData/Build/Products/Debug-watchos -I /Applications/Xcode-15.3.0-Beta.2.app/Contents/Developer/Platforms/WatchOS.platform/Developer/usr/lib -F /Users/admin/builds/J1XnyXFH/1/finestructure/swiftpackageindex-builder/spi-builder-workspace/.derivedData/Build/Products/Debug-watchos/PackageFrameworks -F /Users/admin/builds/J1XnyXFH/1/finestructure/swiftpackageindex-builder/spi-builder-workspace/.derivedData/Build/Products/Debug-watchos -F /Applications/Xcode-15.3.0-Beta.2.app/Contents/Developer/Platforms/WatchOS.platform/Developer/Library/Frameworks -F /Applications/Xcode-15.3.0-Beta.2.app/Contents/Developer/Platforms/WatchOS.platform/Developer/SDKs/WatchOS10.4.sdk/Developer/Library/Frameworks -parse-as-library -c -j8 -enable-batch-mode -incremental -Xcc -ivfsstatcache -Xcc /Users/admin/builds/J1XnyXFH/1/finestructure/swiftpackageindex-builder/spi-builder-workspace/.derivedData/SDKStatCaches.noindex/watchos10.4-21T5196c-188b4c5c5639cdba02b95625249bd203.sdkstatcache -output-file-map /Users/admin/builds/J1XnyXFH/1/finestructure/swiftpackageindex-builder/spi-builder-workspace/.derivedData/Build/Intermediates.noindex/DS1307.build/Debug-watchos/DS1307.build/Objects-normal/armv7k/DS1307-OutputFileMap.json -use-frontend-parseable-output -save-temps -no-color-diagnostics -serialize-diagnostics -emit-dependencies -emit-module -emit-module-path /Users/admin/builds/J1XnyXFH/1/finestructure/swiftpackageindex-builder/spi-builder-workspace/.derivedData/Build/Intermediates.noindex/DS1307.build/Debug-watchos/DS1307.build/Objects-normal/armv7k/DS1307.swiftmodule -validate-clang-modules-once -clang-build-session-file /Users/admin/builds/J1XnyXFH/1/finestructure/swiftpackageindex-builder/spi-builder-workspace/.derivedData/ModuleCache.noindex/Session.modulevalidation -Xcc -I/Users/admin/builds/J1XnyXFH/1/finestructure/swiftpackageindex-builder/spi-builder-workspace/.derivedData/Build/Intermediates.noindex/DS1307.build/Debug-watchos/DS1307.build/swift-overrides.hmap -emit-const-values -Xfrontend -const-gather-protocols-file -Xfrontend /Users/admin/builds/J1XnyXFH/1/finestructure/swiftpackageindex-builder/spi-builder-workspace/.derivedData/Build/Intermediates.noindex/DS1307.build/Debug-watchos/DS1307.build/Objects-normal/armv7k/DS1307_const_extract_protocols.json -Xcc -I/Users/admin/builds/J1XnyXFH/1/finestructure/swiftpackageindex-builder/spi-builder-workspace/.derivedData/Build/Products/Debug-watchos/include -Xcc -I/Users/admin/builds/J1XnyXFH/1/finestructure/swiftpackageindex-builder/spi-builder-workspace/.derivedData/Build/Intermediates.noindex/DS1307.build/Debug-watchos/DS1307.build/DerivedSources-normal/armv7k -Xcc -I/Users/admin/builds/J1XnyXFH/1/finestructure/swiftpackageindex-builder/spi-builder-workspace/.derivedData/Build/Intermediates.noindex/DS1307.build/Debug-watchos/DS1307.build/DerivedSources/armv7k -Xcc -I/Users/admin/builds/J1XnyXFH/1/finestructure/swiftpackageindex-builder/spi-builder-workspace/.derivedData/Build/Intermediates.noindex/DS1307.build/Debug-watchos/DS1307.build/DerivedSources -Xcc -DSWIFT_PACKAGE -Xcc -DDEBUG\=1 -emit-objc-header -emit-objc-header-path /Users/admin/builds/J1XnyXFH/1/finestructure/swiftpackageindex-builder/spi-builder-workspace/.derivedData/Build/Intermediates.noindex/DS1307.build/Debug-watchos/DS1307.build/Objects-normal/armv7k/DS1307-Swift.h -working-directory /Users/admin/builds/J1XnyXFH/1/finestructure/swiftpackageindex-builder/spi-builder-workspace -experimental-emit-module-separately -disable-cmo
SwiftEmitModule normal arm64_32 Emitting\ module\ for\ DS1307 (in target 'DS1307' from project 'DS1307')
    cd /Users/admin/builds/J1XnyXFH/1/finestructure/swiftpackageindex-builder/spi-builder-workspace
    builtin-swiftTaskExecution -- /Applications/Xcode-15.3.0-Beta.2.app/Contents/Developer/Toolchains/XcodeDefault.xctoolchain/usr/bin/swift-frontend -frontend -emit-module -experimental-skip-non-inlinable-function-bodies-without-types /Users/admin/builds/J1XnyXFH/1/finestructure/swiftpackageindex-builder/spi-builder-workspace/Sources/DS1307.swift -target arm64_32-apple-watchos5.0 -enable-objc-interop -sdk /Applications/Xcode-15.3.0-Beta.2.app/Contents/Developer/Platforms/WatchOS.platform/Developer/SDKs/WatchOS10.4.sdk -I /Users/admin/builds/J1XnyXFH/1/finestructure/swiftpackageindex-builder/spi-builder-workspace/.derivedData/Build/Products/Debug-watchos -I /Applications/Xcode-15.3.0-Beta.2.app/Contents/Developer/Platforms/WatchOS.platform/Developer/usr/lib -F /Users/admin/builds/J1XnyXFH/1/finestructure/swiftpackageindex-builder/spi-builder-workspace/.derivedData/Build/Products/Debug-watchos/PackageFrameworks -F /Users/admin/builds/J1XnyXFH/1/finestructure/swiftpackageindex-builder/spi-builder-workspace/.derivedData/Build/Products/Debug-watchos -F /Applications/Xcode-15.3.0-Beta.2.app/Contents/Developer/Platforms/WatchOS.platform/Developer/Library/Frameworks -F /Applications/Xcode-15.3.0-Beta.2.app/Contents/Developer/Platforms/WatchOS.platform/Developer/SDKs/WatchOS10.4.sdk/Developer/Library/Frameworks -no-color-diagnostics -enable-testing -g -module-cache-path /Users/admin/builds/J1XnyXFH/1/finestructure/swiftpackageindex-builder/spi-builder-workspace/.derivedData/ModuleCache.noindex -swift-version 4 -enforce-exclusivity\=checked -Onone -D SWIFT_PACKAGE -D DEBUG -D Xcode -serialize-debugging-options -const-gather-protocols-file /Users/admin/builds/J1XnyXFH/1/finestructure/swiftpackageindex-builder/spi-builder-workspace/.derivedData/Build/Intermediates.noindex/DS1307.build/Debug-watchos/DS1307.build/Objects-normal/arm64_32/DS1307_const_extract_protocols.json -empty-abi-descriptor -validate-clang-modules-once -clang-build-session-file /Users/admin/builds/J1XnyXFH/1/finestructure/swiftpackageindex-builder/spi-builder-workspace/.derivedData/ModuleCache.noindex/Session.modulevalidation -Xcc -working-directory -Xcc /Users/admin/builds/J1XnyXFH/1/finestructure/swiftpackageindex-builder/spi-builder-workspace -resource-dir /Applications/Xcode-15.3.0-Beta.2.app/Contents/Developer/Toolchains/XcodeDefault.xctoolchain/usr/lib/swift -enable-anonymous-context-mangled-names -Xcc -ivfsstatcache -Xcc /Users/admin/builds/J1XnyXFH/1/finestructure/swiftpackageindex-builder/spi-builder-workspace/.derivedData/SDKStatCaches.noindex/watchos10.4-21T5196c-188b4c5c5639cdba02b95625249bd203.sdkstatcache -Xcc -I/Users/admin/builds/J1XnyXFH/1/finestructure/swiftpackageindex-builder/spi-builder-workspace/.derivedData/Build/Intermediates.noindex/DS1307.build/Debug-watchos/DS1307.build/swift-overrides.hmap -Xcc -I/Users/admin/builds/J1XnyXFH/1/finestructure/swiftpackageindex-builder/spi-builder-workspace/.derivedData/Build/Products/Debug-watchos/include -Xcc -I/Users/admin/builds/J1XnyXFH/1/finestructure/swiftpackageindex-builder/spi-builder-workspace/.derivedData/Build/Intermediates.noindex/DS1307.build/Debug-watchos/DS1307.build/DerivedSources-normal/arm64_32 -Xcc -I/Users/admin/builds/J1XnyXFH/1/finestructure/swiftpackageindex-builder/spi-builder-workspace/.derivedData/Build/Intermediates.noindex/DS1307.build/Debug-watchos/DS1307.build/DerivedSources/arm64_32 -Xcc -I/Users/admin/builds/J1XnyXFH/1/finestructure/swiftpackageindex-builder/spi-builder-workspace/.derivedData/Build/Intermediates.noindex/DS1307.build/Debug-watchos/DS1307.build/DerivedSources -Xcc -DSWIFT_PACKAGE -Xcc -DDEBUG\=1 -module-name DS1307 -disable-clang-spi -target-sdk-version 10.4 -target-sdk-name watchos10.4 -external-plugin-path /Applications/Xcode-15.3.0-Beta.2.app/Contents/Developer/Platforms/WatchOS.platform/Developer/SDKs/WatchOS10.4.sdk/usr/lib/swift/host/plugins\#/Applications/Xcode-15.3.0-Beta.2.app/Contents/Developer/Platforms/WatchOS.platform/Developer/SDKs/WatchOS10.4.sdk/usr/bin/swift-plugin-server -external-plugin-path /Applications/Xcode-15.3.0-Beta.2.app/Contents/Developer/Platforms/WatchOS.platform/Developer/SDKs/WatchOS10.4.sdk/usr/local/lib/swift/host/plugins\#/Applications/Xcode-15.3.0-Beta.2.app/Contents/Developer/Platforms/WatchOS.platform/Developer/SDKs/WatchOS10.4.sdk/usr/bin/swift-plugin-server -external-plugin-path /Applications/Xcode-15.3.0-Beta.2.app/Contents/Developer/Platforms/WatchOS.platform/Developer/usr/lib/swift/host/plugins\#/Applications/Xcode-15.3.0-Beta.2.app/Contents/Developer/Platforms/WatchOS.platform/Developer/usr/bin/swift-plugin-server -external-plugin-path /Applications/Xcode-15.3.0-Beta.2.app/Contents/Developer/Platforms/WatchOS.platform/Developer/usr/local/lib/swift/host/plugins\#/Applications/Xcode-15.3.0-Beta.2.app/Contents/Developer/Platforms/WatchOS.platform/Developer/usr/bin/swift-plugin-server -plugin-path /Applications/Xcode-15.3.0-Beta.2.app/Contents/Developer/Toolchains/XcodeDefault.xctoolchain/usr/lib/swift/host/plugins -plugin-path /Applications/Xcode-15.3.0-Beta.2.app/Contents/Developer/Toolchains/XcodeDefault.xctoolchain/usr/local/lib/swift/host/plugins -emit-module-doc-path /Users/admin/builds/J1XnyXFH/1/finestructure/swiftpackageindex-builder/spi-builder-workspace/.derivedData/Build/Intermediates.noindex/DS1307.build/Debug-watchos/DS1307.build/Objects-normal/arm64_32/DS1307.swiftdoc -emit-module-source-info-path /Users/admin/builds/J1XnyXFH/1/finestructure/swiftpackageindex-builder/spi-builder-workspace/.derivedData/Build/Intermediates.noindex/DS1307.build/Debug-watchos/DS1307.build/Objects-normal/arm64_32/DS1307.swiftsourceinfo -emit-objc-header-path /Users/admin/builds/J1XnyXFH/1/finestructure/swiftpackageindex-builder/spi-builder-workspace/.derivedData/Build/Intermediates.noindex/DS1307.build/Debug-watchos/DS1307.build/Objects-normal/arm64_32/DS1307-Swift.h -serialize-diagnostics-path /Users/admin/builds/J1XnyXFH/1/finestructure/swiftpackageindex-builder/spi-builder-workspace/.derivedData/Build/Intermediates.noindex/DS1307.build/Debug-watchos/DS1307.build/Objects-normal/arm64_32/DS1307-master-emit-module.dia -emit-dependencies-path /Users/admin/builds/J1XnyXFH/1/finestructure/swiftpackageindex-builder/spi-builder-workspace/.derivedData/Build/Intermediates.noindex/DS1307.build/Debug-watchos/DS1307.build/Objects-normal/arm64_32/DS1307-master-emit-module.d -parse-as-library -o /Users/admin/builds/J1XnyXFH/1/finestructure/swiftpackageindex-builder/spi-builder-workspace/.derivedData/Build/Intermediates.noindex/DS1307.build/Debug-watchos/DS1307.build/Objects-normal/arm64_32/DS1307.swiftmodule -emit-abi-descriptor-path /Users/admin/builds/J1XnyXFH/1/finestructure/swiftpackageindex-builder/spi-builder-workspace/.derivedData/Build/Intermediates.noindex/DS1307.build/Debug-watchos/DS1307.build/Objects-normal/arm64_32/DS1307.abi.json
SwiftEmitModule normal arm64 Emitting\ module\ for\ DS1307 (in target 'DS1307' from project 'DS1307')
    cd /Users/admin/builds/J1XnyXFH/1/finestructure/swiftpackageindex-builder/spi-builder-workspace
    builtin-swiftTaskExecution -- /Applications/Xcode-15.3.0-Beta.2.app/Contents/Developer/Toolchains/XcodeDefault.xctoolchain/usr/bin/swift-frontend -frontend -emit-module -experimental-skip-non-inlinable-function-bodies-without-types /Users/admin/builds/J1XnyXFH/1/finestructure/swiftpackageindex-builder/spi-builder-workspace/Sources/DS1307.swift -target arm64-apple-watchos5.0 -Xllvm -aarch64-use-tbi -enable-objc-interop -sdk /Applications/Xcode-15.3.0-Beta.2.app/Contents/Developer/Platforms/WatchOS.platform/Developer/SDKs/WatchOS10.4.sdk -I /Users/admin/builds/J1XnyXFH/1/finestructure/swiftpackageindex-builder/spi-builder-workspace/.derivedData/Build/Products/Debug-watchos -I /Applications/Xcode-15.3.0-Beta.2.app/Contents/Developer/Platforms/WatchOS.platform/Developer/usr/lib -F /Users/admin/builds/J1XnyXFH/1/finestructure/swiftpackageindex-builder/spi-builder-workspace/.derivedData/Build/Products/Debug-watchos/PackageFrameworks -F /Users/admin/builds/J1XnyXFH/1/finestructure/swiftpackageindex-builder/spi-builder-workspace/.derivedData/Build/Products/Debug-watchos -F /Applications/Xcode-15.3.0-Beta.2.app/Contents/Developer/Platforms/WatchOS.platform/Developer/Library/Frameworks -F /Applications/Xcode-15.3.0-Beta.2.app/Contents/Developer/Platforms/WatchOS.platform/Developer/SDKs/WatchOS10.4.sdk/Developer/Library/Frameworks -no-color-diagnostics -enable-testing -g -module-cache-path /Users/admin/builds/J1XnyXFH/1/finestructure/swiftpackageindex-builder/spi-builder-workspace/.derivedData/ModuleCache.noindex -swift-version 4 -enforce-exclusivity\=checked -Onone -D SWIFT_PACKAGE -D DEBUG -D Xcode -serialize-debugging-options -const-gather-protocols-file /Users/admin/builds/J1XnyXFH/1/finestructure/swiftpackageindex-builder/spi-builder-workspace/.derivedData/Build/Intermediates.noindex/DS1307.build/Debug-watchos/DS1307.build/Objects-normal/arm64/DS1307_const_extract_protocols.json -empty-abi-descriptor -validate-clang-modules-once -clang-build-session-file /Users/admin/builds/J1XnyXFH/1/finestructure/swiftpackageindex-builder/spi-builder-workspace/.derivedData/ModuleCache.noindex/Session.modulevalidation -Xcc -working-directory -Xcc /Users/admin/builds/J1XnyXFH/1/finestructure/swiftpackageindex-builder/spi-builder-workspace -resource-dir /Applications/Xcode-15.3.0-Beta.2.app/Contents/Developer/Toolchains/XcodeDefault.xctoolchain/usr/lib/swift -enable-anonymous-context-mangled-names -Xcc -ivfsstatcache -Xcc /Users/admin/builds/J1XnyXFH/1/finestructure/swiftpackageindex-builder/spi-builder-workspace/.derivedData/SDKStatCaches.noindex/watchos10.4-21T5196c-188b4c5c5639cdba02b95625249bd203.sdkstatcache -Xcc -I/Users/admin/builds/J1XnyXFH/1/finestructure/swiftpackageindex-builder/spi-builder-workspace/.derivedData/Build/Intermediates.noindex/DS1307.build/Debug-watchos/DS1307.build/swift-overrides.hmap -Xcc -I/Users/admin/builds/J1XnyXFH/1/finestructure/swiftpackageindex-builder/spi-builder-workspace/.derivedData/Build/Products/Debug-watchos/include -Xcc -I/Users/admin/builds/J1XnyXFH/1/finestructure/swiftpackageindex-builder/spi-builder-workspace/.derivedData/Build/Intermediates.noindex/DS1307.build/Debug-watchos/DS1307.build/DerivedSources-normal/arm64 -Xcc -I/Users/admin/builds/J1XnyXFH/1/finestructure/swiftpackageindex-builder/spi-builder-workspace/.derivedData/Build/Intermediates.noindex/DS1307.build/Debug-watchos/DS1307.build/DerivedSources/arm64 -Xcc -I/Users/admin/builds/J1XnyXFH/1/finestructure/swiftpackageindex-builder/spi-builder-workspace/.derivedData/Build/Intermediates.noindex/DS1307.build/Debug-watchos/DS1307.build/DerivedSources -Xcc -DSWIFT_PACKAGE -Xcc -DDEBUG\=1 -module-name DS1307 -disable-clang-spi -target-sdk-version 10.4 -target-sdk-name watchos10.4 -external-plugin-path /Applications/Xcode-15.3.0-Beta.2.app/Contents/Developer/Platforms/WatchOS.platform/Developer/SDKs/WatchOS10.4.sdk/usr/lib/swift/host/plugins\#/Applications/Xcode-15.3.0-Beta.2.app/Contents/Developer/Platforms/WatchOS.platform/Developer/SDKs/WatchOS10.4.sdk/usr/bin/swift-plugin-server -external-plugin-path /Applications/Xcode-15.3.0-Beta.2.app/Contents/Developer/Platforms/WatchOS.platform/Developer/SDKs/WatchOS10.4.sdk/usr/local/lib/swift/host/plugins\#/Applications/Xcode-15.3.0-Beta.2.app/Contents/Developer/Platforms/WatchOS.platform/Developer/SDKs/WatchOS10.4.sdk/usr/bin/swift-plugin-server -external-plugin-path /Applications/Xcode-15.3.0-Beta.2.app/Contents/Developer/Platforms/WatchOS.platform/Developer/usr/lib/swift/host/plugins\#/Applications/Xcode-15.3.0-Beta.2.app/Contents/Developer/Platforms/WatchOS.platform/Developer/usr/bin/swift-plugin-server -external-plugin-path /Applications/Xcode-15.3.0-Beta.2.app/Contents/Developer/Platforms/WatchOS.platform/Developer/usr/local/lib/swift/host/plugins\#/Applications/Xcode-15.3.0-Beta.2.app/Contents/Developer/Platforms/WatchOS.platform/Developer/usr/bin/swift-plugin-server -plugin-path /Applications/Xcode-15.3.0-Beta.2.app/Contents/Developer/Toolchains/XcodeDefault.xctoolchain/usr/lib/swift/host/plugins -plugin-path /Applications/Xcode-15.3.0-Beta.2.app/Contents/Developer/Toolchains/XcodeDefault.xctoolchain/usr/local/lib/swift/host/plugins -emit-module-doc-path /Users/admin/builds/J1XnyXFH/1/finestructure/swiftpackageindex-builder/spi-builder-workspace/.derivedData/Build/Intermediates.noindex/DS1307.build/Debug-watchos/DS1307.build/Objects-normal/arm64/DS1307.swiftdoc -emit-module-source-info-path /Users/admin/builds/J1XnyXFH/1/finestructure/swiftpackageindex-builder/spi-builder-workspace/.derivedData/Build/Intermediates.noindex/DS1307.build/Debug-watchos/DS1307.build/Objects-normal/arm64/DS1307.swiftsourceinfo -emit-objc-header-path /Users/admin/builds/J1XnyXFH/1/finestructure/swiftpackageindex-builder/spi-builder-workspace/.derivedData/Build/Intermediates.noindex/DS1307.build/Debug-watchos/DS1307.build/Objects-normal/arm64/DS1307-Swift.h -serialize-diagnostics-path /Users/admin/builds/J1XnyXFH/1/finestructure/swiftpackageindex-builder/spi-builder-workspace/.derivedData/Build/Intermediates.noindex/DS1307.build/Debug-watchos/DS1307.build/Objects-normal/arm64/DS1307-master-emit-module.dia -emit-dependencies-path /Users/admin/builds/J1XnyXFH/1/finestructure/swiftpackageindex-builder/spi-builder-workspace/.derivedData/Build/Intermediates.noindex/DS1307.build/Debug-watchos/DS1307.build/Objects-normal/arm64/DS1307-master-emit-module.d -parse-as-library -o /Users/admin/builds/J1XnyXFH/1/finestructure/swiftpackageindex-builder/spi-builder-workspace/.derivedData/Build/Intermediates.noindex/DS1307.build/Debug-watchos/DS1307.build/Objects-normal/arm64/DS1307.swiftmodule -emit-abi-descriptor-path /Users/admin/builds/J1XnyXFH/1/finestructure/swiftpackageindex-builder/spi-builder-workspace/.derivedData/Build/Intermediates.noindex/DS1307.build/Debug-watchos/DS1307.build/Objects-normal/arm64/DS1307.abi.json
SwiftEmitModule normal armv7k Emitting\ module\ for\ DS1307 (in target 'DS1307' from project 'DS1307')
    cd /Users/admin/builds/J1XnyXFH/1/finestructure/swiftpackageindex-builder/spi-builder-workspace
    builtin-swiftTaskExecution -- /Applications/Xcode-15.3.0-Beta.2.app/Contents/Developer/Toolchains/XcodeDefault.xctoolchain/usr/bin/swift-frontend -frontend -emit-module -experimental-skip-non-inlinable-function-bodies-without-types /Users/admin/builds/J1XnyXFH/1/finestructure/swiftpackageindex-builder/spi-builder-workspace/Sources/DS1307.swift -target armv7k-apple-watchos5.0 -enable-objc-interop -sdk /Applications/Xcode-15.3.0-Beta.2.app/Contents/Developer/Platforms/WatchOS.platform/Developer/SDKs/WatchOS10.4.sdk -I /Users/admin/builds/J1XnyXFH/1/finestructure/swiftpackageindex-builder/spi-builder-workspace/.derivedData/Build/Products/Debug-watchos -I /Applications/Xcode-15.3.0-Beta.2.app/Contents/Developer/Platforms/WatchOS.platform/Developer/usr/lib -F /Users/admin/builds/J1XnyXFH/1/finestructure/swiftpackageindex-builder/spi-builder-workspace/.derivedData/Build/Products/Debug-watchos/PackageFrameworks -F /Users/admin/builds/J1XnyXFH/1/finestructure/swiftpackageindex-builder/spi-builder-workspace/.derivedData/Build/Products/Debug-watchos -F /Applications/Xcode-15.3.0-Beta.2.app/Contents/Developer/Platforms/WatchOS.platform/Developer/Library/Frameworks -F /Applications/Xcode-15.3.0-Beta.2.app/Contents/Developer/Platforms/WatchOS.platform/Developer/SDKs/WatchOS10.4.sdk/Developer/Library/Frameworks -no-color-diagnostics -enable-testing -g -module-cache-path /Users/admin/builds/J1XnyXFH/1/finestructure/swiftpackageindex-builder/spi-builder-workspace/.derivedData/ModuleCache.noindex -swift-version 4 -enforce-exclusivity\=checked -Onone -D SWIFT_PACKAGE -D DEBUG -D Xcode -serialize-debugging-options -const-gather-protocols-file /Users/admin/builds/J1XnyXFH/1/finestructure/swiftpackageindex-builder/spi-builder-workspace/.derivedData/Build/Intermediates.noindex/DS1307.build/Debug-watchos/DS1307.build/Objects-normal/armv7k/DS1307_const_extract_protocols.json -empty-abi-descriptor -validate-clang-modules-once -clang-build-session-file /Users/admin/builds/J1XnyXFH/1/finestructure/swiftpackageindex-builder/spi-builder-workspace/.derivedData/ModuleCache.noindex/Session.modulevalidation -Xcc -working-directory -Xcc /Users/admin/builds/J1XnyXFH/1/finestructure/swiftpackageindex-builder/spi-builder-workspace -resource-dir /Applications/Xcode-15.3.0-Beta.2.app/Contents/Developer/Toolchains/XcodeDefault.xctoolchain/usr/lib/swift -enable-anonymous-context-mangled-names -Xcc -ivfsstatcache -Xcc /Users/admin/builds/J1XnyXFH/1/finestructure/swiftpackageindex-builder/spi-builder-workspace/.derivedData/SDKStatCaches.noindex/watchos10.4-21T5196c-188b4c5c5639cdba02b95625249bd203.sdkstatcache -Xcc -I/Users/admin/builds/J1XnyXFH/1/finestructure/swiftpackageindex-builder/spi-builder-workspace/.derivedData/Build/Intermediates.noindex/DS1307.build/Debug-watchos/DS1307.build/swift-overrides.hmap -Xcc -I/Users/admin/builds/J1XnyXFH/1/finestructure/swiftpackageindex-builder/spi-builder-workspace/.derivedData/Build/Products/Debug-watchos/include -Xcc -I/Users/admin/builds/J1XnyXFH/1/finestructure/swiftpackageindex-builder/spi-builder-workspace/.derivedData/Build/Intermediates.noindex/DS1307.build/Debug-watchos/DS1307.build/DerivedSources-normal/armv7k -Xcc -I/Users/admin/builds/J1XnyXFH/1/finestructure/swiftpackageindex-builder/spi-builder-workspace/.derivedData/Build/Intermediates.noindex/DS1307.build/Debug-watchos/DS1307.build/DerivedSources/armv7k -Xcc -I/Users/admin/builds/J1XnyXFH/1/finestructure/swiftpackageindex-builder/spi-builder-workspace/.derivedData/Build/Intermediates.noindex/DS1307.build/Debug-watchos/DS1307.build/DerivedSources -Xcc -DSWIFT_PACKAGE -Xcc -DDEBUG\=1 -module-name DS1307 -disable-clang-spi -target-sdk-version 10.4 -target-sdk-name watchos10.4 -external-plugin-path /Applications/Xcode-15.3.0-Beta.2.app/Contents/Developer/Platforms/WatchOS.platform/Developer/SDKs/WatchOS10.4.sdk/usr/lib/swift/host/plugins\#/Applications/Xcode-15.3.0-Beta.2.app/Contents/Developer/Platforms/WatchOS.platform/Developer/SDKs/WatchOS10.4.sdk/usr/bin/swift-plugin-server -external-plugin-path /Applications/Xcode-15.3.0-Beta.2.app/Contents/Developer/Platforms/WatchOS.platform/Developer/SDKs/WatchOS10.4.sdk/usr/local/lib/swift/host/plugins\#/Applications/Xcode-15.3.0-Beta.2.app/Contents/Developer/Platforms/WatchOS.platform/Developer/SDKs/WatchOS10.4.sdk/usr/bin/swift-plugin-server -external-plugin-path /Applications/Xcode-15.3.0-Beta.2.app/Contents/Developer/Platforms/WatchOS.platform/Developer/usr/lib/swift/host/plugins\#/Applications/Xcode-15.3.0-Beta.2.app/Contents/Developer/Platforms/WatchOS.platform/Developer/usr/bin/swift-plugin-server -external-plugin-path /Applications/Xcode-15.3.0-Beta.2.app/Contents/Developer/Platforms/WatchOS.platform/Developer/usr/local/lib/swift/host/plugins\#/Applications/Xcode-15.3.0-Beta.2.app/Contents/Developer/Platforms/WatchOS.platform/Developer/usr/bin/swift-plugin-server -plugin-path /Applications/Xcode-15.3.0-Beta.2.app/Contents/Developer/Toolchains/XcodeDefault.xctoolchain/usr/lib/swift/host/plugins -plugin-path /Applications/Xcode-15.3.0-Beta.2.app/Contents/Developer/Toolchains/XcodeDefault.xctoolchain/usr/local/lib/swift/host/plugins -emit-module-doc-path /Users/admin/builds/J1XnyXFH/1/finestructure/swiftpackageindex-builder/spi-builder-workspace/.derivedData/Build/Intermediates.noindex/DS1307.build/Debug-watchos/DS1307.build/Objects-normal/armv7k/DS1307.swiftdoc -emit-module-source-info-path /Users/admin/builds/J1XnyXFH/1/finestructure/swiftpackageindex-builder/spi-builder-workspace/.derivedData/Build/Intermediates.noindex/DS1307.build/Debug-watchos/DS1307.build/Objects-normal/armv7k/DS1307.swiftsourceinfo -emit-objc-header-path /Users/admin/builds/J1XnyXFH/1/finestructure/swiftpackageindex-builder/spi-builder-workspace/.derivedData/Build/Intermediates.noindex/DS1307.build/Debug-watchos/DS1307.build/Objects-normal/armv7k/DS1307-Swift.h -serialize-diagnostics-path /Users/admin/builds/J1XnyXFH/1/finestructure/swiftpackageindex-builder/spi-builder-workspace/.derivedData/Build/Intermediates.noindex/DS1307.build/Debug-watchos/DS1307.build/Objects-normal/armv7k/DS1307-master-emit-module.dia -emit-dependencies-path /Users/admin/builds/J1XnyXFH/1/finestructure/swiftpackageindex-builder/spi-builder-workspace/.derivedData/Build/Intermediates.noindex/DS1307.build/Debug-watchos/DS1307.build/Objects-normal/armv7k/DS1307-master-emit-module.d -parse-as-library -o /Users/admin/builds/J1XnyXFH/1/finestructure/swiftpackageindex-builder/spi-builder-workspace/.derivedData/Build/Intermediates.noindex/DS1307.build/Debug-watchos/DS1307.build/Objects-normal/armv7k/DS1307.swiftmodule -emit-abi-descriptor-path /Users/admin/builds/J1XnyXFH/1/finestructure/swiftpackageindex-builder/spi-builder-workspace/.derivedData/Build/Intermediates.noindex/DS1307.build/Debug-watchos/DS1307.build/Objects-normal/armv7k/DS1307.abi.json
SwiftCompile normal arm64_32 Compiling\ DS1307.swift /Users/admin/builds/J1XnyXFH/1/finestructure/swiftpackageindex-builder/spi-builder-workspace/Sources/DS1307.swift (in target 'DS1307' from project 'DS1307')
    cd /Users/admin/builds/J1XnyXFH/1/finestructure/swiftpackageindex-builder/spi-builder-workspace
    builtin-swiftTaskExecution -- /Applications/Xcode-15.3.0-Beta.2.app/Contents/Developer/Toolchains/XcodeDefault.xctoolchain/usr/bin/swift-frontend -frontend -c -primary-file /Users/admin/builds/J1XnyXFH/1/finestructure/swiftpackageindex-builder/spi-builder-workspace/Sources/DS1307.swift -emit-dependencies-path /Users/admin/builds/J1XnyXFH/1/finestructure/swiftpackageindex-builder/spi-builder-workspace/.derivedData/Build/Intermediates.noindex/DS1307.build/Debug-watchos/DS1307.build/Objects-normal/arm64_32/DS1307.d -emit-const-values-path /Users/admin/builds/J1XnyXFH/1/finestructure/swiftpackageindex-builder/spi-builder-workspace/.derivedData/Build/Intermediates.noindex/DS1307.build/Debug-watchos/DS1307.build/Objects-normal/arm64_32/DS1307.swiftconstvalues -emit-reference-dependencies-path /Users/admin/builds/J1XnyXFH/1/finestructure/swiftpackageindex-builder/spi-builder-workspace/.derivedData/Build/Intermediates.noindex/DS1307.build/Debug-watchos/DS1307.build/Objects-normal/arm64_32/DS1307.swiftdeps -serialize-diagnostics-path /Users/admin/builds/J1XnyXFH/1/finestructure/swiftpackageindex-builder/spi-builder-workspace/.derivedData/Build/Intermediates.noindex/DS1307.build/Debug-watchos/DS1307.build/Objects-normal/arm64_32/DS1307.dia -target arm64_32-apple-watchos5.0 -enable-objc-interop -sdk /Applications/Xcode-15.3.0-Beta.2.app/Contents/Developer/Platforms/WatchOS.platform/Developer/SDKs/WatchOS10.4.sdk -I /Users/admin/builds/J1XnyXFH/1/finestructure/swiftpackageindex-builder/spi-builder-workspace/.derivedData/Build/Products/Debug-watchos -I /Applications/Xcode-15.3.0-Beta.2.app/Contents/Developer/Platforms/WatchOS.platform/Developer/usr/lib -F /Users/admin/builds/J1XnyXFH/1/finestructure/swiftpackageindex-builder/spi-builder-workspace/.derivedData/Build/Products/Debug-watchos/PackageFrameworks -F /Users/admin/builds/J1XnyXFH/1/finestructure/swiftpackageindex-builder/spi-builder-workspace/.derivedData/Build/Products/Debug-watchos -F /Applications/Xcode-15.3.0-Beta.2.app/Contents/Developer/Platforms/WatchOS.platform/Developer/Library/Frameworks -F /Applications/Xcode-15.3.0-Beta.2.app/Contents/Developer/Platforms/WatchOS.platform/Developer/SDKs/WatchOS10.4.sdk/Developer/Library/Frameworks -no-color-diagnostics -enable-testing -g -module-cache-path /Users/admin/builds/J1XnyXFH/1/finestructure/swiftpackageindex-builder/spi-builder-workspace/.derivedData/ModuleCache.noindex -swift-version 4 -enforce-exclusivity\=checked -Onone -D SWIFT_PACKAGE -D DEBUG -D Xcode -serialize-debugging-options -const-gather-protocols-file /Users/admin/builds/J1XnyXFH/1/finestructure/swiftpackageindex-builder/spi-builder-workspace/.derivedData/Build/Intermediates.noindex/DS1307.build/Debug-watchos/DS1307.build/Objects-normal/arm64_32/DS1307_const_extract_protocols.json -empty-abi-descriptor -validate-clang-modules-once -clang-build-session-file /Users/admin/builds/J1XnyXFH/1/finestructure/swiftpackageindex-builder/spi-builder-workspace/.derivedData/ModuleCache.noindex/Session.modulevalidation -Xcc -working-directory -Xcc /Users/admin/builds/J1XnyXFH/1/finestructure/swiftpackageindex-builder/spi-builder-workspace -resource-dir /Applications/Xcode-15.3.0-Beta.2.app/Contents/Developer/Toolchains/XcodeDefault.xctoolchain/usr/lib/swift -enable-anonymous-context-mangled-names -Xcc -ivfsstatcache -Xcc /Users/admin/builds/J1XnyXFH/1/finestructure/swiftpackageindex-builder/spi-builder-workspace/.derivedData/SDKStatCaches.noindex/watchos10.4-21T5196c-188b4c5c5639cdba02b95625249bd203.sdkstatcache -Xcc -I/Users/admin/builds/J1XnyXFH/1/finestructure/swiftpackageindex-builder/spi-builder-workspace/.derivedData/Build/Intermediates.noindex/DS1307.build/Debug-watchos/DS1307.build/swift-overrides.hmap -Xcc -I/Users/admin/builds/J1XnyXFH/1/finestructure/swiftpackageindex-builder/spi-builder-workspace/.derivedData/Build/Products/Debug-watchos/include -Xcc -I/Users/admin/builds/J1XnyXFH/1/finestructure/swiftpackageindex-builder/spi-builder-workspace/.derivedData/Build/Intermediates.noindex/DS1307.build/Debug-watchos/DS1307.build/DerivedSources-normal/arm64_32 -Xcc -I/Users/admin/builds/J1XnyXFH/1/finestructure/swiftpackageindex-builder/spi-builder-workspace/.derivedData/Build/Intermediates.noindex/DS1307.build/Debug-watchos/DS1307.build/DerivedSources/arm64_32 -Xcc -I/Users/admin/builds/J1XnyXFH/1/finestructure/swiftpackageindex-builder/spi-builder-workspace/.derivedData/Build/Intermediates.noindex/DS1307.build/Debug-watchos/DS1307.build/DerivedSources -Xcc -DSWIFT_PACKAGE -Xcc -DDEBUG\=1 -module-name DS1307 -frontend-parseable-output -disable-clang-spi -target-sdk-version 10.4 -target-sdk-name watchos10.4 -external-plugin-path /Applications/Xcode-15.3.0-Beta.2.app/Contents/Developer/Platforms/WatchOS.platform/Developer/SDKs/WatchOS10.4.sdk/usr/lib/swift/host/plugins\#/Applications/Xcode-15.3.0-Beta.2.app/Contents/Developer/Platforms/WatchOS.platform/Developer/SDKs/WatchOS10.4.sdk/usr/bin/swift-plugin-server -external-plugin-path /Applications/Xcode-15.3.0-Beta.2.app/Contents/Developer/Platforms/WatchOS.platform/Developer/SDKs/WatchOS10.4.sdk/usr/local/lib/swift/host/plugins\#/Applications/Xcode-15.3.0-Beta.2.app/Contents/Developer/Platforms/WatchOS.platform/Developer/SDKs/WatchOS10.4.sdk/usr/bin/swift-plugin-server -external-plugin-path /Applications/Xcode-15.3.0-Beta.2.app/Contents/Developer/Platforms/WatchOS.platform/Developer/usr/lib/swift/host/plugins\#/Applications/Xcode-15.3.0-Beta.2.app/Contents/Developer/Platforms/WatchOS.platform/Developer/usr/bin/swift-plugin-server -external-plugin-path /Applications/Xcode-15.3.0-Beta.2.app/Contents/Developer/Platforms/WatchOS.platform/Developer/usr/local/lib/swift/host/plugins\#/Applications/Xcode-15.3.0-Beta.2.app/Contents/Developer/Platforms/WatchOS.platform/Developer/usr/bin/swift-plugin-server -plugin-path /Applications/Xcode-15.3.0-Beta.2.app/Contents/Developer/Toolchains/XcodeDefault.xctoolchain/usr/lib/swift/host/plugins -plugin-path /Applications/Xcode-15.3.0-Beta.2.app/Contents/Developer/Toolchains/XcodeDefault.xctoolchain/usr/local/lib/swift/host/plugins -parse-as-library -o /Users/admin/builds/J1XnyXFH/1/finestructure/swiftpackageindex-builder/spi-builder-workspace/.derivedData/Build/Intermediates.noindex/DS1307.build/Debug-watchos/DS1307.build/Objects-normal/arm64_32/DS1307.o -index-unit-output-path /DS1307.build/Debug-watchos/DS1307.build/Objects-normal/arm64_32/DS1307.o -index-store-path /Users/admin/builds/J1XnyXFH/1/finestructure/swiftpackageindex-builder/spi-builder-workspace/.derivedData/Index.noindex/DataStore -index-system-modules
SwiftCompile normal arm64_32 /Users/admin/builds/J1XnyXFH/1/finestructure/swiftpackageindex-builder/spi-builder-workspace/Sources/DS1307.swift (in target 'DS1307' from project 'DS1307')
    cd /Users/admin/builds/J1XnyXFH/1/finestructure/swiftpackageindex-builder/spi-builder-workspace
    /Applications/Xcode-15.3.0-Beta.2.app/Contents/Developer/Toolchains/XcodeDefault.xctoolchain/usr/bin/swift-frontend -c -primary-file /Users/admin/builds/J1XnyXFH/1/finestructure/swiftpackageindex-builder/spi-builder-workspace/Sources/DS1307.swift -emit-dependencies-path /Users/admin/builds/J1XnyXFH/1/finestructure/swiftpackageindex-builder/spi-builder-workspace/.derivedData/Build/Intermediates.noindex/DS1307.build/Debug-watchos/DS1307.build/Objects-normal/arm64_32/DS1307.d -emit-const-values-path /Users/admin/builds/J1XnyXFH/1/finestructure/swiftpackageindex-builder/spi-builder-workspace/.derivedData/Build/Intermediates.noindex/DS1307.build/Debug-watchos/DS1307.build/Objects-normal/arm64_32/DS1307.swiftconstvalues -emit-reference-dependencies-path /Users/admin/builds/J1XnyXFH/1/finestructure/swiftpackageindex-builder/spi-builder-workspace/.derivedData/Build/Intermediates.noindex/DS1307.build/Debug-watchos/DS1307.build/Objects-normal/arm64_32/DS1307.swiftdeps -serialize-diagnostics-path /Users/admin/builds/J1XnyXFH/1/finestructure/swiftpackageindex-builder/spi-builder-workspace/.derivedData/Build/Intermediates.noindex/DS1307.build/Debug-watchos/DS1307.build/Objects-normal/arm64_32/DS1307.dia -target arm64_32-apple-watchos5.0 -enable-objc-interop -sdk /Applications/Xcode-15.3.0-Beta.2.app/Contents/Developer/Platforms/WatchOS.platform/Developer/SDKs/WatchOS10.4.sdk -I /Users/admin/builds/J1XnyXFH/1/finestructure/swiftpackageindex-builder/spi-builder-workspace/.derivedData/Build/Products/Debug-watchos -I /Applications/Xcode-15.3.0-Beta.2.app/Contents/Developer/Platforms/WatchOS.platform/Developer/usr/lib -F /Users/admin/builds/J1XnyXFH/1/finestructure/swiftpackageindex-builder/spi-builder-workspace/.derivedData/Build/Products/Debug-watchos/PackageFrameworks -F /Users/admin/builds/J1XnyXFH/1/finestructure/swiftpackageindex-builder/spi-builder-workspace/.derivedData/Build/Products/Debug-watchos -F /Applications/Xcode-15.3.0-Beta.2.app/Contents/Developer/Platforms/WatchOS.platform/Developer/Library/Frameworks -F /Applications/Xcode-15.3.0-Beta.2.app/Contents/Developer/Platforms/WatchOS.platform/Developer/SDKs/WatchOS10.4.sdk/Developer/Library/Frameworks -no-color-diagnostics -enable-testing -g -module-cache-path /Users/admin/builds/J1XnyXFH/1/finestructure/swiftpackageindex-builder/spi-builder-workspace/.derivedData/ModuleCache.noindex -swift-version 4 -enforce-exclusivity\=checked -Onone -D SWIFT_PACKAGE -D DEBUG -D Xcode -serialize-debugging-options -const-gather-protocols-file /Users/admin/builds/J1XnyXFH/1/finestructure/swiftpackageindex-builder/spi-builder-workspace/.derivedData/Build/Intermediates.noindex/DS1307.build/Debug-watchos/DS1307.build/Objects-normal/arm64_32/DS1307_const_extract_protocols.json -empty-abi-descriptor -validate-clang-modules-once -clang-build-session-file /Users/admin/builds/J1XnyXFH/1/finestructure/swiftpackageindex-builder/spi-builder-workspace/.derivedData/ModuleCache.noindex/Session.modulevalidation -Xcc -working-directory -Xcc /Users/admin/builds/J1XnyXFH/1/finestructure/swiftpackageindex-builder/spi-builder-workspace -resource-dir /Applications/Xcode-15.3.0-Beta.2.app/Contents/Developer/Toolchains/XcodeDefault.xctoolchain/usr/lib/swift -enable-anonymous-context-mangled-names -Xcc -ivfsstatcache -Xcc /Users/admin/builds/J1XnyXFH/1/finestructure/swiftpackageindex-builder/spi-builder-workspace/.derivedData/SDKStatCaches.noindex/watchos10.4-21T5196c-188b4c5c5639cdba02b95625249bd203.sdkstatcache -Xcc -I/Users/admin/builds/J1XnyXFH/1/finestructure/swiftpackageindex-builder/spi-builder-workspace/.derivedData/Build/Intermediates.noindex/DS1307.build/Debug-watchos/DS1307.build/swift-overrides.hmap -Xcc -I/Users/admin/builds/J1XnyXFH/1/finestructure/swiftpackageindex-builder/spi-builder-workspace/.derivedData/Build/Products/Debug-watchos/include -Xcc -I/Users/admin/builds/J1XnyXFH/1/finestructure/swiftpackageindex-builder/spi-builder-workspace/.derivedData/Build/Intermediates.noindex/DS1307.build/Debug-watchos/DS1307.build/DerivedSources-normal/arm64_32 -Xcc -I/Users/admin/builds/J1XnyXFH/1/finestructure/swiftpackageindex-builder/spi-builder-workspace/.derivedData/Build/Intermediates.noindex/DS1307.build/Debug-watchos/DS1307.build/DerivedSources/arm64_32 -Xcc -I/Users/admin/builds/J1XnyXFH/1/finestructure/swiftpackageindex-builder/spi-builder-workspace/.derivedData/Build/Intermediates.noindex/DS1307.build/Debug-watchos/DS1307.build/DerivedSources -Xcc -DSWIFT_PACKAGE -Xcc -DDEBUG\=1 -module-name DS1307 -frontend-parseable-output -disable-clang-spi -target-sdk-version 10.4 -target-sdk-name watchos10.4 -external-plugin-path /Applications/Xcode-15.3.0-Beta.2.app/Contents/Developer/Platforms/WatchOS.platform/Developer/SDKs/WatchOS10.4.sdk/usr/lib/swift/host/plugins\#/Applications/Xcode-15.3.0-Beta.2.app/Contents/Developer/Platforms/WatchOS.platform/Developer/SDKs/WatchOS10.4.sdk/usr/bin/swift-plugin-server -external-plugin-path /Applications/Xcode-15.3.0-Beta.2.app/Contents/Developer/Platforms/WatchOS.platform/Developer/SDKs/WatchOS10.4.sdk/usr/local/lib/swift/host/plugins\#/Applications/Xcode-15.3.0-Beta.2.app/Contents/Developer/Platforms/WatchOS.platform/Developer/SDKs/WatchOS10.4.sdk/usr/bin/swift-plugin-server -external-plugin-path /Applications/Xcode-15.3.0-Beta.2.app/Contents/Developer/Platforms/WatchOS.platform/Developer/usr/lib/swift/host/plugins\#/Applications/Xcode-15.3.0-Beta.2.app/Contents/Developer/Platforms/WatchOS.platform/Developer/usr/bin/swift-plugin-server -external-plugin-path /Applications/Xcode-15.3.0-Beta.2.app/Contents/Developer/Platforms/WatchOS.platform/Developer/usr/local/lib/swift/host/plugins\#/Applications/Xcode-15.3.0-Beta.2.app/Contents/Developer/Platforms/WatchOS.platform/Developer/usr/bin/swift-plugin-server -plugin-path /Applications/Xcode-15.3.0-Beta.2.app/Contents/Developer/Toolchains/XcodeDefault.xctoolchain/usr/lib/swift/host/plugins -plugin-path /Applications/Xcode-15.3.0-Beta.2.app/Contents/Developer/Toolchains/XcodeDefault.xctoolchain/usr/local/lib/swift/host/plugins -parse-as-library -o /Users/admin/builds/J1XnyXFH/1/finestructure/swiftpackageindex-builder/spi-builder-workspace/.derivedData/Build/Intermediates.noindex/DS1307.build/Debug-watchos/DS1307.build/Objects-normal/arm64_32/DS1307.o -index-unit-output-path /DS1307.build/Debug-watchos/DS1307.build/Objects-normal/arm64_32/DS1307.o -index-store-path /Users/admin/builds/J1XnyXFH/1/finestructure/swiftpackageindex-builder/spi-builder-workspace/.derivedData/Index.noindex/DataStore -index-system-modules
SwiftCompile normal armv7k Compiling\ DS1307.swift /Users/admin/builds/J1XnyXFH/1/finestructure/swiftpackageindex-builder/spi-builder-workspace/Sources/DS1307.swift (in target 'DS1307' from project 'DS1307')
    cd /Users/admin/builds/J1XnyXFH/1/finestructure/swiftpackageindex-builder/spi-builder-workspace
    builtin-swiftTaskExecution -- /Applications/Xcode-15.3.0-Beta.2.app/Contents/Developer/Toolchains/XcodeDefault.xctoolchain/usr/bin/swift-frontend -frontend -c -primary-file /Users/admin/builds/J1XnyXFH/1/finestructure/swiftpackageindex-builder/spi-builder-workspace/Sources/DS1307.swift -emit-dependencies-path /Users/admin/builds/J1XnyXFH/1/finestructure/swiftpackageindex-builder/spi-builder-workspace/.derivedData/Build/Intermediates.noindex/DS1307.build/Debug-watchos/DS1307.build/Objects-normal/armv7k/DS1307.d -emit-const-values-path /Users/admin/builds/J1XnyXFH/1/finestructure/swiftpackageindex-builder/spi-builder-workspace/.derivedData/Build/Intermediates.noindex/DS1307.build/Debug-watchos/DS1307.build/Objects-normal/armv7k/DS1307.swiftconstvalues -emit-reference-dependencies-path /Users/admin/builds/J1XnyXFH/1/finestructure/swiftpackageindex-builder/spi-builder-workspace/.derivedData/Build/Intermediates.noindex/DS1307.build/Debug-watchos/DS1307.build/Objects-normal/armv7k/DS1307.swiftdeps -serialize-diagnostics-path /Users/admin/builds/J1XnyXFH/1/finestructure/swiftpackageindex-builder/spi-builder-workspace/.derivedData/Build/Intermediates.noindex/DS1307.build/Debug-watchos/DS1307.build/Objects-normal/armv7k/DS1307.dia -target armv7k-apple-watchos5.0 -enable-objc-interop -sdk /Applications/Xcode-15.3.0-Beta.2.app/Contents/Developer/Platforms/WatchOS.platform/Developer/SDKs/WatchOS10.4.sdk -I /Users/admin/builds/J1XnyXFH/1/finestructure/swiftpackageindex-builder/spi-builder-workspace/.derivedData/Build/Products/Debug-watchos -I /Applications/Xcode-15.3.0-Beta.2.app/Contents/Developer/Platforms/WatchOS.platform/Developer/usr/lib -F /Users/admin/builds/J1XnyXFH/1/finestructure/swiftpackageindex-builder/spi-builder-workspace/.derivedData/Build/Products/Debug-watchos/PackageFrameworks -F /Users/admin/builds/J1XnyXFH/1/finestructure/swiftpackageindex-builder/spi-builder-workspace/.derivedData/Build/Products/Debug-watchos -F /Applications/Xcode-15.3.0-Beta.2.app/Contents/Developer/Platforms/WatchOS.platform/Developer/Library/Frameworks -F /Applications/Xcode-15.3.0-Beta.2.app/Contents/Developer/Platforms/WatchOS.platform/Developer/SDKs/WatchOS10.4.sdk/Developer/Library/Frameworks -no-color-diagnostics -enable-testing -g -module-cache-path /Users/admin/builds/J1XnyXFH/1/finestructure/swiftpackageindex-builder/spi-builder-workspace/.derivedData/ModuleCache.noindex -swift-version 4 -enforce-exclusivity\=checked -Onone -D SWIFT_PACKAGE -D DEBUG -D Xcode -serialize-debugging-options -const-gather-protocols-file /Users/admin/builds/J1XnyXFH/1/finestructure/swiftpackageindex-builder/spi-builder-workspace/.derivedData/Build/Intermediates.noindex/DS1307.build/Debug-watchos/DS1307.build/Objects-normal/armv7k/DS1307_const_extract_protocols.json -empty-abi-descriptor -validate-clang-modules-once -clang-build-session-file /Users/admin/builds/J1XnyXFH/1/finestructure/swiftpackageindex-builder/spi-builder-workspace/.derivedData/ModuleCache.noindex/Session.modulevalidation -Xcc -working-directory -Xcc /Users/admin/builds/J1XnyXFH/1/finestructure/swiftpackageindex-builder/spi-builder-workspace -resource-dir /Applications/Xcode-15.3.0-Beta.2.app/Contents/Developer/Toolchains/XcodeDefault.xctoolchain/usr/lib/swift -enable-anonymous-context-mangled-names -Xcc -ivfsstatcache -Xcc /Users/admin/builds/J1XnyXFH/1/finestructure/swiftpackageindex-builder/spi-builder-workspace/.derivedData/SDKStatCaches.noindex/watchos10.4-21T5196c-188b4c5c5639cdba02b95625249bd203.sdkstatcache -Xcc -I/Users/admin/builds/J1XnyXFH/1/finestructure/swiftpackageindex-builder/spi-builder-workspace/.derivedData/Build/Intermediates.noindex/DS1307.build/Debug-watchos/DS1307.build/swift-overrides.hmap -Xcc -I/Users/admin/builds/J1XnyXFH/1/finestructure/swiftpackageindex-builder/spi-builder-workspace/.derivedData/Build/Products/Debug-watchos/include -Xcc -I/Users/admin/builds/J1XnyXFH/1/finestructure/swiftpackageindex-builder/spi-builder-workspace/.derivedData/Build/Intermediates.noindex/DS1307.build/Debug-watchos/DS1307.build/DerivedSources-normal/armv7k -Xcc -I/Users/admin/builds/J1XnyXFH/1/finestructure/swiftpackageindex-builder/spi-builder-workspace/.derivedData/Build/Intermediates.noindex/DS1307.build/Debug-watchos/DS1307.build/DerivedSources/armv7k -Xcc -I/Users/admin/builds/J1XnyXFH/1/finestructure/swiftpackageindex-builder/spi-builder-workspace/.derivedData/Build/Intermediates.noindex/DS1307.build/Debug-watchos/DS1307.build/DerivedSources -Xcc -DSWIFT_PACKAGE -Xcc -DDEBUG\=1 -module-name DS1307 -frontend-parseable-output -disable-clang-spi -target-sdk-version 10.4 -target-sdk-name watchos10.4 -external-plugin-path /Applications/Xcode-15.3.0-Beta.2.app/Contents/Developer/Platforms/WatchOS.platform/Developer/SDKs/WatchOS10.4.sdk/usr/lib/swift/host/plugins\#/Applications/Xcode-15.3.0-Beta.2.app/Contents/Developer/Platforms/WatchOS.platform/Developer/SDKs/WatchOS10.4.sdk/usr/bin/swift-plugin-server -external-plugin-path /Applications/Xcode-15.3.0-Beta.2.app/Contents/Developer/Platforms/WatchOS.platform/Developer/SDKs/WatchOS10.4.sdk/usr/local/lib/swift/host/plugins\#/Applications/Xcode-15.3.0-Beta.2.app/Contents/Developer/Platforms/WatchOS.platform/Developer/SDKs/WatchOS10.4.sdk/usr/bin/swift-plugin-server -external-plugin-path /Applications/Xcode-15.3.0-Beta.2.app/Contents/Developer/Platforms/WatchOS.platform/Developer/usr/lib/swift/host/plugins\#/Applications/Xcode-15.3.0-Beta.2.app/Contents/Developer/Platforms/WatchOS.platform/Developer/usr/bin/swift-plugin-server -external-plugin-path /Applications/Xcode-15.3.0-Beta.2.app/Contents/Developer/Platforms/WatchOS.platform/Developer/usr/local/lib/swift/host/plugins\#/Applications/Xcode-15.3.0-Beta.2.app/Contents/Developer/Platforms/WatchOS.platform/Developer/usr/bin/swift-plugin-server -plugin-path /Applications/Xcode-15.3.0-Beta.2.app/Contents/Developer/Toolchains/XcodeDefault.xctoolchain/usr/lib/swift/host/plugins -plugin-path /Applications/Xcode-15.3.0-Beta.2.app/Contents/Developer/Toolchains/XcodeDefault.xctoolchain/usr/local/lib/swift/host/plugins -parse-as-library -o /Users/admin/builds/J1XnyXFH/1/finestructure/swiftpackageindex-builder/spi-builder-workspace/.derivedData/Build/Intermediates.noindex/DS1307.build/Debug-watchos/DS1307.build/Objects-normal/armv7k/DS1307.o -index-unit-output-path /DS1307.build/Debug-watchos/DS1307.build/Objects-normal/armv7k/DS1307.o -index-store-path /Users/admin/builds/J1XnyXFH/1/finestructure/swiftpackageindex-builder/spi-builder-workspace/.derivedData/Index.noindex/DataStore -index-system-modules
SwiftCompile normal armv7k /Users/admin/builds/J1XnyXFH/1/finestructure/swiftpackageindex-builder/spi-builder-workspace/Sources/DS1307.swift (in target 'DS1307' from project 'DS1307')
    cd /Users/admin/builds/J1XnyXFH/1/finestructure/swiftpackageindex-builder/spi-builder-workspace
    /Applications/Xcode-15.3.0-Beta.2.app/Contents/Developer/Toolchains/XcodeDefault.xctoolchain/usr/bin/swift-frontend -c -primary-file /Users/admin/builds/J1XnyXFH/1/finestructure/swiftpackageindex-builder/spi-builder-workspace/Sources/DS1307.swift -emit-dependencies-path /Users/admin/builds/J1XnyXFH/1/finestructure/swiftpackageindex-builder/spi-builder-workspace/.derivedData/Build/Intermediates.noindex/DS1307.build/Debug-watchos/DS1307.build/Objects-normal/armv7k/DS1307.d -emit-const-values-path /Users/admin/builds/J1XnyXFH/1/finestructure/swiftpackageindex-builder/spi-builder-workspace/.derivedData/Build/Intermediates.noindex/DS1307.build/Debug-watchos/DS1307.build/Objects-normal/armv7k/DS1307.swiftconstvalues -emit-reference-dependencies-path /Users/admin/builds/J1XnyXFH/1/finestructure/swiftpackageindex-builder/spi-builder-workspace/.derivedData/Build/Intermediates.noindex/DS1307.build/Debug-watchos/DS1307.build/Objects-normal/armv7k/DS1307.swiftdeps -serialize-diagnostics-path /Users/admin/builds/J1XnyXFH/1/finestructure/swiftpackageindex-builder/spi-builder-workspace/.derivedData/Build/Intermediates.noindex/DS1307.build/Debug-watchos/DS1307.build/Objects-normal/armv7k/DS1307.dia -target armv7k-apple-watchos5.0 -enable-objc-interop -sdk /Applications/Xcode-15.3.0-Beta.2.app/Contents/Developer/Platforms/WatchOS.platform/Developer/SDKs/WatchOS10.4.sdk -I /Users/admin/builds/J1XnyXFH/1/finestructure/swiftpackageindex-builder/spi-builder-workspace/.derivedData/Build/Products/Debug-watchos -I /Applications/Xcode-15.3.0-Beta.2.app/Contents/Developer/Platforms/WatchOS.platform/Developer/usr/lib -F /Users/admin/builds/J1XnyXFH/1/finestructure/swiftpackageindex-builder/spi-builder-workspace/.derivedData/Build/Products/Debug-watchos/PackageFrameworks -F /Users/admin/builds/J1XnyXFH/1/finestructure/swiftpackageindex-builder/spi-builder-workspace/.derivedData/Build/Products/Debug-watchos -F /Applications/Xcode-15.3.0-Beta.2.app/Contents/Developer/Platforms/WatchOS.platform/Developer/Library/Frameworks -F /Applications/Xcode-15.3.0-Beta.2.app/Contents/Developer/Platforms/WatchOS.platform/Developer/SDKs/WatchOS10.4.sdk/Developer/Library/Frameworks -no-color-diagnostics -enable-testing -g -module-cache-path /Users/admin/builds/J1XnyXFH/1/finestructure/swiftpackageindex-builder/spi-builder-workspace/.derivedData/ModuleCache.noindex -swift-version 4 -enforce-exclusivity\=checked -Onone -D SWIFT_PACKAGE -D DEBUG -D Xcode -serialize-debugging-options -const-gather-protocols-file /Users/admin/builds/J1XnyXFH/1/finestructure/swiftpackageindex-builder/spi-builder-workspace/.derivedData/Build/Intermediates.noindex/DS1307.build/Debug-watchos/DS1307.build/Objects-normal/armv7k/DS1307_const_extract_protocols.json -empty-abi-descriptor -validate-clang-modules-once -clang-build-session-file /Users/admin/builds/J1XnyXFH/1/finestructure/swiftpackageindex-builder/spi-builder-workspace/.derivedData/ModuleCache.noindex/Session.modulevalidation -Xcc -working-directory -Xcc /Users/admin/builds/J1XnyXFH/1/finestructure/swiftpackageindex-builder/spi-builder-workspace -resource-dir /Applications/Xcode-15.3.0-Beta.2.app/Contents/Developer/Toolchains/XcodeDefault.xctoolchain/usr/lib/swift -enable-anonymous-context-mangled-names -Xcc -ivfsstatcache -Xcc /Users/admin/builds/J1XnyXFH/1/finestructure/swiftpackageindex-builder/spi-builder-workspace/.derivedData/SDKStatCaches.noindex/watchos10.4-21T5196c-188b4c5c5639cdba02b95625249bd203.sdkstatcache -Xcc -I/Users/admin/builds/J1XnyXFH/1/finestructure/swiftpackageindex-builder/spi-builder-workspace/.derivedData/Build/Intermediates.noindex/DS1307.build/Debug-watchos/DS1307.build/swift-overrides.hmap -Xcc -I/Users/admin/builds/J1XnyXFH/1/finestructure/swiftpackageindex-builder/spi-builder-workspace/.derivedData/Build/Products/Debug-watchos/include -Xcc -I/Users/admin/builds/J1XnyXFH/1/finestructure/swiftpackageindex-builder/spi-builder-workspace/.derivedData/Build/Intermediates.noindex/DS1307.build/Debug-watchos/DS1307.build/DerivedSources-normal/armv7k -Xcc -I/Users/admin/builds/J1XnyXFH/1/finestructure/swiftpackageindex-builder/spi-builder-workspace/.derivedData/Build/Intermediates.noindex/DS1307.build/Debug-watchos/DS1307.build/DerivedSources/armv7k -Xcc -I/Users/admin/builds/J1XnyXFH/1/finestructure/swiftpackageindex-builder/spi-builder-workspace/.derivedData/Build/Intermediates.noindex/DS1307.build/Debug-watchos/DS1307.build/DerivedSources -Xcc -DSWIFT_PACKAGE -Xcc -DDEBUG\=1 -module-name DS1307 -frontend-parseable-output -disable-clang-spi -target-sdk-version 10.4 -target-sdk-name watchos10.4 -external-plugin-path /Applications/Xcode-15.3.0-Beta.2.app/Contents/Developer/Platforms/WatchOS.platform/Developer/SDKs/WatchOS10.4.sdk/usr/lib/swift/host/plugins\#/Applications/Xcode-15.3.0-Beta.2.app/Contents/Developer/Platforms/WatchOS.platform/Developer/SDKs/WatchOS10.4.sdk/usr/bin/swift-plugin-server -external-plugin-path /Applications/Xcode-15.3.0-Beta.2.app/Contents/Developer/Platforms/WatchOS.platform/Developer/SDKs/WatchOS10.4.sdk/usr/local/lib/swift/host/plugins\#/Applications/Xcode-15.3.0-Beta.2.app/Contents/Developer/Platforms/WatchOS.platform/Developer/SDKs/WatchOS10.4.sdk/usr/bin/swift-plugin-server -external-plugin-path /Applications/Xcode-15.3.0-Beta.2.app/Contents/Developer/Platforms/WatchOS.platform/Developer/usr/lib/swift/host/plugins\#/Applications/Xcode-15.3.0-Beta.2.app/Contents/Developer/Platforms/WatchOS.platform/Developer/usr/bin/swift-plugin-server -external-plugin-path /Applications/Xcode-15.3.0-Beta.2.app/Contents/Developer/Platforms/WatchOS.platform/Developer/usr/local/lib/swift/host/plugins\#/Applications/Xcode-15.3.0-Beta.2.app/Contents/Developer/Platforms/WatchOS.platform/Developer/usr/bin/swift-plugin-server -plugin-path /Applications/Xcode-15.3.0-Beta.2.app/Contents/Developer/Toolchains/XcodeDefault.xctoolchain/usr/lib/swift/host/plugins -plugin-path /Applications/Xcode-15.3.0-Beta.2.app/Contents/Developer/Toolchains/XcodeDefault.xctoolchain/usr/local/lib/swift/host/plugins -parse-as-library -o /Users/admin/builds/J1XnyXFH/1/finestructure/swiftpackageindex-builder/spi-builder-workspace/.derivedData/Build/Intermediates.noindex/DS1307.build/Debug-watchos/DS1307.build/Objects-normal/armv7k/DS1307.o -index-unit-output-path /DS1307.build/Debug-watchos/DS1307.build/Objects-normal/armv7k/DS1307.o -index-store-path /Users/admin/builds/J1XnyXFH/1/finestructure/swiftpackageindex-builder/spi-builder-workspace/.derivedData/Index.noindex/DataStore -index-system-modules
SwiftCompile normal arm64 Compiling\ DS1307.swift /Users/admin/builds/J1XnyXFH/1/finestructure/swiftpackageindex-builder/spi-builder-workspace/Sources/DS1307.swift (in target 'DS1307' from project 'DS1307')
    cd /Users/admin/builds/J1XnyXFH/1/finestructure/swiftpackageindex-builder/spi-builder-workspace
    builtin-swiftTaskExecution -- /Applications/Xcode-15.3.0-Beta.2.app/Contents/Developer/Toolchains/XcodeDefault.xctoolchain/usr/bin/swift-frontend -frontend -c -primary-file /Users/admin/builds/J1XnyXFH/1/finestructure/swiftpackageindex-builder/spi-builder-workspace/Sources/DS1307.swift -emit-dependencies-path /Users/admin/builds/J1XnyXFH/1/finestructure/swiftpackageindex-builder/spi-builder-workspace/.derivedData/Build/Intermediates.noindex/DS1307.build/Debug-watchos/DS1307.build/Objects-normal/arm64/DS1307.d -emit-const-values-path /Users/admin/builds/J1XnyXFH/1/finestructure/swiftpackageindex-builder/spi-builder-workspace/.derivedData/Build/Intermediates.noindex/DS1307.build/Debug-watchos/DS1307.build/Objects-normal/arm64/DS1307.swiftconstvalues -emit-reference-dependencies-path /Users/admin/builds/J1XnyXFH/1/finestructure/swiftpackageindex-builder/spi-builder-workspace/.derivedData/Build/Intermediates.noindex/DS1307.build/Debug-watchos/DS1307.build/Objects-normal/arm64/DS1307.swiftdeps -serialize-diagnostics-path /Users/admin/builds/J1XnyXFH/1/finestructure/swiftpackageindex-builder/spi-builder-workspace/.derivedData/Build/Intermediates.noindex/DS1307.build/Debug-watchos/DS1307.build/Objects-normal/arm64/DS1307.dia -target arm64-apple-watchos5.0 -Xllvm -aarch64-use-tbi -enable-objc-interop -sdk /Applications/Xcode-15.3.0-Beta.2.app/Contents/Developer/Platforms/WatchOS.platform/Developer/SDKs/WatchOS10.4.sdk -I /Users/admin/builds/J1XnyXFH/1/finestructure/swiftpackageindex-builder/spi-builder-workspace/.derivedData/Build/Products/Debug-watchos -I /Applications/Xcode-15.3.0-Beta.2.app/Contents/Developer/Platforms/WatchOS.platform/Developer/usr/lib -F /Users/admin/builds/J1XnyXFH/1/finestructure/swiftpackageindex-builder/spi-builder-workspace/.derivedData/Build/Products/Debug-watchos/PackageFrameworks -F /Users/admin/builds/J1XnyXFH/1/finestructure/swiftpackageindex-builder/spi-builder-workspace/.derivedData/Build/Products/Debug-watchos -F /Applications/Xcode-15.3.0-Beta.2.app/Contents/Developer/Platforms/WatchOS.platform/Developer/Library/Frameworks -F /Applications/Xcode-15.3.0-Beta.2.app/Contents/Developer/Platforms/WatchOS.platform/Developer/SDKs/WatchOS10.4.sdk/Developer/Library/Frameworks -no-color-diagnostics -enable-testing -g -module-cache-path /Users/admin/builds/J1XnyXFH/1/finestructure/swiftpackageindex-builder/spi-builder-workspace/.derivedData/ModuleCache.noindex -swift-version 4 -enforce-exclusivity\=checked -Onone -D SWIFT_PACKAGE -D DEBUG -D Xcode -serialize-debugging-options -const-gather-protocols-file /Users/admin/builds/J1XnyXFH/1/finestructure/swiftpackageindex-builder/spi-builder-workspace/.derivedData/Build/Intermediates.noindex/DS1307.build/Debug-watchos/DS1307.build/Objects-normal/arm64/DS1307_const_extract_protocols.json -empty-abi-descriptor -validate-clang-modules-once -clang-build-session-file /Users/admin/builds/J1XnyXFH/1/finestructure/swiftpackageindex-builder/spi-builder-workspace/.derivedData/ModuleCache.noindex/Session.modulevalidation -Xcc -working-directory -Xcc /Users/admin/builds/J1XnyXFH/1/finestructure/swiftpackageindex-builder/spi-builder-workspace -resource-dir /Applications/Xcode-15.3.0-Beta.2.app/Contents/Developer/Toolchains/XcodeDefault.xctoolchain/usr/lib/swift -enable-anonymous-context-mangled-names -Xcc -ivfsstatcache -Xcc /Users/admin/builds/J1XnyXFH/1/finestructure/swiftpackageindex-builder/spi-builder-workspace/.derivedData/SDKStatCaches.noindex/watchos10.4-21T5196c-188b4c5c5639cdba02b95625249bd203.sdkstatcache -Xcc -I/Users/admin/builds/J1XnyXFH/1/finestructure/swiftpackageindex-builder/spi-builder-workspace/.derivedData/Build/Intermediates.noindex/DS1307.build/Debug-watchos/DS1307.build/swift-overrides.hmap -Xcc -I/Users/admin/builds/J1XnyXFH/1/finestructure/swiftpackageindex-builder/spi-builder-workspace/.derivedData/Build/Products/Debug-watchos/include -Xcc -I/Users/admin/builds/J1XnyXFH/1/finestructure/swiftpackageindex-builder/spi-builder-workspace/.derivedData/Build/Intermediates.noindex/DS1307.build/Debug-watchos/DS1307.build/DerivedSources-normal/arm64 -Xcc -I/Users/admin/builds/J1XnyXFH/1/finestructure/swiftpackageindex-builder/spi-builder-workspace/.derivedData/Build/Intermediates.noindex/DS1307.build/Debug-watchos/DS1307.build/DerivedSources/arm64 -Xcc -I/Users/admin/builds/J1XnyXFH/1/finestructure/swiftpackageindex-builder/spi-builder-workspace/.derivedData/Build/Intermediates.noindex/DS1307.build/Debug-watchos/DS1307.build/DerivedSources -Xcc -DSWIFT_PACKAGE -Xcc -DDEBUG\=1 -module-name DS1307 -frontend-parseable-output -disable-clang-spi -target-sdk-version 10.4 -target-sdk-name watchos10.4 -external-plugin-path /Applications/Xcode-15.3.0-Beta.2.app/Contents/Developer/Platforms/WatchOS.platform/Developer/SDKs/WatchOS10.4.sdk/usr/lib/swift/host/plugins\#/Applications/Xcode-15.3.0-Beta.2.app/Contents/Developer/Platforms/WatchOS.platform/Developer/SDKs/WatchOS10.4.sdk/usr/bin/swift-plugin-server -external-plugin-path /Applications/Xcode-15.3.0-Beta.2.app/Contents/Developer/Platforms/WatchOS.platform/Developer/SDKs/WatchOS10.4.sdk/usr/local/lib/swift/host/plugins\#/Applications/Xcode-15.3.0-Beta.2.app/Contents/Developer/Platforms/WatchOS.platform/Developer/SDKs/WatchOS10.4.sdk/usr/bin/swift-plugin-server -external-plugin-path /Applications/Xcode-15.3.0-Beta.2.app/Contents/Developer/Platforms/WatchOS.platform/Developer/usr/lib/swift/host/plugins\#/Applications/Xcode-15.3.0-Beta.2.app/Contents/Developer/Platforms/WatchOS.platform/Developer/usr/bin/swift-plugin-server -external-plugin-path /Applications/Xcode-15.3.0-Beta.2.app/Contents/Developer/Platforms/WatchOS.platform/Developer/usr/local/lib/swift/host/plugins\#/Applications/Xcode-15.3.0-Beta.2.app/Contents/Developer/Platforms/WatchOS.platform/Developer/usr/bin/swift-plugin-server -plugin-path /Applications/Xcode-15.3.0-Beta.2.app/Contents/Developer/Toolchains/XcodeDefault.xctoolchain/usr/lib/swift/host/plugins -plugin-path /Applications/Xcode-15.3.0-Beta.2.app/Contents/Developer/Toolchains/XcodeDefault.xctoolchain/usr/local/lib/swift/host/plugins -parse-as-library -o /Users/admin/builds/J1XnyXFH/1/finestructure/swiftpackageindex-builder/spi-builder-workspace/.derivedData/Build/Intermediates.noindex/DS1307.build/Debug-watchos/DS1307.build/Objects-normal/arm64/DS1307.o -index-unit-output-path /DS1307.build/Debug-watchos/DS1307.build/Objects-normal/arm64/DS1307.o -index-store-path /Users/admin/builds/J1XnyXFH/1/finestructure/swiftpackageindex-builder/spi-builder-workspace/.derivedData/Index.noindex/DataStore -index-system-modules
SwiftCompile normal arm64 /Users/admin/builds/J1XnyXFH/1/finestructure/swiftpackageindex-builder/spi-builder-workspace/Sources/DS1307.swift (in target 'DS1307' from project 'DS1307')
    cd /Users/admin/builds/J1XnyXFH/1/finestructure/swiftpackageindex-builder/spi-builder-workspace
    /Applications/Xcode-15.3.0-Beta.2.app/Contents/Developer/Toolchains/XcodeDefault.xctoolchain/usr/bin/swift-frontend -c -primary-file /Users/admin/builds/J1XnyXFH/1/finestructure/swiftpackageindex-builder/spi-builder-workspace/Sources/DS1307.swift -emit-dependencies-path /Users/admin/builds/J1XnyXFH/1/finestructure/swiftpackageindex-builder/spi-builder-workspace/.derivedData/Build/Intermediates.noindex/DS1307.build/Debug-watchos/DS1307.build/Objects-normal/arm64/DS1307.d -emit-const-values-path /Users/admin/builds/J1XnyXFH/1/finestructure/swiftpackageindex-builder/spi-builder-workspace/.derivedData/Build/Intermediates.noindex/DS1307.build/Debug-watchos/DS1307.build/Objects-normal/arm64/DS1307.swiftconstvalues -emit-reference-dependencies-path /Users/admin/builds/J1XnyXFH/1/finestructure/swiftpackageindex-builder/spi-builder-workspace/.derivedData/Build/Intermediates.noindex/DS1307.build/Debug-watchos/DS1307.build/Objects-normal/arm64/DS1307.swiftdeps -serialize-diagnostics-path /Users/admin/builds/J1XnyXFH/1/finestructure/swiftpackageindex-builder/spi-builder-workspace/.derivedData/Build/Intermediates.noindex/DS1307.build/Debug-watchos/DS1307.build/Objects-normal/arm64/DS1307.dia -target arm64-apple-watchos5.0 -Xllvm -aarch64-use-tbi -enable-objc-interop -sdk /Applications/Xcode-15.3.0-Beta.2.app/Contents/Developer/Platforms/WatchOS.platform/Developer/SDKs/WatchOS10.4.sdk -I /Users/admin/builds/J1XnyXFH/1/finestructure/swiftpackageindex-builder/spi-builder-workspace/.derivedData/Build/Products/Debug-watchos -I /Applications/Xcode-15.3.0-Beta.2.app/Contents/Developer/Platforms/WatchOS.platform/Developer/usr/lib -F /Users/admin/builds/J1XnyXFH/1/finestructure/swiftpackageindex-builder/spi-builder-workspace/.derivedData/Build/Products/Debug-watchos/PackageFrameworks -F /Users/admin/builds/J1XnyXFH/1/finestructure/swiftpackageindex-builder/spi-builder-workspace/.derivedData/Build/Products/Debug-watchos -F /Applications/Xcode-15.3.0-Beta.2.app/Contents/Developer/Platforms/WatchOS.platform/Developer/Library/Frameworks -F /Applications/Xcode-15.3.0-Beta.2.app/Contents/Developer/Platforms/WatchOS.platform/Developer/SDKs/WatchOS10.4.sdk/Developer/Library/Frameworks -no-color-diagnostics -enable-testing -g -module-cache-path /Users/admin/builds/J1XnyXFH/1/finestructure/swiftpackageindex-builder/spi-builder-workspace/.derivedData/ModuleCache.noindex -swift-version 4 -enforce-exclusivity\=checked -Onone -D SWIFT_PACKAGE -D DEBUG -D Xcode -serialize-debugging-options -const-gather-protocols-file /Users/admin/builds/J1XnyXFH/1/finestructure/swiftpackageindex-builder/spi-builder-workspace/.derivedData/Build/Intermediates.noindex/DS1307.build/Debug-watchos/DS1307.build/Objects-normal/arm64/DS1307_const_extract_protocols.json -empty-abi-descriptor -validate-clang-modules-once -clang-build-session-file /Users/admin/builds/J1XnyXFH/1/finestructure/swiftpackageindex-builder/spi-builder-workspace/.derivedData/ModuleCache.noindex/Session.modulevalidation -Xcc -working-directory -Xcc /Users/admin/builds/J1XnyXFH/1/finestructure/swiftpackageindex-builder/spi-builder-workspace -resource-dir /Applications/Xcode-15.3.0-Beta.2.app/Contents/Developer/Toolchains/XcodeDefault.xctoolchain/usr/lib/swift -enable-anonymous-context-mangled-names -Xcc -ivfsstatcache -Xcc /Users/admin/builds/J1XnyXFH/1/finestructure/swiftpackageindex-builder/spi-builder-workspace/.derivedData/SDKStatCaches.noindex/watchos10.4-21T5196c-188b4c5c5639cdba02b95625249bd203.sdkstatcache -Xcc -I/Users/admin/builds/J1XnyXFH/1/finestructure/swiftpackageindex-builder/spi-builder-workspace/.derivedData/Build/Intermediates.noindex/DS1307.build/Debug-watchos/DS1307.build/swift-overrides.hmap -Xcc -I/Users/admin/builds/J1XnyXFH/1/finestructure/swiftpackageindex-builder/spi-builder-workspace/.derivedData/Build/Products/Debug-watchos/include -Xcc -I/Users/admin/builds/J1XnyXFH/1/finestructure/swiftpackageindex-builder/spi-builder-workspace/.derivedData/Build/Intermediates.noindex/DS1307.build/Debug-watchos/DS1307.build/DerivedSources-normal/arm64 -Xcc -I/Users/admin/builds/J1XnyXFH/1/finestructure/swiftpackageindex-builder/spi-builder-workspace/.derivedData/Build/Intermediates.noindex/DS1307.build/Debug-watchos/DS1307.build/DerivedSources/arm64 -Xcc -I/Users/admin/builds/J1XnyXFH/1/finestructure/swiftpackageindex-builder/spi-builder-workspace/.derivedData/Build/Intermediates.noindex/DS1307.build/Debug-watchos/DS1307.build/DerivedSources -Xcc -DSWIFT_PACKAGE -Xcc -DDEBUG\=1 -module-name DS1307 -frontend-parseable-output -disable-clang-spi -target-sdk-version 10.4 -target-sdk-name watchos10.4 -external-plugin-path /Applications/Xcode-15.3.0-Beta.2.app/Contents/Developer/Platforms/WatchOS.platform/Developer/SDKs/WatchOS10.4.sdk/usr/lib/swift/host/plugins\#/Applications/Xcode-15.3.0-Beta.2.app/Contents/Developer/Platforms/WatchOS.platform/Developer/SDKs/WatchOS10.4.sdk/usr/bin/swift-plugin-server -external-plugin-path /Applications/Xcode-15.3.0-Beta.2.app/Contents/Developer/Platforms/WatchOS.platform/Developer/SDKs/WatchOS10.4.sdk/usr/local/lib/swift/host/plugins\#/Applications/Xcode-15.3.0-Beta.2.app/Contents/Developer/Platforms/WatchOS.platform/Developer/SDKs/WatchOS10.4.sdk/usr/bin/swift-plugin-server -external-plugin-path /Applications/Xcode-15.3.0-Beta.2.app/Contents/Developer/Platforms/WatchOS.platform/Developer/usr/lib/swift/host/plugins\#/Applications/Xcode-15.3.0-Beta.2.app/Contents/Developer/Platforms/WatchOS.platform/Developer/usr/bin/swift-plugin-server -external-plugin-path /Applications/Xcode-15.3.0-Beta.2.app/Contents/Developer/Platforms/WatchOS.platform/Developer/usr/local/lib/swift/host/plugins\#/Applications/Xcode-15.3.0-Beta.2.app/Contents/Developer/Platforms/WatchOS.platform/Developer/usr/bin/swift-plugin-server -plugin-path /Applications/Xcode-15.3.0-Beta.2.app/Contents/Developer/Toolchains/XcodeDefault.xctoolchain/usr/lib/swift/host/plugins -plugin-path /Applications/Xcode-15.3.0-Beta.2.app/Contents/Developer/Toolchains/XcodeDefault.xctoolchain/usr/local/lib/swift/host/plugins -parse-as-library -o /Users/admin/builds/J1XnyXFH/1/finestructure/swiftpackageindex-builder/spi-builder-workspace/.derivedData/Build/Intermediates.noindex/DS1307.build/Debug-watchos/DS1307.build/Objects-normal/arm64/DS1307.o -index-unit-output-path /DS1307.build/Debug-watchos/DS1307.build/Objects-normal/arm64/DS1307.o -index-store-path /Users/admin/builds/J1XnyXFH/1/finestructure/swiftpackageindex-builder/spi-builder-workspace/.derivedData/Index.noindex/DataStore -index-system-modules
SwiftEmitModule normal arm64_32 Emitting\ module\ for\ SwiftyGPIO (in target 'SwiftyGPIO' from project 'SwiftyGPIO')
    cd /Users/admin/builds/J1XnyXFH/1/finestructure/swiftpackageindex-builder/spi-builder-workspace/.dependencies/checkouts/SwiftyGPIO
    builtin-swiftTaskExecution -- /Applications/Xcode-15.3.0-Beta.2.app/Contents/Developer/Toolchains/XcodeDefault.xctoolchain/usr/bin/swift-frontend -frontend -emit-module -experimental-skip-non-inlinable-function-bodies-without-types /Users/admin/builds/J1XnyXFH/1/finestructure/swiftpackageindex-builder/spi-builder-workspace/.dependencies/checkouts/SwiftyGPIO/Sources/1Wire.swift /Users/admin/builds/J1XnyXFH/1/finestructure/swiftpackageindex-builder/spi-builder-workspace/.dependencies/checkouts/SwiftyGPIO/Sources/ADC.swift /Users/admin/builds/J1XnyXFH/1/finestructure/swiftpackageindex-builder/spi-builder-workspace/.dependencies/checkouts/SwiftyGPIO/Sources/I2C.swift /Users/admin/builds/J1XnyXFH/1/finestructure/swiftpackageindex-builder/spi-builder-workspace/.dependencies/checkouts/SwiftyGPIO/Sources/Mailbox.swift /Users/admin/builds/J1XnyXFH/1/finestructure/swiftpackageindex-builder/spi-builder-workspace/.dependencies/checkouts/SwiftyGPIO/Sources/PWM.swift /Users/admin/builds/J1XnyXFH/1/finestructure/swiftpackageindex-builder/spi-builder-workspace/.dependencies/checkouts/SwiftyGPIO/Sources/Presets.swift /Users/admin/builds/J1XnyXFH/1/finestructure/swiftpackageindex-builder/spi-builder-workspace/.dependencies/checkouts/SwiftyGPIO/Sources/SPI.swift /Users/admin/builds/J1XnyXFH/1/finestructure/swiftpackageindex-builder/spi-builder-workspace/.dependencies/checkouts/SwiftyGPIO/Sources/SunXi.swift /Users/admin/builds/J1XnyXFH/1/finestructure/swiftpackageindex-builder/spi-builder-workspace/.dependencies/checkouts/SwiftyGPIO/Sources/SwiftyGPIO.swift /Users/admin/builds/J1XnyXFH/1/finestructure/swiftpackageindex-builder/spi-builder-workspace/.dependencies/checkouts/SwiftyGPIO/Sources/UART.swift -target arm64_32-apple-watchos5.0 -enable-objc-interop -sdk /Applications/Xcode-15.3.0-Beta.2.app/Contents/Developer/Platforms/WatchOS.platform/Developer/SDKs/WatchOS10.4.sdk -I /Users/admin/builds/J1XnyXFH/1/finestructure/swiftpackageindex-builder/spi-builder-workspace/.derivedData/Build/Products/Debug-watchos -I /Applications/Xcode-15.3.0-Beta.2.app/Contents/Developer/Platforms/WatchOS.platform/Developer/usr/lib -F /Users/admin/builds/J1XnyXFH/1/finestructure/swiftpackageindex-builder/spi-builder-workspace/.derivedData/Build/Products/Debug-watchos -F /Applications/Xcode-15.3.0-Beta.2.app/Contents/Developer/Platforms/WatchOS.platform/Developer/Library/Frameworks -F /Applications/Xcode-15.3.0-Beta.2.app/Contents/Developer/Platforms/WatchOS.platform/Developer/SDKs/WatchOS10.4.sdk/Developer/Library/Frameworks -no-color-diagnostics -enable-testing -g -module-cache-path /Users/admin/builds/J1XnyXFH/1/finestructure/swiftpackageindex-builder/spi-builder-workspace/.derivedData/ModuleCache.noindex -suppress-warnings -swift-version 5 -enforce-exclusivity\=checked -Onone -D SWIFT_PACKAGE -D DEBUG -D Xcode -serialize-debugging-options -const-gather-protocols-file /Users/admin/builds/J1XnyXFH/1/finestructure/swiftpackageindex-builder/spi-builder-workspace/.derivedData/Build/Intermediates.noindex/SwiftyGPIO.build/Debug-watchos/SwiftyGPIO.build/Objects-normal/arm64_32/SwiftyGPIO_const_extract_protocols.json -empty-abi-descriptor -validate-clang-modules-once -clang-build-session-file /Users/admin/builds/J1XnyXFH/1/finestructure/swiftpackageindex-builder/spi-builder-workspace/.derivedData/ModuleCache.noindex/Session.modulevalidation -Xcc -working-directory -Xcc /Users/admin/builds/J1XnyXFH/1/finestructure/swiftpackageindex-builder/spi-builder-workspace/.dependencies/checkouts/SwiftyGPIO -resource-dir /Applications/Xcode-15.3.0-Beta.2.app/Contents/Developer/Toolchains/XcodeDefault.xctoolchain/usr/lib/swift -enable-anonymous-context-mangled-names -Xcc -ivfsstatcache -Xcc /Users/admin/builds/J1XnyXFH/1/finestructure/swiftpackageindex-builder/spi-builder-workspace/.derivedData/SDKStatCaches.noindex/watchos10.4-21T5196c-188b4c5c5639cdba02b95625249bd203.sdkstatcache -Xcc -I/Users/admin/builds/J1XnyXFH/1/finestructure/swiftpackageindex-builder/spi-builder-workspace/.derivedData/Build/Intermediates.noindex/SwiftyGPIO.build/Debug-watchos/SwiftyGPIO.build/swift-overrides.hmap -Xcc -I/Users/admin/builds/J1XnyXFH/1/finestructure/swiftpackageindex-builder/spi-builder-workspace/.derivedData/Build/Products/Debug-watchos/include -Xcc -I/Users/admin/builds/J1XnyXFH/1/finestructure/swiftpackageindex-builder/spi-builder-workspace/.derivedData/Build/Intermediates.noindex/SwiftyGPIO.build/Debug-watchos/SwiftyGPIO.build/DerivedSources-normal/arm64_32 -Xcc -I/Users/admin/builds/J1XnyXFH/1/finestructure/swiftpackageindex-builder/spi-builder-workspace/.derivedData/Build/Intermediates.noindex/SwiftyGPIO.build/Debug-watchos/SwiftyGPIO.build/DerivedSources/arm64_32 -Xcc -I/Users/admin/builds/J1XnyXFH/1/finestructure/swiftpackageindex-builder/spi-builder-workspace/.derivedData/Build/Intermediates.noindex/SwiftyGPIO.build/Debug-watchos/SwiftyGPIO.build/DerivedSources -Xcc -DSWIFT_PACKAGE -Xcc -DDEBUG\=1 -module-name SwiftyGPIO -disable-clang-spi -target-sdk-version 10.4 -target-sdk-name watchos10.4 -external-plugin-path /Applications/Xcode-15.3.0-Beta.2.app/Contents/Developer/Platforms/WatchOS.platform/Developer/SDKs/WatchOS10.4.sdk/usr/lib/swift/host/plugins\#/Applications/Xcode-15.3.0-Beta.2.app/Contents/Developer/Platforms/WatchOS.platform/Developer/SDKs/WatchOS10.4.sdk/usr/bin/swift-plugin-server -external-plugin-path /Applications/Xcode-15.3.0-Beta.2.app/Contents/Developer/Platforms/WatchOS.platform/Developer/SDKs/WatchOS10.4.sdk/usr/local/lib/swift/host/plugins\#/Applications/Xcode-15.3.0-Beta.2.app/Contents/Developer/Platforms/WatchOS.platform/Developer/SDKs/WatchOS10.4.sdk/usr/bin/swift-plugin-server -external-plugin-path /Applications/Xcode-15.3.0-Beta.2.app/Contents/Developer/Platforms/WatchOS.platform/Developer/usr/lib/swift/host/plugins\#/Applications/Xcode-15.3.0-Beta.2.app/Contents/Developer/Platforms/WatchOS.platform/Developer/usr/bin/swift-plugin-server -external-plugin-path /Applications/Xcode-15.3.0-Beta.2.app/Contents/Developer/Platforms/WatchOS.platform/Developer/usr/local/lib/swift/host/plugins\#/Applications/Xcode-15.3.0-Beta.2.app/Contents/Developer/Platforms/WatchOS.platform/Developer/usr/bin/swift-plugin-server -plugin-path /Applications/Xcode-15.3.0-Beta.2.app/Contents/Developer/Toolchains/XcodeDefault.xctoolchain/usr/lib/swift/host/plugins -plugin-path /Applications/Xcode-15.3.0-Beta.2.app/Contents/Developer/Toolchains/XcodeDefault.xctoolchain/usr/local/lib/swift/host/plugins -emit-module-doc-path /Users/admin/builds/J1XnyXFH/1/finestructure/swiftpackageindex-builder/spi-builder-workspace/.derivedData/Build/Intermediates.noindex/SwiftyGPIO.build/Debug-watchos/SwiftyGPIO.build/Objects-normal/arm64_32/SwiftyGPIO.swiftdoc -emit-module-source-info-path /Users/admin/builds/J1XnyXFH/1/finestructure/swiftpackageindex-builder/spi-builder-workspace/.derivedData/Build/Intermediates.noindex/SwiftyGPIO.build/Debug-watchos/SwiftyGPIO.build/Objects-normal/arm64_32/SwiftyGPIO.swiftsourceinfo -emit-objc-header-path /Users/admin/builds/J1XnyXFH/1/finestructure/swiftpackageindex-builder/spi-builder-workspace/.derivedData/Build/Intermediates.noindex/SwiftyGPIO.build/Debug-watchos/SwiftyGPIO.build/Objects-normal/arm64_32/SwiftyGPIO-Swift.h -serialize-diagnostics-path /Users/admin/builds/J1XnyXFH/1/finestructure/swiftpackageindex-builder/spi-builder-workspace/.derivedData/Build/Intermediates.noindex/SwiftyGPIO.build/Debug-watchos/SwiftyGPIO.build/Objects-normal/arm64_32/SwiftyGPIO-master-emit-module.dia -emit-dependencies-path /Users/admin/builds/J1XnyXFH/1/finestructure/swiftpackageindex-builder/spi-builder-workspace/.derivedData/Build/Intermediates.noindex/SwiftyGPIO.build/Debug-watchos/SwiftyGPIO.build/Objects-normal/arm64_32/SwiftyGPIO-master-emit-module.d -o /Users/admin/builds/J1XnyXFH/1/finestructure/swiftpackageindex-builder/spi-builder-workspace/.derivedData/Build/Intermediates.noindex/SwiftyGPIO.build/Debug-watchos/SwiftyGPIO.build/Objects-normal/arm64_32/SwiftyGPIO.swiftmodule -emit-abi-descriptor-path /Users/admin/builds/J1XnyXFH/1/finestructure/swiftpackageindex-builder/spi-builder-workspace/.derivedData/Build/Intermediates.noindex/SwiftyGPIO.build/Debug-watchos/SwiftyGPIO.build/Objects-normal/arm64_32/SwiftyGPIO.abi.json
SwiftCompile normal arm64_32 Compiling\ UART.swift /Users/admin/builds/J1XnyXFH/1/finestructure/swiftpackageindex-builder/spi-builder-workspace/.dependencies/checkouts/SwiftyGPIO/Sources/UART.swift (in target 'SwiftyGPIO' from project 'SwiftyGPIO')
    cd /Users/admin/builds/J1XnyXFH/1/finestructure/swiftpackageindex-builder/spi-builder-workspace/.dependencies/checkouts/SwiftyGPIO
    builtin-swiftTaskExecution -- /Applications/Xcode-15.3.0-Beta.2.app/Contents/Developer/Toolchains/XcodeDefault.xctoolchain/usr/bin/swift-frontend -frontend -c /Users/admin/builds/J1XnyXFH/1/finestructure/swiftpackageindex-builder/spi-builder-workspace/.dependencies/checkouts/SwiftyGPIO/Sources/1Wire.swift /Users/admin/builds/J1XnyXFH/1/finestructure/swiftpackageindex-builder/spi-builder-workspace/.dependencies/checkouts/SwiftyGPIO/Sources/ADC.swift /Users/admin/builds/J1XnyXFH/1/finestructure/swiftpackageindex-builder/spi-builder-workspace/.dependencies/checkouts/SwiftyGPIO/Sources/I2C.swift /Users/admin/builds/J1XnyXFH/1/finestructure/swiftpackageindex-builder/spi-builder-workspace/.dependencies/checkouts/SwiftyGPIO/Sources/Mailbox.swift /Users/admin/builds/J1XnyXFH/1/finestructure/swiftpackageindex-builder/spi-builder-workspace/.dependencies/checkouts/SwiftyGPIO/Sources/PWM.swift /Users/admin/builds/J1XnyXFH/1/finestructure/swiftpackageindex-builder/spi-builder-workspace/.dependencies/checkouts/SwiftyGPIO/Sources/Presets.swift /Users/admin/builds/J1XnyXFH/1/finestructure/swiftpackageindex-builder/spi-builder-workspace/.dependencies/checkouts/SwiftyGPIO/Sources/SPI.swift /Users/admin/builds/J1XnyXFH/1/finestructure/swiftpackageindex-builder/spi-builder-workspace/.dependencies/checkouts/SwiftyGPIO/Sources/SunXi.swift /Users/admin/builds/J1XnyXFH/1/finestructure/swiftpackageindex-builder/spi-builder-workspace/.dependencies/checkouts/SwiftyGPIO/Sources/SwiftyGPIO.swift -primary-file /Users/admin/builds/J1XnyXFH/1/finestructure/swiftpackageindex-builder/spi-builder-workspace/.dependencies/checkouts/SwiftyGPIO/Sources/UART.swift -emit-dependencies-path /Users/admin/builds/J1XnyXFH/1/finestructure/swiftpackageindex-builder/spi-builder-workspace/.derivedData/Build/Intermediates.noindex/SwiftyGPIO.build/Debug-watchos/SwiftyGPIO.build/Objects-normal/arm64_32/UART.d -emit-const-values-path /Users/admin/builds/J1XnyXFH/1/finestructure/swiftpackageindex-builder/spi-builder-workspace/.derivedData/Build/Intermediates.noindex/SwiftyGPIO.build/Debug-watchos/SwiftyGPIO.build/Objects-normal/arm64_32/UART.swiftconstvalues -emit-reference-dependencies-path /Users/admin/builds/J1XnyXFH/1/finestructure/swiftpackageindex-builder/spi-builder-workspace/.derivedData/Build/Intermediates.noindex/SwiftyGPIO.build/Debug-watchos/SwiftyGPIO.build/Objects-normal/arm64_32/UART.swiftdeps -serialize-diagnostics-path /Users/admin/builds/J1XnyXFH/1/finestructure/swiftpackageindex-builder/spi-builder-workspace/.derivedData/Build/Intermediates.noindex/SwiftyGPIO.build/Debug-watchos/SwiftyGPIO.build/Objects-normal/arm64_32/UART.dia -target arm64_32-apple-watchos5.0 -enable-objc-interop -sdk /Applications/Xcode-15.3.0-Beta.2.app/Contents/Developer/Platforms/WatchOS.platform/Developer/SDKs/WatchOS10.4.sdk -I /Users/admin/builds/J1XnyXFH/1/finestructure/swiftpackageindex-builder/spi-builder-workspace/.derivedData/Build/Products/Debug-watchos -I /Applications/Xcode-15.3.0-Beta.2.app/Contents/Developer/Platforms/WatchOS.platform/Developer/usr/lib -F /Users/admin/builds/J1XnyXFH/1/finestructure/swiftpackageindex-builder/spi-builder-workspace/.derivedData/Build/Products/Debug-watchos -F /Applications/Xcode-15.3.0-Beta.2.app/Contents/Developer/Platforms/WatchOS.platform/Developer/Library/Frameworks -F /Applications/Xcode-15.3.0-Beta.2.app/Contents/Developer/Platforms/WatchOS.platform/Developer/SDKs/WatchOS10.4.sdk/Developer/Library/Frameworks -no-color-diagnostics -enable-testing -g -module-cache-path /Users/admin/builds/J1XnyXFH/1/finestructure/swiftpackageindex-builder/spi-builder-workspace/.derivedData/ModuleCache.noindex -suppress-warnings -swift-version 5 -enforce-exclusivity\=checked -Onone -D SWIFT_PACKAGE -D DEBUG -D Xcode -serialize-debugging-options -const-gather-protocols-file /Users/admin/builds/J1XnyXFH/1/finestructure/swiftpackageindex-builder/spi-builder-workspace/.derivedData/Build/Intermediates.noindex/SwiftyGPIO.build/Debug-watchos/SwiftyGPIO.build/Objects-normal/arm64_32/SwiftyGPIO_const_extract_protocols.json -empty-abi-descriptor -validate-clang-modules-once -clang-build-session-file /Users/admin/builds/J1XnyXFH/1/finestructure/swiftpackageindex-builder/spi-builder-workspace/.derivedData/ModuleCache.noindex/Session.modulevalidation -Xcc -working-directory -Xcc /Users/admin/builds/J1XnyXFH/1/finestructure/swiftpackageindex-builder/spi-builder-workspace/.dependencies/checkouts/SwiftyGPIO -resource-dir /Applications/Xcode-15.3.0-Beta.2.app/Contents/Developer/Toolchains/XcodeDefault.xctoolchain/usr/lib/swift -enable-anonymous-context-mangled-names -Xcc -ivfsstatcache -Xcc /Users/admin/builds/J1XnyXFH/1/finestructure/swiftpackageindex-builder/spi-builder-workspace/.derivedData/SDKStatCaches.noindex/watchos10.4-21T5196c-188b4c5c5639cdba02b95625249bd203.sdkstatcache -Xcc -I/Users/admin/builds/J1XnyXFH/1/finestructure/swiftpackageindex-builder/spi-builder-workspace/.derivedData/Build/Intermediates.noindex/SwiftyGPIO.build/Debug-watchos/SwiftyGPIO.build/swift-overrides.hmap -Xcc -I/Users/admin/builds/J1XnyXFH/1/finestructure/swiftpackageindex-builder/spi-builder-workspace/.derivedData/Build/Products/Debug-watchos/include -Xcc -I/Users/admin/builds/J1XnyXFH/1/finestructure/swiftpackageindex-builder/spi-builder-workspace/.derivedData/Build/Intermediates.noindex/SwiftyGPIO.build/Debug-watchos/SwiftyGPIO.build/DerivedSources-normal/arm64_32 -Xcc -I/Users/admin/builds/J1XnyXFH/1/finestructure/swiftpackageindex-builder/spi-builder-workspace/.derivedData/Build/Intermediates.noindex/SwiftyGPIO.build/Debug-watchos/SwiftyGPIO.build/DerivedSources/arm64_32 -Xcc -I/Users/admin/builds/J1XnyXFH/1/finestructure/swiftpackageindex-builder/spi-builder-workspace/.derivedData/Build/Intermediates.noindex/SwiftyGPIO.build/Debug-watchos/SwiftyGPIO.build/DerivedSources -Xcc -DSWIFT_PACKAGE -Xcc -DDEBUG\=1 -module-name SwiftyGPIO -frontend-parseable-output -disable-clang-spi -target-sdk-version 10.4 -target-sdk-name watchos10.4 -external-plugin-path /Applications/Xcode-15.3.0-Beta.2.app/Contents/Developer/Platforms/WatchOS.platform/Developer/SDKs/WatchOS10.4.sdk/usr/lib/swift/host/plugins\#/Applications/Xcode-15.3.0-Beta.2.app/Contents/Developer/Platforms/WatchOS.platform/Developer/SDKs/WatchOS10.4.sdk/usr/bin/swift-plugin-server -external-plugin-path /Applications/Xcode-15.3.0-Beta.2.app/Contents/Developer/Platforms/WatchOS.platform/Developer/SDKs/WatchOS10.4.sdk/usr/local/lib/swift/host/plugins\#/Applications/Xcode-15.3.0-Beta.2.app/Contents/Developer/Platforms/WatchOS.platform/Developer/SDKs/WatchOS10.4.sdk/usr/bin/swift-plugin-server -external-plugin-path /Applications/Xcode-15.3.0-Beta.2.app/Contents/Developer/Platforms/WatchOS.platform/Developer/usr/lib/swift/host/plugins\#/Applications/Xcode-15.3.0-Beta.2.app/Contents/Developer/Platforms/WatchOS.platform/Developer/usr/bin/swift-plugin-server -external-plugin-path /Applications/Xcode-15.3.0-Beta.2.app/Contents/Developer/Platforms/WatchOS.platform/Developer/usr/local/lib/swift/host/plugins\#/Applications/Xcode-15.3.0-Beta.2.app/Contents/Developer/Platforms/WatchOS.platform/Developer/usr/bin/swift-plugin-server -plugin-path /Applications/Xcode-15.3.0-Beta.2.app/Contents/Developer/Toolchains/XcodeDefault.xctoolchain/usr/lib/swift/host/plugins -plugin-path /Applications/Xcode-15.3.0-Beta.2.app/Contents/Developer/Toolchains/XcodeDefault.xctoolchain/usr/local/lib/swift/host/plugins -o /Users/admin/builds/J1XnyXFH/1/finestructure/swiftpackageindex-builder/spi-builder-workspace/.derivedData/Build/Intermediates.noindex/SwiftyGPIO.build/Debug-watchos/SwiftyGPIO.build/Objects-normal/arm64_32/UART.o -index-unit-output-path /SwiftyGPIO.build/Debug-watchos/SwiftyGPIO.build/Objects-normal/arm64_32/UART.o -index-store-path /Users/admin/builds/J1XnyXFH/1/finestructure/swiftpackageindex-builder/spi-builder-workspace/.derivedData/Index.noindex/DataStore -index-system-modules
SwiftCompile normal arm64_32 /Users/admin/builds/J1XnyXFH/1/finestructure/swiftpackageindex-builder/spi-builder-workspace/.dependencies/checkouts/SwiftyGPIO/Sources/UART.swift (in target 'SwiftyGPIO' from project 'SwiftyGPIO')
    cd /Users/admin/builds/J1XnyXFH/1/finestructure/swiftpackageindex-builder/spi-builder-workspace/.dependencies/checkouts/SwiftyGPIO
    /Applications/Xcode-15.3.0-Beta.2.app/Contents/Developer/Toolchains/XcodeDefault.xctoolchain/usr/bin/swift-frontend -c /Users/admin/builds/J1XnyXFH/1/finestructure/swiftpackageindex-builder/spi-builder-workspace/.dependencies/checkouts/SwiftyGPIO/Sources/1Wire.swift /Users/admin/builds/J1XnyXFH/1/finestructure/swiftpackageindex-builder/spi-builder-workspace/.dependencies/checkouts/SwiftyGPIO/Sources/ADC.swift /Users/admin/builds/J1XnyXFH/1/finestructure/swiftpackageindex-builder/spi-builder-workspace/.dependencies/checkouts/SwiftyGPIO/Sources/I2C.swift /Users/admin/builds/J1XnyXFH/1/finestructure/swiftpackageindex-builder/spi-builder-workspace/.dependencies/checkouts/SwiftyGPIO/Sources/Mailbox.swift /Users/admin/builds/J1XnyXFH/1/finestructure/swiftpackageindex-builder/spi-builder-workspace/.dependencies/checkouts/SwiftyGPIO/Sources/PWM.swift /Users/admin/builds/J1XnyXFH/1/finestructure/swiftpackageindex-builder/spi-builder-workspace/.dependencies/checkouts/SwiftyGPIO/Sources/Presets.swift /Users/admin/builds/J1XnyXFH/1/finestructure/swiftpackageindex-builder/spi-builder-workspace/.dependencies/checkouts/SwiftyGPIO/Sources/SPI.swift /Users/admin/builds/J1XnyXFH/1/finestructure/swiftpackageindex-builder/spi-builder-workspace/.dependencies/checkouts/SwiftyGPIO/Sources/SunXi.swift /Users/admin/builds/J1XnyXFH/1/finestructure/swiftpackageindex-builder/spi-builder-workspace/.dependencies/checkouts/SwiftyGPIO/Sources/SwiftyGPIO.swift -primary-file /Users/admin/builds/J1XnyXFH/1/finestructure/swiftpackageindex-builder/spi-builder-workspace/.dependencies/checkouts/SwiftyGPIO/Sources/UART.swift -emit-dependencies-path /Users/admin/builds/J1XnyXFH/1/finestructure/swiftpackageindex-builder/spi-builder-workspace/.derivedData/Build/Intermediates.noindex/SwiftyGPIO.build/Debug-watchos/SwiftyGPIO.build/Objects-normal/arm64_32/UART.d -emit-const-values-path /Users/admin/builds/J1XnyXFH/1/finestructure/swiftpackageindex-builder/spi-builder-workspace/.derivedData/Build/Intermediates.noindex/SwiftyGPIO.build/Debug-watchos/SwiftyGPIO.build/Objects-normal/arm64_32/UART.swiftconstvalues -emit-reference-dependencies-path /Users/admin/builds/J1XnyXFH/1/finestructure/swiftpackageindex-builder/spi-builder-workspace/.derivedData/Build/Intermediates.noindex/SwiftyGPIO.build/Debug-watchos/SwiftyGPIO.build/Objects-normal/arm64_32/UART.swiftdeps -serialize-diagnostics-path /Users/admin/builds/J1XnyXFH/1/finestructure/swiftpackageindex-builder/spi-builder-workspace/.derivedData/Build/Intermediates.noindex/SwiftyGPIO.build/Debug-watchos/SwiftyGPIO.build/Objects-normal/arm64_32/UART.dia -target arm64_32-apple-watchos5.0 -enable-objc-interop -sdk /Applications/Xcode-15.3.0-Beta.2.app/Contents/Developer/Platforms/WatchOS.platform/Developer/SDKs/WatchOS10.4.sdk -I /Users/admin/builds/J1XnyXFH/1/finestructure/swiftpackageindex-builder/spi-builder-workspace/.derivedData/Build/Products/Debug-watchos -I /Applications/Xcode-15.3.0-Beta.2.app/Contents/Developer/Platforms/WatchOS.platform/Developer/usr/lib -F /Users/admin/builds/J1XnyXFH/1/finestructure/swiftpackageindex-builder/spi-builder-workspace/.derivedData/Build/Products/Debug-watchos -F /Applications/Xcode-15.3.0-Beta.2.app/Contents/Developer/Platforms/WatchOS.platform/Developer/Library/Frameworks -F /Applications/Xcode-15.3.0-Beta.2.app/Contents/Developer/Platforms/WatchOS.platform/Developer/SDKs/WatchOS10.4.sdk/Developer/Library/Frameworks -no-color-diagnostics -enable-testing -g -module-cache-path /Users/admin/builds/J1XnyXFH/1/finestructure/swiftpackageindex-builder/spi-builder-workspace/.derivedData/ModuleCache.noindex -suppress-warnings -swift-version 5 -enforce-exclusivity\=checked -Onone -D SWIFT_PACKAGE -D DEBUG -D Xcode -serialize-debugging-options -const-gather-protocols-file /Users/admin/builds/J1XnyXFH/1/finestructure/swiftpackageindex-builder/spi-builder-workspace/.derivedData/Build/Intermediates.noindex/SwiftyGPIO.build/Debug-watchos/SwiftyGPIO.build/Objects-normal/arm64_32/SwiftyGPIO_const_extract_protocols.json -empty-abi-descriptor -validate-clang-modules-once -clang-build-session-file /Users/admin/builds/J1XnyXFH/1/finestructure/swiftpackageindex-builder/spi-builder-workspace/.derivedData/ModuleCache.noindex/Session.modulevalidation -Xcc -working-directory -Xcc /Users/admin/builds/J1XnyXFH/1/finestructure/swiftpackageindex-builder/spi-builder-workspace/.dependencies/checkouts/SwiftyGPIO -resource-dir /Applications/Xcode-15.3.0-Beta.2.app/Contents/Developer/Toolchains/XcodeDefault.xctoolchain/usr/lib/swift -enable-anonymous-context-mangled-names -Xcc -ivfsstatcache -Xcc /Users/admin/builds/J1XnyXFH/1/finestructure/swiftpackageindex-builder/spi-builder-workspace/.derivedData/SDKStatCaches.noindex/watchos10.4-21T5196c-188b4c5c5639cdba02b95625249bd203.sdkstatcache -Xcc -I/Users/admin/builds/J1XnyXFH/1/finestructure/swiftpackageindex-builder/spi-builder-workspace/.derivedData/Build/Intermediates.noindex/SwiftyGPIO.build/Debug-watchos/SwiftyGPIO.build/swift-overrides.hmap -Xcc -I/Users/admin/builds/J1XnyXFH/1/finestructure/swiftpackageindex-builder/spi-builder-workspace/.derivedData/Build/Products/Debug-watchos/include -Xcc -I/Users/admin/builds/J1XnyXFH/1/finestructure/swiftpackageindex-builder/spi-builder-workspace/.derivedData/Build/Intermediates.noindex/SwiftyGPIO.build/Debug-watchos/SwiftyGPIO.build/DerivedSources-normal/arm64_32 -Xcc -I/Users/admin/builds/J1XnyXFH/1/finestructure/swiftpackageindex-builder/spi-builder-workspace/.derivedData/Build/Intermediates.noindex/SwiftyGPIO.build/Debug-watchos/SwiftyGPIO.build/DerivedSources/arm64_32 -Xcc -I/Users/admin/builds/J1XnyXFH/1/finestructure/swiftpackageindex-builder/spi-builder-workspace/.derivedData/Build/Intermediates.noindex/SwiftyGPIO.build/Debug-watchos/SwiftyGPIO.build/DerivedSources -Xcc -DSWIFT_PACKAGE -Xcc -DDEBUG\=1 -module-name SwiftyGPIO -frontend-parseable-output -disable-clang-spi -target-sdk-version 10.4 -target-sdk-name watchos10.4 -external-plugin-path /Applications/Xcode-15.3.0-Beta.2.app/Contents/Developer/Platforms/WatchOS.platform/Developer/SDKs/WatchOS10.4.sdk/usr/lib/swift/host/plugins\#/Applications/Xcode-15.3.0-Beta.2.app/Contents/Developer/Platforms/WatchOS.platform/Developer/SDKs/WatchOS10.4.sdk/usr/bin/swift-plugin-server -external-plugin-path /Applications/Xcode-15.3.0-Beta.2.app/Contents/Developer/Platforms/WatchOS.platform/Developer/SDKs/WatchOS10.4.sdk/usr/local/lib/swift/host/plugins\#/Applications/Xcode-15.3.0-Beta.2.app/Contents/Developer/Platforms/WatchOS.platform/Developer/SDKs/WatchOS10.4.sdk/usr/bin/swift-plugin-server -external-plugin-path /Applications/Xcode-15.3.0-Beta.2.app/Contents/Developer/Platforms/WatchOS.platform/Developer/usr/lib/swift/host/plugins\#/Applications/Xcode-15.3.0-Beta.2.app/Contents/Developer/Platforms/WatchOS.platform/Developer/usr/bin/swift-plugin-server -external-plugin-path /Applications/Xcode-15.3.0-Beta.2.app/Contents/Developer/Platforms/WatchOS.platform/Developer/usr/local/lib/swift/host/plugins\#/Applications/Xcode-15.3.0-Beta.2.app/Contents/Developer/Platforms/WatchOS.platform/Developer/usr/bin/swift-plugin-server -plugin-path /Applications/Xcode-15.3.0-Beta.2.app/Contents/Developer/Toolchains/XcodeDefault.xctoolchain/usr/lib/swift/host/plugins -plugin-path /Applications/Xcode-15.3.0-Beta.2.app/Contents/Developer/Toolchains/XcodeDefault.xctoolchain/usr/local/lib/swift/host/plugins -o /Users/admin/builds/J1XnyXFH/1/finestructure/swiftpackageindex-builder/spi-builder-workspace/.derivedData/Build/Intermediates.noindex/SwiftyGPIO.build/Debug-watchos/SwiftyGPIO.build/Objects-normal/arm64_32/UART.o -index-unit-output-path /SwiftyGPIO.build/Debug-watchos/SwiftyGPIO.build/Objects-normal/arm64_32/UART.o -index-store-path /Users/admin/builds/J1XnyXFH/1/finestructure/swiftpackageindex-builder/spi-builder-workspace/.derivedData/Index.noindex/DataStore -index-system-modules
/Users/admin/builds/J1XnyXFH/1/finestructure/swiftpackageindex-builder/spi-builder-workspace/.dependencies/checkouts/SwiftyGPIO/Sources/UART.swift:72:29: error: cannot convert value of type 'UInt32' to expected argument type 'UInt'
            cfg.c_cflag &= ~UInt32(PARENB | PARODD)
                            ^
                            UInt(                  )
/Users/admin/builds/J1XnyXFH/1/finestructure/swiftpackageindex-builder/spi-builder-workspace/.dependencies/checkouts/SwiftyGPIO/Sources/UART.swift:72:28: error: cannot convert value of type 'UInt32' to expected argument type 'UInt'
            cfg.c_cflag &= ~UInt32(PARENB | PARODD)
                           ^
                           UInt(                   )
/Users/admin/builds/J1XnyXFH/1/finestructure/swiftpackageindex-builder/spi-builder-workspace/.dependencies/checkouts/SwiftyGPIO/Sources/UART.swift:74:29: error: cannot convert value of type 'UInt32' to expected argument type 'UInt'
            cfg.c_cflag &= ~UInt32(PARENB | PARODD)
                            ^
                            UInt(                  )
/Users/admin/builds/J1XnyXFH/1/finestructure/swiftpackageindex-builder/spi-builder-workspace/.dependencies/checkouts/SwiftyGPIO/Sources/UART.swift:74:28: error: cannot convert value of type 'UInt32' to expected argument type 'UInt'
            cfg.c_cflag &= ~UInt32(PARENB | PARODD)
                           ^
                           UInt(                   )
/Users/admin/builds/J1XnyXFH/1/finestructure/swiftpackageindex-builder/spi-builder-workspace/.dependencies/checkouts/SwiftyGPIO/Sources/UART.swift:75:28: error: cannot convert value of type 'UInt32' to expected argument type 'UInt'
            cfg.c_cflag |= UInt32(PARENB)
                           ^
                           UInt(         )
/Users/admin/builds/J1XnyXFH/1/finestructure/swiftpackageindex-builder/spi-builder-workspace/.dependencies/checkouts/SwiftyGPIO/Sources/UART.swift:77:28: error: cannot convert value of type 'UInt32' to expected argument type 'UInt'
            cfg.c_cflag |= UInt32(PARENB | PARODD)
                           ^
                           UInt(                  )
/Users/admin/builds/J1XnyXFH/1/finestructure/swiftpackageindex-builder/spi-builder-workspace/.dependencies/checkouts/SwiftyGPIO/Sources/UART.swift:88:39: error: cannot convert value of type 'UInt32' to expected argument type 'UInt'
        cfg.c_cflag = (cfg.c_cflag & ~UInt32(CSIZE))
                                      ^
                                      UInt(        )
/Users/admin/builds/J1XnyXFH/1/finestructure/swiftpackageindex-builder/spi-builder-workspace/.dependencies/checkouts/SwiftyGPIO/Sources/UART.swift:88:38: error: cannot convert value of type 'UInt32' to expected argument type 'UInt'
        cfg.c_cflag = (cfg.c_cflag & ~UInt32(CSIZE))
                                     ^
                                     UInt(         )
/Users/admin/builds/J1XnyXFH/1/finestructure/swiftpackageindex-builder/spi-builder-workspace/.dependencies/checkouts/SwiftyGPIO/Sources/UART.swift:91:28: error: cannot convert value of type 'UInt32' to expected argument type 'UInt'
            cfg.c_cflag |= UInt32(CS8)
                           ^
                           UInt(      )
/Users/admin/builds/J1XnyXFH/1/finestructure/swiftpackageindex-builder/spi-builder-workspace/.dependencies/checkouts/SwiftyGPIO/Sources/UART.swift:93:28: error: cannot convert value of type 'UInt32' to expected argument type 'UInt'
            cfg.c_cflag |= UInt32(CS7)
                           ^
                           UInt(      )
/Users/admin/builds/J1XnyXFH/1/finestructure/swiftpackageindex-builder/spi-builder-workspace/.dependencies/checkouts/SwiftyGPIO/Sources/UART.swift:95:28: error: cannot convert value of type 'UInt32' to expected argument type 'UInt'
            cfg.c_cflag |= UInt32(CS6)
                           ^
                           UInt(      )
/Users/admin/builds/J1XnyXFH/1/finestructure/swiftpackageindex-builder/spi-builder-workspace/.dependencies/checkouts/SwiftyGPIO/Sources/UART.swift:107:28: error: cannot convert value of type 'UInt32' to expected argument type 'UInt'
            cfg.c_cflag &= ~UInt32(CSTOPB)
                           ^
                           UInt(          )
/Users/admin/builds/J1XnyXFH/1/finestructure/swiftpackageindex-builder/spi-builder-workspace/.dependencies/checkouts/SwiftyGPIO/Sources/UART.swift:107:29: error: cannot convert value of type 'UInt32' to expected argument type 'UInt'
            cfg.c_cflag &= ~UInt32(CSTOPB)
                            ^
                            UInt(         )
/Users/admin/builds/J1XnyXFH/1/finestructure/swiftpackageindex-builder/spi-builder-workspace/.dependencies/checkouts/SwiftyGPIO/Sources/UART.swift:109:28: error: cannot convert value of type 'UInt32' to expected argument type 'UInt'
            cfg.c_cflag |= UInt32(CSTOPB)
                           ^
                           UInt(         )
/Users/admin/builds/J1XnyXFH/1/finestructure/swiftpackageindex-builder/spi-builder-workspace/.dependencies/checkouts/SwiftyGPIO/Sources/UART.swift:199:24: error: cannot convert value of type 'UInt32' to expected argument type 'UInt'
        tty.c_iflag &= ~UInt32(IGNBRK)      // disable break processing
                       ^
                       UInt(          )
/Users/admin/builds/J1XnyXFH/1/finestructure/swiftpackageindex-builder/spi-builder-workspace/.dependencies/checkouts/SwiftyGPIO/Sources/UART.swift:199:25: error: cannot convert value of type 'UInt32' to expected argument type 'UInt'
        tty.c_iflag &= ~UInt32(IGNBRK)      // disable break processing
                        ^
                        UInt(         )
/Users/admin/builds/J1XnyXFH/1/finestructure/swiftpackageindex-builder/spi-builder-workspace/.dependencies/checkouts/SwiftyGPIO/Sources/UART.swift:206:25: error: cannot convert value of type 'UInt32' to expected argument type 'UInt'
        tty.c_iflag &= ~UInt32(IXON | IXOFF | IXANY) // Every kind of software flow control off
                        ^
                        UInt(                       )
/Users/admin/builds/J1XnyXFH/1/finestructure/swiftpackageindex-builder/spi-builder-workspace/.dependencies/checkouts/SwiftyGPIO/Sources/UART.swift:206:24: error: cannot convert value of type 'UInt32' to expected argument type 'UInt'
        tty.c_iflag &= ~UInt32(IXON | IXOFF | IXANY) // Every kind of software flow control off
                       ^
                       UInt(                        )
/Users/admin/builds/J1XnyXFH/1/finestructure/swiftpackageindex-builder/spi-builder-workspace/.dependencies/checkouts/SwiftyGPIO/Sources/UART.swift:207:24: error: cannot convert value of type 'UInt32' to expected argument type 'UInt'
        tty.c_cflag &= ~UInt32(CRTSCTS)  //No hw flow control
                       ^
                       UInt(           )
/Users/admin/builds/J1XnyXFH/1/finestructure/swiftpackageindex-builder/spi-builder-workspace/.dependencies/checkouts/SwiftyGPIO/Sources/UART.swift:207:25: error: cannot convert value of type 'UInt32' to expected argument type 'UInt'
        tty.c_cflag &= ~UInt32(CRTSCTS)  //No hw flow control
                        ^
                        UInt(          )
/Users/admin/builds/J1XnyXFH/1/finestructure/swiftpackageindex-builder/spi-builder-workspace/.dependencies/checkouts/SwiftyGPIO/Sources/UART.swift:208:24: error: cannot convert value of type 'UInt32' to expected argument type 'UInt'
        tty.c_cflag |= UInt32(CLOCAL | CREAD)        // Ignore modem controls, enable read
                       ^
                       UInt(                 )
/Users/admin/builds/J1XnyXFH/1/finestructure/swiftpackageindex-builder/spi-builder-workspace/.dependencies/checkouts/SwiftyGPIO/Sources/UART.swift:217:37: error: cannot find 'FIONREAD' in scope
        let result = ioctl(fd, UInt(FIONREAD), &bytesToRead)
                                    ^~~~~~~~
/Applications/Xcode-15.3.0-Beta.2.app/Contents/Developer/Platforms/WatchOS.platform/Developer/SDKs/WatchOS10.4.sdk/usr/include/sys/filio.h:77:9: note: macro 'FIONREAD' unavailable: structure not supported
#define FIONREAD        _IOR('f', 127, int)     /* get # bytes to read */
        ^
SwiftEmitModule normal arm64 Emitting\ module\ for\ SwiftyGPIO (in target 'SwiftyGPIO' from project 'SwiftyGPIO')
    cd /Users/admin/builds/J1XnyXFH/1/finestructure/swiftpackageindex-builder/spi-builder-workspace/.dependencies/checkouts/SwiftyGPIO
    builtin-swiftTaskExecution -- /Applications/Xcode-15.3.0-Beta.2.app/Contents/Developer/Toolchains/XcodeDefault.xctoolchain/usr/bin/swift-frontend -frontend -emit-module -experimental-skip-non-inlinable-function-bodies-without-types /Users/admin/builds/J1XnyXFH/1/finestructure/swiftpackageindex-builder/spi-builder-workspace/.dependencies/checkouts/SwiftyGPIO/Sources/1Wire.swift /Users/admin/builds/J1XnyXFH/1/finestructure/swiftpackageindex-builder/spi-builder-workspace/.dependencies/checkouts/SwiftyGPIO/Sources/ADC.swift /Users/admin/builds/J1XnyXFH/1/finestructure/swiftpackageindex-builder/spi-builder-workspace/.dependencies/checkouts/SwiftyGPIO/Sources/I2C.swift /Users/admin/builds/J1XnyXFH/1/finestructure/swiftpackageindex-builder/spi-builder-workspace/.dependencies/checkouts/SwiftyGPIO/Sources/Mailbox.swift /Users/admin/builds/J1XnyXFH/1/finestructure/swiftpackageindex-builder/spi-builder-workspace/.dependencies/checkouts/SwiftyGPIO/Sources/PWM.swift /Users/admin/builds/J1XnyXFH/1/finestructure/swiftpackageindex-builder/spi-builder-workspace/.dependencies/checkouts/SwiftyGPIO/Sources/Presets.swift /Users/admin/builds/J1XnyXFH/1/finestructure/swiftpackageindex-builder/spi-builder-workspace/.dependencies/checkouts/SwiftyGPIO/Sources/SPI.swift /Users/admin/builds/J1XnyXFH/1/finestructure/swiftpackageindex-builder/spi-builder-workspace/.dependencies/checkouts/SwiftyGPIO/Sources/SunXi.swift /Users/admin/builds/J1XnyXFH/1/finestructure/swiftpackageindex-builder/spi-builder-workspace/.dependencies/checkouts/SwiftyGPIO/Sources/SwiftyGPIO.swift /Users/admin/builds/J1XnyXFH/1/finestructure/swiftpackageindex-builder/spi-builder-workspace/.dependencies/checkouts/SwiftyGPIO/Sources/UART.swift -target arm64-apple-watchos5.0 -Xllvm -aarch64-use-tbi -enable-objc-interop -sdk /Applications/Xcode-15.3.0-Beta.2.app/Contents/Developer/Platforms/WatchOS.platform/Developer/SDKs/WatchOS10.4.sdk -I /Users/admin/builds/J1XnyXFH/1/finestructure/swiftpackageindex-builder/spi-builder-workspace/.derivedData/Build/Products/Debug-watchos -I /Applications/Xcode-15.3.0-Beta.2.app/Contents/Developer/Platforms/WatchOS.platform/Developer/usr/lib -F /Users/admin/builds/J1XnyXFH/1/finestructure/swiftpackageindex-builder/spi-builder-workspace/.derivedData/Build/Products/Debug-watchos -F /Applications/Xcode-15.3.0-Beta.2.app/Contents/Developer/Platforms/WatchOS.platform/Developer/Library/Frameworks -F /Applications/Xcode-15.3.0-Beta.2.app/Contents/Developer/Platforms/WatchOS.platform/Developer/SDKs/WatchOS10.4.sdk/Developer/Library/Frameworks -no-color-diagnostics -enable-testing -g -module-cache-path /Users/admin/builds/J1XnyXFH/1/finestructure/swiftpackageindex-builder/spi-builder-workspace/.derivedData/ModuleCache.noindex -suppress-warnings -swift-version 5 -enforce-exclusivity\=checked -Onone -D SWIFT_PACKAGE -D DEBUG -D Xcode -serialize-debugging-options -const-gather-protocols-file /Users/admin/builds/J1XnyXFH/1/finestructure/swiftpackageindex-builder/spi-builder-workspace/.derivedData/Build/Intermediates.noindex/SwiftyGPIO.build/Debug-watchos/SwiftyGPIO.build/Objects-normal/arm64/SwiftyGPIO_const_extract_protocols.json -empty-abi-descriptor -validate-clang-modules-once -clang-build-session-file /Users/admin/builds/J1XnyXFH/1/finestructure/swiftpackageindex-builder/spi-builder-workspace/.derivedData/ModuleCache.noindex/Session.modulevalidation -Xcc -working-directory -Xcc /Users/admin/builds/J1XnyXFH/1/finestructure/swiftpackageindex-builder/spi-builder-workspace/.dependencies/checkouts/SwiftyGPIO -resource-dir /Applications/Xcode-15.3.0-Beta.2.app/Contents/Developer/Toolchains/XcodeDefault.xctoolchain/usr/lib/swift -enable-anonymous-context-mangled-names -Xcc -ivfsstatcache -Xcc /Users/admin/builds/J1XnyXFH/1/finestructure/swiftpackageindex-builder/spi-builder-workspace/.derivedData/SDKStatCaches.noindex/watchos10.4-21T5196c-188b4c5c5639cdba02b95625249bd203.sdkstatcache -Xcc -I/Users/admin/builds/J1XnyXFH/1/finestructure/swiftpackageindex-builder/spi-builder-workspace/.derivedData/Build/Intermediates.noindex/SwiftyGPIO.build/Debug-watchos/SwiftyGPIO.build/swift-overrides.hmap -Xcc -I/Users/admin/builds/J1XnyXFH/1/finestructure/swiftpackageindex-builder/spi-builder-workspace/.derivedData/Build/Products/Debug-watchos/include -Xcc -I/Users/admin/builds/J1XnyXFH/1/finestructure/swiftpackageindex-builder/spi-builder-workspace/.derivedData/Build/Intermediates.noindex/SwiftyGPIO.build/Debug-watchos/SwiftyGPIO.build/DerivedSources-normal/arm64 -Xcc -I/Users/admin/builds/J1XnyXFH/1/finestructure/swiftpackageindex-builder/spi-builder-workspace/.derivedData/Build/Intermediates.noindex/SwiftyGPIO.build/Debug-watchos/SwiftyGPIO.build/DerivedSources/arm64 -Xcc -I/Users/admin/builds/J1XnyXFH/1/finestructure/swiftpackageindex-builder/spi-builder-workspace/.derivedData/Build/Intermediates.noindex/SwiftyGPIO.build/Debug-watchos/SwiftyGPIO.build/DerivedSources -Xcc -DSWIFT_PACKAGE -Xcc -DDEBUG\=1 -module-name SwiftyGPIO -disable-clang-spi -target-sdk-version 10.4 -target-sdk-name watchos10.4 -external-plugin-path /Applications/Xcode-15.3.0-Beta.2.app/Contents/Developer/Platforms/WatchOS.platform/Developer/SDKs/WatchOS10.4.sdk/usr/lib/swift/host/plugins\#/Applications/Xcode-15.3.0-Beta.2.app/Contents/Developer/Platforms/WatchOS.platform/Developer/SDKs/WatchOS10.4.sdk/usr/bin/swift-plugin-server -external-plugin-path /Applications/Xcode-15.3.0-Beta.2.app/Contents/Developer/Platforms/WatchOS.platform/Developer/SDKs/WatchOS10.4.sdk/usr/local/lib/swift/host/plugins\#/Applications/Xcode-15.3.0-Beta.2.app/Contents/Developer/Platforms/WatchOS.platform/Developer/SDKs/WatchOS10.4.sdk/usr/bin/swift-plugin-server -external-plugin-path /Applications/Xcode-15.3.0-Beta.2.app/Contents/Developer/Platforms/WatchOS.platform/Developer/usr/lib/swift/host/plugins\#/Applications/Xcode-15.3.0-Beta.2.app/Contents/Developer/Platforms/WatchOS.platform/Developer/usr/bin/swift-plugin-server -external-plugin-path /Applications/Xcode-15.3.0-Beta.2.app/Contents/Developer/Platforms/WatchOS.platform/Developer/usr/local/lib/swift/host/plugins\#/Applications/Xcode-15.3.0-Beta.2.app/Contents/Developer/Platforms/WatchOS.platform/Developer/usr/bin/swift-plugin-server -plugin-path /Applications/Xcode-15.3.0-Beta.2.app/Contents/Developer/Toolchains/XcodeDefault.xctoolchain/usr/lib/swift/host/plugins -plugin-path /Applications/Xcode-15.3.0-Beta.2.app/Contents/Developer/Toolchains/XcodeDefault.xctoolchain/usr/local/lib/swift/host/plugins -emit-module-doc-path /Users/admin/builds/J1XnyXFH/1/finestructure/swiftpackageindex-builder/spi-builder-workspace/.derivedData/Build/Intermediates.noindex/SwiftyGPIO.build/Debug-watchos/SwiftyGPIO.build/Objects-normal/arm64/SwiftyGPIO.swiftdoc -emit-module-source-info-path /Users/admin/builds/J1XnyXFH/1/finestructure/swiftpackageindex-builder/spi-builder-workspace/.derivedData/Build/Intermediates.noindex/SwiftyGPIO.build/Debug-watchos/SwiftyGPIO.build/Objects-normal/arm64/SwiftyGPIO.swiftsourceinfo -emit-objc-header-path /Users/admin/builds/J1XnyXFH/1/finestructure/swiftpackageindex-builder/spi-builder-workspace/.derivedData/Build/Intermediates.noindex/SwiftyGPIO.build/Debug-watchos/SwiftyGPIO.build/Objects-normal/arm64/SwiftyGPIO-Swift.h -serialize-diagnostics-path /Users/admin/builds/J1XnyXFH/1/finestructure/swiftpackageindex-builder/spi-builder-workspace/.derivedData/Build/Intermediates.noindex/SwiftyGPIO.build/Debug-watchos/SwiftyGPIO.build/Objects-normal/arm64/SwiftyGPIO-master-emit-module.dia -emit-dependencies-path /Users/admin/builds/J1XnyXFH/1/finestructure/swiftpackageindex-builder/spi-builder-workspace/.derivedData/Build/Intermediates.noindex/SwiftyGPIO.build/Debug-watchos/SwiftyGPIO.build/Objects-normal/arm64/SwiftyGPIO-master-emit-module.d -o /Users/admin/builds/J1XnyXFH/1/finestructure/swiftpackageindex-builder/spi-builder-workspace/.derivedData/Build/Intermediates.noindex/SwiftyGPIO.build/Debug-watchos/SwiftyGPIO.build/Objects-normal/arm64/SwiftyGPIO.swiftmodule -emit-abi-descriptor-path /Users/admin/builds/J1XnyXFH/1/finestructure/swiftpackageindex-builder/spi-builder-workspace/.derivedData/Build/Intermediates.noindex/SwiftyGPIO.build/Debug-watchos/SwiftyGPIO.build/Objects-normal/arm64/SwiftyGPIO.abi.json
SwiftEmitModule normal armv7k Emitting\ module\ for\ SwiftyGPIO (in target 'SwiftyGPIO' from project 'SwiftyGPIO')
    cd /Users/admin/builds/J1XnyXFH/1/finestructure/swiftpackageindex-builder/spi-builder-workspace/.dependencies/checkouts/SwiftyGPIO
    builtin-swiftTaskExecution -- /Applications/Xcode-15.3.0-Beta.2.app/Contents/Developer/Toolchains/XcodeDefault.xctoolchain/usr/bin/swift-frontend -frontend -emit-module -experimental-skip-non-inlinable-function-bodies-without-types /Users/admin/builds/J1XnyXFH/1/finestructure/swiftpackageindex-builder/spi-builder-workspace/.dependencies/checkouts/SwiftyGPIO/Sources/1Wire.swift /Users/admin/builds/J1XnyXFH/1/finestructure/swiftpackageindex-builder/spi-builder-workspace/.dependencies/checkouts/SwiftyGPIO/Sources/ADC.swift /Users/admin/builds/J1XnyXFH/1/finestructure/swiftpackageindex-builder/spi-builder-workspace/.dependencies/checkouts/SwiftyGPIO/Sources/I2C.swift /Users/admin/builds/J1XnyXFH/1/finestructure/swiftpackageindex-builder/spi-builder-workspace/.dependencies/checkouts/SwiftyGPIO/Sources/Mailbox.swift /Users/admin/builds/J1XnyXFH/1/finestructure/swiftpackageindex-builder/spi-builder-workspace/.dependencies/checkouts/SwiftyGPIO/Sources/PWM.swift /Users/admin/builds/J1XnyXFH/1/finestructure/swiftpackageindex-builder/spi-builder-workspace/.dependencies/checkouts/SwiftyGPIO/Sources/Presets.swift /Users/admin/builds/J1XnyXFH/1/finestructure/swiftpackageindex-builder/spi-builder-workspace/.dependencies/checkouts/SwiftyGPIO/Sources/SPI.swift /Users/admin/builds/J1XnyXFH/1/finestructure/swiftpackageindex-builder/spi-builder-workspace/.dependencies/checkouts/SwiftyGPIO/Sources/SunXi.swift /Users/admin/builds/J1XnyXFH/1/finestructure/swiftpackageindex-builder/spi-builder-workspace/.dependencies/checkouts/SwiftyGPIO/Sources/SwiftyGPIO.swift /Users/admin/builds/J1XnyXFH/1/finestructure/swiftpackageindex-builder/spi-builder-workspace/.dependencies/checkouts/SwiftyGPIO/Sources/UART.swift -target armv7k-apple-watchos5.0 -enable-objc-interop -sdk /Applications/Xcode-15.3.0-Beta.2.app/Contents/Developer/Platforms/WatchOS.platform/Developer/SDKs/WatchOS10.4.sdk -I /Users/admin/builds/J1XnyXFH/1/finestructure/swiftpackageindex-builder/spi-builder-workspace/.derivedData/Build/Products/Debug-watchos -I /Applications/Xcode-15.3.0-Beta.2.app/Contents/Developer/Platforms/WatchOS.platform/Developer/usr/lib -F /Users/admin/builds/J1XnyXFH/1/finestructure/swiftpackageindex-builder/spi-builder-workspace/.derivedData/Build/Products/Debug-watchos -F /Applications/Xcode-15.3.0-Beta.2.app/Contents/Developer/Platforms/WatchOS.platform/Developer/Library/Frameworks -F /Applications/Xcode-15.3.0-Beta.2.app/Contents/Developer/Platforms/WatchOS.platform/Developer/SDKs/WatchOS10.4.sdk/Developer/Library/Frameworks -no-color-diagnostics -enable-testing -g -module-cache-path /Users/admin/builds/J1XnyXFH/1/finestructure/swiftpackageindex-builder/spi-builder-workspace/.derivedData/ModuleCache.noindex -suppress-warnings -swift-version 5 -enforce-exclusivity\=checked -Onone -D SWIFT_PACKAGE -D DEBUG -D Xcode -serialize-debugging-options -const-gather-protocols-file /Users/admin/builds/J1XnyXFH/1/finestructure/swiftpackageindex-builder/spi-builder-workspace/.derivedData/Build/Intermediates.noindex/SwiftyGPIO.build/Debug-watchos/SwiftyGPIO.build/Objects-normal/armv7k/SwiftyGPIO_const_extract_protocols.json -empty-abi-descriptor -validate-clang-modules-once -clang-build-session-file /Users/admin/builds/J1XnyXFH/1/finestructure/swiftpackageindex-builder/spi-builder-workspace/.derivedData/ModuleCache.noindex/Session.modulevalidation -Xcc -working-directory -Xcc /Users/admin/builds/J1XnyXFH/1/finestructure/swiftpackageindex-builder/spi-builder-workspace/.dependencies/checkouts/SwiftyGPIO -resource-dir /Applications/Xcode-15.3.0-Beta.2.app/Contents/Developer/Toolchains/XcodeDefault.xctoolchain/usr/lib/swift -enable-anonymous-context-mangled-names -Xcc -ivfsstatcache -Xcc /Users/admin/builds/J1XnyXFH/1/finestructure/swiftpackageindex-builder/spi-builder-workspace/.derivedData/SDKStatCaches.noindex/watchos10.4-21T5196c-188b4c5c5639cdba02b95625249bd203.sdkstatcache -Xcc -I/Users/admin/builds/J1XnyXFH/1/finestructure/swiftpackageindex-builder/spi-builder-workspace/.derivedData/Build/Intermediates.noindex/SwiftyGPIO.build/Debug-watchos/SwiftyGPIO.build/swift-overrides.hmap -Xcc -I/Users/admin/builds/J1XnyXFH/1/finestructure/swiftpackageindex-builder/spi-builder-workspace/.derivedData/Build/Products/Debug-watchos/include -Xcc -I/Users/admin/builds/J1XnyXFH/1/finestructure/swiftpackageindex-builder/spi-builder-workspace/.derivedData/Build/Intermediates.noindex/SwiftyGPIO.build/Debug-watchos/SwiftyGPIO.build/DerivedSources-normal/armv7k -Xcc -I/Users/admin/builds/J1XnyXFH/1/finestructure/swiftpackageindex-builder/spi-builder-workspace/.derivedData/Build/Intermediates.noindex/SwiftyGPIO.build/Debug-watchos/SwiftyGPIO.build/DerivedSources/armv7k -Xcc -I/Users/admin/builds/J1XnyXFH/1/finestructure/swiftpackageindex-builder/spi-builder-workspace/.derivedData/Build/Intermediates.noindex/SwiftyGPIO.build/Debug-watchos/SwiftyGPIO.build/DerivedSources -Xcc -DSWIFT_PACKAGE -Xcc -DDEBUG\=1 -module-name SwiftyGPIO -disable-clang-spi -target-sdk-version 10.4 -target-sdk-name watchos10.4 -external-plugin-path /Applications/Xcode-15.3.0-Beta.2.app/Contents/Developer/Platforms/WatchOS.platform/Developer/SDKs/WatchOS10.4.sdk/usr/lib/swift/host/plugins\#/Applications/Xcode-15.3.0-Beta.2.app/Contents/Developer/Platforms/WatchOS.platform/Developer/SDKs/WatchOS10.4.sdk/usr/bin/swift-plugin-server -external-plugin-path /Applications/Xcode-15.3.0-Beta.2.app/Contents/Developer/Platforms/WatchOS.platform/Developer/SDKs/WatchOS10.4.sdk/usr/local/lib/swift/host/plugins\#/Applications/Xcode-15.3.0-Beta.2.app/Contents/Developer/Platforms/WatchOS.platform/Developer/SDKs/WatchOS10.4.sdk/usr/bin/swift-plugin-server -external-plugin-path /Applications/Xcode-15.3.0-Beta.2.app/Contents/Developer/Platforms/WatchOS.platform/Developer/usr/lib/swift/host/plugins\#/Applications/Xcode-15.3.0-Beta.2.app/Contents/Developer/Platforms/WatchOS.platform/Developer/usr/bin/swift-plugin-server -external-plugin-path /Applications/Xcode-15.3.0-Beta.2.app/Contents/Developer/Platforms/WatchOS.platform/Developer/usr/local/lib/swift/host/plugins\#/Applications/Xcode-15.3.0-Beta.2.app/Contents/Developer/Platforms/WatchOS.platform/Developer/usr/bin/swift-plugin-server -plugin-path /Applications/Xcode-15.3.0-Beta.2.app/Contents/Developer/Toolchains/XcodeDefault.xctoolchain/usr/lib/swift/host/plugins -plugin-path /Applications/Xcode-15.3.0-Beta.2.app/Contents/Developer/Toolchains/XcodeDefault.xctoolchain/usr/local/lib/swift/host/plugins -emit-module-doc-path /Users/admin/builds/J1XnyXFH/1/finestructure/swiftpackageindex-builder/spi-builder-workspace/.derivedData/Build/Intermediates.noindex/SwiftyGPIO.build/Debug-watchos/SwiftyGPIO.build/Objects-normal/armv7k/SwiftyGPIO.swiftdoc -emit-module-source-info-path /Users/admin/builds/J1XnyXFH/1/finestructure/swiftpackageindex-builder/spi-builder-workspace/.derivedData/Build/Intermediates.noindex/SwiftyGPIO.build/Debug-watchos/SwiftyGPIO.build/Objects-normal/armv7k/SwiftyGPIO.swiftsourceinfo -emit-objc-header-path /Users/admin/builds/J1XnyXFH/1/finestructure/swiftpackageindex-builder/spi-builder-workspace/.derivedData/Build/Intermediates.noindex/SwiftyGPIO.build/Debug-watchos/SwiftyGPIO.build/Objects-normal/armv7k/SwiftyGPIO-Swift.h -serialize-diagnostics-path /Users/admin/builds/J1XnyXFH/1/finestructure/swiftpackageindex-builder/spi-builder-workspace/.derivedData/Build/Intermediates.noindex/SwiftyGPIO.build/Debug-watchos/SwiftyGPIO.build/Objects-normal/armv7k/SwiftyGPIO-master-emit-module.dia -emit-dependencies-path /Users/admin/builds/J1XnyXFH/1/finestructure/swiftpackageindex-builder/spi-builder-workspace/.derivedData/Build/Intermediates.noindex/SwiftyGPIO.build/Debug-watchos/SwiftyGPIO.build/Objects-normal/armv7k/SwiftyGPIO-master-emit-module.d -o /Users/admin/builds/J1XnyXFH/1/finestructure/swiftpackageindex-builder/spi-builder-workspace/.derivedData/Build/Intermediates.noindex/SwiftyGPIO.build/Debug-watchos/SwiftyGPIO.build/Objects-normal/armv7k/SwiftyGPIO.swiftmodule -emit-abi-descriptor-path /Users/admin/builds/J1XnyXFH/1/finestructure/swiftpackageindex-builder/spi-builder-workspace/.derivedData/Build/Intermediates.noindex/SwiftyGPIO.build/Debug-watchos/SwiftyGPIO.build/Objects-normal/armv7k/SwiftyGPIO.abi.json
SwiftDriverJobDiscovery normal arm64_32 Emitting module for DS1307 (in target 'DS1307' from project 'DS1307')
SwiftDriver\ Compilation\ Requirements DS1307 normal arm64_32 com.apple.xcode.tools.swift.compiler (in target 'DS1307' from project 'DS1307')
    cd /Users/admin/builds/J1XnyXFH/1/finestructure/swiftpackageindex-builder/spi-builder-workspace
    builtin-Swift-Compilation-Requirements -- /Applications/Xcode-15.3.0-Beta.2.app/Contents/Developer/Toolchains/XcodeDefault.xctoolchain/usr/bin/swiftc -module-name DS1307 -Onone -enforce-exclusivity\=checked @/Users/admin/builds/J1XnyXFH/1/finestructure/swiftpackageindex-builder/spi-builder-workspace/.derivedData/Build/Intermediates.noindex/DS1307.build/Debug-watchos/DS1307.build/Objects-normal/arm64_32/DS1307.SwiftFileList -DSWIFT_PACKAGE -DDEBUG -DXcode -sdk /Applications/Xcode-15.3.0-Beta.2.app/Contents/Developer/Platforms/WatchOS.platform/Developer/SDKs/WatchOS10.4.sdk -target arm64_32-apple-watchos5.0 -g -module-cache-path /Users/admin/builds/J1XnyXFH/1/finestructure/swiftpackageindex-builder/spi-builder-workspace/.derivedData/ModuleCache.noindex -Xfrontend -serialize-debugging-options -enable-testing -index-store-path /Users/admin/builds/J1XnyXFH/1/finestructure/swiftpackageindex-builder/spi-builder-workspace/.derivedData/Index.noindex/DataStore -swift-version 4 -I /Users/admin/builds/J1XnyXFH/1/finestructure/swiftpackageindex-builder/spi-builder-workspace/.derivedData/Build/Products/Debug-watchos -I /Applications/Xcode-15.3.0-Beta.2.app/Contents/Developer/Platforms/WatchOS.platform/Developer/usr/lib -F /Users/admin/builds/J1XnyXFH/1/finestructure/swiftpackageindex-builder/spi-builder-workspace/.derivedData/Build/Products/Debug-watchos/PackageFrameworks -F /Users/admin/builds/J1XnyXFH/1/finestructure/swiftpackageindex-builder/spi-builder-workspace/.derivedData/Build/Products/Debug-watchos -F /Applications/Xcode-15.3.0-Beta.2.app/Contents/Developer/Platforms/WatchOS.platform/Developer/Library/Frameworks -F /Applications/Xcode-15.3.0-Beta.2.app/Contents/Developer/Platforms/WatchOS.platform/Developer/SDKs/WatchOS10.4.sdk/Developer/Library/Frameworks -parse-as-library -c -j8 -enable-batch-mode -incremental -Xcc -ivfsstatcache -Xcc /Users/admin/builds/J1XnyXFH/1/finestructure/swiftpackageindex-builder/spi-builder-workspace/.derivedData/SDKStatCaches.noindex/watchos10.4-21T5196c-188b4c5c5639cdba02b95625249bd203.sdkstatcache -output-file-map /Users/admin/builds/J1XnyXFH/1/finestructure/swiftpackageindex-builder/spi-builder-workspace/.derivedData/Build/Intermediates.noindex/DS1307.build/Debug-watchos/DS1307.build/Objects-normal/arm64_32/DS1307-OutputFileMap.json -use-frontend-parseable-output -save-temps -no-color-diagnostics -serialize-diagnostics -emit-dependencies -emit-module -emit-module-path /Users/admin/builds/J1XnyXFH/1/finestructure/swiftpackageindex-builder/spi-builder-workspace/.derivedData/Build/Intermediates.noindex/DS1307.build/Debug-watchos/DS1307.build/Objects-normal/arm64_32/DS1307.swiftmodule -validate-clang-modules-once -clang-build-session-file /Users/admin/builds/J1XnyXFH/1/finestructure/swiftpackageindex-builder/spi-builder-workspace/.derivedData/ModuleCache.noindex/Session.modulevalidation -Xcc -I/Users/admin/builds/J1XnyXFH/1/finestructure/swiftpackageindex-builder/spi-builder-workspace/.derivedData/Build/Intermediates.noindex/DS1307.build/Debug-watchos/DS1307.build/swift-overrides.hmap -emit-const-values -Xfrontend -const-gather-protocols-file -Xfrontend /Users/admin/builds/J1XnyXFH/1/finestructure/swiftpackageindex-builder/spi-builder-workspace/.derivedData/Build/Intermediates.noindex/DS1307.build/Debug-watchos/DS1307.build/Objects-normal/arm64_32/DS1307_const_extract_protocols.json -Xcc -I/Users/admin/builds/J1XnyXFH/1/finestructure/swiftpackageindex-builder/spi-builder-workspace/.derivedData/Build/Products/Debug-watchos/include -Xcc -I/Users/admin/builds/J1XnyXFH/1/finestructure/swiftpackageindex-builder/spi-builder-workspace/.derivedData/Build/Intermediates.noindex/DS1307.build/Debug-watchos/DS1307.build/DerivedSources-normal/arm64_32 -Xcc -I/Users/admin/builds/J1XnyXFH/1/finestructure/swiftpackageindex-builder/spi-builder-workspace/.derivedData/Build/Intermediates.noindex/DS1307.build/Debug-watchos/DS1307.build/DerivedSources/arm64_32 -Xcc -I/Users/admin/builds/J1XnyXFH/1/finestructure/swiftpackageindex-builder/spi-builder-workspace/.derivedData/Build/Intermediates.noindex/DS1307.build/Debug-watchos/DS1307.build/DerivedSources -Xcc -DSWIFT_PACKAGE -Xcc -DDEBUG\=1 -emit-objc-header -emit-objc-header-path /Users/admin/builds/J1XnyXFH/1/finestructure/swiftpackageindex-builder/spi-builder-workspace/.derivedData/Build/Intermediates.noindex/DS1307.build/Debug-watchos/DS1307.build/Objects-normal/arm64_32/DS1307-Swift.h -working-directory /Users/admin/builds/J1XnyXFH/1/finestructure/swiftpackageindex-builder/spi-builder-workspace -experimental-emit-module-separately -disable-cmo
SwiftDriverJobDiscovery normal arm64 Emitting module for DS1307 (in target 'DS1307' from project 'DS1307')
SwiftDriver\ Compilation\ Requirements DS1307 normal arm64 com.apple.xcode.tools.swift.compiler (in target 'DS1307' from project 'DS1307')
    cd /Users/admin/builds/J1XnyXFH/1/finestructure/swiftpackageindex-builder/spi-builder-workspace
    builtin-Swift-Compilation-Requirements -- /Applications/Xcode-15.3.0-Beta.2.app/Contents/Developer/Toolchains/XcodeDefault.xctoolchain/usr/bin/swiftc -module-name DS1307 -Onone -enforce-exclusivity\=checked @/Users/admin/builds/J1XnyXFH/1/finestructure/swiftpackageindex-builder/spi-builder-workspace/.derivedData/Build/Intermediates.noindex/DS1307.build/Debug-watchos/DS1307.build/Objects-normal/arm64/DS1307.SwiftFileList -DSWIFT_PACKAGE -DDEBUG -DXcode -sdk /Applications/Xcode-15.3.0-Beta.2.app/Contents/Developer/Platforms/WatchOS.platform/Developer/SDKs/WatchOS10.4.sdk -target arm64-apple-watchos5.0 -g -module-cache-path /Users/admin/builds/J1XnyXFH/1/finestructure/swiftpackageindex-builder/spi-builder-workspace/.derivedData/ModuleCache.noindex -Xfrontend -serialize-debugging-options -enable-testing -index-store-path /Users/admin/builds/J1XnyXFH/1/finestructure/swiftpackageindex-builder/spi-builder-workspace/.derivedData/Index.noindex/DataStore -swift-version 4 -I /Users/admin/builds/J1XnyXFH/1/finestructure/swiftpackageindex-builder/spi-builder-workspace/.derivedData/Build/Products/Debug-watchos -I /Applications/Xcode-15.3.0-Beta.2.app/Contents/Developer/Platforms/WatchOS.platform/Developer/usr/lib -F /Users/admin/builds/J1XnyXFH/1/finestructure/swiftpackageindex-builder/spi-builder-workspace/.derivedData/Build/Products/Debug-watchos/PackageFrameworks -F /Users/admin/builds/J1XnyXFH/1/finestructure/swiftpackageindex-builder/spi-builder-workspace/.derivedData/Build/Products/Debug-watchos -F /Applications/Xcode-15.3.0-Beta.2.app/Contents/Developer/Platforms/WatchOS.platform/Developer/Library/Frameworks -F /Applications/Xcode-15.3.0-Beta.2.app/Contents/Developer/Platforms/WatchOS.platform/Developer/SDKs/WatchOS10.4.sdk/Developer/Library/Frameworks -parse-as-library -c -j8 -enable-batch-mode -incremental -Xcc -ivfsstatcache -Xcc /Users/admin/builds/J1XnyXFH/1/finestructure/swiftpackageindex-builder/spi-builder-workspace/.derivedData/SDKStatCaches.noindex/watchos10.4-21T5196c-188b4c5c5639cdba02b95625249bd203.sdkstatcache -output-file-map /Users/admin/builds/J1XnyXFH/1/finestructure/swiftpackageindex-builder/spi-builder-workspace/.derivedData/Build/Intermediates.noindex/DS1307.build/Debug-watchos/DS1307.build/Objects-normal/arm64/DS1307-OutputFileMap.json -use-frontend-parseable-output -save-temps -no-color-diagnostics -serialize-diagnostics -emit-dependencies -emit-module -emit-module-path /Users/admin/builds/J1XnyXFH/1/finestructure/swiftpackageindex-builder/spi-builder-workspace/.derivedData/Build/Intermediates.noindex/DS1307.build/Debug-watchos/DS1307.build/Objects-normal/arm64/DS1307.swiftmodule -validate-clang-modules-once -clang-build-session-file /Users/admin/builds/J1XnyXFH/1/finestructure/swiftpackageindex-builder/spi-builder-workspace/.derivedData/ModuleCache.noindex/Session.modulevalidation -Xcc -I/Users/admin/builds/J1XnyXFH/1/finestructure/swiftpackageindex-builder/spi-builder-workspace/.derivedData/Build/Intermediates.noindex/DS1307.build/Debug-watchos/DS1307.build/swift-overrides.hmap -emit-const-values -Xfrontend -const-gather-protocols-file -Xfrontend /Users/admin/builds/J1XnyXFH/1/finestructure/swiftpackageindex-builder/spi-builder-workspace/.derivedData/Build/Intermediates.noindex/DS1307.build/Debug-watchos/DS1307.build/Objects-normal/arm64/DS1307_const_extract_protocols.json -Xcc -I/Users/admin/builds/J1XnyXFH/1/finestructure/swiftpackageindex-builder/spi-builder-workspace/.derivedData/Build/Products/Debug-watchos/include -Xcc -I/Users/admin/builds/J1XnyXFH/1/finestructure/swiftpackageindex-builder/spi-builder-workspace/.derivedData/Build/Intermediates.noindex/DS1307.build/Debug-watchos/DS1307.build/DerivedSources-normal/arm64 -Xcc -I/Users/admin/builds/J1XnyXFH/1/finestructure/swiftpackageindex-builder/spi-builder-workspace/.derivedData/Build/Intermediates.noindex/DS1307.build/Debug-watchos/DS1307.build/DerivedSources/arm64 -Xcc -I/Users/admin/builds/J1XnyXFH/1/finestructure/swiftpackageindex-builder/spi-builder-workspace/.derivedData/Build/Intermediates.noindex/DS1307.build/Debug-watchos/DS1307.build/DerivedSources -Xcc -DSWIFT_PACKAGE -Xcc -DDEBUG\=1 -emit-objc-header -emit-objc-header-path /Users/admin/builds/J1XnyXFH/1/finestructure/swiftpackageindex-builder/spi-builder-workspace/.derivedData/Build/Intermediates.noindex/DS1307.build/Debug-watchos/DS1307.build/Objects-normal/arm64/DS1307-Swift.h -working-directory /Users/admin/builds/J1XnyXFH/1/finestructure/swiftpackageindex-builder/spi-builder-workspace -experimental-emit-module-separately -disable-cmo
Copy /Users/admin/builds/J1XnyXFH/1/finestructure/swiftpackageindex-builder/spi-builder-workspace/.derivedData/Build/Products/Debug-watchos/DS1307.swiftmodule/arm64_32-apple-watchos.swiftmodule /Users/admin/builds/J1XnyXFH/1/finestructure/swiftpackageindex-builder/spi-builder-workspace/.derivedData/Build/Intermediates.noindex/DS1307.build/Debug-watchos/DS1307.build/Objects-normal/arm64_32/DS1307.swiftmodule (in target 'DS1307' from project 'DS1307')
    cd /Users/admin/builds/J1XnyXFH/1/finestructure/swiftpackageindex-builder/spi-builder-workspace
    builtin-copy -exclude .DS_Store -exclude CVS -exclude .svn -exclude .git -exclude .hg -resolve-src-symlinks -rename /Users/admin/builds/J1XnyXFH/1/finestructure/swiftpackageindex-builder/spi-builder-workspace/.derivedData/Build/Intermediates.noindex/DS1307.build/Debug-watchos/DS1307.build/Objects-normal/arm64_32/DS1307.swiftmodule /Users/admin/builds/J1XnyXFH/1/finestructure/swiftpackageindex-builder/spi-builder-workspace/.derivedData/Build/Products/Debug-watchos/DS1307.swiftmodule/arm64_32-apple-watchos.swiftmodule
Copy /Users/admin/builds/J1XnyXFH/1/finestructure/swiftpackageindex-builder/spi-builder-workspace/.derivedData/Build/Products/Debug-watchos/DS1307.swiftmodule/arm64_32-apple-watchos.swiftdoc /Users/admin/builds/J1XnyXFH/1/finestructure/swiftpackageindex-builder/spi-builder-workspace/.derivedData/Build/Intermediates.noindex/DS1307.build/Debug-watchos/DS1307.build/Objects-normal/arm64_32/DS1307.swiftdoc (in target 'DS1307' from project 'DS1307')
    cd /Users/admin/builds/J1XnyXFH/1/finestructure/swiftpackageindex-builder/spi-builder-workspace
    builtin-copy -exclude .DS_Store -exclude CVS -exclude .svn -exclude .git -exclude .hg -resolve-src-symlinks -rename /Users/admin/builds/J1XnyXFH/1/finestructure/swiftpackageindex-builder/spi-builder-workspace/.derivedData/Build/Intermediates.noindex/DS1307.build/Debug-watchos/DS1307.build/Objects-normal/arm64_32/DS1307.swiftdoc /Users/admin/builds/J1XnyXFH/1/finestructure/swiftpackageindex-builder/spi-builder-workspace/.derivedData/Build/Products/Debug-watchos/DS1307.swiftmodule/arm64_32-apple-watchos.swiftdoc
Copy /Users/admin/builds/J1XnyXFH/1/finestructure/swiftpackageindex-builder/spi-builder-workspace/.derivedData/Build/Products/Debug-watchos/DS1307.swiftmodule/arm64_32-apple-watchos.abi.json /Users/admin/builds/J1XnyXFH/1/finestructure/swiftpackageindex-builder/spi-builder-workspace/.derivedData/Build/Intermediates.noindex/DS1307.build/Debug-watchos/DS1307.build/Objects-normal/arm64_32/DS1307.abi.json (in target 'DS1307' from project 'DS1307')
    cd /Users/admin/builds/J1XnyXFH/1/finestructure/swiftpackageindex-builder/spi-builder-workspace
    builtin-copy -exclude .DS_Store -exclude CVS -exclude .svn -exclude .git -exclude .hg -resolve-src-symlinks -rename /Users/admin/builds/J1XnyXFH/1/finestructure/swiftpackageindex-builder/spi-builder-workspace/.derivedData/Build/Intermediates.noindex/DS1307.build/Debug-watchos/DS1307.build/Objects-normal/arm64_32/DS1307.abi.json /Users/admin/builds/J1XnyXFH/1/finestructure/swiftpackageindex-builder/spi-builder-workspace/.derivedData/Build/Products/Debug-watchos/DS1307.swiftmodule/arm64_32-apple-watchos.abi.json
Copy /Users/admin/builds/J1XnyXFH/1/finestructure/swiftpackageindex-builder/spi-builder-workspace/.derivedData/Build/Products/Debug-watchos/DS1307.swiftmodule/arm64-apple-watchos.swiftmodule /Users/admin/builds/J1XnyXFH/1/finestructure/swiftpackageindex-builder/spi-builder-workspace/.derivedData/Build/Intermediates.noindex/DS1307.build/Debug-watchos/DS1307.build/Objects-normal/arm64/DS1307.swiftmodule (in target 'DS1307' from project 'DS1307')
    cd /Users/admin/builds/J1XnyXFH/1/finestructure/swiftpackageindex-builder/spi-builder-workspace
    builtin-copy -exclude .DS_Store -exclude CVS -exclude .svn -exclude .git -exclude .hg -resolve-src-symlinks -rename /Users/admin/builds/J1XnyXFH/1/finestructure/swiftpackageindex-builder/spi-builder-workspace/.derivedData/Build/Intermediates.noindex/DS1307.build/Debug-watchos/DS1307.build/Objects-normal/arm64/DS1307.swiftmodule /Users/admin/builds/J1XnyXFH/1/finestructure/swiftpackageindex-builder/spi-builder-workspace/.derivedData/Build/Products/Debug-watchos/DS1307.swiftmodule/arm64-apple-watchos.swiftmodule
Copy /Users/admin/builds/J1XnyXFH/1/finestructure/swiftpackageindex-builder/spi-builder-workspace/.derivedData/Build/Products/Debug-watchos/DS1307.swiftmodule/arm64-apple-watchos.swiftdoc /Users/admin/builds/J1XnyXFH/1/finestructure/swiftpackageindex-builder/spi-builder-workspace/.derivedData/Build/Intermediates.noindex/DS1307.build/Debug-watchos/DS1307.build/Objects-normal/arm64/DS1307.swiftdoc (in target 'DS1307' from project 'DS1307')
    cd /Users/admin/builds/J1XnyXFH/1/finestructure/swiftpackageindex-builder/spi-builder-workspace
    builtin-copy -exclude .DS_Store -exclude CVS -exclude .svn -exclude .git -exclude .hg -resolve-src-symlinks -rename /Users/admin/builds/J1XnyXFH/1/finestructure/swiftpackageindex-builder/spi-builder-workspace/.derivedData/Build/Intermediates.noindex/DS1307.build/Debug-watchos/DS1307.build/Objects-normal/arm64/DS1307.swiftdoc /Users/admin/builds/J1XnyXFH/1/finestructure/swiftpackageindex-builder/spi-builder-workspace/.derivedData/Build/Products/Debug-watchos/DS1307.swiftmodule/arm64-apple-watchos.swiftdoc
Copy /Users/admin/builds/J1XnyXFH/1/finestructure/swiftpackageindex-builder/spi-builder-workspace/.derivedData/Build/Products/Debug-watchos/DS1307.swiftmodule/arm64-apple-watchos.abi.json /Users/admin/builds/J1XnyXFH/1/finestructure/swiftpackageindex-builder/spi-builder-workspace/.derivedData/Build/Intermediates.noindex/DS1307.build/Debug-watchos/DS1307.build/Objects-normal/arm64/DS1307.abi.json (in target 'DS1307' from project 'DS1307')
    cd /Users/admin/builds/J1XnyXFH/1/finestructure/swiftpackageindex-builder/spi-builder-workspace
    builtin-copy -exclude .DS_Store -exclude CVS -exclude .svn -exclude .git -exclude .hg -resolve-src-symlinks -rename /Users/admin/builds/J1XnyXFH/1/finestructure/swiftpackageindex-builder/spi-builder-workspace/.derivedData/Build/Intermediates.noindex/DS1307.build/Debug-watchos/DS1307.build/Objects-normal/arm64/DS1307.abi.json /Users/admin/builds/J1XnyXFH/1/finestructure/swiftpackageindex-builder/spi-builder-workspace/.derivedData/Build/Products/Debug-watchos/DS1307.swiftmodule/arm64-apple-watchos.abi.json
Copy /Users/admin/builds/J1XnyXFH/1/finestructure/swiftpackageindex-builder/spi-builder-workspace/.derivedData/Build/Products/Debug-watchos/DS1307.swiftmodule/Project/arm64_32-apple-watchos.swiftsourceinfo /Users/admin/builds/J1XnyXFH/1/finestructure/swiftpackageindex-builder/spi-builder-workspace/.derivedData/Build/Intermediates.noindex/DS1307.build/Debug-watchos/DS1307.build/Objects-normal/arm64_32/DS1307.swiftsourceinfo (in target 'DS1307' from project 'DS1307')
    cd /Users/admin/builds/J1XnyXFH/1/finestructure/swiftpackageindex-builder/spi-builder-workspace
    builtin-copy -exclude .DS_Store -exclude CVS -exclude .svn -exclude .git -exclude .hg -resolve-src-symlinks -rename /Users/admin/builds/J1XnyXFH/1/finestructure/swiftpackageindex-builder/spi-builder-workspace/.derivedData/Build/Intermediates.noindex/DS1307.build/Debug-watchos/DS1307.build/Objects-normal/arm64_32/DS1307.swiftsourceinfo /Users/admin/builds/J1XnyXFH/1/finestructure/swiftpackageindex-builder/spi-builder-workspace/.derivedData/Build/Products/Debug-watchos/DS1307.swiftmodule/Project/arm64_32-apple-watchos.swiftsourceinfo
Copy /Users/admin/builds/J1XnyXFH/1/finestructure/swiftpackageindex-builder/spi-builder-workspace/.derivedData/Build/Products/Debug-watchos/DS1307.swiftmodule/Project/arm64-apple-watchos.swiftsourceinfo /Users/admin/builds/J1XnyXFH/1/finestructure/swiftpackageindex-builder/spi-builder-workspace/.derivedData/Build/Intermediates.noindex/DS1307.build/Debug-watchos/DS1307.build/Objects-normal/arm64/DS1307.swiftsourceinfo (in target 'DS1307' from project 'DS1307')
    cd /Users/admin/builds/J1XnyXFH/1/finestructure/swiftpackageindex-builder/spi-builder-workspace
    builtin-copy -exclude .DS_Store -exclude CVS -exclude .svn -exclude .git -exclude .hg -resolve-src-symlinks -rename /Users/admin/builds/J1XnyXFH/1/finestructure/swiftpackageindex-builder/spi-builder-workspace/.derivedData/Build/Intermediates.noindex/DS1307.build/Debug-watchos/DS1307.build/Objects-normal/arm64/DS1307.swiftsourceinfo /Users/admin/builds/J1XnyXFH/1/finestructure/swiftpackageindex-builder/spi-builder-workspace/.derivedData/Build/Products/Debug-watchos/DS1307.swiftmodule/Project/arm64-apple-watchos.swiftsourceinfo
SwiftCompile normal arm64_32 Compiling\ PWM.swift /Users/admin/builds/J1XnyXFH/1/finestructure/swiftpackageindex-builder/spi-builder-workspace/.dependencies/checkouts/SwiftyGPIO/Sources/PWM.swift (in target 'SwiftyGPIO' from project 'SwiftyGPIO')
    cd /Users/admin/builds/J1XnyXFH/1/finestructure/swiftpackageindex-builder/spi-builder-workspace/.dependencies/checkouts/SwiftyGPIO
    builtin-swiftTaskExecution -- /Applications/Xcode-15.3.0-Beta.2.app/Contents/Developer/Toolchains/XcodeDefault.xctoolchain/usr/bin/swift-frontend -frontend -c /Users/admin/builds/J1XnyXFH/1/finestructure/swiftpackageindex-builder/spi-builder-workspace/.dependencies/checkouts/SwiftyGPIO/Sources/1Wire.swift /Users/admin/builds/J1XnyXFH/1/finestructure/swiftpackageindex-builder/spi-builder-workspace/.dependencies/checkouts/SwiftyGPIO/Sources/ADC.swift /Users/admin/builds/J1XnyXFH/1/finestructure/swiftpackageindex-builder/spi-builder-workspace/.dependencies/checkouts/SwiftyGPIO/Sources/I2C.swift /Users/admin/builds/J1XnyXFH/1/finestructure/swiftpackageindex-builder/spi-builder-workspace/.dependencies/checkouts/SwiftyGPIO/Sources/Mailbox.swift -primary-file /Users/admin/builds/J1XnyXFH/1/finestructure/swiftpackageindex-builder/spi-builder-workspace/.dependencies/checkouts/SwiftyGPIO/Sources/PWM.swift /Users/admin/builds/J1XnyXFH/1/finestructure/swiftpackageindex-builder/spi-builder-workspace/.dependencies/checkouts/SwiftyGPIO/Sources/Presets.swift /Users/admin/builds/J1XnyXFH/1/finestructure/swiftpackageindex-builder/spi-builder-workspace/.dependencies/checkouts/SwiftyGPIO/Sources/SPI.swift /Users/admin/builds/J1XnyXFH/1/finestructure/swiftpackageindex-builder/spi-builder-workspace/.dependencies/checkouts/SwiftyGPIO/Sources/SunXi.swift /Users/admin/builds/J1XnyXFH/1/finestructure/swiftpackageindex-builder/spi-builder-workspace/.dependencies/checkouts/SwiftyGPIO/Sources/SwiftyGPIO.swift /Users/admin/builds/J1XnyXFH/1/finestructure/swiftpackageindex-builder/spi-builder-workspace/.dependencies/checkouts/SwiftyGPIO/Sources/UART.swift -emit-dependencies-path /Users/admin/builds/J1XnyXFH/1/finestructure/swiftpackageindex-builder/spi-builder-workspace/.derivedData/Build/Intermediates.noindex/SwiftyGPIO.build/Debug-watchos/SwiftyGPIO.build/Objects-normal/arm64_32/PWM.d -emit-const-values-path /Users/admin/builds/J1XnyXFH/1/finestructure/swiftpackageindex-builder/spi-builder-workspace/.derivedData/Build/Intermediates.noindex/SwiftyGPIO.build/Debug-watchos/SwiftyGPIO.build/Objects-normal/arm64_32/PWM.swiftconstvalues -emit-reference-dependencies-path /Users/admin/builds/J1XnyXFH/1/finestructure/swiftpackageindex-builder/spi-builder-workspace/.derivedData/Build/Intermediates.noindex/SwiftyGPIO.build/Debug-watchos/SwiftyGPIO.build/Objects-normal/arm64_32/PWM.swiftdeps -serialize-diagnostics-path /Users/admin/builds/J1XnyXFH/1/finestructure/swiftpackageindex-builder/spi-builder-workspace/.derivedData/Build/Intermediates.noindex/SwiftyGPIO.build/Debug-watchos/SwiftyGPIO.build/Objects-normal/arm64_32/PWM.dia -target arm64_32-apple-watchos5.0 -enable-objc-interop -sdk /Applications/Xcode-15.3.0-Beta.2.app/Contents/Developer/Platforms/WatchOS.platform/Developer/SDKs/WatchOS10.4.sdk -I /Users/admin/builds/J1XnyXFH/1/finestructure/swiftpackageindex-builder/spi-builder-workspace/.derivedData/Build/Products/Debug-watchos -I /Applications/Xcode-15.3.0-Beta.2.app/Contents/Developer/Platforms/WatchOS.platform/Developer/usr/lib -F /Users/admin/builds/J1XnyXFH/1/finestructure/swiftpackageindex-builder/spi-builder-workspace/.derivedData/Build/Products/Debug-watchos -F /Applications/Xcode-15.3.0-Beta.2.app/Contents/Developer/Platforms/WatchOS.platform/Developer/Library/Frameworks -F /Applications/Xcode-15.3.0-Beta.2.app/Contents/Developer/Platforms/WatchOS.platform/Developer/SDKs/WatchOS10.4.sdk/Developer/Library/Frameworks -no-color-diagnostics -enable-testing -g -module-cache-path /Users/admin/builds/J1XnyXFH/1/finestructure/swiftpackageindex-builder/spi-builder-workspace/.derivedData/ModuleCache.noindex -suppress-warnings -swift-version 5 -enforce-exclusivity\=checked -Onone -D SWIFT_PACKAGE -D DEBUG -D Xcode -serialize-debugging-options -const-gather-protocols-file /Users/admin/builds/J1XnyXFH/1/finestructure/swiftpackageindex-builder/spi-builder-workspace/.derivedData/Build/Intermediates.noindex/SwiftyGPIO.build/Debug-watchos/SwiftyGPIO.build/Objects-normal/arm64_32/SwiftyGPIO_const_extract_protocols.json -empty-abi-descriptor -validate-clang-modules-once -clang-build-session-file /Users/admin/builds/J1XnyXFH/1/finestructure/swiftpackageindex-builder/spi-builder-workspace/.derivedData/ModuleCache.noindex/Session.modulevalidation -Xcc -working-directory -Xcc /Users/admin/builds/J1XnyXFH/1/finestructure/swiftpackageindex-builder/spi-builder-workspace/.dependencies/checkouts/SwiftyGPIO -resource-dir /Applications/Xcode-15.3.0-Beta.2.app/Contents/Developer/Toolchains/XcodeDefault.xctoolchain/usr/lib/swift -enable-anonymous-context-mangled-names -Xcc -ivfsstatcache -Xcc /Users/admin/builds/J1XnyXFH/1/finestructure/swiftpackageindex-builder/spi-builder-workspace/.derivedData/SDKStatCaches.noindex/watchos10.4-21T5196c-188b4c5c5639cdba02b95625249bd203.sdkstatcache -Xcc -I/Users/admin/builds/J1XnyXFH/1/finestructure/swiftpackageindex-builder/spi-builder-workspace/.derivedData/Build/Intermediates.noindex/SwiftyGPIO.build/Debug-watchos/SwiftyGPIO.build/swift-overrides.hmap -Xcc -I/Users/admin/builds/J1XnyXFH/1/finestructure/swiftpackageindex-builder/spi-builder-workspace/.derivedData/Build/Products/Debug-watchos/include -Xcc -I/Users/admin/builds/J1XnyXFH/1/finestructure/swiftpackageindex-builder/spi-builder-workspace/.derivedData/Build/Intermediates.noindex/SwiftyGPIO.build/Debug-watchos/SwiftyGPIO.build/DerivedSources-normal/arm64_32 -Xcc -I/Users/admin/builds/J1XnyXFH/1/finestructure/swiftpackageindex-builder/spi-builder-workspace/.derivedData/Build/Intermediates.noindex/SwiftyGPIO.build/Debug-watchos/SwiftyGPIO.build/DerivedSources/arm64_32 -Xcc -I/Users/admin/builds/J1XnyXFH/1/finestructure/swiftpackageindex-builder/spi-builder-workspace/.derivedData/Build/Intermediates.noindex/SwiftyGPIO.build/Debug-watchos/SwiftyGPIO.build/DerivedSources -Xcc -DSWIFT_PACKAGE -Xcc -DDEBUG\=1 -module-name SwiftyGPIO -frontend-parseable-output -disable-clang-spi -target-sdk-version 10.4 -target-sdk-name watchos10.4 -external-plugin-path /Applications/Xcode-15.3.0-Beta.2.app/Contents/Developer/Platforms/WatchOS.platform/Developer/SDKs/WatchOS10.4.sdk/usr/lib/swift/host/plugins\#/Applications/Xcode-15.3.0-Beta.2.app/Contents/Developer/Platforms/WatchOS.platform/Developer/SDKs/WatchOS10.4.sdk/usr/bin/swift-plugin-server -external-plugin-path /Applications/Xcode-15.3.0-Beta.2.app/Contents/Developer/Platforms/WatchOS.platform/Developer/SDKs/WatchOS10.4.sdk/usr/local/lib/swift/host/plugins\#/Applications/Xcode-15.3.0-Beta.2.app/Contents/Developer/Platforms/WatchOS.platform/Developer/SDKs/WatchOS10.4.sdk/usr/bin/swift-plugin-server -external-plugin-path /Applications/Xcode-15.3.0-Beta.2.app/Contents/Developer/Platforms/WatchOS.platform/Developer/usr/lib/swift/host/plugins\#/Applications/Xcode-15.3.0-Beta.2.app/Contents/Developer/Platforms/WatchOS.platform/Developer/usr/bin/swift-plugin-server -external-plugin-path /Applications/Xcode-15.3.0-Beta.2.app/Contents/Developer/Platforms/WatchOS.platform/Developer/usr/local/lib/swift/host/plugins\#/Applications/Xcode-15.3.0-Beta.2.app/Contents/Developer/Platforms/WatchOS.platform/Developer/usr/bin/swift-plugin-server -plugin-path /Applications/Xcode-15.3.0-Beta.2.app/Contents/Developer/Toolchains/XcodeDefault.xctoolchain/usr/lib/swift/host/plugins -plugin-path /Applications/Xcode-15.3.0-Beta.2.app/Contents/Developer/Toolchains/XcodeDefault.xctoolchain/usr/local/lib/swift/host/plugins -o /Users/admin/builds/J1XnyXFH/1/finestructure/swiftpackageindex-builder/spi-builder-workspace/.derivedData/Build/Intermediates.noindex/SwiftyGPIO.build/Debug-watchos/SwiftyGPIO.build/Objects-normal/arm64_32/PWM.o -index-unit-output-path /SwiftyGPIO.build/Debug-watchos/SwiftyGPIO.build/Objects-normal/arm64_32/PWM.o -index-store-path /Users/admin/builds/J1XnyXFH/1/finestructure/swiftpackageindex-builder/spi-builder-workspace/.derivedData/Index.noindex/DataStore -index-system-modules
Command SwiftCompile failed with a nonzero exit code
SwiftDriverJobDiscovery normal armv7k Emitting module for DS1307 (in target 'DS1307' from project 'DS1307')
SwiftCompile normal arm64_32 Compiling\ SunXi.swift /Users/admin/builds/J1XnyXFH/1/finestructure/swiftpackageindex-builder/spi-builder-workspace/.dependencies/checkouts/SwiftyGPIO/Sources/SunXi.swift (in target 'SwiftyGPIO' from project 'SwiftyGPIO')
    cd /Users/admin/builds/J1XnyXFH/1/finestructure/swiftpackageindex-builder/spi-builder-workspace/.dependencies/checkouts/SwiftyGPIO
    builtin-swiftTaskExecution -- /Applications/Xcode-15.3.0-Beta.2.app/Contents/Developer/Toolchains/XcodeDefault.xctoolchain/usr/bin/swift-frontend -frontend -c /Users/admin/builds/J1XnyXFH/1/finestructure/swiftpackageindex-builder/spi-builder-workspace/.dependencies/checkouts/SwiftyGPIO/Sources/1Wire.swift /Users/admin/builds/J1XnyXFH/1/finestructure/swiftpackageindex-builder/spi-builder-workspace/.dependencies/checkouts/SwiftyGPIO/Sources/ADC.swift /Users/admin/builds/J1XnyXFH/1/finestructure/swiftpackageindex-builder/spi-builder-workspace/.dependencies/checkouts/SwiftyGPIO/Sources/I2C.swift /Users/admin/builds/J1XnyXFH/1/finestructure/swiftpackageindex-builder/spi-builder-workspace/.dependencies/checkouts/SwiftyGPIO/Sources/Mailbox.swift /Users/admin/builds/J1XnyXFH/1/finestructure/swiftpackageindex-builder/spi-builder-workspace/.dependencies/checkouts/SwiftyGPIO/Sources/PWM.swift /Users/admin/builds/J1XnyXFH/1/finestructure/swiftpackageindex-builder/spi-builder-workspace/.dependencies/checkouts/SwiftyGPIO/Sources/Presets.swift /Users/admin/builds/J1XnyXFH/1/finestructure/swiftpackageindex-builder/spi-builder-workspace/.dependencies/checkouts/SwiftyGPIO/Sources/SPI.swift -primary-file /Users/admin/builds/J1XnyXFH/1/finestructure/swiftpackageindex-builder/spi-builder-workspace/.dependencies/checkouts/SwiftyGPIO/Sources/SunXi.swift /Users/admin/builds/J1XnyXFH/1/finestructure/swiftpackageindex-builder/spi-builder-workspace/.dependencies/checkouts/SwiftyGPIO/Sources/SwiftyGPIO.swift /Users/admin/builds/J1XnyXFH/1/finestructure/swiftpackageindex-builder/spi-builder-workspace/.dependencies/checkouts/SwiftyGPIO/Sources/UART.swift -emit-dependencies-path /Users/admin/builds/J1XnyXFH/1/finestructure/swiftpackageindex-builder/spi-builder-workspace/.derivedData/Build/Intermediates.noindex/SwiftyGPIO.build/Debug-watchos/SwiftyGPIO.build/Objects-normal/arm64_32/SunXi.d -emit-const-values-path /Users/admin/builds/J1XnyXFH/1/finestructure/swiftpackageindex-builder/spi-builder-workspace/.derivedData/Build/Intermediates.noindex/SwiftyGPIO.build/Debug-watchos/SwiftyGPIO.build/Objects-normal/arm64_32/SunXi.swiftconstvalues -emit-reference-dependencies-path /Users/admin/builds/J1XnyXFH/1/finestructure/swiftpackageindex-builder/spi-builder-workspace/.derivedData/Build/Intermediates.noindex/SwiftyGPIO.build/Debug-watchos/SwiftyGPIO.build/Objects-normal/arm64_32/SunXi.swiftdeps -serialize-diagnostics-path /Users/admin/builds/J1XnyXFH/1/finestructure/swiftpackageindex-builder/spi-builder-workspace/.derivedData/Build/Intermediates.noindex/SwiftyGPIO.build/Debug-watchos/SwiftyGPIO.build/Objects-normal/arm64_32/SunXi.dia -target arm64_32-apple-watchos5.0 -enable-objc-interop -sdk /Applications/Xcode-15.3.0-Beta.2.app/Contents/Developer/Platforms/WatchOS.platform/Developer/SDKs/WatchOS10.4.sdk -I /Users/admin/builds/J1XnyXFH/1/finestructure/swiftpackageindex-builder/spi-builder-workspace/.derivedData/Build/Products/Debug-watchos -I /Applications/Xcode-15.3.0-Beta.2.app/Contents/Developer/Platforms/WatchOS.platform/Developer/usr/lib -F /Users/admin/builds/J1XnyXFH/1/finestructure/swiftpackageindex-builder/spi-builder-workspace/.derivedData/Build/Products/Debug-watchos -F /Applications/Xcode-15.3.0-Beta.2.app/Contents/Developer/Platforms/WatchOS.platform/Developer/Library/Frameworks -F /Applications/Xcode-15.3.0-Beta.2.app/Contents/Developer/Platforms/WatchOS.platform/Developer/SDKs/WatchOS10.4.sdk/Developer/Library/Frameworks -no-color-diagnostics -enable-testing -g -module-cache-path /Users/admin/builds/J1XnyXFH/1/finestructure/swiftpackageindex-builder/spi-builder-workspace/.derivedData/ModuleCache.noindex -suppress-warnings -swift-version 5 -enforce-exclusivity\=checked -Onone -D SWIFT_PACKAGE -D DEBUG -D Xcode -serialize-debugging-options -const-gather-protocols-file /Users/admin/builds/J1XnyXFH/1/finestructure/swiftpackageindex-builder/spi-builder-workspace/.derivedData/Build/Intermediates.noindex/SwiftyGPIO.build/Debug-watchos/SwiftyGPIO.build/Objects-normal/arm64_32/SwiftyGPIO_const_extract_protocols.json -empty-abi-descriptor -validate-clang-modules-once -clang-build-session-file /Users/admin/builds/J1XnyXFH/1/finestructure/swiftpackageindex-builder/spi-builder-workspace/.derivedData/ModuleCache.noindex/Session.modulevalidation -Xcc -working-directory -Xcc /Users/admin/builds/J1XnyXFH/1/finestructure/swiftpackageindex-builder/spi-builder-workspace/.dependencies/checkouts/SwiftyGPIO -resource-dir /Applications/Xcode-15.3.0-Beta.2.app/Contents/Developer/Toolchains/XcodeDefault.xctoolchain/usr/lib/swift -enable-anonymous-context-mangled-names -Xcc -ivfsstatcache -Xcc /Users/admin/builds/J1XnyXFH/1/finestructure/swiftpackageindex-builder/spi-builder-workspace/.derivedData/SDKStatCaches.noindex/watchos10.4-21T5196c-188b4c5c5639cdba02b95625249bd203.sdkstatcache -Xcc -I/Users/admin/builds/J1XnyXFH/1/finestructure/swiftpackageindex-builder/spi-builder-workspace/.derivedData/Build/Intermediates.noindex/SwiftyGPIO.build/Debug-watchos/SwiftyGPIO.build/swift-overrides.hmap -Xcc -I/Users/admin/builds/J1XnyXFH/1/finestructure/swiftpackageindex-builder/spi-builder-workspace/.derivedData/Build/Products/Debug-watchos/include -Xcc -I/Users/admin/builds/J1XnyXFH/1/finestructure/swiftpackageindex-builder/spi-builder-workspace/.derivedData/Build/Intermediates.noindex/SwiftyGPIO.build/Debug-watchos/SwiftyGPIO.build/DerivedSources-normal/arm64_32 -Xcc -I/Users/admin/builds/J1XnyXFH/1/finestructure/swiftpackageindex-builder/spi-builder-workspace/.derivedData/Build/Intermediates.noindex/SwiftyGPIO.build/Debug-watchos/SwiftyGPIO.build/DerivedSources/arm64_32 -Xcc -I/Users/admin/builds/J1XnyXFH/1/finestructure/swiftpackageindex-builder/spi-builder-workspace/.derivedData/Build/Intermediates.noindex/SwiftyGPIO.build/Debug-watchos/SwiftyGPIO.build/DerivedSources -Xcc -DSWIFT_PACKAGE -Xcc -DDEBUG\=1 -module-name SwiftyGPIO -frontend-parseable-output -disable-clang-spi -target-sdk-version 10.4 -target-sdk-name watchos10.4 -external-plugin-path /Applications/Xcode-15.3.0-Beta.2.app/Contents/Developer/Platforms/WatchOS.platform/Developer/SDKs/WatchOS10.4.sdk/usr/lib/swift/host/plugins\#/Applications/Xcode-15.3.0-Beta.2.app/Contents/Developer/Platforms/WatchOS.platform/Developer/SDKs/WatchOS10.4.sdk/usr/bin/swift-plugin-server -external-plugin-path /Applications/Xcode-15.3.0-Beta.2.app/Contents/Developer/Platforms/WatchOS.platform/Developer/SDKs/WatchOS10.4.sdk/usr/local/lib/swift/host/plugins\#/Applications/Xcode-15.3.0-Beta.2.app/Contents/Developer/Platforms/WatchOS.platform/Developer/SDKs/WatchOS10.4.sdk/usr/bin/swift-plugin-server -external-plugin-path /Applications/Xcode-15.3.0-Beta.2.app/Contents/Developer/Platforms/WatchOS.platform/Developer/usr/lib/swift/host/plugins\#/Applications/Xcode-15.3.0-Beta.2.app/Contents/Developer/Platforms/WatchOS.platform/Developer/usr/bin/swift-plugin-server -external-plugin-path /Applications/Xcode-15.3.0-Beta.2.app/Contents/Developer/Platforms/WatchOS.platform/Developer/usr/local/lib/swift/host/plugins\#/Applications/Xcode-15.3.0-Beta.2.app/Contents/Developer/Platforms/WatchOS.platform/Developer/usr/bin/swift-plugin-server -plugin-path /Applications/Xcode-15.3.0-Beta.2.app/Contents/Developer/Toolchains/XcodeDefault.xctoolchain/usr/lib/swift/host/plugins -plugin-path /Applications/Xcode-15.3.0-Beta.2.app/Contents/Developer/Toolchains/XcodeDefault.xctoolchain/usr/local/lib/swift/host/plugins -o /Users/admin/builds/J1XnyXFH/1/finestructure/swiftpackageindex-builder/spi-builder-workspace/.derivedData/Build/Intermediates.noindex/SwiftyGPIO.build/Debug-watchos/SwiftyGPIO.build/Objects-normal/arm64_32/SunXi.o -index-unit-output-path /SwiftyGPIO.build/Debug-watchos/SwiftyGPIO.build/Objects-normal/arm64_32/SunXi.o -index-store-path /Users/admin/builds/J1XnyXFH/1/finestructure/swiftpackageindex-builder/spi-builder-workspace/.derivedData/Index.noindex/DataStore -index-system-modules
Command SwiftCompile failed with a nonzero exit code
SwiftDriver\ Compilation\ Requirements DS1307 normal armv7k com.apple.xcode.tools.swift.compiler (in target 'DS1307' from project 'DS1307')
    cd /Users/admin/builds/J1XnyXFH/1/finestructure/swiftpackageindex-builder/spi-builder-workspace
    builtin-Swift-Compilation-Requirements -- /Applications/Xcode-15.3.0-Beta.2.app/Contents/Developer/Toolchains/XcodeDefault.xctoolchain/usr/bin/swiftc -module-name DS1307 -Onone -enforce-exclusivity\=checked @/Users/admin/builds/J1XnyXFH/1/finestructure/swiftpackageindex-builder/spi-builder-workspace/.derivedData/Build/Intermediates.noindex/DS1307.build/Debug-watchos/DS1307.build/Objects-normal/armv7k/DS1307.SwiftFileList -DSWIFT_PACKAGE -DDEBUG -DXcode -sdk /Applications/Xcode-15.3.0-Beta.2.app/Contents/Developer/Platforms/WatchOS.platform/Developer/SDKs/WatchOS10.4.sdk -target armv7k-apple-watchos5.0 -g -module-cache-path /Users/admin/builds/J1XnyXFH/1/finestructure/swiftpackageindex-builder/spi-builder-workspace/.derivedData/ModuleCache.noindex -Xfrontend -serialize-debugging-options -enable-testing -index-store-path /Users/admin/builds/J1XnyXFH/1/finestructure/swiftpackageindex-builder/spi-builder-workspace/.derivedData/Index.noindex/DataStore -swift-version 4 -I /Users/admin/builds/J1XnyXFH/1/finestructure/swiftpackageindex-builder/spi-builder-workspace/.derivedData/Build/Products/Debug-watchos -I /Applications/Xcode-15.3.0-Beta.2.app/Contents/Developer/Platforms/WatchOS.platform/Developer/usr/lib -F /Users/admin/builds/J1XnyXFH/1/finestructure/swiftpackageindex-builder/spi-builder-workspace/.derivedData/Build/Products/Debug-watchos/PackageFrameworks -F /Users/admin/builds/J1XnyXFH/1/finestructure/swiftpackageindex-builder/spi-builder-workspace/.derivedData/Build/Products/Debug-watchos -F /Applications/Xcode-15.3.0-Beta.2.app/Contents/Developer/Platforms/WatchOS.platform/Developer/Library/Frameworks -F /Applications/Xcode-15.3.0-Beta.2.app/Contents/Developer/Platforms/WatchOS.platform/Developer/SDKs/WatchOS10.4.sdk/Developer/Library/Frameworks -parse-as-library -c -j8 -enable-batch-mode -incremental -Xcc -ivfsstatcache -Xcc /Users/admin/builds/J1XnyXFH/1/finestructure/swiftpackageindex-builder/spi-builder-workspace/.derivedData/SDKStatCaches.noindex/watchos10.4-21T5196c-188b4c5c5639cdba02b95625249bd203.sdkstatcache -output-file-map /Users/admin/builds/J1XnyXFH/1/finestructure/swiftpackageindex-builder/spi-builder-workspace/.derivedData/Build/Intermediates.noindex/DS1307.build/Debug-watchos/DS1307.build/Objects-normal/armv7k/DS1307-OutputFileMap.json -use-frontend-parseable-output -save-temps -no-color-diagnostics -serialize-diagnostics -emit-dependencies -emit-module -emit-module-path /Users/admin/builds/J1XnyXFH/1/finestructure/swiftpackageindex-builder/spi-builder-workspace/.derivedData/Build/Intermediates.noindex/DS1307.build/Debug-watchos/DS1307.build/Objects-normal/armv7k/DS1307.swiftmodule -validate-clang-modules-once -clang-build-session-file /Users/admin/builds/J1XnyXFH/1/finestructure/swiftpackageindex-builder/spi-builder-workspace/.derivedData/ModuleCache.noindex/Session.modulevalidation -Xcc -I/Users/admin/builds/J1XnyXFH/1/finestructure/swiftpackageindex-builder/spi-builder-workspace/.derivedData/Build/Intermediates.noindex/DS1307.build/Debug-watchos/DS1307.build/swift-overrides.hmap -emit-const-values -Xfrontend -const-gather-protocols-file -Xfrontend /Users/admin/builds/J1XnyXFH/1/finestructure/swiftpackageindex-builder/spi-builder-workspace/.derivedData/Build/Intermediates.noindex/DS1307.build/Debug-watchos/DS1307.build/Objects-normal/armv7k/DS1307_const_extract_protocols.json -Xcc -I/Users/admin/builds/J1XnyXFH/1/finestructure/swiftpackageindex-builder/spi-builder-workspace/.derivedData/Build/Products/Debug-watchos/include -Xcc -I/Users/admin/builds/J1XnyXFH/1/finestructure/swiftpackageindex-builder/spi-builder-workspace/.derivedData/Build/Intermediates.noindex/DS1307.build/Debug-watchos/DS1307.build/DerivedSources-normal/armv7k -Xcc -I/Users/admin/builds/J1XnyXFH/1/finestructure/swiftpackageindex-builder/spi-builder-workspace/.derivedData/Build/Intermediates.noindex/DS1307.build/Debug-watchos/DS1307.build/DerivedSources/armv7k -Xcc -I/Users/admin/builds/J1XnyXFH/1/finestructure/swiftpackageindex-builder/spi-builder-workspace/.derivedData/Build/Intermediates.noindex/DS1307.build/Debug-watchos/DS1307.build/DerivedSources -Xcc -DSWIFT_PACKAGE -Xcc -DDEBUG\=1 -emit-objc-header -emit-objc-header-path /Users/admin/builds/J1XnyXFH/1/finestructure/swiftpackageindex-builder/spi-builder-workspace/.derivedData/Build/Intermediates.noindex/DS1307.build/Debug-watchos/DS1307.build/Objects-normal/armv7k/DS1307-Swift.h -working-directory /Users/admin/builds/J1XnyXFH/1/finestructure/swiftpackageindex-builder/spi-builder-workspace -experimental-emit-module-separately -disable-cmo
2024-02-14 17:19:35.168 xcodebuild[36987:9585256] Requested but did not find extension point with identifier Xcode.DVTDeviceFoundation.Aspect for extension Xcode.IDEiOSSupportCore.Aspect.NBDD of plug-in com.apple.dt.IDE.IDEiOSSupportCore
2024-02-14 17:19:35.552 xcodebuild[36987:9585256] [MT] DVTPlugInQuery: Requested but did not find extension point with identifier 'Xcode.DVTDeviceFoundation.CompatibleDeviceFamilyPair'. This is programmer error; code should only request extension points that are defined by itself or its dependencies.
** BUILD FAILED **
The following build commands failed:
	SwiftCompile normal arm64_32 Compiling\ UART.swift /Users/admin/builds/J1XnyXFH/1/finestructure/swiftpackageindex-builder/spi-builder-workspace/.dependencies/checkouts/SwiftyGPIO/Sources/UART.swift (in target 'SwiftyGPIO' from project 'SwiftyGPIO')
	SwiftCompile normal arm64_32 /Users/admin/builds/J1XnyXFH/1/finestructure/swiftpackageindex-builder/spi-builder-workspace/.dependencies/checkouts/SwiftyGPIO/Sources/UART.swift (in target 'SwiftyGPIO' from project 'SwiftyGPIO')
	SwiftCompile normal arm64_32 Compiling\ PWM.swift /Users/admin/builds/J1XnyXFH/1/finestructure/swiftpackageindex-builder/spi-builder-workspace/.dependencies/checkouts/SwiftyGPIO/Sources/PWM.swift (in target 'SwiftyGPIO' from project 'SwiftyGPIO')
	SwiftCompile normal arm64_32 Compiling\ SunXi.swift /Users/admin/builds/J1XnyXFH/1/finestructure/swiftpackageindex-builder/spi-builder-workspace/.dependencies/checkouts/SwiftyGPIO/Sources/SunXi.swift (in target 'SwiftyGPIO' from project 'SwiftyGPIO')
(4 failures)
BUILD FAILURE 5.10 watchOS