Build Information
Failed to build ConsentViewController, reference develop (c51a13), with Swift 6.2 for tvOS using Xcode 26.3 on 4 Oct 2026 21:01:24 UTC.
Build Command
No build command. This typically means the build failed at an early stage where we determine the build command.Build Log
========================================
RunAll
========================================
Builder version: 5.1.1
Interrupt handler set up.
========================================
Checkout
========================================
Clone URL: https://github.com/SourcePointUSA/ios-cmp-app.git
Reference: develop
Initialized empty Git repository in /Users/admin/builder/spi-builder-workspace/.git/
From https://github.com/SourcePointUSA/ios-cmp-app
* branch develop -> FETCH_HEAD
* [new branch] develop -> origin/develop
HEAD is now at c51a133 DIA-6442 fix messaged users status aka prtnUUID (#653)
Cloned https://github.com/SourcePointUSA/ios-cmp-app.git
Revision (git rev-parse @):
c51a1339b17b0fa096e2f2bfbc609c7255c3f586
SUCCESS checkout https://github.com/SourcePointUSA/ios-cmp-app.git at develop
========================================
Build
========================================
Selected platform: tvOS
Swift version: 6.2
Building package at path: $PWD
https://github.com/SourcePointUSA/ios-cmp-app.git
Command line invocation:
/Applications/Xcode-26.3.0.app/Contents/Developer/usr/bin/xcodebuild -IDEClonedSourcePackagesDirPathOverride=/Users/admin/builder/spi-builder-workspace/.dependencies -resolvePackageDependencies
2026-10-04 17:01:23.198 xcodebuild[537:3110] Writing error result bundle to /var/folders/xq/y_g06wb113726d38xsyx71_h0000gn/T/ResultBundle_2026-04-10_17-01-0023.xcresult
xcodebuild: error: The directory /Users/admin/builder/spi-builder-workspace contains 2 projects, including multiple projects with the current extension (.xcodeproj). Specify the project to use with the -project option.
Command line invocation:
/Applications/Xcode-26.3.0.app/Contents/Developer/usr/bin/xcodebuild -IDEClonedSourcePackagesDirPathOverride=/Users/admin/builder/spi-builder-workspace/.dependencies -resolvePackageDependencies
2026-10-04 17:01:24.481 xcodebuild[569:3392] Writing error result bundle to /var/folders/xq/y_g06wb113726d38xsyx71_h0000gn/T/ResultBundle_2026-04-10_17-01-0024.xcresult
xcodebuild: error: The directory /Users/admin/builder/spi-builder-workspace contains 2 projects, including multiple projects with the current extension (.xcodeproj). Specify the project to use with the -project option.
BUILD FAILURE 6.2 tvOS