The Swift Package Index logo.Swift Package Index

Build Information

Failed to build DSFDockTile, reference 1.0.0 (921840), with Swift 6.4 for watchOS using Xcode 27.0 on 20 Sep 2026 13:12:14 UTC.

Build Command

env DEVELOPER_DIR=/Applications/Xcode-27.0.0-Release.Candidate.app xcrun xcodebuild -IDEClonedSourcePackagesDirPathOverride=$PWD/.dependencies -skipMacroValidation -skipPackagePluginValidation -derivedDataPath $PWD/.derivedData build -scheme DSFDockTile -destination generic/platform=watchOS

Build Log

========================================
RunAll
========================================
Builder version: 5.1.0
Interrupt handler set up.
========================================
Checkout
========================================
Clone URL: https://github.com/dagronf/DSFDockTile.git
Reference: 1.0.0
Initialized empty Git repository in /Users/admin/builder/spi-builder-workspace/.git/
From https://github.com/dagronf/DSFDockTile
 * tag               1.0.0      -> FETCH_HEAD
HEAD is now at 921840f Added privacy manifest, macOS min is now 10.13, SPM version 5.4
Cloned https://github.com/dagronf/DSFDockTile.git
Revision (git rev-parse @):
921840f138ece177c9c636958434d674d9d42d72
SUCCESS checkout https://github.com/dagronf/DSFDockTile.git at 1.0.0
========================================
Build
========================================
Selected platform:         watchOS
Swift version:             6.4
Building package at path:  $PWD
https://github.com/dagronf/DSFDockTile.git
Command line invocation:
    /Applications/Xcode-27.0.0-Release.Candidate.app/Contents/Developer/usr/bin/xcodebuild -IDEClonedSourcePackagesDirPathOverride=/Users/admin/builder/spi-builder-workspace/.dependencies -resolvePackageDependencies
Resolve Package Graph
Fetching from https://github.com/dagronf/DSFImageFlipbook
Creating working copy of package ‘DSFImageFlipbook’
Checking out 1.0.1 of package ‘DSFImageFlipbook’
Resolve Package Graph
Resolved source packages:
  DSFImageFlipbook: https://github.com/dagronf/DSFImageFlipbook @ 1.0.1
  DSFDockTile: /Users/admin/builder/spi-builder-workspace
resolved source packages: DSFImageFlipbook, DSFDockTile
2026-09-20 09:11:21.322 xcodebuild[563:3070] [MT] IDERunDestination: Supported platforms for the buildables in the current scheme is empty.
{
  "dependencies" : [
    {
      "identity" : "dsfimageflipbook",
      "requirement" : {
        "range" : [
          {
            "lower_bound" : "1.0.0",
            "upper_bound" : "2.0.0"
          }
        ]
      },
      "type" : "sourceControl",
      "url" : "https://github.com/dagronf/DSFImageFlipbook"
    }
  ],
  "manifest_display_name" : "DSFDockTile",
  "name" : "DSFDockTile",
  "path" : "/Users/admin/builder/spi-builder-workspace",
  "platforms" : [
    {
      "name" : "macos",
      "version" : "10.13"
    }
  ],
  "products" : [
    {
      "name" : "DSFDockTile",
      "targets" : [
        "DSFDockTile"
      ],
      "type" : {
        "library" : [
          "automatic"
        ]
      }
    }
  ],
  "targets" : [
    {
      "c99name" : "DSFDockTileTests",
      "module_type" : "SwiftTarget",
      "name" : "DSFDockTileTests",
      "path" : "Tests/DSFDockTileTests",
      "sources" : [
        "DSFDockTileTests.swift"
      ],
      "target_dependencies" : [
        "DSFDockTile"
      ],
      "type" : "test"
    },
    {
      "c99name" : "DSFDockTile",
      "module_type" : "SwiftTarget",
      "name" : "DSFDockTile",
      "path" : "Sources/DSFDockTile",
      "product_dependencies" : [
        "DSFImageFlipbook"
      ],
      "product_memberships" : [
        "DSFDockTile"
      ],
      "resources" : [
        {
          "path" : "/Users/admin/builder/spi-builder-workspace/Sources/DSFDockTile/PrivacyInfo.xcprivacy",
          "rule" : {
            "copy" : {
            }
          }
        }
      ],
      "sources" : [
        "DSFDockTile+Animation.swift",
        "DSFDockTile+Attention.swift",
        "DSFDockTile+ConstantImage.swift",
        "DSFDockTile+Core.swift",
        "DSFDockTile+Image.swift",
        "DSFDockTile+SwiftUI.swift",
        "DSFDockTile+ViewController.swift",
        "DSFDockTile.swift"
      ],
      "type" : "library"
    }
  ],
  "tools_version" : "5.4"
}
{
  "workspace" : {
    "name" : "DSFDockTile",
    "schemes" : [
      "DSFDockTile"
    ]
  }
}
2026-09-20 09:12:02.514 xcodebuild[754:4559] [MT] IDERunDestination: Supported platforms for the buildables in the current scheme is empty.
Running build ...
env DEVELOPER_DIR=/Applications/Xcode-27.0.0-Release.Candidate.app xcrun xcodebuild -IDEClonedSourcePackagesDirPathOverride=$PWD/.dependencies -skipMacroValidation -skipPackagePluginValidation -derivedDataPath $PWD/.derivedData build -scheme DSFDockTile -destination generic/platform=watchOS
Command line invocation:
    /Applications/Xcode-27.0.0-Release.Candidate.app/Contents/Developer/usr/bin/xcodebuild -IDEClonedSourcePackagesDirPathOverride=/Users/admin/builder/spi-builder-workspace/.dependencies -skipMacroValidation -skipPackagePluginValidation -derivedDataPath /Users/admin/builder/spi-builder-workspace/.derivedData build -scheme DSFDockTile -destination generic/platform=watchOS
Resolve Package Graph
Resolve Package Graph
Resolved source packages:
  DSFImageFlipbook: https://github.com/dagronf/DSFImageFlipbook @ 1.0.1
  DSFDockTile: /Users/admin/builder/spi-builder-workspace
ComputePackagePrebuildTargetDependencyGraph
Prepare packages
CreateBuildRequest
SendProjectDescription
CreateBuildOperation
ComputeTargetDependencyGraph
note: Building targets in dependency order
note: Target dependency graph (5 targets)
    Target 'DSFDockTile-product' in project 'DSFDockTile'
        ➜ Explicit dependency on target 'DSFDockTile' in project 'DSFDockTile'
        ➜ Explicit dependency on target 'DSFDockTile_DSFDockTile' in project 'DSFDockTile'
        ➜ Explicit dependency on target 'DSFImageFlipbook-product' in project 'DSFImageFlipbook'
    Target 'DSFDockTile' in project 'DSFDockTile'
        ➜ Explicit dependency on target 'DSFDockTile_DSFDockTile' in project 'DSFDockTile'
        ➜ Explicit dependency on target 'DSFImageFlipbook-product' in project 'DSFImageFlipbook'
    Target 'DSFImageFlipbook-product' in project 'DSFImageFlipbook'
        ➜ Explicit dependency on target 'DSFImageFlipbook' in project 'DSFImageFlipbook'
    Target 'DSFImageFlipbook' in project 'DSFImageFlipbook' (no dependencies)
    Target 'DSFDockTile_DSFDockTile' in project 'DSFDockTile' (no dependencies)
GatherProvisioningInputs
CreateBuildDescription
ExecuteExternalTool /Applications/Xcode-27.0.0-Release.Candidate.app/Contents/Developer/Toolchains/XcodeDefault.xctoolchain/usr/bin/clang -v -E -dM -isysroot /Applications/Xcode-27.0.0-Release.Candidate.app/Contents/Developer/Platforms/WatchOS.platform/Developer/SDKs/WatchOS27.0.sdk -x c -c /dev/null
ExecuteExternalTool /Applications/Xcode-27.0.0-Release.Candidate.app/Contents/Developer/Toolchains/XcodeDefault.xctoolchain/usr/bin/swiftc --version
ExecuteExternalTool /Applications/Xcode-27.0.0-Release.Candidate.app/Contents/Developer/Toolchains/XcodeDefault.xctoolchain/usr/bin/ld -version_details
Build description signature: cac106e4bf96ea7d639c063faaf2eca1
Build description path: /Users/admin/builder/spi-builder-workspace/.derivedData/Build/Intermediates.noindex/XCBuildData/cac106e4bf96ea7d639c063faaf2eca1.xcbuilddata
CreateBuildDirectory /Users/admin/builder/spi-builder-workspace/.derivedData/SDKExplicitPrecompiledModules
    cd /Users/admin/builder/spi-builder-workspace/.swiftpm/xcode
    builtin-create-build-directory /Users/admin/builder/spi-builder-workspace/.derivedData/SDKExplicitPrecompiledModules
CreateBuildDirectory /Users/admin/builder/spi-builder-workspace/.derivedData/CompilationCache.noindex
    cd /Users/admin/builder/spi-builder-workspace/.swiftpm/xcode
    builtin-create-build-directory /Users/admin/builder/spi-builder-workspace/.derivedData/CompilationCache.noindex
CreateBuildDirectory /Users/admin/builder/spi-builder-workspace/.derivedData/ModuleCache.noindex
    cd /Users/admin/builder/spi-builder-workspace/.swiftpm/xcode
    builtin-create-build-directory /Users/admin/builder/spi-builder-workspace/.derivedData/ModuleCache.noindex
CreateBuildDirectory /Users/admin/builder/spi-builder-workspace/.derivedData/Build/Intermediates.noindex
    cd /Users/admin/builder/spi-builder-workspace/.swiftpm/xcode
    builtin-create-build-directory /Users/admin/builder/spi-builder-workspace/.derivedData/Build/Intermediates.noindex
CreateBuildDirectory /Users/admin/builder/spi-builder-workspace/.derivedData/Build/Products
    cd /Users/admin/builder/spi-builder-workspace/.swiftpm/xcode
    builtin-create-build-directory /Users/admin/builder/spi-builder-workspace/.derivedData/Build/Products
ClangStatCache /Applications/Xcode-27.0.0-Release.Candidate.app/Contents/Developer/Toolchains/XcodeDefault.xctoolchain/usr/bin/clang-stat-cache /Applications/Xcode-27.0.0-Release.Candidate.app/Contents/Developer/Platforms/WatchOS.platform/Developer/SDKs/WatchOS27.0.sdk /Users/admin/builder/spi-builder-workspace/.derivedData/SDKStatCaches.noindex/watchos27.0-24R360-e829b21a6f8c9b70876ba0858053c04477534ef55a1706bf4c1112bbb242f0a2.sdkstatcache
    cd /Users/admin/builder/spi-builder-workspace/.swiftpm/xcode
    /Applications/Xcode-27.0.0-Release.Candidate.app/Contents/Developer/Toolchains/XcodeDefault.xctoolchain/usr/bin/clang-stat-cache /Applications/Xcode-27.0.0-Release.Candidate.app/Contents/Developer/Platforms/WatchOS.platform/Developer/SDKs/WatchOS27.0.sdk -o /Users/admin/builder/spi-builder-workspace/.derivedData/SDKStatCaches.noindex/watchos27.0-24R360-e829b21a6f8c9b70876ba0858053c04477534ef55a1706bf4c1112bbb242f0a2.sdkstatcache
CreateBuildDirectory /Users/admin/builder/spi-builder-workspace/.derivedData/Build/Intermediates.noindex/SwiftExplicitPrecompiledModules
    cd /Users/admin/builder/spi-builder-workspace/.swiftpm/xcode
    builtin-create-build-directory /Users/admin/builder/spi-builder-workspace/.derivedData/Build/Intermediates.noindex/SwiftExplicitPrecompiledModules
CreateBuildDirectory /Users/admin/builder/spi-builder-workspace/.derivedData/Build/Intermediates.noindex/PrecompiledHeaders
    cd /Users/admin/builder/spi-builder-workspace/.swiftpm/xcode
    builtin-create-build-directory /Users/admin/builder/spi-builder-workspace/.derivedData/Build/Intermediates.noindex/PrecompiledHeaders
CreateBuildDirectory /Users/admin/builder/spi-builder-workspace/.derivedData/Build/Intermediates.noindex/ExplicitPrecompiledModules
    cd /Users/admin/builder/spi-builder-workspace/.swiftpm/xcode
    builtin-create-build-directory /Users/admin/builder/spi-builder-workspace/.derivedData/Build/Intermediates.noindex/ExplicitPrecompiledModules
CreateBuildDirectory /Users/admin/builder/spi-builder-workspace/.derivedData/Build/Products/Debug-watchos
    cd /Users/admin/builder/spi-builder-workspace/.swiftpm/xcode
    builtin-create-build-directory /Users/admin/builder/spi-builder-workspace/.derivedData/Build/Products/Debug-watchos
CreateBuildDirectory /Users/admin/builder/spi-builder-workspace/.derivedData/Build/Intermediates.noindex/EagerLinkingTBDs/Debug-watchos
    cd /Users/admin/builder/spi-builder-workspace/.swiftpm/xcode
    builtin-create-build-directory /Users/admin/builder/spi-builder-workspace/.derivedData/Build/Intermediates.noindex/EagerLinkingTBDs/Debug-watchos
CreateBuildDirectory /Users/admin/builder/spi-builder-workspace/.derivedData/Build/Products/Debug-watchos/PackageFrameworks
    cd /Users/admin/builder/spi-builder-workspace/.swiftpm/xcode
    builtin-create-build-directory /Users/admin/builder/spi-builder-workspace/.derivedData/Build/Products/Debug-watchos/PackageFrameworks
WriteAuxiliaryFile /Users/admin/builder/spi-builder-workspace/.derivedData/Build/Intermediates.noindex/DSFImageFlipbook.build/Debug-watchos/DSFImageFlipbook-t.build/DSFImageFlipbook.modulemap (in target 'DSFImageFlipbook' from project 'DSFImageFlipbook')
    cd /Users/admin/builder/spi-builder-workspace/.dependencies/checkouts/DSFImageFlipbook
    write-file /Users/admin/builder/spi-builder-workspace/.derivedData/Build/Intermediates.noindex/DSFImageFlipbook.build/Debug-watchos/DSFImageFlipbook-t.build/DSFImageFlipbook.modulemap
WriteAuxiliaryFile /Users/admin/builder/spi-builder-workspace/.derivedData/Build/Intermediates.noindex/DSFImageFlipbook.build/Debug-watchos/DSFImageFlipbook-t.build/Objects-normal/arm64/DSFImageFlipbook_const_extract_protocols.json (in target 'DSFImageFlipbook' from project 'DSFImageFlipbook')
    cd /Users/admin/builder/spi-builder-workspace/.dependencies/checkouts/DSFImageFlipbook
    write-file /Users/admin/builder/spi-builder-workspace/.derivedData/Build/Intermediates.noindex/DSFImageFlipbook.build/Debug-watchos/DSFImageFlipbook-t.build/Objects-normal/arm64/DSFImageFlipbook_const_extract_protocols.json
WriteAuxiliaryFile /Users/admin/builder/spi-builder-workspace/.derivedData/Build/Intermediates.noindex/DSFImageFlipbook.build/Debug-watchos/DSFImageFlipbook-t.build/Objects-normal/arm64/DSFImageFlipbook.SwiftFileList (in target 'DSFImageFlipbook' from project 'DSFImageFlipbook')
    cd /Users/admin/builder/spi-builder-workspace/.dependencies/checkouts/DSFImageFlipbook
    write-file /Users/admin/builder/spi-builder-workspace/.derivedData/Build/Intermediates.noindex/DSFImageFlipbook.build/Debug-watchos/DSFImageFlipbook-t.build/Objects-normal/arm64/DSFImageFlipbook.SwiftFileList
WriteAuxiliaryFile /Users/admin/builder/spi-builder-workspace/.derivedData/Build/Intermediates.noindex/DSFImageFlipbook.build/Debug-watchos/DSFImageFlipbook-t.build/Objects-normal/arm64_32/DSFImageFlipbook.LinkFileList (in target 'DSFImageFlipbook' from project 'DSFImageFlipbook')
    cd /Users/admin/builder/spi-builder-workspace/.dependencies/checkouts/DSFImageFlipbook
    write-file /Users/admin/builder/spi-builder-workspace/.derivedData/Build/Intermediates.noindex/DSFImageFlipbook.build/Debug-watchos/DSFImageFlipbook-t.build/Objects-normal/arm64_32/DSFImageFlipbook.LinkFileList
WriteAuxiliaryFile /Users/admin/builder/spi-builder-workspace/.derivedData/Build/Intermediates.noindex/DSFImageFlipbook.build/Debug-watchos/DSFImageFlipbook-t.build/Objects-normal/arm64/DSFImageFlipbook.SwiftConstValuesFileList (in target 'DSFImageFlipbook' from project 'DSFImageFlipbook')
    cd /Users/admin/builder/spi-builder-workspace/.dependencies/checkouts/DSFImageFlipbook
    write-file /Users/admin/builder/spi-builder-workspace/.derivedData/Build/Intermediates.noindex/DSFImageFlipbook.build/Debug-watchos/DSFImageFlipbook-t.build/Objects-normal/arm64/DSFImageFlipbook.SwiftConstValuesFileList
WriteAuxiliaryFile /Users/admin/builder/spi-builder-workspace/.derivedData/Build/Intermediates.noindex/DSFImageFlipbook.build/Debug-watchos/DSFImageFlipbook-t.build/Objects-normal/arm64_32/DSFImageFlipbook.SwiftConstValuesFileList (in target 'DSFImageFlipbook' from project 'DSFImageFlipbook')
    cd /Users/admin/builder/spi-builder-workspace/.dependencies/checkouts/DSFImageFlipbook
    write-file /Users/admin/builder/spi-builder-workspace/.derivedData/Build/Intermediates.noindex/DSFImageFlipbook.build/Debug-watchos/DSFImageFlipbook-t.build/Objects-normal/arm64_32/DSFImageFlipbook.SwiftConstValuesFileList
WriteAuxiliaryFile /Users/admin/builder/spi-builder-workspace/.derivedData/Build/Intermediates.noindex/DSFImageFlipbook.build/Debug-watchos/DSFImageFlipbook-t.build/Objects-normal/arm64_32/DSFImageFlipbook-OutputFileMap.json (in target 'DSFImageFlipbook' from project 'DSFImageFlipbook')
    cd /Users/admin/builder/spi-builder-workspace/.dependencies/checkouts/DSFImageFlipbook
    write-file /Users/admin/builder/spi-builder-workspace/.derivedData/Build/Intermediates.noindex/DSFImageFlipbook.build/Debug-watchos/DSFImageFlipbook-t.build/Objects-normal/arm64_32/DSFImageFlipbook-OutputFileMap.json
WriteAuxiliaryFile /Users/admin/builder/spi-builder-workspace/.derivedData/Build/Intermediates.noindex/DSFImageFlipbook.build/Debug-watchos/DSFImageFlipbook-t.build/Objects-normal/arm64_32/DSFImageFlipbook.SwiftFileList (in target 'DSFImageFlipbook' from project 'DSFImageFlipbook')
    cd /Users/admin/builder/spi-builder-workspace/.dependencies/checkouts/DSFImageFlipbook
    write-file /Users/admin/builder/spi-builder-workspace/.derivedData/Build/Intermediates.noindex/DSFImageFlipbook.build/Debug-watchos/DSFImageFlipbook-t.build/Objects-normal/arm64_32/DSFImageFlipbook.SwiftFileList
WriteAuxiliaryFile /Users/admin/builder/spi-builder-workspace/.derivedData/Build/Intermediates.noindex/DSFImageFlipbook.build/Debug-watchos/DSFImageFlipbook-t.build/Objects-normal/arm64_32/DSFImageFlipbook_const_extract_protocols.json (in target 'DSFImageFlipbook' from project 'DSFImageFlipbook')
    cd /Users/admin/builder/spi-builder-workspace/.dependencies/checkouts/DSFImageFlipbook
    write-file /Users/admin/builder/spi-builder-workspace/.derivedData/Build/Intermediates.noindex/DSFImageFlipbook.build/Debug-watchos/DSFImageFlipbook-t.build/Objects-normal/arm64_32/DSFImageFlipbook_const_extract_protocols.json
WriteAuxiliaryFile /Users/admin/builder/spi-builder-workspace/.derivedData/Build/Intermediates.noindex/DSFImageFlipbook.build/Debug-watchos/DSFImageFlipbook-t.build/Objects-normal/arm64/DSFImageFlipbook.LinkFileList (in target 'DSFImageFlipbook' from project 'DSFImageFlipbook')
    cd /Users/admin/builder/spi-builder-workspace/.dependencies/checkouts/DSFImageFlipbook
    write-file /Users/admin/builder/spi-builder-workspace/.derivedData/Build/Intermediates.noindex/DSFImageFlipbook.build/Debug-watchos/DSFImageFlipbook-t.build/Objects-normal/arm64/DSFImageFlipbook.LinkFileList
WriteAuxiliaryFile /Users/admin/builder/spi-builder-workspace/.derivedData/Build/Intermediates.noindex/DSFImageFlipbook.build/Debug-watchos/DSFImageFlipbook-t.build/Objects-normal/arm64/DSFImageFlipbook-OutputFileMap.json (in target 'DSFImageFlipbook' from project 'DSFImageFlipbook')
    cd /Users/admin/builder/spi-builder-workspace/.dependencies/checkouts/DSFImageFlipbook
    write-file /Users/admin/builder/spi-builder-workspace/.derivedData/Build/Intermediates.noindex/DSFImageFlipbook.build/Debug-watchos/DSFImageFlipbook-t.build/Objects-normal/arm64/DSFImageFlipbook-OutputFileMap.json
WriteAuxiliaryFile /Users/admin/builder/spi-builder-workspace/.derivedData/Build/Intermediates.noindex/DSFImageFlipbook.build/Debug-watchos/DSFImageFlipbook-t.build/DSFImageFlipbook.DependencyStaticMetadataFileList (in target 'DSFImageFlipbook' from project 'DSFImageFlipbook')
    cd /Users/admin/builder/spi-builder-workspace/.dependencies/checkouts/DSFImageFlipbook
    write-file /Users/admin/builder/spi-builder-workspace/.derivedData/Build/Intermediates.noindex/DSFImageFlipbook.build/Debug-watchos/DSFImageFlipbook-t.build/DSFImageFlipbook.DependencyStaticMetadataFileList
WriteAuxiliaryFile /Users/admin/builder/spi-builder-workspace/.derivedData/Build/Intermediates.noindex/DSFImageFlipbook.build/Debug-watchos/DSFImageFlipbook-t.build/DSFImageFlipbook.DependencyMetadataFileList (in target 'DSFImageFlipbook' from project 'DSFImageFlipbook')
    cd /Users/admin/builder/spi-builder-workspace/.dependencies/checkouts/DSFImageFlipbook
    write-file /Users/admin/builder/spi-builder-workspace/.derivedData/Build/Intermediates.noindex/DSFImageFlipbook.build/Debug-watchos/DSFImageFlipbook-t.build/DSFImageFlipbook.DependencyMetadataFileList
Copy /Users/admin/builder/spi-builder-workspace/.derivedData/Build/Intermediates.noindex/GeneratedModuleMaps-watchos/DSFImageFlipbook.modulemap /Users/admin/builder/spi-builder-workspace/.derivedData/Build/Intermediates.noindex/DSFImageFlipbook.build/Debug-watchos/DSFImageFlipbook-t.build/DSFImageFlipbook.modulemap (in target 'DSFImageFlipbook' from project 'DSFImageFlipbook')
    cd /Users/admin/builder/spi-builder-workspace/.dependencies/checkouts/DSFImageFlipbook
    builtin-copy -exclude .DS_Store -exclude CVS -exclude .svn -exclude .git -exclude .hg -resolve-src-symlinks /Users/admin/builder/spi-builder-workspace/.derivedData/Build/Intermediates.noindex/DSFImageFlipbook.build/Debug-watchos/DSFImageFlipbook-t.build/DSFImageFlipbook.modulemap /Users/admin/builder/spi-builder-workspace/.derivedData/Build/Intermediates.noindex/GeneratedModuleMaps-watchos
WriteAuxiliaryFile /Users/admin/builder/spi-builder-workspace/.derivedData/Build/Intermediates.noindex/DSFDockTile.build/Debug-watchos/DSFDockTile_DSFDockTile-b.build/empty-DSFDockTile_DSFDockTile.plist (in target 'DSFDockTile_DSFDockTile' from project 'DSFDockTile')
    cd /Users/admin/builder/spi-builder-workspace
    write-file /Users/admin/builder/spi-builder-workspace/.derivedData/Build/Intermediates.noindex/DSFDockTile.build/Debug-watchos/DSFDockTile_DSFDockTile-b.build/empty-DSFDockTile_DSFDockTile.plist
WriteAuxiliaryFile /Users/admin/builder/spi-builder-workspace/.derivedData/Build/Intermediates.noindex/DSFDockTile.build/Debug-watchos/DSFDockTile_DSFDockTile-b.build/DSFDockTile_DSFDockTile.DependencyStaticMetadataFileList (in target 'DSFDockTile_DSFDockTile' from project 'DSFDockTile')
    cd /Users/admin/builder/spi-builder-workspace
    write-file /Users/admin/builder/spi-builder-workspace/.derivedData/Build/Intermediates.noindex/DSFDockTile.build/Debug-watchos/DSFDockTile_DSFDockTile-b.build/DSFDockTile_DSFDockTile.DependencyStaticMetadataFileList
WriteAuxiliaryFile /Users/admin/builder/spi-builder-workspace/.derivedData/Build/Intermediates.noindex/DSFDockTile.build/Debug-watchos/DSFDockTile_DSFDockTile-b.build/DSFDockTile_DSFDockTile.DependencyMetadataFileList (in target 'DSFDockTile_DSFDockTile' from project 'DSFDockTile')
    cd /Users/admin/builder/spi-builder-workspace
    write-file /Users/admin/builder/spi-builder-workspace/.derivedData/Build/Intermediates.noindex/DSFDockTile.build/Debug-watchos/DSFDockTile_DSFDockTile-b.build/DSFDockTile_DSFDockTile.DependencyMetadataFileList
WriteAuxiliaryFile /Users/admin/builder/spi-builder-workspace/.derivedData/Build/Intermediates.noindex/DSFDockTile.build/Debug-watchos/DSFDockTile-t.build/Objects-normal/arm64_32/DSFDockTile.SwiftFileList (in target 'DSFDockTile' from project 'DSFDockTile')
    cd /Users/admin/builder/spi-builder-workspace
    write-file /Users/admin/builder/spi-builder-workspace/.derivedData/Build/Intermediates.noindex/DSFDockTile.build/Debug-watchos/DSFDockTile-t.build/Objects-normal/arm64_32/DSFDockTile.SwiftFileList
WriteAuxiliaryFile /Users/admin/builder/spi-builder-workspace/.derivedData/Build/Intermediates.noindex/DSFDockTile.build/Debug-watchos/DSFDockTile-t.build/Objects-normal/arm64_32/DSFDockTile_const_extract_protocols.json (in target 'DSFDockTile' from project 'DSFDockTile')
    cd /Users/admin/builder/spi-builder-workspace
    write-file /Users/admin/builder/spi-builder-workspace/.derivedData/Build/Intermediates.noindex/DSFDockTile.build/Debug-watchos/DSFDockTile-t.build/Objects-normal/arm64_32/DSFDockTile_const_extract_protocols.json
WriteAuxiliaryFile /Users/admin/builder/spi-builder-workspace/.derivedData/Build/Intermediates.noindex/DSFDockTile.build/Debug-watchos/DSFDockTile-t.build/Objects-normal/arm64_32/DSFDockTile.SwiftConstValuesFileList (in target 'DSFDockTile' from project 'DSFDockTile')
    cd /Users/admin/builder/spi-builder-workspace
    write-file /Users/admin/builder/spi-builder-workspace/.derivedData/Build/Intermediates.noindex/DSFDockTile.build/Debug-watchos/DSFDockTile-t.build/Objects-normal/arm64_32/DSFDockTile.SwiftConstValuesFileList
WriteAuxiliaryFile /Users/admin/builder/spi-builder-workspace/.derivedData/Build/Intermediates.noindex/DSFDockTile.build/Debug-watchos/DSFDockTile-t.build/Objects-normal/arm64_32/DSFDockTile.LinkFileList (in target 'DSFDockTile' from project 'DSFDockTile')
    cd /Users/admin/builder/spi-builder-workspace
    write-file /Users/admin/builder/spi-builder-workspace/.derivedData/Build/Intermediates.noindex/DSFDockTile.build/Debug-watchos/DSFDockTile-t.build/Objects-normal/arm64_32/DSFDockTile.LinkFileList
WriteAuxiliaryFile /Users/admin/builder/spi-builder-workspace/.derivedData/Build/Intermediates.noindex/DSFDockTile.build/Debug-watchos/DSFDockTile-t.build/Objects-normal/arm64_32/DSFDockTile-OutputFileMap.json (in target 'DSFDockTile' from project 'DSFDockTile')
    cd /Users/admin/builder/spi-builder-workspace
    write-file /Users/admin/builder/spi-builder-workspace/.derivedData/Build/Intermediates.noindex/DSFDockTile.build/Debug-watchos/DSFDockTile-t.build/Objects-normal/arm64_32/DSFDockTile-OutputFileMap.json
WriteAuxiliaryFile /Users/admin/builder/spi-builder-workspace/.derivedData/Build/Intermediates.noindex/DSFDockTile.build/Debug-watchos/DSFDockTile-t.build/Objects-normal/arm64/DSFDockTile.SwiftFileList (in target 'DSFDockTile' from project 'DSFDockTile')
    cd /Users/admin/builder/spi-builder-workspace
    write-file /Users/admin/builder/spi-builder-workspace/.derivedData/Build/Intermediates.noindex/DSFDockTile.build/Debug-watchos/DSFDockTile-t.build/Objects-normal/arm64/DSFDockTile.SwiftFileList
WriteAuxiliaryFile /Users/admin/builder/spi-builder-workspace/.derivedData/Build/Intermediates.noindex/DSFDockTile.build/Debug-watchos/DSFDockTile-t.build/Objects-normal/arm64/DSFDockTile_const_extract_protocols.json (in target 'DSFDockTile' from project 'DSFDockTile')
    cd /Users/admin/builder/spi-builder-workspace
    write-file /Users/admin/builder/spi-builder-workspace/.derivedData/Build/Intermediates.noindex/DSFDockTile.build/Debug-watchos/DSFDockTile-t.build/Objects-normal/arm64/DSFDockTile_const_extract_protocols.json
WriteAuxiliaryFile /Users/admin/builder/spi-builder-workspace/.derivedData/Build/Intermediates.noindex/DSFDockTile.build/Debug-watchos/DSFDockTile-t.build/Objects-normal/arm64/DSFDockTile.SwiftConstValuesFileList (in target 'DSFDockTile' from project 'DSFDockTile')
    cd /Users/admin/builder/spi-builder-workspace
    write-file /Users/admin/builder/spi-builder-workspace/.derivedData/Build/Intermediates.noindex/DSFDockTile.build/Debug-watchos/DSFDockTile-t.build/Objects-normal/arm64/DSFDockTile.SwiftConstValuesFileList
WriteAuxiliaryFile /Users/admin/builder/spi-builder-workspace/.derivedData/Build/Intermediates.noindex/DSFDockTile.build/Debug-watchos/DSFDockTile-t.build/Objects-normal/arm64/DSFDockTile.LinkFileList (in target 'DSFDockTile' from project 'DSFDockTile')
    cd /Users/admin/builder/spi-builder-workspace
    write-file /Users/admin/builder/spi-builder-workspace/.derivedData/Build/Intermediates.noindex/DSFDockTile.build/Debug-watchos/DSFDockTile-t.build/Objects-normal/arm64/DSFDockTile.LinkFileList
WriteAuxiliaryFile /Users/admin/builder/spi-builder-workspace/.derivedData/Build/Intermediates.noindex/DSFDockTile.build/Debug-watchos/DSFDockTile-t.build/Objects-normal/arm64/DSFDockTile-OutputFileMap.json (in target 'DSFDockTile' from project 'DSFDockTile')
    cd /Users/admin/builder/spi-builder-workspace
    write-file /Users/admin/builder/spi-builder-workspace/.derivedData/Build/Intermediates.noindex/DSFDockTile.build/Debug-watchos/DSFDockTile-t.build/Objects-normal/arm64/DSFDockTile-OutputFileMap.json
WriteAuxiliaryFile /Users/admin/builder/spi-builder-workspace/.derivedData/Build/Intermediates.noindex/DSFDockTile.build/Debug-watchos/DSFDockTile-t.build/DerivedSources/resource_bundle_accessor.swift (in target 'DSFDockTile' from project 'DSFDockTile')
    cd /Users/admin/builder/spi-builder-workspace
    write-file /Users/admin/builder/spi-builder-workspace/.derivedData/Build/Intermediates.noindex/DSFDockTile.build/Debug-watchos/DSFDockTile-t.build/DerivedSources/resource_bundle_accessor.swift
WriteAuxiliaryFile /Users/admin/builder/spi-builder-workspace/.derivedData/Build/Intermediates.noindex/DSFDockTile.build/Debug-watchos/DSFDockTile-t.build/DSFDockTile.modulemap (in target 'DSFDockTile' from project 'DSFDockTile')
    cd /Users/admin/builder/spi-builder-workspace
    write-file /Users/admin/builder/spi-builder-workspace/.derivedData/Build/Intermediates.noindex/DSFDockTile.build/Debug-watchos/DSFDockTile-t.build/DSFDockTile.modulemap
WriteAuxiliaryFile /Users/admin/builder/spi-builder-workspace/.derivedData/Build/Intermediates.noindex/DSFDockTile.build/Debug-watchos/DSFDockTile-t.build/DSFDockTile.DependencyStaticMetadataFileList (in target 'DSFDockTile' from project 'DSFDockTile')
    cd /Users/admin/builder/spi-builder-workspace
    write-file /Users/admin/builder/spi-builder-workspace/.derivedData/Build/Intermediates.noindex/DSFDockTile.build/Debug-watchos/DSFDockTile-t.build/DSFDockTile.DependencyStaticMetadataFileList
WriteAuxiliaryFile /Users/admin/builder/spi-builder-workspace/.derivedData/Build/Intermediates.noindex/DSFDockTile.build/Debug-watchos/DSFDockTile-t.build/DSFDockTile.DependencyMetadataFileList (in target 'DSFDockTile' from project 'DSFDockTile')
    cd /Users/admin/builder/spi-builder-workspace
    write-file /Users/admin/builder/spi-builder-workspace/.derivedData/Build/Intermediates.noindex/DSFDockTile.build/Debug-watchos/DSFDockTile-t.build/DSFDockTile.DependencyMetadataFileList
MkDir /Users/admin/builder/spi-builder-workspace/.derivedData/Build/Products/Debug-watchos/DSFDockTile_DSFDockTile.bundle (in target 'DSFDockTile_DSFDockTile' from project 'DSFDockTile')
    cd /Users/admin/builder/spi-builder-workspace
    /bin/mkdir -p /Users/admin/builder/spi-builder-workspace/.derivedData/Build/Products/Debug-watchos/DSFDockTile_DSFDockTile.bundle
Copy /Users/admin/builder/spi-builder-workspace/.derivedData/Build/Intermediates.noindex/GeneratedModuleMaps-watchos/DSFDockTile.modulemap /Users/admin/builder/spi-builder-workspace/.derivedData/Build/Intermediates.noindex/DSFDockTile.build/Debug-watchos/DSFDockTile-t.build/DSFDockTile.modulemap (in target 'DSFDockTile' from project 'DSFDockTile')
    cd /Users/admin/builder/spi-builder-workspace
    builtin-copy -exclude .DS_Store -exclude CVS -exclude .svn -exclude .git -exclude .hg -resolve-src-symlinks /Users/admin/builder/spi-builder-workspace/.derivedData/Build/Intermediates.noindex/DSFDockTile.build/Debug-watchos/DSFDockTile-t.build/DSFDockTile.modulemap /Users/admin/builder/spi-builder-workspace/.derivedData/Build/Intermediates.noindex/GeneratedModuleMaps-watchos
ProcessInfoPlistFile /Users/admin/builder/spi-builder-workspace/.derivedData/Build/Products/Debug-watchos/DSFDockTile_DSFDockTile.bundle/Info.plist /Users/admin/builder/spi-builder-workspace/.derivedData/Build/Intermediates.noindex/DSFDockTile.build/Debug-watchos/DSFDockTile_DSFDockTile-b.build/empty-DSFDockTile_DSFDockTile.plist (in target 'DSFDockTile_DSFDockTile' from project 'DSFDockTile')
    cd /Users/admin/builder/spi-builder-workspace
    builtin-infoPlistUtility /Users/admin/builder/spi-builder-workspace/.derivedData/Build/Intermediates.noindex/DSFDockTile.build/Debug-watchos/DSFDockTile_DSFDockTile-b.build/empty-DSFDockTile_DSFDockTile.plist -producttype com.apple.product-type.bundle -expandbuildsettings -format binary -platform watchos -o /Users/admin/builder/spi-builder-workspace/.derivedData/Build/Products/Debug-watchos/DSFDockTile_DSFDockTile.bundle/Info.plist
CpResource /Users/admin/builder/spi-builder-workspace/.derivedData/Build/Products/Debug-watchos/DSFDockTile_DSFDockTile.bundle/PrivacyInfo.xcprivacy /Users/admin/builder/spi-builder-workspace/Sources/DSFDockTile/PrivacyInfo.xcprivacy (in target 'DSFDockTile_DSFDockTile' from project 'DSFDockTile')
    cd /Users/admin/builder/spi-builder-workspace
    builtin-copy -exclude .DS_Store -exclude CVS -exclude .svn -exclude .git -exclude .hg -resolve-src-symlinks /Users/admin/builder/spi-builder-workspace/Sources/DSFDockTile/PrivacyInfo.xcprivacy /Users/admin/builder/spi-builder-workspace/.derivedData/Build/Products/Debug-watchos/DSFDockTile_DSFDockTile.bundle
RegisterExecutionPolicyException /Users/admin/builder/spi-builder-workspace/.derivedData/Build/Products/Debug-watchos/DSFDockTile_DSFDockTile.bundle (in target 'DSFDockTile_DSFDockTile' from project 'DSFDockTile')
    cd /Users/admin/builder/spi-builder-workspace
    builtin-RegisterExecutionPolicyException /Users/admin/builder/spi-builder-workspace/.derivedData/Build/Products/Debug-watchos/DSFDockTile_DSFDockTile.bundle
Touch /Users/admin/builder/spi-builder-workspace/.derivedData/Build/Products/Debug-watchos/DSFDockTile_DSFDockTile.bundle (in target 'DSFDockTile_DSFDockTile' from project 'DSFDockTile')
    cd /Users/admin/builder/spi-builder-workspace
    /usr/bin/touch -c /Users/admin/builder/spi-builder-workspace/.derivedData/Build/Products/Debug-watchos/DSFDockTile_DSFDockTile.bundle
SwiftDriver DSFImageFlipbook normal arm64 com.apple.xcode.tools.swift.compiler (in target 'DSFImageFlipbook' from project 'DSFImageFlipbook')
    cd /Users/admin/builder/spi-builder-workspace/.swiftpm/xcode
    builtin-SwiftDriver -- /Applications/Xcode-27.0.0-Release.Candidate.app/Contents/Developer/Toolchains/XcodeDefault.xctoolchain/usr/bin/swiftc -parse-as-library -module-name DSFImageFlipbook -Onone @/Users/admin/builder/spi-builder-workspace/.derivedData/Build/Intermediates.noindex/DSFImageFlipbook.build/Debug-watchos/DSFImageFlipbook-t.build/Objects-normal/arm64/DSFImageFlipbook.SwiftFileList -DSWIFT_PACKAGE -DDEBUG -DSWIFT_MODULE_RESOURCE_BUNDLE_UNAVAILABLE -DXcode -plugin-path /Applications/Xcode-27.0.0-Release.Candidate.app/Contents/Developer/Toolchains/XcodeDefault.xctoolchain/usr/lib/swift/host/plugins/testing -enable-experimental-feature DebugDescriptionMacro -sdk /Applications/Xcode-27.0.0-Release.Candidate.app/Contents/Developer/Platforms/WatchOS.platform/Developer/SDKs/WatchOS27.0.sdk -target arm64-apple-watchos9.0 -g -module-cache-path /Users/admin/builder/spi-builder-workspace/.derivedData/ModuleCache.noindex -Xfrontend -serialize-debugging-options -profile-coverage-mapping -profile-generate -enable-testing -suppress-warnings -index-store-path /Users/admin/builder/spi-builder-workspace/.derivedData/Index.noindex/DataStore -Xcc -D_LIBCPP_HARDENING_MODE\=_LIBCPP_HARDENING_MODE_DEBUG -swift-version 5 -I /Users/admin/builder/spi-builder-workspace/.derivedData/Build/Products/Debug-watchos -Isystem /Applications/Xcode-27.0.0-Release.Candidate.app/Contents/Developer/Platforms/WatchOS.platform/Developer/usr/lib -F /Users/admin/builder/spi-builder-workspace/.derivedData/Build/Products/Debug-watchos -F /Applications/Xcode-27.0.0-Release.Candidate.app/Contents/Developer/Platforms/WatchOS.platform/Developer/Library/Frameworks -F /Applications/Xcode-27.0.0-Release.Candidate.app/Contents/Developer/Platforms/WatchOS.platform/Developer/SDKs/WatchOS27.0.sdk/Developer/Library/Frameworks -c -j10 -enable-batch-mode -incremental -Xcc -ivfsstatcache -Xcc /Users/admin/builder/spi-builder-workspace/.derivedData/SDKStatCaches.noindex/watchos27.0-24R360-e829b21a6f8c9b70876ba0858053c04477534ef55a1706bf4c1112bbb242f0a2.sdkstatcache -output-file-map /Users/admin/builder/spi-builder-workspace/.derivedData/Build/Intermediates.noindex/DSFImageFlipbook.build/Debug-watchos/DSFImageFlipbook-t.build/Objects-normal/arm64/DSFImageFlipbook-OutputFileMap.json -save-temps -no-color-diagnostics -explicit-module-build -module-cache-path /Users/admin/builder/spi-builder-workspace/.derivedData/Build/Intermediates.noindex/SwiftExplicitPrecompiledModules -clang-scanner-module-cache-path /Users/admin/builder/spi-builder-workspace/.derivedData/ModuleCache.noindex -sdk-module-cache-path /Users/admin/builder/spi-builder-workspace/.derivedData/SDKExplicitPrecompiledModules -emit-dependencies -emit-module -emit-module-path /Users/admin/builder/spi-builder-workspace/.derivedData/Build/Intermediates.noindex/DSFImageFlipbook.build/Debug-watchos/DSFImageFlipbook-t.build/Objects-normal/arm64/DSFImageFlipbook.swiftmodule -serialize-diagnostics -dependency-scan-serialize-diagnostics-path /Users/admin/builder/spi-builder-workspace/.derivedData/Build/Intermediates.noindex/DSFImageFlipbook.build/Debug-watchos/DSFImageFlipbook-t.build/Objects-normal/arm64/DSFImageFlipbook-dependency-scan.dia -validate-clang-modules-once -clang-build-session-file /Users/admin/builder/spi-builder-workspace/.derivedData/ModuleCache.noindex/Session.modulevalidation -Xcc -fmodules-prune-interval\=86400 -Xcc -fmodules-prune-after\=345600 -emit-const-values -const-gather-protocols-list /Users/admin/builder/spi-builder-workspace/.derivedData/Build/Intermediates.noindex/DSFImageFlipbook.build/Debug-watchos/DSFImageFlipbook-t.build/Objects-normal/arm64/DSFImageFlipbook_const_extract_protocols.json -Xcc -I/Users/admin/builder/spi-builder-workspace/.derivedData/Build/Products/Debug-watchos/include -Xcc -I/Users/admin/builder/spi-builder-workspace/.derivedData/Build/Intermediates.noindex/DSFImageFlipbook.build/Debug-watchos/DSFImageFlipbook-t.build/DerivedSources-normal/arm64 -Xcc -I/Users/admin/builder/spi-builder-workspace/.derivedData/Build/Intermediates.noindex/DSFImageFlipbook.build/Debug-watchos/DSFImageFlipbook-t.build/DerivedSources/arm64 -Xcc -I/Users/admin/builder/spi-builder-workspace/.derivedData/Build/Intermediates.noindex/DSFImageFlipbook.build/Debug-watchos/DSFImageFlipbook-t.build/DerivedSources -Xcc -DSWIFT_PACKAGE -Xcc -DDEBUG\=1 -emit-objc-header -emit-objc-header-path /Users/admin/builder/spi-builder-workspace/.derivedData/Build/Intermediates.noindex/DSFImageFlipbook.build/Debug-watchos/DSFImageFlipbook-t.build/Objects-normal/arm64/DSFImageFlipbook-Swift.h -working-directory /Users/admin/builder/spi-builder-workspace/.swiftpm/xcode -experimental-emit-module-separately -disable-cmo
SwiftDriver DSFImageFlipbook normal arm64_32 com.apple.xcode.tools.swift.compiler (in target 'DSFImageFlipbook' from project 'DSFImageFlipbook')
    cd /Users/admin/builder/spi-builder-workspace/.swiftpm/xcode
    builtin-SwiftDriver -- /Applications/Xcode-27.0.0-Release.Candidate.app/Contents/Developer/Toolchains/XcodeDefault.xctoolchain/usr/bin/swiftc -parse-as-library -module-name DSFImageFlipbook -Onone @/Users/admin/builder/spi-builder-workspace/.derivedData/Build/Intermediates.noindex/DSFImageFlipbook.build/Debug-watchos/DSFImageFlipbook-t.build/Objects-normal/arm64_32/DSFImageFlipbook.SwiftFileList -DSWIFT_PACKAGE -DDEBUG -DSWIFT_MODULE_RESOURCE_BUNDLE_UNAVAILABLE -DXcode -plugin-path /Applications/Xcode-27.0.0-Release.Candidate.app/Contents/Developer/Toolchains/XcodeDefault.xctoolchain/usr/lib/swift/host/plugins/testing -enable-experimental-feature DebugDescriptionMacro -sdk /Applications/Xcode-27.0.0-Release.Candidate.app/Contents/Developer/Platforms/WatchOS.platform/Developer/SDKs/WatchOS27.0.sdk -target arm64_32-apple-watchos9.0 -g -module-cache-path /Users/admin/builder/spi-builder-workspace/.derivedData/ModuleCache.noindex -Xfrontend -serialize-debugging-options -profile-coverage-mapping -profile-generate -enable-testing -suppress-warnings -index-store-path /Users/admin/builder/spi-builder-workspace/.derivedData/Index.noindex/DataStore -Xcc -D_LIBCPP_HARDENING_MODE\=_LIBCPP_HARDENING_MODE_DEBUG -swift-version 5 -I /Users/admin/builder/spi-builder-workspace/.derivedData/Build/Products/Debug-watchos -Isystem /Applications/Xcode-27.0.0-Release.Candidate.app/Contents/Developer/Platforms/WatchOS.platform/Developer/usr/lib -F /Users/admin/builder/spi-builder-workspace/.derivedData/Build/Products/Debug-watchos -F /Applications/Xcode-27.0.0-Release.Candidate.app/Contents/Developer/Platforms/WatchOS.platform/Developer/Library/Frameworks -F /Applications/Xcode-27.0.0-Release.Candidate.app/Contents/Developer/Platforms/WatchOS.platform/Developer/SDKs/WatchOS27.0.sdk/Developer/Library/Frameworks -c -j10 -enable-batch-mode -incremental -Xcc -ivfsstatcache -Xcc /Users/admin/builder/spi-builder-workspace/.derivedData/SDKStatCaches.noindex/watchos27.0-24R360-e829b21a6f8c9b70876ba0858053c04477534ef55a1706bf4c1112bbb242f0a2.sdkstatcache -output-file-map /Users/admin/builder/spi-builder-workspace/.derivedData/Build/Intermediates.noindex/DSFImageFlipbook.build/Debug-watchos/DSFImageFlipbook-t.build/Objects-normal/arm64_32/DSFImageFlipbook-OutputFileMap.json -save-temps -no-color-diagnostics -explicit-module-build -module-cache-path /Users/admin/builder/spi-builder-workspace/.derivedData/Build/Intermediates.noindex/SwiftExplicitPrecompiledModules -clang-scanner-module-cache-path /Users/admin/builder/spi-builder-workspace/.derivedData/ModuleCache.noindex -sdk-module-cache-path /Users/admin/builder/spi-builder-workspace/.derivedData/SDKExplicitPrecompiledModules -emit-dependencies -emit-module -emit-module-path /Users/admin/builder/spi-builder-workspace/.derivedData/Build/Intermediates.noindex/DSFImageFlipbook.build/Debug-watchos/DSFImageFlipbook-t.build/Objects-normal/arm64_32/DSFImageFlipbook.swiftmodule -serialize-diagnostics -dependency-scan-serialize-diagnostics-path /Users/admin/builder/spi-builder-workspace/.derivedData/Build/Intermediates.noindex/DSFImageFlipbook.build/Debug-watchos/DSFImageFlipbook-t.build/Objects-normal/arm64_32/DSFImageFlipbook-dependency-scan.dia -validate-clang-modules-once -clang-build-session-file /Users/admin/builder/spi-builder-workspace/.derivedData/ModuleCache.noindex/Session.modulevalidation -Xcc -fmodules-prune-interval\=86400 -Xcc -fmodules-prune-after\=345600 -emit-const-values -const-gather-protocols-list /Users/admin/builder/spi-builder-workspace/.derivedData/Build/Intermediates.noindex/DSFImageFlipbook.build/Debug-watchos/DSFImageFlipbook-t.build/Objects-normal/arm64_32/DSFImageFlipbook_const_extract_protocols.json -Xcc -I/Users/admin/builder/spi-builder-workspace/.derivedData/Build/Products/Debug-watchos/include -Xcc -I/Users/admin/builder/spi-builder-workspace/.derivedData/Build/Intermediates.noindex/DSFImageFlipbook.build/Debug-watchos/DSFImageFlipbook-t.build/DerivedSources-normal/arm64_32 -Xcc -I/Users/admin/builder/spi-builder-workspace/.derivedData/Build/Intermediates.noindex/DSFImageFlipbook.build/Debug-watchos/DSFImageFlipbook-t.build/DerivedSources/arm64_32 -Xcc -I/Users/admin/builder/spi-builder-workspace/.derivedData/Build/Intermediates.noindex/DSFImageFlipbook.build/Debug-watchos/DSFImageFlipbook-t.build/DerivedSources -Xcc -DSWIFT_PACKAGE -Xcc -DDEBUG\=1 -emit-objc-header -emit-objc-header-path /Users/admin/builder/spi-builder-workspace/.derivedData/Build/Intermediates.noindex/DSFImageFlipbook.build/Debug-watchos/DSFImageFlipbook-t.build/Objects-normal/arm64_32/DSFImageFlipbook-Swift.h -working-directory /Users/admin/builder/spi-builder-workspace/.swiftpm/xcode -experimental-emit-module-separately -disable-cmo
SwiftExplicitDependencyGeneratePcm arm64 /Users/admin/builder/spi-builder-workspace/.derivedData/SDKExplicitPrecompiledModules/_SwiftConcurrencyShims-659N52XSKR5F0QSB880BH2FJR.pcm
SwiftExplicitDependencyGeneratePcm arm64 /Users/admin/builder/spi-builder-workspace/.derivedData/SDKExplicitPrecompiledModules/_Builtin_stdarg-A7UU8LE6MP85SM26YO7PBZNUQ.pcm
SwiftExplicitDependencyGeneratePcm arm64 /Users/admin/builder/spi-builder-workspace/.derivedData/SDKExplicitPrecompiledModules/SwiftShims-4MXFZPV6FEB0XBYXCGPWAMQGL.pcm
SwiftExplicitDependencyGeneratePcm arm64 /Users/admin/builder/spi-builder-workspace/.derivedData/SDKExplicitPrecompiledModules/_Builtin_float-C0CW5Q4HGBQYKE77TC42IAFB5.pcm
SwiftExplicitDependencyGeneratePcm arm64 /Users/admin/builder/spi-builder-workspace/.derivedData/SDKExplicitPrecompiledModules/ptrcheck-AIF0NDOYZ8ORBNHQAQR5NNB8M.pcm
SwiftExplicitDependencyGeneratePcm arm64_32 /Users/admin/builder/spi-builder-workspace/.derivedData/SDKExplicitPrecompiledModules/ptrcheck-7ELIH9BTIGVKX3UBITM9N72WD.pcm
SwiftExplicitDependencyGeneratePcm arm64_32 /Users/admin/builder/spi-builder-workspace/.derivedData/SDKExplicitPrecompiledModules/_Builtin_float-6KO8O3PEWRCA4WC6PPLOYO6WJ.pcm
SwiftExplicitDependencyGeneratePcm arm64_32 /Users/admin/builder/spi-builder-workspace/.derivedData/SDKExplicitPrecompiledModules/SwiftShims-9CQQGWTSNTN9EB5NSHDWUJICH.pcm
SwiftExplicitDependencyGeneratePcm arm64_32 /Users/admin/builder/spi-builder-workspace/.derivedData/SDKExplicitPrecompiledModules/_AvailabilityInternal-244WAN3Z1QBT7PIA64EZEFY1R.pcm
SwiftExplicitDependencyGeneratePcm arm64 /Users/admin/builder/spi-builder-workspace/.derivedData/SDKExplicitPrecompiledModules/_AvailabilityInternal-BUNV3UXM65NT37THI4W1AM0SF.pcm
SwiftExplicitDependencyGeneratePcm arm64_32 /Users/admin/builder/spi-builder-workspace/.derivedData/SDKExplicitPrecompiledModules/_Builtin_stdarg-D305JG44A2WPI6CJY37X3QJE8.pcm
SwiftExplicitDependencyGeneratePcm arm64_32 /Users/admin/builder/spi-builder-workspace/.derivedData/SDKExplicitPrecompiledModules/_SwiftConcurrencyShims-6RTBPQ03V7BM9SPRK8SUE055H.pcm
SwiftExplicitDependencyGeneratePcm arm64_32 /Users/admin/builder/spi-builder-workspace/.derivedData/SDKExplicitPrecompiledModules/_Builtin_stddef-H44EFHQX6XSS5MZ7QP6YJZ76.pcm
SwiftExplicitDependencyGeneratePcm arm64_32 /Users/admin/builder/spi-builder-workspace/.derivedData/SDKExplicitPrecompiledModules/ptrauth-BFXF358ME5AK535N5A9Z766WU.pcm
SwiftExplicitDependencyGeneratePcm arm64 /Users/admin/builder/spi-builder-workspace/.derivedData/SDKExplicitPrecompiledModules/_Builtin_stddef-1FU30Y8SWFB7OUUHMJQH5J6FM.pcm
SwiftExplicitDependencyGeneratePcm arm64 /Users/admin/builder/spi-builder-workspace/.derivedData/SDKExplicitPrecompiledModules/_Builtin_stdbool-83J96QSOFE9VX04AAS6310UAE.pcm
SwiftExplicitDependencyGeneratePcm arm64 /Users/admin/builder/spi-builder-workspace/.derivedData/SDKExplicitPrecompiledModules/ptrauth-3TZ9WJCGLYD25HQPWH4968ONX.pcm
SwiftExplicitDependencyGeneratePcm arm64_32 /Users/admin/builder/spi-builder-workspace/.derivedData/SDKExplicitPrecompiledModules/_DarwinFoundation1-2GWF9RFMPLQW4PDHS3NARVI3G.pcm
SwiftExplicitDependencyGeneratePcm arm64 /Users/admin/builder/spi-builder-workspace/.derivedData/SDKExplicitPrecompiledModules/_DarwinFoundation1-7SPX3MD0HMP55E4OLNCPNDQ53.pcm
SwiftExplicitDependencyGeneratePcm arm64_32 /Users/admin/builder/spi-builder-workspace/.derivedData/SDKExplicitPrecompiledModules/_Builtin_stdbool-A967K8W8YUYEC9SN52KJ7OO88.pcm
SwiftExplicitDependencyGeneratePcm arm64_32 /Users/admin/builder/spi-builder-workspace/.derivedData/SDKExplicitPrecompiledModules/_DarwinFoundation2-9MY8GOSYRO0M9MKNXF6D3MBNK.pcm
SwiftExplicitDependencyGeneratePcm arm64_32 /Users/admin/builder/spi-builder-workspace/.derivedData/SDKExplicitPrecompiledModules/_Builtin_limits-3VKBU2AFTD65PAJZ5CJ3LHFM2.pcm
SwiftExplicitDependencyGeneratePcm arm64 /Users/admin/builder/spi-builder-workspace/.derivedData/SDKExplicitPrecompiledModules/_Builtin_limits-9GWPA2B0H20DYUNYHYCWKABJG.pcm
SwiftExplicitDependencyGeneratePcm arm64 /Users/admin/builder/spi-builder-workspace/.derivedData/SDKExplicitPrecompiledModules/_DarwinFoundation2-D0XAPJU49S5E9XMKYOFGSTB1Q.pcm
SwiftExplicitDependencyGeneratePcm arm64_32 /Users/admin/builder/spi-builder-workspace/.derivedData/SDKExplicitPrecompiledModules/_Builtin_tgmath-23PGCKURCQILXMK0MYZRYDCOU.pcm
SwiftExplicitDependencyGeneratePcm arm64_32 /Users/admin/builder/spi-builder-workspace/.derivedData/SDKExplicitPrecompiledModules/string_h-BFVLUQUSBZWYMLCU9QI7VZALW.pcm
SwiftExplicitDependencyGeneratePcm arm64_32 /Users/admin/builder/spi-builder-workspace/.derivedData/SDKExplicitPrecompiledModules/_Builtin_stdint-1HMXWI3V0V4TXHRWZOMZGZ80Y.pcm
SwiftExplicitDependencyGeneratePcm arm64_32 /Users/admin/builder/spi-builder-workspace/.derivedData/SDKExplicitPrecompiledModules/sys_types-8TLLMW08ZJWDGIIPKOYFGHHZW.pcm
SwiftExplicitDependencyGeneratePcm arm64 /Users/admin/builder/spi-builder-workspace/.derivedData/SDKExplicitPrecompiledModules/string_h-E6PRXK75PHIPCZFWOFCQ3QBMK.pcm
SwiftExplicitDependencyGeneratePcm arm64 /Users/admin/builder/spi-builder-workspace/.derivedData/SDKExplicitPrecompiledModules/_Builtin_stdint-8XMILLJZEGRN2XG7XZUXZ5RLX.pcm
SwiftExplicitDependencyGeneratePcm arm64 /Users/admin/builder/spi-builder-workspace/.derivedData/SDKExplicitPrecompiledModules/sys_types-2KXQLI78OUCDP779AE68GZJ2.pcm
SwiftExplicitDependencyGeneratePcm arm64 /Users/admin/builder/spi-builder-workspace/.derivedData/SDKExplicitPrecompiledModules/_Builtin_tgmath-8NQ96OZ0YHXEC24JI95P01UF8.pcm
SwiftExplicitDependencyGeneratePcm arm64_32 /Users/admin/builder/spi-builder-workspace/.derivedData/SDKExplicitPrecompiledModules/_DarwinFoundation3-3DUTYQDQSD9HUAAVY947NMWOI.pcm
SwiftExplicitDependencyGeneratePcm arm64_32 /Users/admin/builder/spi-builder-workspace/.derivedData/SDKExplicitPrecompiledModules/_Builtin_intrinsics-196IIAKDQVU42DLOZP9OQCV76.pcm
SwiftExplicitDependencyGeneratePcm arm64 /Users/admin/builder/spi-builder-workspace/.derivedData/SDKExplicitPrecompiledModules/_Builtin_intrinsics-75960HIPCIYA06IUW8FIIPQT.pcm
SwiftExplicitDependencyGeneratePcm arm64 /Users/admin/builder/spi-builder-workspace/.derivedData/SDKExplicitPrecompiledModules/_DarwinFoundation3-B97LRG0E9GON2NUE65TVG81HU.pcm
SwiftExplicitDependencyGeneratePcm arm64_32 /Users/admin/builder/spi-builder-workspace/.derivedData/SDKExplicitPrecompiledModules/_Builtin_inttypes-D2KPCR4PEX9AQA33NGLUT5SBR.pcm
SwiftExplicitDependencyGeneratePcm arm64 /Users/admin/builder/spi-builder-workspace/.derivedData/SDKExplicitPrecompiledModules/_Builtin_inttypes-3UQSCM7WNM9EK4HZML8TY5J3D.pcm
SwiftExplicitDependencyGeneratePcm arm64_32 /Users/admin/builder/spi-builder-workspace/.derivedData/SDKExplicitPrecompiledModules/Darwin-3FVT1SKLN2ZQ5RVOABMTQBB34.pcm
SwiftExplicitDependencyGeneratePcm arm64 /Users/admin/builder/spi-builder-workspace/.derivedData/SDKExplicitPrecompiledModules/Darwin-3984OXKFNSPE77NT743WK8SEX.pcm
SwiftExplicitDependencyGeneratePcm arm64_32 /Users/admin/builder/spi-builder-workspace/.derivedData/SDKExplicitPrecompiledModules/simd-21UNWYOBUZI1LVSQ99S1XBLMO.pcm
SwiftExplicitDependencyGeneratePcm arm64 /Users/admin/builder/spi-builder-workspace/.derivedData/SDKExplicitPrecompiledModules/simd-EH08NODU6574T74ZKU61VP9BW.pcm
SwiftExplicitDependencyGeneratePcm arm64 /Users/admin/builder/spi-builder-workspace/.derivedData/SDKExplicitPrecompiledModules/ObjectiveC-72IVD3VS2RS8Q28D9PIMY0KQP.pcm
SwiftExplicitDependencyGeneratePcm arm64_32 /Users/admin/builder/spi-builder-workspace/.derivedData/SDKExplicitPrecompiledModules/ObjectiveC-6IJNELR2E80E7LUKESVCP2KET.pcm
SwiftExplicitDependencyGeneratePcm arm64 /Users/admin/builder/spi-builder-workspace/.derivedData/SDKExplicitPrecompiledModules/os_object-3SDKD7F87FTZ26OON37DRYT6O.pcm
SwiftExplicitDependencyGeneratePcm arm64_32 /Users/admin/builder/spi-builder-workspace/.derivedData/SDKExplicitPrecompiledModules/os_object-5YWTC6L4756IWSTPGXS5NM0D0.pcm
SwiftExplicitDependencyGeneratePcm arm64 /Users/admin/builder/spi-builder-workspace/.derivedData/SDKExplicitPrecompiledModules/os_workgroup-89GG5G7YC2D0ZTK6AZXXQ20DH.pcm
SwiftExplicitDependencyGeneratePcm arm64_32 /Users/admin/builder/spi-builder-workspace/.derivedData/SDKExplicitPrecompiledModules/os_workgroup-5JHTPDMNBUNHLJI8LPHKQK1JK.pcm
SwiftExplicitDependencyGeneratePcm arm64 /Users/admin/builder/spi-builder-workspace/.derivedData/SDKExplicitPrecompiledModules/Dispatch-1NLJOVAK60XP0DUB05XA59EIM.pcm
SwiftExplicitDependencyGeneratePcm arm64_32 /Users/admin/builder/spi-builder-workspace/.derivedData/SDKExplicitPrecompiledModules/Dispatch-2P62F1T4XV63S4P99TUDTOK2Q.pcm
SwiftExplicitDependencyGeneratePcm arm64_32 /Users/admin/builder/spi-builder-workspace/.derivedData/SDKExplicitPrecompiledModules/XPC-81Y45QFY96XYYFCW2GT6FY8S4.pcm
SwiftExplicitDependencyGeneratePcm arm64_32 /Users/admin/builder/spi-builder-workspace/.derivedData/SDKExplicitPrecompiledModules/CoreFoundation-8E6Y4BA3EXYKUGJ24GT9LGV3N.pcm
SwiftExplicitDependencyGeneratePcm arm64 /Users/admin/builder/spi-builder-workspace/.derivedData/SDKExplicitPrecompiledModules/XPC-40DR0X1DHKGCV4J1IOLFS8MOU.pcm
SwiftExplicitDependencyGeneratePcm arm64 /Users/admin/builder/spi-builder-workspace/.derivedData/SDKExplicitPrecompiledModules/CoreFoundation-8T2L24YC5NU7WO6WQJWRY7W08.pcm
SwiftExplicitDependencyGeneratePcm arm64_32 /Users/admin/builder/spi-builder-workspace/.derivedData/SDKExplicitPrecompiledModules/CoreGraphics-9FDXYX6BKBUT6TJ2VF819E7T5.pcm
SwiftExplicitDependencyGeneratePcm arm64_32 /Users/admin/builder/spi-builder-workspace/.derivedData/SDKExplicitPrecompiledModules/CoreAudioTypes-9GVB1DHA32M46R4A9NWSI3I2K.pcm
SwiftExplicitDependencyGeneratePcm arm64_32 /Users/admin/builder/spi-builder-workspace/.derivedData/SDKExplicitPrecompiledModules/Security-D7TOWF88VWF67TB9HAFP5UWB1.pcm
SwiftExplicitDependencyGeneratePcm arm64 /Users/admin/builder/spi-builder-workspace/.derivedData/SDKExplicitPrecompiledModules/Security-6RZ6YBRU8WCUHRFFRVUK5WKMM.pcm
SwiftExplicitDependencyGeneratePcm arm64 /Users/admin/builder/spi-builder-workspace/.derivedData/SDKExplicitPrecompiledModules/CoreGraphics-DWNZ73GEH98SBJXZ7DEXB420K.pcm
SwiftExplicitDependencyGeneratePcm arm64 /Users/admin/builder/spi-builder-workspace/.derivedData/SDKExplicitPrecompiledModules/CoreAudioTypes-A9MF7N5LT63G21HNFVM6BT14B.pcm
SwiftExplicitDependencyGeneratePcm arm64 /Users/admin/builder/spi-builder-workspace/.derivedData/SDKExplicitPrecompiledModules/CoreAudio-1B79RJJTP71GE6UY9WLESAN3C.pcm
SwiftExplicitDependencyGeneratePcm arm64_32 /Users/admin/builder/spi-builder-workspace/.derivedData/SDKExplicitPrecompiledModules/CoreAudio-5W6MX6OUPWBMUR8VD5LHT1PZF.pcm
SwiftExplicitDependencyGeneratePcm arm64 /Users/admin/builder/spi-builder-workspace/.derivedData/SDKExplicitPrecompiledModules/Foundation-DLBKUSGXN8QHAT8W0OARR9S8A.pcm
SwiftExplicitDependencyGeneratePcm arm64_32 /Users/admin/builder/spi-builder-workspace/.derivedData/SDKExplicitPrecompiledModules/Foundation-BJ2VQGI3OGR34500MEQ1VKHPH.pcm
SwiftExplicitDependencyGeneratePcm arm64_32 /Users/admin/builder/spi-builder-workspace/.derivedData/SDKExplicitPrecompiledModules/ImageIO-2Y4S05VUFWLNTRW92S35BUMG8.pcm
SwiftExplicitDependencyGeneratePcm arm64_32 /Users/admin/builder/spi-builder-workspace/.derivedData/SDKExplicitPrecompiledModules/CoreVideo-2P8HI0403J99LBDPKNFJ5D4DL.pcm
SwiftExplicitDependencyGeneratePcm arm64 /Users/admin/builder/spi-builder-workspace/.derivedData/SDKExplicitPrecompiledModules/CoreVideo-8MRR5MNWUOAW2DBPGUQ8FKK4.pcm
SwiftExplicitDependencyGeneratePcm arm64 /Users/admin/builder/spi-builder-workspace/.derivedData/SDKExplicitPrecompiledModules/ImageIO-208F4GO13XRG67XXLAMH07N4X.pcm
SwiftExplicitDependencyGeneratePcm arm64_32 /Users/admin/builder/spi-builder-workspace/.derivedData/SDKExplicitPrecompiledModules/CoreMedia-AO387T8CHWTTZODD1DGT0UAFA.pcm
SwiftExplicitDependencyGeneratePcm arm64 /Users/admin/builder/spi-builder-workspace/.derivedData/SDKExplicitPrecompiledModules/CoreMedia-1AJVCUZNAO74KIKMFVFUUHWDI.pcm
SwiftExplicitDependencyGeneratePcm arm64_32 /Users/admin/builder/spi-builder-workspace/.derivedData/SDKExplicitPrecompiledModules/CoreMIDI-8Q3SSIDM9J726670QKKYTPP3W.pcm
SwiftExplicitDependencyGeneratePcm arm64_32 /Users/admin/builder/spi-builder-workspace/.derivedData/SDKExplicitPrecompiledModules/QuartzCore-6375NPYACK5NYVHPMC1QQ8MC2.pcm
SwiftExplicitDependencyGeneratePcm arm64 /Users/admin/builder/spi-builder-workspace/.derivedData/SDKExplicitPrecompiledModules/CoreMIDI-DMNFPOXYVF7STUO5GNB3DF2BQ.pcm
SwiftExplicitDependencyGeneratePcm arm64 /Users/admin/builder/spi-builder-workspace/.derivedData/SDKExplicitPrecompiledModules/UniformTypeIdentifiers-8L08Q8DQJV8C4AW84YVGFGTRN.pcm
SwiftExplicitDependencyGeneratePcm arm64 /Users/admin/builder/spi-builder-workspace/.derivedData/SDKExplicitPrecompiledModules/QuartzCore-94KFMWNOU7ZLUZNB4T5DLZC9D.pcm
SwiftExplicitDependencyGeneratePcm arm64_32 /Users/admin/builder/spi-builder-workspace/.derivedData/SDKExplicitPrecompiledModules/UniformTypeIdentifiers-CJZ3NTHPSBH4XWX5EVOG56UZS.pcm
SwiftExplicitDependencyGeneratePcm arm64 /Users/admin/builder/spi-builder-workspace/.derivedData/SDKExplicitPrecompiledModules/AVFAudio-6A028BJEJQTO3623H6QZ4E26C.pcm
SwiftExplicitDependencyGeneratePcm arm64_32 /Users/admin/builder/spi-builder-workspace/.derivedData/SDKExplicitPrecompiledModules/AVFAudio-E592LPPEJNCSUD5VBNV0IP3RS.pcm
SwiftExplicitDependencyGeneratePcm arm64 /Users/admin/builder/spi-builder-workspace/.derivedData/SDKExplicitPrecompiledModules/AVFoundation-78VW43DHMXH57E9M5JLISD2E9.pcm
SwiftExplicitDependencyGeneratePcm arm64_32 /Users/admin/builder/spi-builder-workspace/.derivedData/SDKExplicitPrecompiledModules/AVFoundation-EPE1OBOP1126QTAL5QEGZFKYT.pcm
SwiftEmitModule normal arm64_32 Emitting\ module\ for\ DSFImageFlipbook (in target 'DSFImageFlipbook' from project 'DSFImageFlipbook')
SwiftCompile normal arm64_32 (in target 'DSFImageFlipbook' from project 'DSFImageFlipbook')
    cd /Users/admin/builder/spi-builder-workspace/.swiftpm/xcode

SwiftCompile normal arm64_32 Compiling\ DSFImageFlipbook.swift /Users/admin/builder/spi-builder-workspace/.dependencies/checkouts/DSFImageFlipbook/Sources/DSFImageFlipbook/DSFImageFlipbook.swift (in target 'DSFImageFlipbook' from project 'DSFImageFlipbook')
SwiftCompile normal arm64_32 /Users/admin/builder/spi-builder-workspace/.dependencies/checkouts/DSFImageFlipbook/Sources/DSFImageFlipbook/DSFImageFlipbook.swift (in target 'DSFImageFlipbook' from project 'DSFImageFlipbook')
    cd /Users/admin/builder/spi-builder-workspace/.swiftpm/xcode
    builtin-SwiftPerFileCompile DSFImageFlipbook.swift
/Users/admin/builder/spi-builder-workspace/.dependencies/checkouts/DSFImageFlipbook/Sources/DSFImageFlipbook/DSFImageFlipbook.swift:243:20: error: 'AVAssetImageGenerator' is unavailable in watchOS
241 |
242 | 			let asset = AVURLAsset(url: url)
243 | 			let generator = AVAssetImageGenerator(asset: asset)
    |                    `- error: 'AVAssetImageGenerator' is unavailable in watchOS
244 | 			generator.requestedTimeToleranceAfter = .zero
245 | 			generator.requestedTimeToleranceBefore = .zero
/Applications/Xcode-27.0.0-Release.Candidate.app/Contents/Developer/Platforms/WatchOS.platform/Developer/SDKs/WatchOS27.0.sdk/System/Library/Frameworks/AVFoundation.framework/Headers/AVAssetImageGenerator.h:87:12: note: 'AVAssetImageGenerator' has been explicitly marked unavailable here
 85 |
 86 | API_AVAILABLE(macos(10.7), ios(4.0), tvos(9.0), visionos(1.0)) API_UNAVAILABLE(watchos)
 87 | @interface AVAssetImageGenerator : NSObject
    |            `- note: 'AVAssetImageGenerator' has been explicitly marked unavailable here
 88 | {
 89 | @private
/Users/admin/builder/spi-builder-workspace/.dependencies/checkouts/DSFImageFlipbook/Sources/DSFImageFlipbook/DSFImageFlipbook.swift:244:14: error: 'requestedTimeToleranceAfter' is unavailable in watchOS
242 | 			let asset = AVURLAsset(url: url)
243 | 			let generator = AVAssetImageGenerator(asset: asset)
244 | 			generator.requestedTimeToleranceAfter = .zero
    |              `- error: 'requestedTimeToleranceAfter' is unavailable in watchOS
245 | 			generator.requestedTimeToleranceBefore = .zero
246 |
/Applications/Xcode-27.0.0-Release.Candidate.app/Contents/Developer/Platforms/WatchOS.platform/Developer/SDKs/WatchOS27.0.sdk/System/Library/Frameworks/AVFoundation.framework/Headers/AVAssetImageGenerator.h:137:30: note: 'requestedTimeToleranceAfter' has been explicitly marked unavailable here
135 |    Default is kCMTimePositiveInfinity. */
136 | @property (nonatomic) CMTime requestedTimeToleranceBefore API_AVAILABLE(macos(10.7), ios(5.0), tvos(9.0), visionos(1.0)) API_UNAVAILABLE(watchos);
137 | @property (nonatomic) CMTime requestedTimeToleranceAfter API_AVAILABLE(macos(10.7), ios(5.0), tvos(9.0), visionos(1.0)) API_UNAVAILABLE(watchos);
    |                              `- note: 'requestedTimeToleranceAfter' has been explicitly marked unavailable here
138 |
139 | /*!
/Users/admin/builder/spi-builder-workspace/.dependencies/checkouts/DSFImageFlipbook/Sources/DSFImageFlipbook/DSFImageFlipbook.swift:245:14: error: 'requestedTimeToleranceBefore' is unavailable in watchOS
243 | 			let generator = AVAssetImageGenerator(asset: asset)
244 | 			generator.requestedTimeToleranceAfter = .zero
245 | 			generator.requestedTimeToleranceBefore = .zero
    |              `- error: 'requestedTimeToleranceBefore' is unavailable in watchOS
246 |
247 | 			let duration = CMTimeGetSeconds(asset.duration)
/Applications/Xcode-27.0.0-Release.Candidate.app/Contents/Developer/Platforms/WatchOS.platform/Developer/SDKs/WatchOS27.0.sdk/System/Library/Frameworks/AVFoundation.framework/Headers/AVAssetImageGenerator.h:136:30: note: 'requestedTimeToleranceBefore' has been explicitly marked unavailable here
134 |    Pass kCMTimeZero for both toleranceBefore and toleranceAfter to request frame-accurate image generation; this may incur additional decoding delay.
135 |    Default is kCMTimePositiveInfinity. */
136 | @property (nonatomic) CMTime requestedTimeToleranceBefore API_AVAILABLE(macos(10.7), ios(5.0), tvos(9.0), visionos(1.0)) API_UNAVAILABLE(watchos);
    |                              `- note: 'requestedTimeToleranceBefore' has been explicitly marked unavailable here
137 | @property (nonatomic) CMTime requestedTimeToleranceAfter API_AVAILABLE(macos(10.7), ios(5.0), tvos(9.0), visionos(1.0)) API_UNAVAILABLE(watchos);
138 |
SwiftEmitModule normal arm64 Emitting\ module\ for\ DSFImageFlipbook (in target 'DSFImageFlipbook' from project 'DSFImageFlipbook')
SwiftCompile normal arm64 (in target 'DSFImageFlipbook' from project 'DSFImageFlipbook')
    cd /Users/admin/builder/spi-builder-workspace/.swiftpm/xcode

SwiftCompile normal arm64 Compiling\ DSFImageFlipbook.swift /Users/admin/builder/spi-builder-workspace/.dependencies/checkouts/DSFImageFlipbook/Sources/DSFImageFlipbook/DSFImageFlipbook.swift (in target 'DSFImageFlipbook' from project 'DSFImageFlipbook')
/Users/admin/builder/spi-builder-workspace/.dependencies/checkouts/DSFImageFlipbook/Sources/DSFImageFlipbook/DSFImageFlipbook.swift:243:20: error: 'AVAssetImageGenerator' is unavailable in watchOS
241 |
242 | 			let asset = AVURLAsset(url: url)
243 | 			let generator = AVAssetImageGenerator(asset: asset)
    |                    `- error: 'AVAssetImageGenerator' is unavailable in watchOS
244 | 			generator.requestedTimeToleranceAfter = .zero
245 | 			generator.requestedTimeToleranceBefore = .zero
/Applications/Xcode-27.0.0-Release.Candidate.app/Contents/Developer/Platforms/WatchOS.platform/Developer/SDKs/WatchOS27.0.sdk/System/Library/Frameworks/AVFoundation.framework/Headers/AVAssetImageGenerator.h:87:12: note: 'AVAssetImageGenerator' has been explicitly marked unavailable here
 85 |
 86 | API_AVAILABLE(macos(10.7), ios(4.0), tvos(9.0), visionos(1.0)) API_UNAVAILABLE(watchos)
 87 | @interface AVAssetImageGenerator : NSObject
    |            `- note: 'AVAssetImageGenerator' has been explicitly marked unavailable here
 88 | {
 89 | @private
/Users/admin/builder/spi-builder-workspace/.dependencies/checkouts/DSFImageFlipbook/Sources/DSFImageFlipbook/DSFImageFlipbook.swift:244:14: error: 'requestedTimeToleranceAfter' is unavailable in watchOS
242 | 			let asset = AVURLAsset(url: url)
243 | 			let generator = AVAssetImageGenerator(asset: asset)
244 | 			generator.requestedTimeToleranceAfter = .zero
    |              `- error: 'requestedTimeToleranceAfter' is unavailable in watchOS
245 | 			generator.requestedTimeToleranceBefore = .zero
246 |
/Applications/Xcode-27.0.0-Release.Candidate.app/Contents/Developer/Platforms/WatchOS.platform/Developer/SDKs/WatchOS27.0.sdk/System/Library/Frameworks/AVFoundation.framework/Headers/AVAssetImageGenerator.h:137:30: note: 'requestedTimeToleranceAfter' has been explicitly marked unavailable here
135 |    Default is kCMTimePositiveInfinity. */
136 | @property (nonatomic) CMTime requestedTimeToleranceBefore API_AVAILABLE(macos(10.7), ios(5.0), tvos(9.0), visionos(1.0)) API_UNAVAILABLE(watchos);
137 | @property (nonatomic) CMTime requestedTimeToleranceAfter API_AVAILABLE(macos(10.7), ios(5.0), tvos(9.0), visionos(1.0)) API_UNAVAILABLE(watchos);
    |                              `- note: 'requestedTimeToleranceAfter' has been explicitly marked unavailable here
138 |
139 | /*!
/Users/admin/builder/spi-builder-workspace/.dependencies/checkouts/DSFImageFlipbook/Sources/DSFImageFlipbook/DSFImageFlipbook.swift:245:14: error: 'requestedTimeToleranceBefore' is unavailable in watchOS
243 | 			let generator = AVAssetImageGenerator(asset: asset)
244 | 			generator.requestedTimeToleranceAfter = .zero
245 | 			generator.requestedTimeToleranceBefore = .zero
    |              `- error: 'requestedTimeToleranceBefore' is unavailable in watchOS
246 |
247 | 			let duration = CMTimeGetSeconds(asset.duration)
/Applications/Xcode-27.0.0-Release.Candidate.app/Contents/Developer/Platforms/WatchOS.platform/Developer/SDKs/WatchOS27.0.sdk/System/Library/Frameworks/AVFoundation.framework/Headers/AVAssetImageGenerator.h:136:30: note: 'requestedTimeToleranceBefore' has been explicitly marked unavailable here
134 |    Pass kCMTimeZero for both toleranceBefore and toleranceAfter to request frame-accurate image generation; this may incur additional decoding delay.
135 |    Default is kCMTimePositiveInfinity. */
136 | @property (nonatomic) CMTime requestedTimeToleranceBefore API_AVAILABLE(macos(10.7), ios(5.0), tvos(9.0), visionos(1.0)) API_UNAVAILABLE(watchos);
    |                              `- note: 'requestedTimeToleranceBefore' has been explicitly marked unavailable here
137 | @property (nonatomic) CMTime requestedTimeToleranceAfter API_AVAILABLE(macos(10.7), ios(5.0), tvos(9.0), visionos(1.0)) API_UNAVAILABLE(watchos);
138 |
SwiftCompile normal arm64 /Users/admin/builder/spi-builder-workspace/.dependencies/checkouts/DSFImageFlipbook/Sources/DSFImageFlipbook/DSFImageFlipbook.swift (in target 'DSFImageFlipbook' from project 'DSFImageFlipbook')
    cd /Users/admin/builder/spi-builder-workspace/.swiftpm/xcode
    builtin-SwiftPerFileCompile DSFImageFlipbook.swift
SwiftDriverJobDiscovery normal arm64 Emitting module for DSFImageFlipbook (in target 'DSFImageFlipbook' from project 'DSFImageFlipbook')
SwiftDriverJobDiscovery normal arm64_32 Emitting module for DSFImageFlipbook (in target 'DSFImageFlipbook' from project 'DSFImageFlipbook')
SwiftDriver\ Compilation\ Requirements DSFImageFlipbook normal arm64 com.apple.xcode.tools.swift.compiler (in target 'DSFImageFlipbook' from project 'DSFImageFlipbook')
    cd /Users/admin/builder/spi-builder-workspace/.swiftpm/xcode
    builtin-Swift-Compilation-Requirements -- /Applications/Xcode-27.0.0-Release.Candidate.app/Contents/Developer/Toolchains/XcodeDefault.xctoolchain/usr/bin/swiftc -parse-as-library -module-name DSFImageFlipbook -Onone @/Users/admin/builder/spi-builder-workspace/.derivedData/Build/Intermediates.noindex/DSFImageFlipbook.build/Debug-watchos/DSFImageFlipbook-t.build/Objects-normal/arm64/DSFImageFlipbook.SwiftFileList -DSWIFT_PACKAGE -DDEBUG -DSWIFT_MODULE_RESOURCE_BUNDLE_UNAVAILABLE -DXcode -plugin-path /Applications/Xcode-27.0.0-Release.Candidate.app/Contents/Developer/Toolchains/XcodeDefault.xctoolchain/usr/lib/swift/host/plugins/testing -enable-experimental-feature DebugDescriptionMacro -sdk /Applications/Xcode-27.0.0-Release.Candidate.app/Contents/Developer/Platforms/WatchOS.platform/Developer/SDKs/WatchOS27.0.sdk -target arm64-apple-watchos9.0 -g -module-cache-path /Users/admin/builder/spi-builder-workspace/.derivedData/ModuleCache.noindex -Xfrontend -serialize-debugging-options -profile-coverage-mapping -profile-generate -enable-testing -suppress-warnings -index-store-path /Users/admin/builder/spi-builder-workspace/.derivedData/Index.noindex/DataStore -Xcc -D_LIBCPP_HARDENING_MODE\=_LIBCPP_HARDENING_MODE_DEBUG -swift-version 5 -I /Users/admin/builder/spi-builder-workspace/.derivedData/Build/Products/Debug-watchos -Isystem /Applications/Xcode-27.0.0-Release.Candidate.app/Contents/Developer/Platforms/WatchOS.platform/Developer/usr/lib -F /Users/admin/builder/spi-builder-workspace/.derivedData/Build/Products/Debug-watchos -F /Applications/Xcode-27.0.0-Release.Candidate.app/Contents/Developer/Platforms/WatchOS.platform/Developer/Library/Frameworks -F /Applications/Xcode-27.0.0-Release.Candidate.app/Contents/Developer/Platforms/WatchOS.platform/Developer/SDKs/WatchOS27.0.sdk/Developer/Library/Frameworks -c -j10 -enable-batch-mode -incremental -Xcc -ivfsstatcache -Xcc /Users/admin/builder/spi-builder-workspace/.derivedData/SDKStatCaches.noindex/watchos27.0-24R360-e829b21a6f8c9b70876ba0858053c04477534ef55a1706bf4c1112bbb242f0a2.sdkstatcache -output-file-map /Users/admin/builder/spi-builder-workspace/.derivedData/Build/Intermediates.noindex/DSFImageFlipbook.build/Debug-watchos/DSFImageFlipbook-t.build/Objects-normal/arm64/DSFImageFlipbook-OutputFileMap.json -save-temps -no-color-diagnostics -explicit-module-build -module-cache-path /Users/admin/builder/spi-builder-workspace/.derivedData/Build/Intermediates.noindex/SwiftExplicitPrecompiledModules -clang-scanner-module-cache-path /Users/admin/builder/spi-builder-workspace/.derivedData/ModuleCache.noindex -sdk-module-cache-path /Users/admin/builder/spi-builder-workspace/.derivedData/SDKExplicitPrecompiledModules -emit-dependencies -emit-module -emit-module-path /Users/admin/builder/spi-builder-workspace/.derivedData/Build/Intermediates.noindex/DSFImageFlipbook.build/Debug-watchos/DSFImageFlipbook-t.build/Objects-normal/arm64/DSFImageFlipbook.swiftmodule -serialize-diagnostics -dependency-scan-serialize-diagnostics-path /Users/admin/builder/spi-builder-workspace/.derivedData/Build/Intermediates.noindex/DSFImageFlipbook.build/Debug-watchos/DSFImageFlipbook-t.build/Objects-normal/arm64/DSFImageFlipbook-dependency-scan.dia -validate-clang-modules-once -clang-build-session-file /Users/admin/builder/spi-builder-workspace/.derivedData/ModuleCache.noindex/Session.modulevalidation -Xcc -fmodules-prune-interval\=86400 -Xcc -fmodules-prune-after\=345600 -emit-const-values -const-gather-protocols-list /Users/admin/builder/spi-builder-workspace/.derivedData/Build/Intermediates.noindex/DSFImageFlipbook.build/Debug-watchos/DSFImageFlipbook-t.build/Objects-normal/arm64/DSFImageFlipbook_const_extract_protocols.json -Xcc -I/Users/admin/builder/spi-builder-workspace/.derivedData/Build/Products/Debug-watchos/include -Xcc -I/Users/admin/builder/spi-builder-workspace/.derivedData/Build/Intermediates.noindex/DSFImageFlipbook.build/Debug-watchos/DSFImageFlipbook-t.build/DerivedSources-normal/arm64 -Xcc -I/Users/admin/builder/spi-builder-workspace/.derivedData/Build/Intermediates.noindex/DSFImageFlipbook.build/Debug-watchos/DSFImageFlipbook-t.build/DerivedSources/arm64 -Xcc -I/Users/admin/builder/spi-builder-workspace/.derivedData/Build/Intermediates.noindex/DSFImageFlipbook.build/Debug-watchos/DSFImageFlipbook-t.build/DerivedSources -Xcc -DSWIFT_PACKAGE -Xcc -DDEBUG\=1 -emit-objc-header -emit-objc-header-path /Users/admin/builder/spi-builder-workspace/.derivedData/Build/Intermediates.noindex/DSFImageFlipbook.build/Debug-watchos/DSFImageFlipbook-t.build/Objects-normal/arm64/DSFImageFlipbook-Swift.h -working-directory /Users/admin/builder/spi-builder-workspace/.swiftpm/xcode -experimental-emit-module-separately -disable-cmo
SwiftDriver\ Compilation\ Requirements DSFImageFlipbook normal arm64_32 com.apple.xcode.tools.swift.compiler (in target 'DSFImageFlipbook' from project 'DSFImageFlipbook')
    cd /Users/admin/builder/spi-builder-workspace/.swiftpm/xcode
    builtin-Swift-Compilation-Requirements -- /Applications/Xcode-27.0.0-Release.Candidate.app/Contents/Developer/Toolchains/XcodeDefault.xctoolchain/usr/bin/swiftc -parse-as-library -module-name DSFImageFlipbook -Onone @/Users/admin/builder/spi-builder-workspace/.derivedData/Build/Intermediates.noindex/DSFImageFlipbook.build/Debug-watchos/DSFImageFlipbook-t.build/Objects-normal/arm64_32/DSFImageFlipbook.SwiftFileList -DSWIFT_PACKAGE -DDEBUG -DSWIFT_MODULE_RESOURCE_BUNDLE_UNAVAILABLE -DXcode -plugin-path /Applications/Xcode-27.0.0-Release.Candidate.app/Contents/Developer/Toolchains/XcodeDefault.xctoolchain/usr/lib/swift/host/plugins/testing -enable-experimental-feature DebugDescriptionMacro -sdk /Applications/Xcode-27.0.0-Release.Candidate.app/Contents/Developer/Platforms/WatchOS.platform/Developer/SDKs/WatchOS27.0.sdk -target arm64_32-apple-watchos9.0 -g -module-cache-path /Users/admin/builder/spi-builder-workspace/.derivedData/ModuleCache.noindex -Xfrontend -serialize-debugging-options -profile-coverage-mapping -profile-generate -enable-testing -suppress-warnings -index-store-path /Users/admin/builder/spi-builder-workspace/.derivedData/Index.noindex/DataStore -Xcc -D_LIBCPP_HARDENING_MODE\=_LIBCPP_HARDENING_MODE_DEBUG -swift-version 5 -I /Users/admin/builder/spi-builder-workspace/.derivedData/Build/Products/Debug-watchos -Isystem /Applications/Xcode-27.0.0-Release.Candidate.app/Contents/Developer/Platforms/WatchOS.platform/Developer/usr/lib -F /Users/admin/builder/spi-builder-workspace/.derivedData/Build/Products/Debug-watchos -F /Applications/Xcode-27.0.0-Release.Candidate.app/Contents/Developer/Platforms/WatchOS.platform/Developer/Library/Frameworks -F /Applications/Xcode-27.0.0-Release.Candidate.app/Contents/Developer/Platforms/WatchOS.platform/Developer/SDKs/WatchOS27.0.sdk/Developer/Library/Frameworks -c -j10 -enable-batch-mode -incremental -Xcc -ivfsstatcache -Xcc /Users/admin/builder/spi-builder-workspace/.derivedData/SDKStatCaches.noindex/watchos27.0-24R360-e829b21a6f8c9b70876ba0858053c04477534ef55a1706bf4c1112bbb242f0a2.sdkstatcache -output-file-map /Users/admin/builder/spi-builder-workspace/.derivedData/Build/Intermediates.noindex/DSFImageFlipbook.build/Debug-watchos/DSFImageFlipbook-t.build/Objects-normal/arm64_32/DSFImageFlipbook-OutputFileMap.json -save-temps -no-color-diagnostics -explicit-module-build -module-cache-path /Users/admin/builder/spi-builder-workspace/.derivedData/Build/Intermediates.noindex/SwiftExplicitPrecompiledModules -clang-scanner-module-cache-path /Users/admin/builder/spi-builder-workspace/.derivedData/ModuleCache.noindex -sdk-module-cache-path /Users/admin/builder/spi-builder-workspace/.derivedData/SDKExplicitPrecompiledModules -emit-dependencies -emit-module -emit-module-path /Users/admin/builder/spi-builder-workspace/.derivedData/Build/Intermediates.noindex/DSFImageFlipbook.build/Debug-watchos/DSFImageFlipbook-t.build/Objects-normal/arm64_32/DSFImageFlipbook.swiftmodule -serialize-diagnostics -dependency-scan-serialize-diagnostics-path /Users/admin/builder/spi-builder-workspace/.derivedData/Build/Intermediates.noindex/DSFImageFlipbook.build/Debug-watchos/DSFImageFlipbook-t.build/Objects-normal/arm64_32/DSFImageFlipbook-dependency-scan.dia -validate-clang-modules-once -clang-build-session-file /Users/admin/builder/spi-builder-workspace/.derivedData/ModuleCache.noindex/Session.modulevalidation -Xcc -fmodules-prune-interval\=86400 -Xcc -fmodules-prune-after\=345600 -emit-const-values -const-gather-protocols-list /Users/admin/builder/spi-builder-workspace/.derivedData/Build/Intermediates.noindex/DSFImageFlipbook.build/Debug-watchos/DSFImageFlipbook-t.build/Objects-normal/arm64_32/DSFImageFlipbook_const_extract_protocols.json -Xcc -I/Users/admin/builder/spi-builder-workspace/.derivedData/Build/Products/Debug-watchos/include -Xcc -I/Users/admin/builder/spi-builder-workspace/.derivedData/Build/Intermediates.noindex/DSFImageFlipbook.build/Debug-watchos/DSFImageFlipbook-t.build/DerivedSources-normal/arm64_32 -Xcc -I/Users/admin/builder/spi-builder-workspace/.derivedData/Build/Intermediates.noindex/DSFImageFlipbook.build/Debug-watchos/DSFImageFlipbook-t.build/DerivedSources/arm64_32 -Xcc -I/Users/admin/builder/spi-builder-workspace/.derivedData/Build/Intermediates.noindex/DSFImageFlipbook.build/Debug-watchos/DSFImageFlipbook-t.build/DerivedSources -Xcc -DSWIFT_PACKAGE -Xcc -DDEBUG\=1 -emit-objc-header -emit-objc-header-path /Users/admin/builder/spi-builder-workspace/.derivedData/Build/Intermediates.noindex/DSFImageFlipbook.build/Debug-watchos/DSFImageFlipbook-t.build/Objects-normal/arm64_32/DSFImageFlipbook-Swift.h -working-directory /Users/admin/builder/spi-builder-workspace/.swiftpm/xcode -experimental-emit-module-separately -disable-cmo
SwiftMergeGeneratedHeaders /Users/admin/builder/spi-builder-workspace/.derivedData/Build/Intermediates.noindex/GeneratedModuleMaps-watchos/DSFImageFlipbook-Swift.h /Users/admin/builder/spi-builder-workspace/.derivedData/Build/Intermediates.noindex/DSFImageFlipbook.build/Debug-watchos/DSFImageFlipbook-t.build/Objects-normal/arm64/DSFImageFlipbook-Swift.h /Users/admin/builder/spi-builder-workspace/.derivedData/Build/Intermediates.noindex/DSFImageFlipbook.build/Debug-watchos/DSFImageFlipbook-t.build/Objects-normal/arm64_32/DSFImageFlipbook-Swift.h (in target 'DSFImageFlipbook' from project 'DSFImageFlipbook')
    cd /Users/admin/builder/spi-builder-workspace/.dependencies/checkouts/DSFImageFlipbook
    builtin-swiftHeaderTool -arch arm64 /Users/admin/builder/spi-builder-workspace/.derivedData/Build/Intermediates.noindex/DSFImageFlipbook.build/Debug-watchos/DSFImageFlipbook-t.build/Objects-normal/arm64/DSFImageFlipbook-Swift.h -arch arm64_32 /Users/admin/builder/spi-builder-workspace/.derivedData/Build/Intermediates.noindex/DSFImageFlipbook.build/Debug-watchos/DSFImageFlipbook-t.build/Objects-normal/arm64_32/DSFImageFlipbook-Swift.h -o /Users/admin/builder/spi-builder-workspace/.derivedData/Build/Intermediates.noindex/GeneratedModuleMaps-watchos/DSFImageFlipbook-Swift.h
Copy /Users/admin/builder/spi-builder-workspace/.derivedData/Build/Products/Debug-watchos/DSFImageFlipbook.swiftmodule/arm64_32-apple-watchos.swiftmodule /Users/admin/builder/spi-builder-workspace/.derivedData/Build/Intermediates.noindex/DSFImageFlipbook.build/Debug-watchos/DSFImageFlipbook-t.build/Objects-normal/arm64_32/DSFImageFlipbook.swiftmodule (in target 'DSFImageFlipbook' from project 'DSFImageFlipbook')
    cd /Users/admin/builder/spi-builder-workspace/.dependencies/checkouts/DSFImageFlipbook
    builtin-copy -exclude .DS_Store -exclude CVS -exclude .svn -exclude .git -exclude .hg -resolve-src-symlinks -rename /Users/admin/builder/spi-builder-workspace/.derivedData/Build/Intermediates.noindex/DSFImageFlipbook.build/Debug-watchos/DSFImageFlipbook-t.build/Objects-normal/arm64_32/DSFImageFlipbook.swiftmodule /Users/admin/builder/spi-builder-workspace/.derivedData/Build/Products/Debug-watchos/DSFImageFlipbook.swiftmodule/arm64_32-apple-watchos.swiftmodule
Copy /Users/admin/builder/spi-builder-workspace/.derivedData/Build/Products/Debug-watchos/DSFImageFlipbook.swiftmodule/arm64-apple-watchos.swiftmodule /Users/admin/builder/spi-builder-workspace/.derivedData/Build/Intermediates.noindex/DSFImageFlipbook.build/Debug-watchos/DSFImageFlipbook-t.build/Objects-normal/arm64/DSFImageFlipbook.swiftmodule (in target 'DSFImageFlipbook' from project 'DSFImageFlipbook')
    cd /Users/admin/builder/spi-builder-workspace/.dependencies/checkouts/DSFImageFlipbook
    builtin-copy -exclude .DS_Store -exclude CVS -exclude .svn -exclude .git -exclude .hg -resolve-src-symlinks -rename /Users/admin/builder/spi-builder-workspace/.derivedData/Build/Intermediates.noindex/DSFImageFlipbook.build/Debug-watchos/DSFImageFlipbook-t.build/Objects-normal/arm64/DSFImageFlipbook.swiftmodule /Users/admin/builder/spi-builder-workspace/.derivedData/Build/Products/Debug-watchos/DSFImageFlipbook.swiftmodule/arm64-apple-watchos.swiftmodule
Copy /Users/admin/builder/spi-builder-workspace/.derivedData/Build/Products/Debug-watchos/DSFImageFlipbook.swiftmodule/arm64_32-apple-watchos.swiftdoc /Users/admin/builder/spi-builder-workspace/.derivedData/Build/Intermediates.noindex/DSFImageFlipbook.build/Debug-watchos/DSFImageFlipbook-t.build/Objects-normal/arm64_32/DSFImageFlipbook.swiftdoc (in target 'DSFImageFlipbook' from project 'DSFImageFlipbook')
    cd /Users/admin/builder/spi-builder-workspace/.dependencies/checkouts/DSFImageFlipbook
    builtin-copy -exclude .DS_Store -exclude CVS -exclude .svn -exclude .git -exclude .hg -resolve-src-symlinks -rename /Users/admin/builder/spi-builder-workspace/.derivedData/Build/Intermediates.noindex/DSFImageFlipbook.build/Debug-watchos/DSFImageFlipbook-t.build/Objects-normal/arm64_32/DSFImageFlipbook.swiftdoc /Users/admin/builder/spi-builder-workspace/.derivedData/Build/Products/Debug-watchos/DSFImageFlipbook.swiftmodule/arm64_32-apple-watchos.swiftdoc
Copy /Users/admin/builder/spi-builder-workspace/.derivedData/Build/Products/Debug-watchos/DSFImageFlipbook.swiftmodule/arm64_32-apple-watchos.abi.json /Users/admin/builder/spi-builder-workspace/.derivedData/Build/Intermediates.noindex/DSFImageFlipbook.build/Debug-watchos/DSFImageFlipbook-t.build/Objects-normal/arm64_32/DSFImageFlipbook.abi.json (in target 'DSFImageFlipbook' from project 'DSFImageFlipbook')
    cd /Users/admin/builder/spi-builder-workspace/.dependencies/checkouts/DSFImageFlipbook
    builtin-copy -exclude .DS_Store -exclude CVS -exclude .svn -exclude .git -exclude .hg -resolve-src-symlinks -rename /Users/admin/builder/spi-builder-workspace/.derivedData/Build/Intermediates.noindex/DSFImageFlipbook.build/Debug-watchos/DSFImageFlipbook-t.build/Objects-normal/arm64_32/DSFImageFlipbook.abi.json /Users/admin/builder/spi-builder-workspace/.derivedData/Build/Products/Debug-watchos/DSFImageFlipbook.swiftmodule/arm64_32-apple-watchos.abi.json
Copy /Users/admin/builder/spi-builder-workspace/.derivedData/Build/Products/Debug-watchos/DSFImageFlipbook.swiftmodule/arm64-apple-watchos.swiftdoc /Users/admin/builder/spi-builder-workspace/.derivedData/Build/Intermediates.noindex/DSFImageFlipbook.build/Debug-watchos/DSFImageFlipbook-t.build/Objects-normal/arm64/DSFImageFlipbook.swiftdoc (in target 'DSFImageFlipbook' from project 'DSFImageFlipbook')
    cd /Users/admin/builder/spi-builder-workspace/.dependencies/checkouts/DSFImageFlipbook
    builtin-copy -exclude .DS_Store -exclude CVS -exclude .svn -exclude .git -exclude .hg -resolve-src-symlinks -rename /Users/admin/builder/spi-builder-workspace/.derivedData/Build/Intermediates.noindex/DSFImageFlipbook.build/Debug-watchos/DSFImageFlipbook-t.build/Objects-normal/arm64/DSFImageFlipbook.swiftdoc /Users/admin/builder/spi-builder-workspace/.derivedData/Build/Products/Debug-watchos/DSFImageFlipbook.swiftmodule/arm64-apple-watchos.swiftdoc
Copy /Users/admin/builder/spi-builder-workspace/.derivedData/Build/Products/Debug-watchos/DSFImageFlipbook.swiftmodule/arm64-apple-watchos.abi.json /Users/admin/builder/spi-builder-workspace/.derivedData/Build/Intermediates.noindex/DSFImageFlipbook.build/Debug-watchos/DSFImageFlipbook-t.build/Objects-normal/arm64/DSFImageFlipbook.abi.json (in target 'DSFImageFlipbook' from project 'DSFImageFlipbook')
    cd /Users/admin/builder/spi-builder-workspace/.dependencies/checkouts/DSFImageFlipbook
    builtin-copy -exclude .DS_Store -exclude CVS -exclude .svn -exclude .git -exclude .hg -resolve-src-symlinks -rename /Users/admin/builder/spi-builder-workspace/.derivedData/Build/Intermediates.noindex/DSFImageFlipbook.build/Debug-watchos/DSFImageFlipbook-t.build/Objects-normal/arm64/DSFImageFlipbook.abi.json /Users/admin/builder/spi-builder-workspace/.derivedData/Build/Products/Debug-watchos/DSFImageFlipbook.swiftmodule/arm64-apple-watchos.abi.json
Copy /Users/admin/builder/spi-builder-workspace/.derivedData/Build/Products/Debug-watchos/DSFImageFlipbook.swiftmodule/Project/arm64_32-apple-watchos.swiftsourceinfo /Users/admin/builder/spi-builder-workspace/.derivedData/Build/Intermediates.noindex/DSFImageFlipbook.build/Debug-watchos/DSFImageFlipbook-t.build/Objects-normal/arm64_32/DSFImageFlipbook.swiftsourceinfo (in target 'DSFImageFlipbook' from project 'DSFImageFlipbook')
    cd /Users/admin/builder/spi-builder-workspace/.dependencies/checkouts/DSFImageFlipbook
    builtin-copy -exclude .DS_Store -exclude CVS -exclude .svn -exclude .git -exclude .hg -resolve-src-symlinks -rename /Users/admin/builder/spi-builder-workspace/.derivedData/Build/Intermediates.noindex/DSFImageFlipbook.build/Debug-watchos/DSFImageFlipbook-t.build/Objects-normal/arm64_32/DSFImageFlipbook.swiftsourceinfo /Users/admin/builder/spi-builder-workspace/.derivedData/Build/Products/Debug-watchos/DSFImageFlipbook.swiftmodule/Project/arm64_32-apple-watchos.swiftsourceinfo
Copy /Users/admin/builder/spi-builder-workspace/.derivedData/Build/Products/Debug-watchos/DSFImageFlipbook.swiftmodule/Project/arm64-apple-watchos.swiftsourceinfo /Users/admin/builder/spi-builder-workspace/.derivedData/Build/Intermediates.noindex/DSFImageFlipbook.build/Debug-watchos/DSFImageFlipbook-t.build/Objects-normal/arm64/DSFImageFlipbook.swiftsourceinfo (in target 'DSFImageFlipbook' from project 'DSFImageFlipbook')
    cd /Users/admin/builder/spi-builder-workspace/.dependencies/checkouts/DSFImageFlipbook
    builtin-copy -exclude .DS_Store -exclude CVS -exclude .svn -exclude .git -exclude .hg -resolve-src-symlinks -rename /Users/admin/builder/spi-builder-workspace/.derivedData/Build/Intermediates.noindex/DSFImageFlipbook.build/Debug-watchos/DSFImageFlipbook-t.build/Objects-normal/arm64/DSFImageFlipbook.swiftsourceinfo /Users/admin/builder/spi-builder-workspace/.derivedData/Build/Products/Debug-watchos/DSFImageFlipbook.swiftmodule/Project/arm64-apple-watchos.swiftsourceinfo
SwiftDriver DSFDockTile normal arm64_32 com.apple.xcode.tools.swift.compiler (in target 'DSFDockTile' from project 'DSFDockTile')
    cd /Users/admin/builder/spi-builder-workspace/.swiftpm/xcode
    builtin-SwiftDriver -- /Applications/Xcode-27.0.0-Release.Candidate.app/Contents/Developer/Toolchains/XcodeDefault.xctoolchain/usr/bin/swiftc -parse-as-library -module-name DSFDockTile -Onone @/Users/admin/builder/spi-builder-workspace/.derivedData/Build/Intermediates.noindex/DSFDockTile.build/Debug-watchos/DSFDockTile-t.build/Objects-normal/arm64_32/DSFDockTile.SwiftFileList -DSWIFT_PACKAGE -DDEBUG -DSWIFT_MODULE_RESOURCE_BUNDLE_AVAILABLE -DXcode -plugin-path /Applications/Xcode-27.0.0-Release.Candidate.app/Contents/Developer/Toolchains/XcodeDefault.xctoolchain/usr/lib/swift/host/plugins/testing -enable-experimental-feature DebugDescriptionMacro -sdk /Applications/Xcode-27.0.0-Release.Candidate.app/Contents/Developer/Platforms/WatchOS.platform/Developer/SDKs/WatchOS27.0.sdk -target arm64_32-apple-watchos9.0 -g -module-cache-path /Users/admin/builder/spi-builder-workspace/.derivedData/ModuleCache.noindex -Xfrontend -serialize-debugging-options -profile-coverage-mapping -profile-generate -enable-testing -index-store-path /Users/admin/builder/spi-builder-workspace/.derivedData/Index.noindex/DataStore -Xcc -D_LIBCPP_HARDENING_MODE\=_LIBCPP_HARDENING_MODE_DEBUG -swift-version 5 -I /Users/admin/builder/spi-builder-workspace/.derivedData/Build/Products/Debug-watchos -Isystem /Applications/Xcode-27.0.0-Release.Candidate.app/Contents/Developer/Platforms/WatchOS.platform/Developer/usr/lib -F /Users/admin/builder/spi-builder-workspace/.derivedData/Build/Products/Debug-watchos/PackageFrameworks -F /Users/admin/builder/spi-builder-workspace/.derivedData/Build/Products/Debug-watchos -F /Applications/Xcode-27.0.0-Release.Candidate.app/Contents/Developer/Platforms/WatchOS.platform/Developer/Library/Frameworks -F /Applications/Xcode-27.0.0-Release.Candidate.app/Contents/Developer/Platforms/WatchOS.platform/Developer/SDKs/WatchOS27.0.sdk/Developer/Library/Frameworks -c -j10 -enable-batch-mode -incremental -Xcc -ivfsstatcache -Xcc /Users/admin/builder/spi-builder-workspace/.derivedData/SDKStatCaches.noindex/watchos27.0-24R360-e829b21a6f8c9b70876ba0858053c04477534ef55a1706bf4c1112bbb242f0a2.sdkstatcache -output-file-map /Users/admin/builder/spi-builder-workspace/.derivedData/Build/Intermediates.noindex/DSFDockTile.build/Debug-watchos/DSFDockTile-t.build/Objects-normal/arm64_32/DSFDockTile-OutputFileMap.json -save-temps -no-color-diagnostics -explicit-module-build -module-cache-path /Users/admin/builder/spi-builder-workspace/.derivedData/Build/Intermediates.noindex/SwiftExplicitPrecompiledModules -clang-scanner-module-cache-path /Users/admin/builder/spi-builder-workspace/.derivedData/ModuleCache.noindex -sdk-module-cache-path /Users/admin/builder/spi-builder-workspace/.derivedData/SDKExplicitPrecompiledModules -emit-dependencies -emit-module -emit-module-path /Users/admin/builder/spi-builder-workspace/.derivedData/Build/Intermediates.noindex/DSFDockTile.build/Debug-watchos/DSFDockTile-t.build/Objects-normal/arm64_32/DSFDockTile.swiftmodule -serialize-diagnostics -dependency-scan-serialize-diagnostics-path /Users/admin/builder/spi-builder-workspace/.derivedData/Build/Intermediates.noindex/DSFDockTile.build/Debug-watchos/DSFDockTile-t.build/Objects-normal/arm64_32/DSFDockTile-dependency-scan.dia -validate-clang-modules-once -clang-build-session-file /Users/admin/builder/spi-builder-workspace/.derivedData/ModuleCache.noindex/Session.modulevalidation -Xcc -fmodules-prune-interval\=86400 -Xcc -fmodules-prune-after\=345600 -emit-const-values -const-gather-protocols-list /Users/admin/builder/spi-builder-workspace/.derivedData/Build/Intermediates.noindex/DSFDockTile.build/Debug-watchos/DSFDockTile-t.build/Objects-normal/arm64_32/DSFDockTile_const_extract_protocols.json -Xcc -I/Users/admin/builder/spi-builder-workspace/.derivedData/Build/Products/Debug-watchos/include -Xcc -I/Users/admin/builder/spi-builder-workspace/.derivedData/Build/Intermediates.noindex/DSFDockTile.build/Debug-watchos/DSFDockTile-t.build/DerivedSources-normal/arm64_32 -Xcc -I/Users/admin/builder/spi-builder-workspace/.derivedData/Build/Intermediates.noindex/DSFDockTile.build/Debug-watchos/DSFDockTile-t.build/DerivedSources/arm64_32 -Xcc -I/Users/admin/builder/spi-builder-workspace/.derivedData/Build/Intermediates.noindex/DSFDockTile.build/Debug-watchos/DSFDockTile-t.build/DerivedSources -Xcc -DSWIFT_PACKAGE -Xcc -DDEBUG\=1 -emit-objc-header -emit-objc-header-path /Users/admin/builder/spi-builder-workspace/.derivedData/Build/Intermediates.noindex/DSFDockTile.build/Debug-watchos/DSFDockTile-t.build/Objects-normal/arm64_32/DSFDockTile-Swift.h -working-directory /Users/admin/builder/spi-builder-workspace/.swiftpm/xcode -experimental-emit-module-separately -disable-cmo
/Users/admin/builder/spi-builder-workspace/Sources/DSFDockTile/DSFDockTile+Animation.swift:28:8: error: Unable to resolve module dependency: 'AppKit' (in target 'DSFDockTile' from project 'DSFDockTile')
    note: A dependency of main module 'DSFDockTile'
    /Users/admin/builder/spi-builder-workspace/Sources/DSFDockTile/DSFDockTile+Attention.swift:28:8: note: Also imported here
    /Users/admin/builder/spi-builder-workspace/Sources/DSFDockTile/DSFDockTile+ConstantImage.swift:28:8: note: Also imported here
    /Users/admin/builder/spi-builder-workspace/Sources/DSFDockTile/DSFDockTile+Core.swift:28:8: note: Also imported here
    /Users/admin/builder/spi-builder-workspace/Sources/DSFDockTile/DSFDockTile+Image.swift:28:8: note: Also imported here
    /Users/admin/builder/spi-builder-workspace/Sources/DSFDockTile/DSFDockTile+ViewController.swift:28:8: note: Also imported here
    /Users/admin/builder/spi-builder-workspace/Sources/DSFDockTile/DSFDockTile.swift:28:8: note: Also imported here
/Users/admin/builder/spi-builder-workspace/Sources/DSFDockTile/DSFDockTile+Animation.swift:28:8: note: A dependency of main module 'DSFDockTile'
import AppKit
       ^ (in target 'DSFDockTile' from project 'DSFDockTile')
/Users/admin/builder/spi-builder-workspace/Sources/DSFDockTile/DSFDockTile+Attention.swift:28:8: note: Also imported here
import AppKit
       ^ (in target 'DSFDockTile' from project 'DSFDockTile')
/Users/admin/builder/spi-builder-workspace/Sources/DSFDockTile/DSFDockTile+ConstantImage.swift:28:8: note: Also imported here
import AppKit
       ^ (in target 'DSFDockTile' from project 'DSFDockTile')
/Users/admin/builder/spi-builder-workspace/Sources/DSFDockTile/DSFDockTile+Core.swift:28:8: note: Also imported here
import AppKit
       ^ (in target 'DSFDockTile' from project 'DSFDockTile')
/Users/admin/builder/spi-builder-workspace/Sources/DSFDockTile/DSFDockTile+Image.swift:28:8: note: Also imported here
import AppKit
       ^ (in target 'DSFDockTile' from project 'DSFDockTile')
/Users/admin/builder/spi-builder-workspace/Sources/DSFDockTile/DSFDockTile+ViewController.swift:28:8: note: Also imported here
import AppKit
       ^ (in target 'DSFDockTile' from project 'DSFDockTile')
/Users/admin/builder/spi-builder-workspace/Sources/DSFDockTile/DSFDockTile.swift:28:8: note: Also imported here
import AppKit
       ^ (in target 'DSFDockTile' from project 'DSFDockTile')
SwiftDriver DSFDockTile normal arm64 com.apple.xcode.tools.swift.compiler (in target 'DSFDockTile' from project 'DSFDockTile')
    cd /Users/admin/builder/spi-builder-workspace/.swiftpm/xcode
    builtin-SwiftDriver -- /Applications/Xcode-27.0.0-Release.Candidate.app/Contents/Developer/Toolchains/XcodeDefault.xctoolchain/usr/bin/swiftc -parse-as-library -module-name DSFDockTile -Onone @/Users/admin/builder/spi-builder-workspace/.derivedData/Build/Intermediates.noindex/DSFDockTile.build/Debug-watchos/DSFDockTile-t.build/Objects-normal/arm64/DSFDockTile.SwiftFileList -DSWIFT_PACKAGE -DDEBUG -DSWIFT_MODULE_RESOURCE_BUNDLE_AVAILABLE -DXcode -plugin-path /Applications/Xcode-27.0.0-Release.Candidate.app/Contents/Developer/Toolchains/XcodeDefault.xctoolchain/usr/lib/swift/host/plugins/testing -enable-experimental-feature DebugDescriptionMacro -sdk /Applications/Xcode-27.0.0-Release.Candidate.app/Contents/Developer/Platforms/WatchOS.platform/Developer/SDKs/WatchOS27.0.sdk -target arm64-apple-watchos9.0 -g -module-cache-path /Users/admin/builder/spi-builder-workspace/.derivedData/ModuleCache.noindex -Xfrontend -serialize-debugging-options -profile-coverage-mapping -profile-generate -enable-testing -index-store-path /Users/admin/builder/spi-builder-workspace/.derivedData/Index.noindex/DataStore -Xcc -D_LIBCPP_HARDENING_MODE\=_LIBCPP_HARDENING_MODE_DEBUG -swift-version 5 -I /Users/admin/builder/spi-builder-workspace/.derivedData/Build/Products/Debug-watchos -Isystem /Applications/Xcode-27.0.0-Release.Candidate.app/Contents/Developer/Platforms/WatchOS.platform/Developer/usr/lib -F /Users/admin/builder/spi-builder-workspace/.derivedData/Build/Products/Debug-watchos/PackageFrameworks -F /Users/admin/builder/spi-builder-workspace/.derivedData/Build/Products/Debug-watchos -F /Applications/Xcode-27.0.0-Release.Candidate.app/Contents/Developer/Platforms/WatchOS.platform/Developer/Library/Frameworks -F /Applications/Xcode-27.0.0-Release.Candidate.app/Contents/Developer/Platforms/WatchOS.platform/Developer/SDKs/WatchOS27.0.sdk/Developer/Library/Frameworks -c -j10 -enable-batch-mode -incremental -Xcc -ivfsstatcache -Xcc /Users/admin/builder/spi-builder-workspace/.derivedData/SDKStatCaches.noindex/watchos27.0-24R360-e829b21a6f8c9b70876ba0858053c04477534ef55a1706bf4c1112bbb242f0a2.sdkstatcache -output-file-map /Users/admin/builder/spi-builder-workspace/.derivedData/Build/Intermediates.noindex/DSFDockTile.build/Debug-watchos/DSFDockTile-t.build/Objects-normal/arm64/DSFDockTile-OutputFileMap.json -save-temps -no-color-diagnostics -explicit-module-build -module-cache-path /Users/admin/builder/spi-builder-workspace/.derivedData/Build/Intermediates.noindex/SwiftExplicitPrecompiledModules -clang-scanner-module-cache-path /Users/admin/builder/spi-builder-workspace/.derivedData/ModuleCache.noindex -sdk-module-cache-path /Users/admin/builder/spi-builder-workspace/.derivedData/SDKExplicitPrecompiledModules -emit-dependencies -emit-module -emit-module-path /Users/admin/builder/spi-builder-workspace/.derivedData/Build/Intermediates.noindex/DSFDockTile.build/Debug-watchos/DSFDockTile-t.build/Objects-normal/arm64/DSFDockTile.swiftmodule -serialize-diagnostics -dependency-scan-serialize-diagnostics-path /Users/admin/builder/spi-builder-workspace/.derivedData/Build/Intermediates.noindex/DSFDockTile.build/Debug-watchos/DSFDockTile-t.build/Objects-normal/arm64/DSFDockTile-dependency-scan.dia -validate-clang-modules-once -clang-build-session-file /Users/admin/builder/spi-builder-workspace/.derivedData/ModuleCache.noindex/Session.modulevalidation -Xcc -fmodules-prune-interval\=86400 -Xcc -fmodules-prune-after\=345600 -emit-const-values -const-gather-protocols-list /Users/admin/builder/spi-builder-workspace/.derivedData/Build/Intermediates.noindex/DSFDockTile.build/Debug-watchos/DSFDockTile-t.build/Objects-normal/arm64/DSFDockTile_const_extract_protocols.json -Xcc -I/Users/admin/builder/spi-builder-workspace/.derivedData/Build/Products/Debug-watchos/include -Xcc -I/Users/admin/builder/spi-builder-workspace/.derivedData/Build/Intermediates.noindex/DSFDockTile.build/Debug-watchos/DSFDockTile-t.build/DerivedSources-normal/arm64 -Xcc -I/Users/admin/builder/spi-builder-workspace/.derivedData/Build/Intermediates.noindex/DSFDockTile.build/Debug-watchos/DSFDockTile-t.build/DerivedSources/arm64 -Xcc -I/Users/admin/builder/spi-builder-workspace/.derivedData/Build/Intermediates.noindex/DSFDockTile.build/Debug-watchos/DSFDockTile-t.build/DerivedSources -Xcc -DSWIFT_PACKAGE -Xcc -DDEBUG\=1 -emit-objc-header -emit-objc-header-path /Users/admin/builder/spi-builder-workspace/.derivedData/Build/Intermediates.noindex/DSFDockTile.build/Debug-watchos/DSFDockTile-t.build/Objects-normal/arm64/DSFDockTile-Swift.h -working-directory /Users/admin/builder/spi-builder-workspace/.swiftpm/xcode -experimental-emit-module-separately -disable-cmo
/Users/admin/builder/spi-builder-workspace/Sources/DSFDockTile/DSFDockTile+Animation.swift:28:8: error: Unable to resolve module dependency: 'AppKit' (in target 'DSFDockTile' from project 'DSFDockTile')
    note: A dependency of main module 'DSFDockTile'
    /Users/admin/builder/spi-builder-workspace/Sources/DSFDockTile/DSFDockTile+Attention.swift:28:8: note: Also imported here
    /Users/admin/builder/spi-builder-workspace/Sources/DSFDockTile/DSFDockTile+ConstantImage.swift:28:8: note: Also imported here
    /Users/admin/builder/spi-builder-workspace/Sources/DSFDockTile/DSFDockTile+Core.swift:28:8: note: Also imported here
    /Users/admin/builder/spi-builder-workspace/Sources/DSFDockTile/DSFDockTile+Image.swift:28:8: note: Also imported here
    /Users/admin/builder/spi-builder-workspace/Sources/DSFDockTile/DSFDockTile+ViewController.swift:28:8: note: Also imported here
    /Users/admin/builder/spi-builder-workspace/Sources/DSFDockTile/DSFDockTile.swift:28:8: note: Also imported here
/Users/admin/builder/spi-builder-workspace/Sources/DSFDockTile/DSFDockTile+Animation.swift:28:8: note: A dependency of main module 'DSFDockTile'
import AppKit
       ^ (in target 'DSFDockTile' from project 'DSFDockTile')
/Users/admin/builder/spi-builder-workspace/Sources/DSFDockTile/DSFDockTile+Attention.swift:28:8: note: Also imported here
import AppKit
       ^ (in target 'DSFDockTile' from project 'DSFDockTile')
/Users/admin/builder/spi-builder-workspace/Sources/DSFDockTile/DSFDockTile+ConstantImage.swift:28:8: note: Also imported here
import AppKit
       ^ (in target 'DSFDockTile' from project 'DSFDockTile')
/Users/admin/builder/spi-builder-workspace/Sources/DSFDockTile/DSFDockTile+Core.swift:28:8: note: Also imported here
import AppKit
       ^ (in target 'DSFDockTile' from project 'DSFDockTile')
/Users/admin/builder/spi-builder-workspace/Sources/DSFDockTile/DSFDockTile+Image.swift:28:8: note: Also imported here
import AppKit
       ^ (in target 'DSFDockTile' from project 'DSFDockTile')
/Users/admin/builder/spi-builder-workspace/Sources/DSFDockTile/DSFDockTile+ViewController.swift:28:8: note: Also imported here
import AppKit
       ^ (in target 'DSFDockTile' from project 'DSFDockTile')
/Users/admin/builder/spi-builder-workspace/Sources/DSFDockTile/DSFDockTile.swift:28:8: note: Also imported here
import AppKit
       ^ (in target 'DSFDockTile' from project 'DSFDockTile')
PruneExplicitPrecompiledModules /Users/admin/builder/spi-builder-workspace/.derivedData/Build/Intermediates.noindex/ExplicitPrecompiledModules
PruneExplicitPrecompiledModules /Users/admin/builder/spi-builder-workspace/.derivedData/SDKExplicitPrecompiledModules
PruneExplicitPrecompiledModules /Users/admin/builder/spi-builder-workspace/.derivedData/Build/Intermediates.noindex/SwiftExplicitPrecompiledModules
2026-09-20 09:12:04.704 xcodebuild[755:4605] [MT] IDERunDestination: Supported platforms for the buildables in the current scheme is empty.
** BUILD FAILED **
The following build commands failed:
	SwiftDriver DSFDockTile normal arm64_32 com.apple.xcode.tools.swift.compiler (in target 'DSFDockTile' from project 'DSFDockTile')
	SwiftDriver DSFDockTile normal arm64 com.apple.xcode.tools.swift.compiler (in target 'DSFDockTile' from project 'DSFDockTile')
	Building workspace DSFDockTile with scheme DSFDockTile
(3 failures)
Command line invocation:
    /Applications/Xcode-27.0.0-Release.Candidate.app/Contents/Developer/usr/bin/xcodebuild -IDEClonedSourcePackagesDirPathOverride=/Users/admin/builder/spi-builder-workspace/.dependencies -resolvePackageDependencies
Resolve Package Graph
Resolved source packages:
  DSFDockTile: /Users/admin/builder/spi-builder-workspace
  DSFImageFlipbook: https://github.com/dagronf/DSFImageFlipbook @ 1.0.1
resolved source packages: DSFDockTile, DSFImageFlipbook
2026-09-20 09:12:10.955 xcodebuild[863:5195] [MT] IDERunDestination: Supported platforms for the buildables in the current scheme is empty.
{
  "dependencies" : [
    {
      "identity" : "dsfimageflipbook",
      "requirement" : {
        "range" : [
          {
            "lower_bound" : "1.0.0",
            "upper_bound" : "2.0.0"
          }
        ]
      },
      "type" : "sourceControl",
      "url" : "https://github.com/dagronf/DSFImageFlipbook"
    }
  ],
  "manifest_display_name" : "DSFDockTile",
  "name" : "DSFDockTile",
  "path" : "/Users/admin/builder/spi-builder-workspace",
  "platforms" : [
    {
      "name" : "macos",
      "version" : "10.13"
    }
  ],
  "products" : [
    {
      "name" : "DSFDockTile",
      "targets" : [
        "DSFDockTile"
      ],
      "type" : {
        "library" : [
          "automatic"
        ]
      }
    }
  ],
  "targets" : [
    {
      "c99name" : "DSFDockTileTests",
      "module_type" : "SwiftTarget",
      "name" : "DSFDockTileTests",
      "path" : "Tests/DSFDockTileTests",
      "sources" : [
        "DSFDockTileTests.swift"
      ],
      "target_dependencies" : [
        "DSFDockTile"
      ],
      "type" : "test"
    },
    {
      "c99name" : "DSFDockTile",
      "module_type" : "SwiftTarget",
      "name" : "DSFDockTile",
      "path" : "Sources/DSFDockTile",
      "product_dependencies" : [
        "DSFImageFlipbook"
      ],
      "product_memberships" : [
        "DSFDockTile"
      ],
      "resources" : [
        {
          "path" : "/Users/admin/builder/spi-builder-workspace/Sources/DSFDockTile/PrivacyInfo.xcprivacy",
          "rule" : {
            "copy" : {
            }
          }
        }
      ],
      "sources" : [
        "DSFDockTile+Animation.swift",
        "DSFDockTile+Attention.swift",
        "DSFDockTile+ConstantImage.swift",
        "DSFDockTile+Core.swift",
        "DSFDockTile+Image.swift",
        "DSFDockTile+SwiftUI.swift",
        "DSFDockTile+ViewController.swift",
        "DSFDockTile.swift"
      ],
      "type" : "library"
    }
  ],
  "tools_version" : "5.4"
}
{
  "workspace" : {
    "name" : "DSFDockTile",
    "schemes" : [
      "DSFDockTile"
    ]
  }
}
2026-09-20 09:12:12.182 xcodebuild[871:5264] [MT] IDERunDestination: Supported platforms for the buildables in the current scheme is empty.
Running build ...
env DEVELOPER_DIR=/Applications/Xcode-27.0.0-Release.Candidate.app xcrun xcodebuild -IDEClonedSourcePackagesDirPathOverride=$PWD/.dependencies -skipMacroValidation -skipPackagePluginValidation -derivedDataPath $PWD/.derivedData build -scheme DSFDockTile -destination generic/platform=watchOS
Command line invocation:
    /Applications/Xcode-27.0.0-Release.Candidate.app/Contents/Developer/usr/bin/xcodebuild -IDEClonedSourcePackagesDirPathOverride=/Users/admin/builder/spi-builder-workspace/.dependencies -skipMacroValidation -skipPackagePluginValidation -derivedDataPath /Users/admin/builder/spi-builder-workspace/.derivedData build -scheme DSFDockTile -destination generic/platform=watchOS
Resolve Package Graph
Resolved source packages:
  DSFDockTile: /Users/admin/builder/spi-builder-workspace
  DSFImageFlipbook: https://github.com/dagronf/DSFImageFlipbook @ 1.0.1
ComputePackagePrebuildTargetDependencyGraph
Prepare packages
CreateBuildRequest
SendProjectDescription
CreateBuildOperation
ComputeTargetDependencyGraph
note: Building targets in dependency order
note: Target dependency graph (5 targets)
    Target 'DSFDockTile-product' in project 'DSFDockTile'
        ➜ Explicit dependency on target 'DSFDockTile' in project 'DSFDockTile'
        ➜ Explicit dependency on target 'DSFDockTile_DSFDockTile' in project 'DSFDockTile'
        ➜ Explicit dependency on target 'DSFImageFlipbook-product' in project 'DSFImageFlipbook'
    Target 'DSFDockTile' in project 'DSFDockTile'
        ➜ Explicit dependency on target 'DSFDockTile_DSFDockTile' in project 'DSFDockTile'
        ➜ Explicit dependency on target 'DSFImageFlipbook-product' in project 'DSFImageFlipbook'
    Target 'DSFImageFlipbook-product' in project 'DSFImageFlipbook'
        ➜ Explicit dependency on target 'DSFImageFlipbook' in project 'DSFImageFlipbook'
    Target 'DSFImageFlipbook' in project 'DSFImageFlipbook' (no dependencies)
    Target 'DSFDockTile_DSFDockTile' in project 'DSFDockTile' (no dependencies)
GatherProvisioningInputs
CreateBuildDescription
ClangStatCache /Applications/Xcode-27.0.0-Release.Candidate.app/Contents/Developer/Toolchains/XcodeDefault.xctoolchain/usr/bin/clang-stat-cache /Applications/Xcode-27.0.0-Release.Candidate.app/Contents/Developer/Platforms/WatchOS.platform/Developer/SDKs/WatchOS27.0.sdk /Users/admin/builder/spi-builder-workspace/.derivedData/SDKStatCaches.noindex/watchos27.0-24R360-e829b21a6f8c9b70876ba0858053c04477534ef55a1706bf4c1112bbb242f0a2.sdkstatcache
    cd /Users/admin/builder/spi-builder-workspace/.swiftpm/xcode
    /Applications/Xcode-27.0.0-Release.Candidate.app/Contents/Developer/Toolchains/XcodeDefault.xctoolchain/usr/bin/clang-stat-cache /Applications/Xcode-27.0.0-Release.Candidate.app/Contents/Developer/Platforms/WatchOS.platform/Developer/SDKs/WatchOS27.0.sdk -o /Users/admin/builder/spi-builder-workspace/.derivedData/SDKStatCaches.noindex/watchos27.0-24R360-e829b21a6f8c9b70876ba0858053c04477534ef55a1706bf4c1112bbb242f0a2.sdkstatcache
SwiftDriver DSFImageFlipbook normal arm64_32 com.apple.xcode.tools.swift.compiler (in target 'DSFImageFlipbook' from project 'DSFImageFlipbook')
    cd /Users/admin/builder/spi-builder-workspace/.swiftpm/xcode
    builtin-SwiftDriver -- /Applications/Xcode-27.0.0-Release.Candidate.app/Contents/Developer/Toolchains/XcodeDefault.xctoolchain/usr/bin/swiftc -parse-as-library -module-name DSFImageFlipbook -Onone @/Users/admin/builder/spi-builder-workspace/.derivedData/Build/Intermediates.noindex/DSFImageFlipbook.build/Debug-watchos/DSFImageFlipbook-t.build/Objects-normal/arm64_32/DSFImageFlipbook.SwiftFileList -DSWIFT_PACKAGE -DDEBUG -DSWIFT_MODULE_RESOURCE_BUNDLE_UNAVAILABLE -DXcode -plugin-path /Applications/Xcode-27.0.0-Release.Candidate.app/Contents/Developer/Toolchains/XcodeDefault.xctoolchain/usr/lib/swift/host/plugins/testing -enable-experimental-feature DebugDescriptionMacro -sdk /Applications/Xcode-27.0.0-Release.Candidate.app/Contents/Developer/Platforms/WatchOS.platform/Developer/SDKs/WatchOS27.0.sdk -target arm64_32-apple-watchos9.0 -g -module-cache-path /Users/admin/builder/spi-builder-workspace/.derivedData/ModuleCache.noindex -Xfrontend -serialize-debugging-options -profile-coverage-mapping -profile-generate -enable-testing -suppress-warnings -index-store-path /Users/admin/builder/spi-builder-workspace/.derivedData/Index.noindex/DataStore -Xcc -D_LIBCPP_HARDENING_MODE\=_LIBCPP_HARDENING_MODE_DEBUG -swift-version 5 -I /Users/admin/builder/spi-builder-workspace/.derivedData/Build/Products/Debug-watchos -Isystem /Applications/Xcode-27.0.0-Release.Candidate.app/Contents/Developer/Platforms/WatchOS.platform/Developer/usr/lib -F /Users/admin/builder/spi-builder-workspace/.derivedData/Build/Products/Debug-watchos -F /Applications/Xcode-27.0.0-Release.Candidate.app/Contents/Developer/Platforms/WatchOS.platform/Developer/Library/Frameworks -F /Applications/Xcode-27.0.0-Release.Candidate.app/Contents/Developer/Platforms/WatchOS.platform/Developer/SDKs/WatchOS27.0.sdk/Developer/Library/Frameworks -c -j10 -enable-batch-mode -incremental -Xcc -ivfsstatcache -Xcc /Users/admin/builder/spi-builder-workspace/.derivedData/SDKStatCaches.noindex/watchos27.0-24R360-e829b21a6f8c9b70876ba0858053c04477534ef55a1706bf4c1112bbb242f0a2.sdkstatcache -output-file-map /Users/admin/builder/spi-builder-workspace/.derivedData/Build/Intermediates.noindex/DSFImageFlipbook.build/Debug-watchos/DSFImageFlipbook-t.build/Objects-normal/arm64_32/DSFImageFlipbook-OutputFileMap.json -save-temps -no-color-diagnostics -explicit-module-build -module-cache-path /Users/admin/builder/spi-builder-workspace/.derivedData/Build/Intermediates.noindex/SwiftExplicitPrecompiledModules -clang-scanner-module-cache-path /Users/admin/builder/spi-builder-workspace/.derivedData/ModuleCache.noindex -sdk-module-cache-path /Users/admin/builder/spi-builder-workspace/.derivedData/SDKExplicitPrecompiledModules -emit-dependencies -emit-module -emit-module-path /Users/admin/builder/spi-builder-workspace/.derivedData/Build/Intermediates.noindex/DSFImageFlipbook.build/Debug-watchos/DSFImageFlipbook-t.build/Objects-normal/arm64_32/DSFImageFlipbook.swiftmodule -serialize-diagnostics -dependency-scan-serialize-diagnostics-path /Users/admin/builder/spi-builder-workspace/.derivedData/Build/Intermediates.noindex/DSFImageFlipbook.build/Debug-watchos/DSFImageFlipbook-t.build/Objects-normal/arm64_32/DSFImageFlipbook-dependency-scan.dia -validate-clang-modules-once -clang-build-session-file /Users/admin/builder/spi-builder-workspace/.derivedData/ModuleCache.noindex/Session.modulevalidation -Xcc -fmodules-prune-interval\=86400 -Xcc -fmodules-prune-after\=345600 -emit-const-values -const-gather-protocols-list /Users/admin/builder/spi-builder-workspace/.derivedData/Build/Intermediates.noindex/DSFImageFlipbook.build/Debug-watchos/DSFImageFlipbook-t.build/Objects-normal/arm64_32/DSFImageFlipbook_const_extract_protocols.json -Xcc -I/Users/admin/builder/spi-builder-workspace/.derivedData/Build/Products/Debug-watchos/include -Xcc -I/Users/admin/builder/spi-builder-workspace/.derivedData/Build/Intermediates.noindex/DSFImageFlipbook.build/Debug-watchos/DSFImageFlipbook-t.build/DerivedSources-normal/arm64_32 -Xcc -I/Users/admin/builder/spi-builder-workspace/.derivedData/Build/Intermediates.noindex/DSFImageFlipbook.build/Debug-watchos/DSFImageFlipbook-t.build/DerivedSources/arm64_32 -Xcc -I/Users/admin/builder/spi-builder-workspace/.derivedData/Build/Intermediates.noindex/DSFImageFlipbook.build/Debug-watchos/DSFImageFlipbook-t.build/DerivedSources -Xcc -DSWIFT_PACKAGE -Xcc -DDEBUG\=1 -emit-objc-header -emit-objc-header-path /Users/admin/builder/spi-builder-workspace/.derivedData/Build/Intermediates.noindex/DSFImageFlipbook.build/Debug-watchos/DSFImageFlipbook-t.build/Objects-normal/arm64_32/DSFImageFlipbook-Swift.h -working-directory /Users/admin/builder/spi-builder-workspace/.swiftpm/xcode -experimental-emit-module-separately -disable-cmo
SwiftDriver DSFDockTile normal arm64 com.apple.xcode.tools.swift.compiler (in target 'DSFDockTile' from project 'DSFDockTile')
    cd /Users/admin/builder/spi-builder-workspace/.swiftpm/xcode
    builtin-SwiftDriver -- /Applications/Xcode-27.0.0-Release.Candidate.app/Contents/Developer/Toolchains/XcodeDefault.xctoolchain/usr/bin/swiftc -parse-as-library -module-name DSFDockTile -Onone @/Users/admin/builder/spi-builder-workspace/.derivedData/Build/Intermediates.noindex/DSFDockTile.build/Debug-watchos/DSFDockTile-t.build/Objects-normal/arm64/DSFDockTile.SwiftFileList -DSWIFT_PACKAGE -DDEBUG -DSWIFT_MODULE_RESOURCE_BUNDLE_AVAILABLE -DXcode -plugin-path /Applications/Xcode-27.0.0-Release.Candidate.app/Contents/Developer/Toolchains/XcodeDefault.xctoolchain/usr/lib/swift/host/plugins/testing -enable-experimental-feature DebugDescriptionMacro -sdk /Applications/Xcode-27.0.0-Release.Candidate.app/Contents/Developer/Platforms/WatchOS.platform/Developer/SDKs/WatchOS27.0.sdk -target arm64-apple-watchos9.0 -g -module-cache-path /Users/admin/builder/spi-builder-workspace/.derivedData/ModuleCache.noindex -Xfrontend -serialize-debugging-options -profile-coverage-mapping -profile-generate -enable-testing -index-store-path /Users/admin/builder/spi-builder-workspace/.derivedData/Index.noindex/DataStore -Xcc -D_LIBCPP_HARDENING_MODE\=_LIBCPP_HARDENING_MODE_DEBUG -swift-version 5 -I /Users/admin/builder/spi-builder-workspace/.derivedData/Build/Products/Debug-watchos -Isystem /Applications/Xcode-27.0.0-Release.Candidate.app/Contents/Developer/Platforms/WatchOS.platform/Developer/usr/lib -F /Users/admin/builder/spi-builder-workspace/.derivedData/Build/Products/Debug-watchos/PackageFrameworks -F /Users/admin/builder/spi-builder-workspace/.derivedData/Build/Products/Debug-watchos -F /Applications/Xcode-27.0.0-Release.Candidate.app/Contents/Developer/Platforms/WatchOS.platform/Developer/Library/Frameworks -F /Applications/Xcode-27.0.0-Release.Candidate.app/Contents/Developer/Platforms/WatchOS.platform/Developer/SDKs/WatchOS27.0.sdk/Developer/Library/Frameworks -c -j10 -enable-batch-mode -incremental -Xcc -ivfsstatcache -Xcc /Users/admin/builder/spi-builder-workspace/.derivedData/SDKStatCaches.noindex/watchos27.0-24R360-e829b21a6f8c9b70876ba0858053c04477534ef55a1706bf4c1112bbb242f0a2.sdkstatcache -output-file-map /Users/admin/builder/spi-builder-workspace/.derivedData/Build/Intermediates.noindex/DSFDockTile.build/Debug-watchos/DSFDockTile-t.build/Objects-normal/arm64/DSFDockTile-OutputFileMap.json -save-temps -no-color-diagnostics -explicit-module-build -module-cache-path /Users/admin/builder/spi-builder-workspace/.derivedData/Build/Intermediates.noindex/SwiftExplicitPrecompiledModules -clang-scanner-module-cache-path /Users/admin/builder/spi-builder-workspace/.derivedData/ModuleCache.noindex -sdk-module-cache-path /Users/admin/builder/spi-builder-workspace/.derivedData/SDKExplicitPrecompiledModules -emit-dependencies -emit-module -emit-module-path /Users/admin/builder/spi-builder-workspace/.derivedData/Build/Intermediates.noindex/DSFDockTile.build/Debug-watchos/DSFDockTile-t.build/Objects-normal/arm64/DSFDockTile.swiftmodule -serialize-diagnostics -dependency-scan-serialize-diagnostics-path /Users/admin/builder/spi-builder-workspace/.derivedData/Build/Intermediates.noindex/DSFDockTile.build/Debug-watchos/DSFDockTile-t.build/Objects-normal/arm64/DSFDockTile-dependency-scan.dia -validate-clang-modules-once -clang-build-session-file /Users/admin/builder/spi-builder-workspace/.derivedData/ModuleCache.noindex/Session.modulevalidation -Xcc -fmodules-prune-interval\=86400 -Xcc -fmodules-prune-after\=345600 -emit-const-values -const-gather-protocols-list /Users/admin/builder/spi-builder-workspace/.derivedData/Build/Intermediates.noindex/DSFDockTile.build/Debug-watchos/DSFDockTile-t.build/Objects-normal/arm64/DSFDockTile_const_extract_protocols.json -Xcc -I/Users/admin/builder/spi-builder-workspace/.derivedData/Build/Products/Debug-watchos/include -Xcc -I/Users/admin/builder/spi-builder-workspace/.derivedData/Build/Intermediates.noindex/DSFDockTile.build/Debug-watchos/DSFDockTile-t.build/DerivedSources-normal/arm64 -Xcc -I/Users/admin/builder/spi-builder-workspace/.derivedData/Build/Intermediates.noindex/DSFDockTile.build/Debug-watchos/DSFDockTile-t.build/DerivedSources/arm64 -Xcc -I/Users/admin/builder/spi-builder-workspace/.derivedData/Build/Intermediates.noindex/DSFDockTile.build/Debug-watchos/DSFDockTile-t.build/DerivedSources -Xcc -DSWIFT_PACKAGE -Xcc -DDEBUG\=1 -emit-objc-header -emit-objc-header-path /Users/admin/builder/spi-builder-workspace/.derivedData/Build/Intermediates.noindex/DSFDockTile.build/Debug-watchos/DSFDockTile-t.build/Objects-normal/arm64/DSFDockTile-Swift.h -working-directory /Users/admin/builder/spi-builder-workspace/.swiftpm/xcode -experimental-emit-module-separately -disable-cmo
/Users/admin/builder/spi-builder-workspace/Sources/DSFDockTile/DSFDockTile+Animation.swift:28:8: error: Unable to resolve module dependency: 'AppKit' (in target 'DSFDockTile' from project 'DSFDockTile')
    note: A dependency of main module 'DSFDockTile'
    /Users/admin/builder/spi-builder-workspace/Sources/DSFDockTile/DSFDockTile+Attention.swift:28:8: note: Also imported here
    /Users/admin/builder/spi-builder-workspace/Sources/DSFDockTile/DSFDockTile+ConstantImage.swift:28:8: note: Also imported here
    /Users/admin/builder/spi-builder-workspace/Sources/DSFDockTile/DSFDockTile+Core.swift:28:8: note: Also imported here
    /Users/admin/builder/spi-builder-workspace/Sources/DSFDockTile/DSFDockTile+Image.swift:28:8: note: Also imported here
    /Users/admin/builder/spi-builder-workspace/Sources/DSFDockTile/DSFDockTile+ViewController.swift:28:8: note: Also imported here
    /Users/admin/builder/spi-builder-workspace/Sources/DSFDockTile/DSFDockTile.swift:28:8: note: Also imported here
/Users/admin/builder/spi-builder-workspace/Sources/DSFDockTile/DSFDockTile+Animation.swift:28:8: note: A dependency of main module 'DSFDockTile'
import AppKit
       ^ (in target 'DSFDockTile' from project 'DSFDockTile')
/Users/admin/builder/spi-builder-workspace/Sources/DSFDockTile/DSFDockTile+Attention.swift:28:8: note: Also imported here
import AppKit
       ^ (in target 'DSFDockTile' from project 'DSFDockTile')
/Users/admin/builder/spi-builder-workspace/Sources/DSFDockTile/DSFDockTile+ConstantImage.swift:28:8: note: Also imported here
import AppKit
       ^ (in target 'DSFDockTile' from project 'DSFDockTile')
/Users/admin/builder/spi-builder-workspace/Sources/DSFDockTile/DSFDockTile+Core.swift:28:8: note: Also imported here
import AppKit
       ^ (in target 'DSFDockTile' from project 'DSFDockTile')
/Users/admin/builder/spi-builder-workspace/Sources/DSFDockTile/DSFDockTile+Image.swift:28:8: note: Also imported here
import AppKit
       ^ (in target 'DSFDockTile' from project 'DSFDockTile')
/Users/admin/builder/spi-builder-workspace/Sources/DSFDockTile/DSFDockTile+ViewController.swift:28:8: note: Also imported here
import AppKit
       ^ (in target 'DSFDockTile' from project 'DSFDockTile')
/Users/admin/builder/spi-builder-workspace/Sources/DSFDockTile/DSFDockTile.swift:28:8: note: Also imported here
import AppKit
       ^ (in target 'DSFDockTile' from project 'DSFDockTile')
SwiftDriver DSFDockTile normal arm64_32 com.apple.xcode.tools.swift.compiler (in target 'DSFDockTile' from project 'DSFDockTile')
    cd /Users/admin/builder/spi-builder-workspace/.swiftpm/xcode
    builtin-SwiftDriver -- /Applications/Xcode-27.0.0-Release.Candidate.app/Contents/Developer/Toolchains/XcodeDefault.xctoolchain/usr/bin/swiftc -parse-as-library -module-name DSFDockTile -Onone @/Users/admin/builder/spi-builder-workspace/.derivedData/Build/Intermediates.noindex/DSFDockTile.build/Debug-watchos/DSFDockTile-t.build/Objects-normal/arm64_32/DSFDockTile.SwiftFileList -DSWIFT_PACKAGE -DDEBUG -DSWIFT_MODULE_RESOURCE_BUNDLE_AVAILABLE -DXcode -plugin-path /Applications/Xcode-27.0.0-Release.Candidate.app/Contents/Developer/Toolchains/XcodeDefault.xctoolchain/usr/lib/swift/host/plugins/testing -enable-experimental-feature DebugDescriptionMacro -sdk /Applications/Xcode-27.0.0-Release.Candidate.app/Contents/Developer/Platforms/WatchOS.platform/Developer/SDKs/WatchOS27.0.sdk -target arm64_32-apple-watchos9.0 -g -module-cache-path /Users/admin/builder/spi-builder-workspace/.derivedData/ModuleCache.noindex -Xfrontend -serialize-debugging-options -profile-coverage-mapping -profile-generate -enable-testing -index-store-path /Users/admin/builder/spi-builder-workspace/.derivedData/Index.noindex/DataStore -Xcc -D_LIBCPP_HARDENING_MODE\=_LIBCPP_HARDENING_MODE_DEBUG -swift-version 5 -I /Users/admin/builder/spi-builder-workspace/.derivedData/Build/Products/Debug-watchos -Isystem /Applications/Xcode-27.0.0-Release.Candidate.app/Contents/Developer/Platforms/WatchOS.platform/Developer/usr/lib -F /Users/admin/builder/spi-builder-workspace/.derivedData/Build/Products/Debug-watchos/PackageFrameworks -F /Users/admin/builder/spi-builder-workspace/.derivedData/Build/Products/Debug-watchos -F /Applications/Xcode-27.0.0-Release.Candidate.app/Contents/Developer/Platforms/WatchOS.platform/Developer/Library/Frameworks -F /Applications/Xcode-27.0.0-Release.Candidate.app/Contents/Developer/Platforms/WatchOS.platform/Developer/SDKs/WatchOS27.0.sdk/Developer/Library/Frameworks -c -j10 -enable-batch-mode -incremental -Xcc -ivfsstatcache -Xcc /Users/admin/builder/spi-builder-workspace/.derivedData/SDKStatCaches.noindex/watchos27.0-24R360-e829b21a6f8c9b70876ba0858053c04477534ef55a1706bf4c1112bbb242f0a2.sdkstatcache -output-file-map /Users/admin/builder/spi-builder-workspace/.derivedData/Build/Intermediates.noindex/DSFDockTile.build/Debug-watchos/DSFDockTile-t.build/Objects-normal/arm64_32/DSFDockTile-OutputFileMap.json -save-temps -no-color-diagnostics -explicit-module-build -module-cache-path /Users/admin/builder/spi-builder-workspace/.derivedData/Build/Intermediates.noindex/SwiftExplicitPrecompiledModules -clang-scanner-module-cache-path /Users/admin/builder/spi-builder-workspace/.derivedData/ModuleCache.noindex -sdk-module-cache-path /Users/admin/builder/spi-builder-workspace/.derivedData/SDKExplicitPrecompiledModules -emit-dependencies -emit-module -emit-module-path /Users/admin/builder/spi-builder-workspace/.derivedData/Build/Intermediates.noindex/DSFDockTile.build/Debug-watchos/DSFDockTile-t.build/Objects-normal/arm64_32/DSFDockTile.swiftmodule -serialize-diagnostics -dependency-scan-serialize-diagnostics-path /Users/admin/builder/spi-builder-workspace/.derivedData/Build/Intermediates.noindex/DSFDockTile.build/Debug-watchos/DSFDockTile-t.build/Objects-normal/arm64_32/DSFDockTile-dependency-scan.dia -validate-clang-modules-once -clang-build-session-file /Users/admin/builder/spi-builder-workspace/.derivedData/ModuleCache.noindex/Session.modulevalidation -Xcc -fmodules-prune-interval\=86400 -Xcc -fmodules-prune-after\=345600 -emit-const-values -const-gather-protocols-list /Users/admin/builder/spi-builder-workspace/.derivedData/Build/Intermediates.noindex/DSFDockTile.build/Debug-watchos/DSFDockTile-t.build/Objects-normal/arm64_32/DSFDockTile_const_extract_protocols.json -Xcc -I/Users/admin/builder/spi-builder-workspace/.derivedData/Build/Products/Debug-watchos/include -Xcc -I/Users/admin/builder/spi-builder-workspace/.derivedData/Build/Intermediates.noindex/DSFDockTile.build/Debug-watchos/DSFDockTile-t.build/DerivedSources-normal/arm64_32 -Xcc -I/Users/admin/builder/spi-builder-workspace/.derivedData/Build/Intermediates.noindex/DSFDockTile.build/Debug-watchos/DSFDockTile-t.build/DerivedSources/arm64_32 -Xcc -I/Users/admin/builder/spi-builder-workspace/.derivedData/Build/Intermediates.noindex/DSFDockTile.build/Debug-watchos/DSFDockTile-t.build/DerivedSources -Xcc -DSWIFT_PACKAGE -Xcc -DDEBUG\=1 -emit-objc-header -emit-objc-header-path /Users/admin/builder/spi-builder-workspace/.derivedData/Build/Intermediates.noindex/DSFDockTile.build/Debug-watchos/DSFDockTile-t.build/Objects-normal/arm64_32/DSFDockTile-Swift.h -working-directory /Users/admin/builder/spi-builder-workspace/.swiftpm/xcode -experimental-emit-module-separately -disable-cmo
/Users/admin/builder/spi-builder-workspace/Sources/DSFDockTile/DSFDockTile+Animation.swift:28:8: error: Unable to resolve module dependency: 'AppKit' (in target 'DSFDockTile' from project 'DSFDockTile')
    note: A dependency of main module 'DSFDockTile'
    /Users/admin/builder/spi-builder-workspace/Sources/DSFDockTile/DSFDockTile+Attention.swift:28:8: note: Also imported here
    /Users/admin/builder/spi-builder-workspace/Sources/DSFDockTile/DSFDockTile+ConstantImage.swift:28:8: note: Also imported here
    /Users/admin/builder/spi-builder-workspace/Sources/DSFDockTile/DSFDockTile+Core.swift:28:8: note: Also imported here
    /Users/admin/builder/spi-builder-workspace/Sources/DSFDockTile/DSFDockTile+Image.swift:28:8: note: Also imported here
    /Users/admin/builder/spi-builder-workspace/Sources/DSFDockTile/DSFDockTile+ViewController.swift:28:8: note: Also imported here
    /Users/admin/builder/spi-builder-workspace/Sources/DSFDockTile/DSFDockTile.swift:28:8: note: Also imported here
/Users/admin/builder/spi-builder-workspace/Sources/DSFDockTile/DSFDockTile+Animation.swift:28:8: note: A dependency of main module 'DSFDockTile'
import AppKit
       ^ (in target 'DSFDockTile' from project 'DSFDockTile')
/Users/admin/builder/spi-builder-workspace/Sources/DSFDockTile/DSFDockTile+Attention.swift:28:8: note: Also imported here
import AppKit
       ^ (in target 'DSFDockTile' from project 'DSFDockTile')
/Users/admin/builder/spi-builder-workspace/Sources/DSFDockTile/DSFDockTile+ConstantImage.swift:28:8: note: Also imported here
import AppKit
       ^ (in target 'DSFDockTile' from project 'DSFDockTile')
/Users/admin/builder/spi-builder-workspace/Sources/DSFDockTile/DSFDockTile+Core.swift:28:8: note: Also imported here
import AppKit
       ^ (in target 'DSFDockTile' from project 'DSFDockTile')
/Users/admin/builder/spi-builder-workspace/Sources/DSFDockTile/DSFDockTile+Image.swift:28:8: note: Also imported here
import AppKit
       ^ (in target 'DSFDockTile' from project 'DSFDockTile')
/Users/admin/builder/spi-builder-workspace/Sources/DSFDockTile/DSFDockTile+ViewController.swift:28:8: note: Also imported here
import AppKit
       ^ (in target 'DSFDockTile' from project 'DSFDockTile')
/Users/admin/builder/spi-builder-workspace/Sources/DSFDockTile/DSFDockTile.swift:28:8: note: Also imported here
import AppKit
       ^ (in target 'DSFDockTile' from project 'DSFDockTile')
SwiftDriver DSFImageFlipbook normal arm64 com.apple.xcode.tools.swift.compiler (in target 'DSFImageFlipbook' from project 'DSFImageFlipbook')
    cd /Users/admin/builder/spi-builder-workspace/.swiftpm/xcode
    builtin-SwiftDriver -- /Applications/Xcode-27.0.0-Release.Candidate.app/Contents/Developer/Toolchains/XcodeDefault.xctoolchain/usr/bin/swiftc -parse-as-library -module-name DSFImageFlipbook -Onone @/Users/admin/builder/spi-builder-workspace/.derivedData/Build/Intermediates.noindex/DSFImageFlipbook.build/Debug-watchos/DSFImageFlipbook-t.build/Objects-normal/arm64/DSFImageFlipbook.SwiftFileList -DSWIFT_PACKAGE -DDEBUG -DSWIFT_MODULE_RESOURCE_BUNDLE_UNAVAILABLE -DXcode -plugin-path /Applications/Xcode-27.0.0-Release.Candidate.app/Contents/Developer/Toolchains/XcodeDefault.xctoolchain/usr/lib/swift/host/plugins/testing -enable-experimental-feature DebugDescriptionMacro -sdk /Applications/Xcode-27.0.0-Release.Candidate.app/Contents/Developer/Platforms/WatchOS.platform/Developer/SDKs/WatchOS27.0.sdk -target arm64-apple-watchos9.0 -g -module-cache-path /Users/admin/builder/spi-builder-workspace/.derivedData/ModuleCache.noindex -Xfrontend -serialize-debugging-options -profile-coverage-mapping -profile-generate -enable-testing -suppress-warnings -index-store-path /Users/admin/builder/spi-builder-workspace/.derivedData/Index.noindex/DataStore -Xcc -D_LIBCPP_HARDENING_MODE\=_LIBCPP_HARDENING_MODE_DEBUG -swift-version 5 -I /Users/admin/builder/spi-builder-workspace/.derivedData/Build/Products/Debug-watchos -Isystem /Applications/Xcode-27.0.0-Release.Candidate.app/Contents/Developer/Platforms/WatchOS.platform/Developer/usr/lib -F /Users/admin/builder/spi-builder-workspace/.derivedData/Build/Products/Debug-watchos -F /Applications/Xcode-27.0.0-Release.Candidate.app/Contents/Developer/Platforms/WatchOS.platform/Developer/Library/Frameworks -F /Applications/Xcode-27.0.0-Release.Candidate.app/Contents/Developer/Platforms/WatchOS.platform/Developer/SDKs/WatchOS27.0.sdk/Developer/Library/Frameworks -c -j10 -enable-batch-mode -incremental -Xcc -ivfsstatcache -Xcc /Users/admin/builder/spi-builder-workspace/.derivedData/SDKStatCaches.noindex/watchos27.0-24R360-e829b21a6f8c9b70876ba0858053c04477534ef55a1706bf4c1112bbb242f0a2.sdkstatcache -output-file-map /Users/admin/builder/spi-builder-workspace/.derivedData/Build/Intermediates.noindex/DSFImageFlipbook.build/Debug-watchos/DSFImageFlipbook-t.build/Objects-normal/arm64/DSFImageFlipbook-OutputFileMap.json -save-temps -no-color-diagnostics -explicit-module-build -module-cache-path /Users/admin/builder/spi-builder-workspace/.derivedData/Build/Intermediates.noindex/SwiftExplicitPrecompiledModules -clang-scanner-module-cache-path /Users/admin/builder/spi-builder-workspace/.derivedData/ModuleCache.noindex -sdk-module-cache-path /Users/admin/builder/spi-builder-workspace/.derivedData/SDKExplicitPrecompiledModules -emit-dependencies -emit-module -emit-module-path /Users/admin/builder/spi-builder-workspace/.derivedData/Build/Intermediates.noindex/DSFImageFlipbook.build/Debug-watchos/DSFImageFlipbook-t.build/Objects-normal/arm64/DSFImageFlipbook.swiftmodule -serialize-diagnostics -dependency-scan-serialize-diagnostics-path /Users/admin/builder/spi-builder-workspace/.derivedData/Build/Intermediates.noindex/DSFImageFlipbook.build/Debug-watchos/DSFImageFlipbook-t.build/Objects-normal/arm64/DSFImageFlipbook-dependency-scan.dia -validate-clang-modules-once -clang-build-session-file /Users/admin/builder/spi-builder-workspace/.derivedData/ModuleCache.noindex/Session.modulevalidation -Xcc -fmodules-prune-interval\=86400 -Xcc -fmodules-prune-after\=345600 -emit-const-values -const-gather-protocols-list /Users/admin/builder/spi-builder-workspace/.derivedData/Build/Intermediates.noindex/DSFImageFlipbook.build/Debug-watchos/DSFImageFlipbook-t.build/Objects-normal/arm64/DSFImageFlipbook_const_extract_protocols.json -Xcc -I/Users/admin/builder/spi-builder-workspace/.derivedData/Build/Products/Debug-watchos/include -Xcc -I/Users/admin/builder/spi-builder-workspace/.derivedData/Build/Intermediates.noindex/DSFImageFlipbook.build/Debug-watchos/DSFImageFlipbook-t.build/DerivedSources-normal/arm64 -Xcc -I/Users/admin/builder/spi-builder-workspace/.derivedData/Build/Intermediates.noindex/DSFImageFlipbook.build/Debug-watchos/DSFImageFlipbook-t.build/DerivedSources/arm64 -Xcc -I/Users/admin/builder/spi-builder-workspace/.derivedData/Build/Intermediates.noindex/DSFImageFlipbook.build/Debug-watchos/DSFImageFlipbook-t.build/DerivedSources -Xcc -DSWIFT_PACKAGE -Xcc -DDEBUG\=1 -emit-objc-header -emit-objc-header-path /Users/admin/builder/spi-builder-workspace/.derivedData/Build/Intermediates.noindex/DSFImageFlipbook.build/Debug-watchos/DSFImageFlipbook-t.build/Objects-normal/arm64/DSFImageFlipbook-Swift.h -working-directory /Users/admin/builder/spi-builder-workspace/.swiftpm/xcode -experimental-emit-module-separately -disable-cmo
SwiftEmitModule normal arm64 Emitting\ module\ for\ DSFImageFlipbook (in target 'DSFImageFlipbook' from project 'DSFImageFlipbook')
SwiftCompile normal arm64 (in target 'DSFImageFlipbook' from project 'DSFImageFlipbook')
    cd /Users/admin/builder/spi-builder-workspace/.swiftpm/xcode

SwiftEmitModule normal arm64_32 Emitting\ module\ for\ DSFImageFlipbook (in target 'DSFImageFlipbook' from project 'DSFImageFlipbook')
SwiftCompile normal arm64_32 (in target 'DSFImageFlipbook' from project 'DSFImageFlipbook')
    cd /Users/admin/builder/spi-builder-workspace/.swiftpm/xcode

SwiftCompile normal arm64_32 Compiling\ DSFImageFlipbook.swift /Users/admin/builder/spi-builder-workspace/.dependencies/checkouts/DSFImageFlipbook/Sources/DSFImageFlipbook/DSFImageFlipbook.swift (in target 'DSFImageFlipbook' from project 'DSFImageFlipbook')
SwiftCompile normal arm64_32 /Users/admin/builder/spi-builder-workspace/.dependencies/checkouts/DSFImageFlipbook/Sources/DSFImageFlipbook/DSFImageFlipbook.swift (in target 'DSFImageFlipbook' from project 'DSFImageFlipbook')
    cd /Users/admin/builder/spi-builder-workspace/.swiftpm/xcode
    builtin-SwiftPerFileCompile DSFImageFlipbook.swift
SwiftCompile normal arm64 Compiling\ DSFImageFlipbook.swift /Users/admin/builder/spi-builder-workspace/.dependencies/checkouts/DSFImageFlipbook/Sources/DSFImageFlipbook/DSFImageFlipbook.swift (in target 'DSFImageFlipbook' from project 'DSFImageFlipbook')
SwiftCompile normal arm64 /Users/admin/builder/spi-builder-workspace/.dependencies/checkouts/DSFImageFlipbook/Sources/DSFImageFlipbook/DSFImageFlipbook.swift (in target 'DSFImageFlipbook' from project 'DSFImageFlipbook')
    cd /Users/admin/builder/spi-builder-workspace/.swiftpm/xcode
    builtin-SwiftPerFileCompile DSFImageFlipbook.swift
PruneExplicitPrecompiledModules /Users/admin/builder/spi-builder-workspace/.derivedData/Build/Intermediates.noindex/ExplicitPrecompiledModules
PruneExplicitPrecompiledModules /Users/admin/builder/spi-builder-workspace/.derivedData/SDKExplicitPrecompiledModules
PruneExplicitPrecompiledModules /Users/admin/builder/spi-builder-workspace/.derivedData/Build/Intermediates.noindex/SwiftExplicitPrecompiledModules
2026-09-20 09:12:13.152 xcodebuild[872:5288] [MT] IDERunDestination: Supported platforms for the buildables in the current scheme is empty.
** BUILD FAILED **
The following build commands failed:
	SwiftDriver DSFDockTile normal arm64 com.apple.xcode.tools.swift.compiler (in target 'DSFDockTile' from project 'DSFDockTile')
	SwiftDriver DSFDockTile normal arm64_32 com.apple.xcode.tools.swift.compiler (in target 'DSFDockTile' from project 'DSFDockTile')
	Building workspace DSFDockTile with scheme DSFDockTile
(3 failures)
BUILD FAILURE 6.4 watchOS