The Swift Package Index logo.Swift Package Index

Build Information

Failed to build MicroClient, reference main (442ca1), with Swift 6.4 for Wasm on 27 Sep 2026 03:15:56 UTC.

Build Command

bash -c docker run --pull=always --rm -v "checkouts-54344843-0":/host -w "$PWD" -e JAVA_HOME="/root/.sdkman/candidates/java/current" -e SPI_BUILD="1" -e SPI_PROCESSING="1" registry.gitlab.com/saguaro1/spi-images:wasm-6.4-latest swift build --swift-sdk swift-6.4.x-DEVELOPMENT-SNAPSHOT-2026-09-04-a_wasm 2>&1

Build Log

========================================
RunAll
========================================
Builder version: 5.1.0
Interrupt handler set up.
========================================
Checkout
========================================
Clone URL: https://github.com/otaviocc/MicroClient.git
Reference: main
Initialized empty Git repository in /host/spi-builder-workspace/.git/
hint: Using 'master' as the name for the initial branch. This default branch name
hint: is subject to change. To configure the initial branch name to use in all
hint: of your new repositories, which will suppress this warning, call:
hint:
hint: 	git config --global init.defaultBranch <name>
hint:
hint: Names commonly chosen instead of 'master' are 'main', 'trunk' and
hint: 'development'. The just-created branch can be renamed via this command:
hint:
hint: 	git branch -m <name>
From https://github.com/otaviocc/MicroClient
 * branch            main       -> FETCH_HEAD
 * [new branch]      main       -> origin/main
HEAD is now at 442ca16 Add Linux support and CI (#31)
Cloned https://github.com/otaviocc/MicroClient.git
Revision (git rev-parse @):
442ca168e6320499a5f27607a2c59b6e4f75ff20
SUCCESS checkout https://github.com/otaviocc/MicroClient.git at main
========================================
Build
========================================
Selected platform:         wasm
Swift version:             6.4
Building package at path:  $PWD
https://github.com/otaviocc/MicroClient.git
Running build ...
bash -c docker run --pull=always --rm -v "checkouts-54344843-0":/host -w "$PWD" -e JAVA_HOME="/root/.sdkman/candidates/java/current" -e SPI_BUILD="1" -e SPI_PROCESSING="1" registry.gitlab.com/saguaro1/spi-images:wasm-6.4-latest swift build --swift-sdk swift-6.4.x-DEVELOPMENT-SNAPSHOT-2026-09-04-a_wasm 2>&1
wasm-6.4-latest: Pulling from saguaro1/spi-images
Digest: sha256:4328fdb43c680d205c1d6761b1e3267aa38277eefdda9ddfb17b6a0f1a77857a
Status: Image is up to date for registry.gitlab.com/saguaro1/spi-images:wasm-6.4-latest
Building for debugging...
[Planning deferred tasks]
error: SwiftCompile normal wasm32 failed with a nonzero exit code. Command line:     cd /host

/host/spi-builder-workspace/Sources/MicroClient/Extensions/URLRequest.swift:28:11: error: cannot find type 'URLRequest' in scope
26 | #endif
27 |
28 | extension URLRequest {
   |           `- error: cannot find type 'URLRequest' in scope
29 |
30 |     static func makeURLRequest(
/host/spi-builder-workspace/Sources/MicroClient/Extensions/URLResponse.swift:28:8: error: non-nominal type 'URLResponse' (aka 'AnyObject') cannot be extended [#]8;;https://docs.swift.org/compiler/documentation/diagnostics/nominal-types\NominalTypes]8;;\]
26 | #endif
27 |
28 | public extension URLResponse {
   |        `- error: non-nominal type 'URLResponse' (aka 'AnyObject') cannot be extended [#]8;;https://docs.swift.org/compiler/documentation/diagnostics/nominal-types\NominalTypes]8;;\]
29 |
30 |     /// Returns the HTTP Header value for "Location". Default: `nil`.
/host/spi-builder-workspace/Sources/MicroClient/Extensions/URLSessionProtocol.swift:37:22: error: cannot find type 'URLRequest' in scope
35 |     /// - Returns: A tuple containing the response data and URLResponse.
36 |     func data(
37 |         for request: URLRequest,
   |                      `- error: cannot find type 'URLRequest' in scope
38 |         delegate: URLSessionTaskDelegate?
39 |     ) async throws -> (Data, URLResponse)
/host/spi-builder-workspace/Sources/MicroClient/Extensions/URLSessionProtocol.swift:38:19: error: cannot find type 'URLSessionTaskDelegate' in scope
36 |     func data(
37 |         for request: URLRequest,
38 |         delegate: URLSessionTaskDelegate?
   |                   `- error: cannot find type 'URLSessionTaskDelegate' in scope
39 |     ) async throws -> (Data, URLResponse)
40 | }
/host/spi-builder-workspace/Sources/MicroClient/Extensions/URLSessionProtocol.swift:39:30: error: 'URLResponse' is unavailable: This type has moved to the FoundationNetworking module. Import that module to use it.
37 |         for request: URLRequest,
38 |         delegate: URLSessionTaskDelegate?
39 |     ) async throws -> (Data, URLResponse)
   |                              `- error: 'URLResponse' is unavailable: This type has moved to the FoundationNetworking module. Import that module to use it.
40 | }
41 |
Foundation.URLResponse:2:18: note: 'URLResponse' has been explicitly marked unavailable here
1 | @available(*, unavailable, message: "This type has moved to the FoundationNetworking module. Import that module to use it.")
2 | public typealias URLResponse = AnyObject
  |                  `- note: 'URLResponse' has been explicitly marked unavailable here
/host/spi-builder-workspace/Sources/MicroClient/Extensions/URLSessionProtocol.swift:44:1: error: non-nominal type 'URLSession' (aka 'AnyObject') cannot be extended [#]8;;https://docs.swift.org/compiler/documentation/diagnostics/nominal-types\NominalTypes]8;;\]
42 | // MARK: - URLSession conformance
43 |
44 | extension URLSession: URLSessionProtocol {}
   | `- error: non-nominal type 'URLSession' (aka 'AnyObject') cannot be extended [#]8;;https://docs.swift.org/compiler/documentation/diagnostics/nominal-types\NominalTypes]8;;\]
45 |
/host/spi-builder-workspace/Sources/MicroClient/Interceptors/APIKeyInterceptor.swift:55:66: error: cannot find type 'URLRequest' in scope
53 |     // MARK: - Public
54 |
55 |     public func intercept(_ request: URLRequest) async throws -> URLRequest {
   |                                                                  `- error: cannot find type 'URLRequest' in scope
56 |         var newRequest = request
57 |         newRequest.setValue(apiKey, forHTTPHeaderField: headerName)
/host/spi-builder-workspace/Sources/MicroClient/Interceptors/APIKeyInterceptor.swift:55:38: error: cannot find type 'URLRequest' in scope
53 |     // MARK: - Public
54 |
55 |     public func intercept(_ request: URLRequest) async throws -> URLRequest {
   |                                      `- error: cannot find type 'URLRequest' in scope
56 |         var newRequest = request
57 |         newRequest.setValue(apiKey, forHTTPHeaderField: headerName)
/host/spi-builder-workspace/Sources/MicroClient/NetworkRequestInterceptor.swift:39:59: error: cannot find type 'URLRequest' in scope
37 |     /// - Returns: A potentially modified `URLRequest`.
38 |     /// - Throws: An error if the interception process fails. Throwing an error will cancel the entire request.
39 |     func intercept(_ request: URLRequest) async throws -> URLRequest
   |                                                           `- error: cannot find type 'URLRequest' in scope
40 | }
41 |
/host/spi-builder-workspace/Sources/MicroClient/NetworkRequestInterceptor.swift:39:31: error: cannot find type 'URLRequest' in scope
37 |     /// - Returns: A potentially modified `URLRequest`.
38 |     /// - Throws: An error if the interception process fails. Throwing an error will cancel the entire request.
39 |     func intercept(_ request: URLRequest) async throws -> URLRequest
   |                               `- error: cannot find type 'URLRequest' in scope
40 | }
41 |
/host/spi-builder-workspace/Sources/MicroClient/Interceptors/AcceptHeaderInterceptor.swift:51:66: error: cannot find type 'URLRequest' in scope
49 |     // MARK: - Public
50 |
51 |     public func intercept(_ request: URLRequest) async throws -> URLRequest {
   |                                                                  `- error: cannot find type 'URLRequest' in scope
52 |         var newRequest = request
53 |         newRequest.setValue(acceptType, forHTTPHeaderField: "Accept")
/host/spi-builder-workspace/Sources/MicroClient/Interceptors/AcceptHeaderInterceptor.swift:51:38: error: cannot find type 'URLRequest' in scope
49 |     // MARK: - Public
50 |
51 |     public func intercept(_ request: URLRequest) async throws -> URLRequest {
   |                                      `- error: cannot find type 'URLRequest' in scope
52 |         var newRequest = request
53 |         newRequest.setValue(acceptType, forHTTPHeaderField: "Accept")
/host/spi-builder-workspace/Sources/MicroClient/Interceptors/BasicAuthInterceptor.swift:72:66: error: cannot find type 'URLRequest' in scope
70 |     // MARK: - Public
71 |
72 |     public func intercept(_ request: URLRequest) async throws -> URLRequest {
   |                                                                  `- error: cannot find type 'URLRequest' in scope
73 |         var newRequest = request
74 |
/host/spi-builder-workspace/Sources/MicroClient/Interceptors/BasicAuthInterceptor.swift:72:38: error: cannot find type 'URLRequest' in scope
70 |     // MARK: - Public
71 |
72 |     public func intercept(_ request: URLRequest) async throws -> URLRequest {
   |                                      `- error: cannot find type 'URLRequest' in scope
73 |         var newRequest = request
74 |
/host/spi-builder-workspace/Sources/MicroClient/Interceptors/BearerAuthorizationInterceptor.swift:52:66: error: cannot find type 'URLRequest' in scope
50 |     // MARK: - Public
51 |
52 |     public func intercept(_ request: URLRequest) async throws -> URLRequest {
   |                                                                  `- error: cannot find type 'URLRequest' in scope
53 |         var newRequest = request
54 |
/host/spi-builder-workspace/Sources/MicroClient/Interceptors/BearerAuthorizationInterceptor.swift:52:38: error: cannot find type 'URLRequest' in scope
50 |     // MARK: - Public
51 |
52 |     public func intercept(_ request: URLRequest) async throws -> URLRequest {
   |                                      `- error: cannot find type 'URLRequest' in scope
53 |         var newRequest = request
54 |
/host/spi-builder-workspace/Sources/MicroClient/Interceptors/CacheControlInterceptor.swift:67:66: error: cannot find type 'URLRequest' in scope
65 |     // MARK: - Public
66 |
67 |     public func intercept(_ request: URLRequest) async throws -> URLRequest {
   |                                                                  `- error: cannot find type 'URLRequest' in scope
68 |         var newRequest = request
69 |         newRequest.setValue(policy.headerValue, forHTTPHeaderField: "Cache-Control")
/host/spi-builder-workspace/Sources/MicroClient/Interceptors/CacheControlInterceptor.swift:67:38: error: cannot find type 'URLRequest' in scope
65 |     // MARK: - Public
66 |
67 |     public func intercept(_ request: URLRequest) async throws -> URLRequest {
   |                                      `- error: cannot find type 'URLRequest' in scope
68 |         var newRequest = request
69 |         newRequest.setValue(policy.headerValue, forHTTPHeaderField: "Cache-Control")
/host/spi-builder-workspace/Sources/MicroClient/Interceptors/ContentTypeInterceptor.swift:51:66: error: cannot find type 'URLRequest' in scope
49 |     // MARK: - Public
50 |
51 |     public func intercept(_ request: URLRequest) async throws -> URLRequest {
   |                                                                  `- error: cannot find type 'URLRequest' in scope
52 |         var newRequest = request
53 |
/host/spi-builder-workspace/Sources/MicroClient/Interceptors/ContentTypeInterceptor.swift:51:38: error: cannot find type 'URLRequest' in scope
49 |     // MARK: - Public
50 |
51 |     public func intercept(_ request: URLRequest) async throws -> URLRequest {
   |                                      `- error: cannot find type 'URLRequest' in scope
52 |         var newRequest = request
53 |
/host/spi-builder-workspace/Sources/MicroClient/Interceptors/RequestIDInterceptor.swift:51:66: error: cannot find type 'URLRequest' in scope
49 |     // MARK: - Public
50 |
51 |     public func intercept(_ request: URLRequest) async throws -> URLRequest {
   |                                                                  `- error: cannot find type 'URLRequest' in scope
52 |         var newRequest = request
53 |         let requestID = UUID().uuidString
/host/spi-builder-workspace/Sources/MicroClient/Interceptors/RequestIDInterceptor.swift:51:38: error: cannot find type 'URLRequest' in scope
49 |     // MARK: - Public
50 |
51 |     public func intercept(_ request: URLRequest) async throws -> URLRequest {
   |                                      `- error: cannot find type 'URLRequest' in scope
52 |         var newRequest = request
53 |         let requestID = UUID().uuidString
/host/spi-builder-workspace/Sources/MicroClient/Interceptors/TimeoutInterceptor.swift:50:66: error: cannot find type 'URLRequest' in scope
48 |     // MARK: - Public
49 |
50 |     public func intercept(_ request: URLRequest) async throws -> URLRequest {
   |                                                                  `- error: cannot find type 'URLRequest' in scope
51 |         var newRequest = request
52 |         newRequest.timeoutInterval = timeout
/host/spi-builder-workspace/Sources/MicroClient/Interceptors/TimeoutInterceptor.swift:50:38: error: cannot find type 'URLRequest' in scope
48 |     // MARK: - Public
49 |
50 |     public func intercept(_ request: URLRequest) async throws -> URLRequest {
   |                                      `- error: cannot find type 'URLRequest' in scope
51 |         var newRequest = request
52 |         newRequest.timeoutInterval = timeout
/host/spi-builder-workspace/Sources/MicroClient/Interceptors/UserAgentInterceptor.swift:58:66: error: cannot find type 'URLRequest' in scope
56 |     // MARK: - Public
57 |
58 |     public func intercept(_ request: URLRequest) async throws -> URLRequest {
   |                                                                  `- error: cannot find type 'URLRequest' in scope
59 |         var newRequest = request
60 |         newRequest.setValue(userAgent, forHTTPHeaderField: "User-Agent")
/host/spi-builder-workspace/Sources/MicroClient/Interceptors/UserAgentInterceptor.swift:58:38: error: cannot find type 'URLRequest' in scope
56 |     // MARK: - Public
57 |
58 |     public func intercept(_ request: URLRequest) async throws -> URLRequest {
   |                                      `- error: cannot find type 'URLRequest' in scope
59 |         var newRequest = request
60 |         newRequest.setValue(userAgent, forHTTPHeaderField: "User-Agent")
/host/spi-builder-workspace/Sources/MicroClient/NetworkClientError.swift:42:60: error: 'URLResponse' is unavailable: This type has moved to the FoundationNetworking module. Import that module to use it.
40 |     /// - `response`: The metadata associated with the HTTP response.
41 |     /// - `data`: The raw response body, which may contain more specific error details from the server.
42 |     case unacceptableStatusCode(statusCode: Int, response: URLResponse, data: Data?)
   |                                                            `- error: 'URLResponse' is unavailable: This type has moved to the FoundationNetworking module. Import that module to use it.
43 |
44 |     /// The response body could not be decoded into the expected `Decodable` type.
Foundation.URLResponse:2:18: note: 'URLResponse' has been explicitly marked unavailable here
1 | @available(*, unavailable, message: "This type has moved to the FoundationNetworking module. Import that module to use it.")
2 | public typealias URLResponse = AnyObject
  |                  `- note: 'URLResponse' has been explicitly marked unavailable here
/host/spi-builder-workspace/Sources/MicroClient/NetworkClientError.swift:42:10: warning: associated value 'unacceptableStatusCode(statusCode:response:data:)' of 'Sendable'-conforming enum 'NetworkClientError' contains non-Sendable type 'AnyObject'
40 |     /// - `response`: The metadata associated with the HTTP response.
41 |     /// - `data`: The raw response body, which may contain more specific error details from the server.
42 |     case unacceptableStatusCode(statusCode: Int, response: URLResponse, data: Data?)
   |          `- warning: associated value 'unacceptableStatusCode(statusCode:response:data:)' of 'Sendable'-conforming enum 'NetworkClientError' contains non-Sendable type 'AnyObject'
43 |
44 |     /// The response body could not be decoded into the expected `Decodable` type.
/host/spi-builder-workspace/Sources/MicroClient/NetworkResponse.swift:38:26: error: 'URLResponse' is unavailable: This type has moved to the FoundationNetworking module. Import that module to use it.
36 |
37 |     /// The network response.
38 |     public let response: URLResponse
   |                          `- error: 'URLResponse' is unavailable: This type has moved to the FoundationNetworking module. Import that module to use it.
39 |
40 |     // MARK: - Life cycle
Foundation.URLResponse:2:18: note: 'URLResponse' has been explicitly marked unavailable here
1 | @available(*, unavailable, message: "This type has moved to the FoundationNetworking module. Import that module to use it.")
2 | public typealias URLResponse = AnyObject
  |                  `- note: 'URLResponse' has been explicitly marked unavailable here
/host/spi-builder-workspace/Sources/MicroClient/NetworkResponse.swift:44:19: error: 'URLResponse' is unavailable: This type has moved to the FoundationNetworking module. Import that module to use it.
42 |     public init(
43 |         value: ResponseModel,
44 |         response: URLResponse
   |                   `- error: 'URLResponse' is unavailable: This type has moved to the FoundationNetworking module. Import that module to use it.
45 |     ) {
46 |         self.value = value
Foundation.URLResponse:2:18: note: 'URLResponse' has been explicitly marked unavailable here
1 | @available(*, unavailable, message: "This type has moved to the FoundationNetworking module. Import that module to use it.")
2 | public typealias URLResponse = AnyObject
  |                  `- note: 'URLResponse' has been explicitly marked unavailable here
/host/spi-builder-workspace/Sources/MicroClient/NetworkResponse.swift:38:16: error: stored property 'response' of 'Sendable'-conforming generic struct 'NetworkResponse' has non-Sendable type 'AnyObject'
36 |
37 |     /// The network response.
38 |     public let response: URLResponse
   |                `- error: stored property 'response' of 'Sendable'-conforming generic struct 'NetworkResponse' has non-Sendable type 'AnyObject'
39 |
40 |     // MARK: - Life cycle
[#NominalTypes]: <https://docs.swift.org/compiler/documentation/diagnostics/nominal-types>
Failed frontend command:
/usr/bin/swift-frontend -frontend -emit-module -experimental-skip-non-inlinable-function-bodies-without-types /host/spi-builder-workspace/Sources/MicroClient/Extensions/URLComponents.swift /host/spi-builder-workspace/Sources/MicroClient/Extensions/URLRequest.swift /host/spi-builder-workspace/Sources/MicroClient/Extensions/URLResponse.swift /host/spi-builder-workspace/Sources/MicroClient/Extensions/URLSessionProtocol.swift /host/spi-builder-workspace/Sources/MicroClient/Extensions/Unwrap.swift /host/spi-builder-workspace/Sources/MicroClient/HTTPMethod.swift /host/spi-builder-workspace/Sources/MicroClient/Interceptors/APIKeyInterceptor.swift /host/spi-builder-workspace/Sources/MicroClient/Interceptors/AcceptHeaderInterceptor.swift /host/spi-builder-workspace/Sources/MicroClient/Interceptors/BasicAuthInterceptor.swift /host/spi-builder-workspace/Sources/MicroClient/Interceptors/BearerAuthorizationInterceptor.swift /host/spi-builder-workspace/Sources/MicroClient/Interceptors/CacheControlInterceptor.swift /host/spi-builder-workspace/Sources/MicroClient/Interceptors/ContentTypeInterceptor.swift /host/spi-builder-workspace/Sources/MicroClient/Interceptors/MetricsCollectionInterceptor.swift /host/spi-builder-workspace/Sources/MicroClient/Interceptors/RequestIDInterceptor.swift /host/spi-builder-workspace/Sources/MicroClient/Interceptors/ResponseLoggingInterceptor.swift /host/spi-builder-workspace/Sources/MicroClient/Interceptors/RetryAfterInterceptor.swift /host/spi-builder-workspace/Sources/MicroClient/Interceptors/StatusCodeValidationInterceptor.swift /host/spi-builder-workspace/Sources/MicroClient/Interceptors/TimeoutInterceptor.swift /host/spi-builder-workspace/Sources/MicroClient/Interceptors/UserAgentInterceptor.swift /host/spi-builder-workspace/Sources/MicroClient/Loggers/StdoutLogger.swift /host/spi-builder-workspace/Sources/MicroClient/NetworkClient.swift /host/spi-builder-workspace/Sources/MicroClient/NetworkClientError.swift /host/spi-builder-workspace/Sources/MicroClient/NetworkConfiguration.swift /host/spi-builder-workspace/Sources/MicroClient/NetworkLogLevel.swift /host/spi-builder-workspace/Sources/MicroClient/NetworkLogger.swift /host/spi-builder-workspace/Sources/MicroClient/NetworkRequest.swift /host/spi-builder-workspace/Sources/MicroClient/NetworkRequestInterceptor.swift /host/spi-builder-workspace/Sources/MicroClient/NetworkResponse.swift /host/spi-builder-workspace/Sources/MicroClient/NetworkResponseInterceptor.swift /host/spi-builder-workspace/Sources/MicroClient/Responses/VoidRequest.swift /host/spi-builder-workspace/Sources/MicroClient/Responses/VoidResponse.swift /host/spi-builder-workspace/Sources/MicroClient/RetryStrategy.swift /host/spi-builder-workspace/Sources/MicroClient/URLFormItem.swift -target wasm32-unknown-wasip1 -disable-objc-interop -sdk /root/.swiftpm/swift-sdks/swift-6.4.x-DEVELOPMENT-SNAPSHOT-2026-09-04-a_wasm.artifactbundle/swift-6.4.x-DEVELOPMENT-SNAPSHOT-2026-09-04-a_wasm/wasm32-unknown-wasip1/WASI.sdk -sysroot /root/.swiftpm/swift-sdks/swift-6.4.x-DEVELOPMENT-SNAPSHOT-2026-09-04-a_wasm.artifactbundle/swift-6.4.x-DEVELOPMENT-SNAPSHOT-2026-09-04-a_wasm/wasm32-unknown-wasip1/WASI.sdk -I /host/spi-builder-workspace/.build/out/Products/Debug-webassembly-wasm32 -module-cache-path /host/spi-builder-workspace/.build/out/ModuleCache.noindex -color-diagnostics -Xcc -fcolor-diagnostics -enable-testing -g -debug-info-format\=dwarf -dwarf-version\=4 -swift-version 6 -Onone -D SWIFT_PACKAGE -D DEBUG -D SWIFT_MODULE_RESOURCE_BUNDLE_UNAVAILABLE -D Xcode -serialize-debugging-options -enable-experimental-feature DebugDescriptionMacro -empty-abi-descriptor -external-plugin-path /usr/lib/swift/host/plugins/testing\#/usr/bin/swift-plugin-server -validate-clang-modules-once -clang-build-session-file /host/spi-builder-workspace/.build/out/ModuleCache.noindex/Session.modulevalidation -Xcc -working-directory -Xcc /host -resource-dir /root/.swiftpm/swift-sdks/swift-6.4.x-DEVELOPMENT-SNAPSHOT-2026-09-04-a_wasm.artifactbundle/swift-6.4.x-DEVELOPMENT-SNAPSHOT-2026-09-04-a_wasm/wasm32-unknown-wasip1/swift.xctoolchain/usr/lib/swift_static -use-static-resource-dir -enable-anonymous-context-mangled-names -file-compilation-dir /host -Xcc -resource-dir -Xcc /root/.swiftpm/swift-sdks/swift-6.4.x-DEVELOPMENT-SNAPSHOT-2026-09-04-a_wasm.artifactbundle/swift-6.4.x-DEVELOPMENT-SNAPSHOT-2026-09-04-a_wasm/wasm32-unknown-wasip1/swift.xctoolchain/usr/lib/swift_static/clang -Xcc -D_LIBCPP_HARDENING_MODE\=_LIBCPP_HARDENING_MODE_DEBUG -Xcc -fmodules-prune-interval\=86400 -Xcc -fmodules-prune-after\=345600 -Xcc -I/host/spi-builder-workspace/.build/out/Products/Debug-webassembly-wasm32/include -Xcc -I/host/spi-builder-workspace/.build/out/Intermediates.noindex/MicroClient.build/Debug-webassembly-wasm32/MicroClient-t.build/DerivedSources-normal/wasm32 -Xcc -I/host/spi-builder-workspace/.build/out/Intermediates.noindex/MicroClient.build/Debug-webassembly-wasm32/MicroClient-t.build/DerivedSources/wasm32 -Xcc -I/host/spi-builder-workspace/.build/out/Intermediates.noindex/MicroClient.build/Debug-webassembly-wasm32/MicroClient-t.build/DerivedSources -Xcc -DSWIFT_PACKAGE -Xcc -DDEBUG\=1 -no-auto-bridging-header-chaining -module-name MicroClient -package-name spi_builder_workspace -const-gather-protocols-file /host/spi-builder-workspace/.build/out/Intermediates.noindex/MicroClient.build/Debug-webassembly-wasm32/MicroClient-t.build/Objects-normal/wasm32/MicroClient_const_extract_protocols.json -in-process-plugin-server-path /usr/lib/swift/host/libSwiftInProcPluginServer.so -plugin-path /usr/lib/swift/host/plugins -plugin-path /usr/local/lib/swift/host/plugins -emit-module-doc-path /host/spi-builder-workspace/.build/out/Intermediates.noindex/MicroClient.build/Debug-webassembly-wasm32/MicroClient-t.build/Objects-normal/wasm32/Modules/MicroClient.swiftdoc -emit-module-source-info-path /host/spi-builder-workspace/.build/out/Intermediates.noindex/MicroClient.build/Debug-webassembly-wasm32/MicroClient-t.build/Objects-normal/wasm32/Modules/MicroClient.swiftsourceinfo -emit-objc-header-path /host/spi-builder-workspace/.build/out/Intermediates.noindex/MicroClient.build/Debug-webassembly-wasm32/MicroClient-t.build/Objects-normal/wasm32/MicroClient-Swift.h -serialize-diagnostics-path /host/spi-builder-workspace/.build/out/Intermediates.noindex/MicroClient.build/Debug-webassembly-wasm32/MicroClient-t.build/Objects-normal/wasm32/MicroClient-primary-emit-module.dia -emit-dependencies-path /host/spi-builder-workspace/.build/out/Intermediates.noindex/MicroClient.build/Debug-webassembly-wasm32/MicroClient-t.build/Objects-normal/wasm32/MicroClient-primary-emit-module.d -parse-as-library -o /host/spi-builder-workspace/.build/out/Intermediates.noindex/MicroClient.build/Debug-webassembly-wasm32/MicroClient-t.build/Objects-normal/wasm32/Modules/MicroClient.swiftmodule
error: Build failed
BUILD FAILURE 6.4 wasm