The Swift Package Index logo.Swift Package Index

Build Information

Failed to build Store, reference 3.8.0 (4586ab), with Swift 6.4 for tvOS using Xcode 27.0 on 17 Sep 2026 23:31:54 UTC.

Build Command

env DEVELOPER_DIR=/Applications/Xcode-27.0.0-Release.Candidate.app xcrun xcodebuild -IDEClonedSourcePackagesDirPathOverride=$PWD/.dependencies -skipMacroValidation -skipPackagePluginValidation -derivedDataPath $PWD/.derivedData build -scheme Store -destination generic/platform=tvOS

Build Log

    builtin-SwiftPerFileCompile Scheduler.swift
SwiftCompile normal arm64 Compiling\ Publishers.Last.swift,\ Publishers.MakeConnectable.swift,\ Publishers.Map.swift,\ Publishers.MapError.swift,\ Publishers.MeasureInterval.swift,\ Publishers.Multicast.swift,\ Publishers.Output.swift,\ Publishers.PrefixUntilOutput.swift,\ Publishers.PrefixWhile.swift,\ Publishers.Print.swift /Users/admin/builder/spi-builder-workspace/.dependencies/checkouts/OpenCombine/Sources/OpenCombine/Publishers/Publishers.Last.swift /Users/admin/builder/spi-builder-workspace/.dependencies/checkouts/OpenCombine/Sources/OpenCombine/Publishers/Publishers.MakeConnectable.swift /Users/admin/builder/spi-builder-workspace/.dependencies/checkouts/OpenCombine/Sources/OpenCombine/Publishers/Publishers.Map.swift /Users/admin/builder/spi-builder-workspace/.dependencies/checkouts/OpenCombine/Sources/OpenCombine/Publishers/Publishers.MapError.swift /Users/admin/builder/spi-builder-workspace/.dependencies/checkouts/OpenCombine/Sources/OpenCombine/Publishers/Publishers.MeasureInterval.swift /Users/admin/builder/spi-builder-workspace/.dependencies/checkouts/OpenCombine/Sources/OpenCombine/Publishers/Publishers.Multicast.swift /Users/admin/builder/spi-builder-workspace/.dependencies/checkouts/OpenCombine/Sources/OpenCombine/Publishers/Publishers.Output.swift /Users/admin/builder/spi-builder-workspace/.dependencies/checkouts/OpenCombine/Sources/OpenCombine/Publishers/Publishers.PrefixUntilOutput.swift /Users/admin/builder/spi-builder-workspace/.dependencies/checkouts/OpenCombine/Sources/OpenCombine/Publishers/Publishers.PrefixWhile.swift /Users/admin/builder/spi-builder-workspace/.dependencies/checkouts/OpenCombine/Sources/OpenCombine/Publishers/Publishers.Print.swift (in target 'OpenCombine' from project 'OpenCombine')
SwiftCompile normal arm64 /Users/admin/builder/spi-builder-workspace/.dependencies/checkouts/OpenCombine/Sources/OpenCombine/Publishers/Publishers.Last.swift (in target 'OpenCombine' from project 'OpenCombine')
    cd /Users/admin/builder/spi-builder-workspace/.swiftpm/xcode
    builtin-SwiftPerFileCompile Publishers.Last.swift
SwiftCompile normal arm64 /Users/admin/builder/spi-builder-workspace/.dependencies/checkouts/OpenCombine/Sources/OpenCombine/Publishers/Publishers.MakeConnectable.swift (in target 'OpenCombine' from project 'OpenCombine')
    cd /Users/admin/builder/spi-builder-workspace/.swiftpm/xcode
    builtin-SwiftPerFileCompile Publishers.MakeConnectable.swift
SwiftCompile normal arm64 /Users/admin/builder/spi-builder-workspace/.dependencies/checkouts/OpenCombine/Sources/OpenCombine/Publishers/Publishers.Map.swift (in target 'OpenCombine' from project 'OpenCombine')
    cd /Users/admin/builder/spi-builder-workspace/.swiftpm/xcode
    builtin-SwiftPerFileCompile Publishers.Map.swift
SwiftCompile normal arm64 /Users/admin/builder/spi-builder-workspace/.dependencies/checkouts/OpenCombine/Sources/OpenCombine/Publishers/Publishers.MapError.swift (in target 'OpenCombine' from project 'OpenCombine')
    cd /Users/admin/builder/spi-builder-workspace/.swiftpm/xcode
    builtin-SwiftPerFileCompile Publishers.MapError.swift
SwiftCompile normal arm64 /Users/admin/builder/spi-builder-workspace/.dependencies/checkouts/OpenCombine/Sources/OpenCombine/Publishers/Publishers.MeasureInterval.swift (in target 'OpenCombine' from project 'OpenCombine')
    cd /Users/admin/builder/spi-builder-workspace/.swiftpm/xcode
    builtin-SwiftPerFileCompile Publishers.MeasureInterval.swift
SwiftCompile normal arm64 /Users/admin/builder/spi-builder-workspace/.dependencies/checkouts/OpenCombine/Sources/OpenCombine/Publishers/Publishers.Multicast.swift (in target 'OpenCombine' from project 'OpenCombine')
    cd /Users/admin/builder/spi-builder-workspace/.swiftpm/xcode
    builtin-SwiftPerFileCompile Publishers.Multicast.swift
SwiftCompile normal arm64 /Users/admin/builder/spi-builder-workspace/.dependencies/checkouts/OpenCombine/Sources/OpenCombine/Publishers/Publishers.Output.swift (in target 'OpenCombine' from project 'OpenCombine')
    cd /Users/admin/builder/spi-builder-workspace/.swiftpm/xcode
    builtin-SwiftPerFileCompile Publishers.Output.swift
SwiftCompile normal arm64 /Users/admin/builder/spi-builder-workspace/.dependencies/checkouts/OpenCombine/Sources/OpenCombine/Publishers/Publishers.PrefixUntilOutput.swift (in target 'OpenCombine' from project 'OpenCombine')
    cd /Users/admin/builder/spi-builder-workspace/.swiftpm/xcode
    builtin-SwiftPerFileCompile Publishers.PrefixUntilOutput.swift
SwiftCompile normal arm64 /Users/admin/builder/spi-builder-workspace/.dependencies/checkouts/OpenCombine/Sources/OpenCombine/Publishers/Publishers.PrefixWhile.swift (in target 'OpenCombine' from project 'OpenCombine')
    cd /Users/admin/builder/spi-builder-workspace/.swiftpm/xcode
    builtin-SwiftPerFileCompile Publishers.PrefixWhile.swift
SwiftCompile normal arm64 /Users/admin/builder/spi-builder-workspace/.dependencies/checkouts/OpenCombine/Sources/OpenCombine/Publishers/Publishers.Print.swift (in target 'OpenCombine' from project 'OpenCombine')
    cd /Users/admin/builder/spi-builder-workspace/.swiftpm/xcode
    builtin-SwiftPerFileCompile Publishers.Print.swift
SwiftCompile normal arm64 Compiling\ Publishers.Autoconnect.swift,\ Publishers.Breakpoint.swift,\ Publishers.Buffer.swift,\ Publishers.Collect.swift,\ Publishers.CollectByCount.swift,\ Publishers.CompactMap.swift,\ Publishers.Comparison.swift,\ Publishers.Concatenate.swift,\ Publishers.Contains.swift,\ Publishers.Count.swift /Users/admin/builder/spi-builder-workspace/.dependencies/checkouts/OpenCombine/Sources/OpenCombine/Publishers/Publishers.Autoconnect.swift /Users/admin/builder/spi-builder-workspace/.dependencies/checkouts/OpenCombine/Sources/OpenCombine/Publishers/Publishers.Breakpoint.swift /Users/admin/builder/spi-builder-workspace/.dependencies/checkouts/OpenCombine/Sources/OpenCombine/Publishers/Publishers.Buffer.swift /Users/admin/builder/spi-builder-workspace/.dependencies/checkouts/OpenCombine/Sources/OpenCombine/Publishers/Publishers.Collect.swift /Users/admin/builder/spi-builder-workspace/.dependencies/checkouts/OpenCombine/Sources/OpenCombine/Publishers/Publishers.CollectByCount.swift /Users/admin/builder/spi-builder-workspace/.dependencies/checkouts/OpenCombine/Sources/OpenCombine/Publishers/Publishers.CompactMap.swift /Users/admin/builder/spi-builder-workspace/.dependencies/checkouts/OpenCombine/Sources/OpenCombine/Publishers/Publishers.Comparison.swift /Users/admin/builder/spi-builder-workspace/.dependencies/checkouts/OpenCombine/Sources/OpenCombine/Publishers/Publishers.Concatenate.swift /Users/admin/builder/spi-builder-workspace/.dependencies/checkouts/OpenCombine/Sources/OpenCombine/Publishers/Publishers.Contains.swift /Users/admin/builder/spi-builder-workspace/.dependencies/checkouts/OpenCombine/Sources/OpenCombine/Publishers/Publishers.Count.swift (in target 'OpenCombine' from project 'OpenCombine')
SwiftCompile normal arm64 /Users/admin/builder/spi-builder-workspace/.dependencies/checkouts/OpenCombine/Sources/OpenCombine/Publishers/Publishers.Autoconnect.swift (in target 'OpenCombine' from project 'OpenCombine')
    cd /Users/admin/builder/spi-builder-workspace/.swiftpm/xcode
    builtin-SwiftPerFileCompile Publishers.Autoconnect.swift
SwiftCompile normal arm64 /Users/admin/builder/spi-builder-workspace/.dependencies/checkouts/OpenCombine/Sources/OpenCombine/Publishers/Publishers.Breakpoint.swift (in target 'OpenCombine' from project 'OpenCombine')
    cd /Users/admin/builder/spi-builder-workspace/.swiftpm/xcode
    builtin-SwiftPerFileCompile Publishers.Breakpoint.swift
SwiftCompile normal arm64 /Users/admin/builder/spi-builder-workspace/.dependencies/checkouts/OpenCombine/Sources/OpenCombine/Publishers/Publishers.Buffer.swift (in target 'OpenCombine' from project 'OpenCombine')
    cd /Users/admin/builder/spi-builder-workspace/.swiftpm/xcode
    builtin-SwiftPerFileCompile Publishers.Buffer.swift
SwiftCompile normal arm64 /Users/admin/builder/spi-builder-workspace/.dependencies/checkouts/OpenCombine/Sources/OpenCombine/Publishers/Publishers.Collect.swift (in target 'OpenCombine' from project 'OpenCombine')
    cd /Users/admin/builder/spi-builder-workspace/.swiftpm/xcode
    builtin-SwiftPerFileCompile Publishers.Collect.swift
SwiftCompile normal arm64 /Users/admin/builder/spi-builder-workspace/.dependencies/checkouts/OpenCombine/Sources/OpenCombine/Publishers/Publishers.CollectByCount.swift (in target 'OpenCombine' from project 'OpenCombine')
    cd /Users/admin/builder/spi-builder-workspace/.swiftpm/xcode
    builtin-SwiftPerFileCompile Publishers.CollectByCount.swift
SwiftCompile normal arm64 /Users/admin/builder/spi-builder-workspace/.dependencies/checkouts/OpenCombine/Sources/OpenCombine/Publishers/Publishers.CompactMap.swift (in target 'OpenCombine' from project 'OpenCombine')
    cd /Users/admin/builder/spi-builder-workspace/.swiftpm/xcode
    builtin-SwiftPerFileCompile Publishers.CompactMap.swift
SwiftCompile normal arm64 /Users/admin/builder/spi-builder-workspace/.dependencies/checkouts/OpenCombine/Sources/OpenCombine/Publishers/Publishers.Comparison.swift (in target 'OpenCombine' from project 'OpenCombine')
    cd /Users/admin/builder/spi-builder-workspace/.swiftpm/xcode
    builtin-SwiftPerFileCompile Publishers.Comparison.swift
SwiftCompile normal arm64 /Users/admin/builder/spi-builder-workspace/.dependencies/checkouts/OpenCombine/Sources/OpenCombine/Publishers/Publishers.Concatenate.swift (in target 'OpenCombine' from project 'OpenCombine')
    cd /Users/admin/builder/spi-builder-workspace/.swiftpm/xcode
    builtin-SwiftPerFileCompile Publishers.Concatenate.swift
SwiftCompile normal arm64 /Users/admin/builder/spi-builder-workspace/.dependencies/checkouts/OpenCombine/Sources/OpenCombine/Publishers/Publishers.Contains.swift (in target 'OpenCombine' from project 'OpenCombine')
    cd /Users/admin/builder/spi-builder-workspace/.swiftpm/xcode
    builtin-SwiftPerFileCompile Publishers.Contains.swift
SwiftCompile normal arm64 /Users/admin/builder/spi-builder-workspace/.dependencies/checkouts/OpenCombine/Sources/OpenCombine/Publishers/Publishers.Count.swift (in target 'OpenCombine' from project 'OpenCombine')
    cd /Users/admin/builder/spi-builder-workspace/.swiftpm/xcode
    builtin-SwiftPerFileCompile Publishers.Count.swift
SwiftCompile normal arm64 Compiling\ SubjectSubscriber.swift,\ SubscriberTap.swift,\ SubscriptionStatus.swift,\ SubscriptionTap.swift,\ Utils.swift,\ Violations.swift,\ ImmediateScheduler.swift,\ ObservableObject.swift,\ PassthroughSubject.swift,\ Published.swift,\ Publisher+Subscribe.swift /Users/admin/builder/spi-builder-workspace/.dependencies/checkouts/OpenCombine/Sources/OpenCombine/Helpers/SubjectSubscriber.swift /Users/admin/builder/spi-builder-workspace/.dependencies/checkouts/OpenCombine/Sources/OpenCombine/Helpers/SubscriberTap.swift /Users/admin/builder/spi-builder-workspace/.dependencies/checkouts/OpenCombine/Sources/OpenCombine/Helpers/SubscriptionStatus.swift /Users/admin/builder/spi-builder-workspace/.dependencies/checkouts/OpenCombine/Sources/OpenCombine/Helpers/SubscriptionTap.swift /Users/admin/builder/spi-builder-workspace/.dependencies/checkouts/OpenCombine/Sources/OpenCombine/Helpers/Utils.swift /Users/admin/builder/spi-builder-workspace/.dependencies/checkouts/OpenCombine/Sources/OpenCombine/Helpers/Violations.swift /Users/admin/builder/spi-builder-workspace/.dependencies/checkouts/OpenCombine/Sources/OpenCombine/ImmediateScheduler.swift /Users/admin/builder/spi-builder-workspace/.dependencies/checkouts/OpenCombine/Sources/OpenCombine/ObservableObject.swift /Users/admin/builder/spi-builder-workspace/.dependencies/checkouts/OpenCombine/Sources/OpenCombine/PassthroughSubject.swift /Users/admin/builder/spi-builder-workspace/.dependencies/checkouts/OpenCombine/Sources/OpenCombine/Published.swift /Users/admin/builder/spi-builder-workspace/.dependencies/checkouts/OpenCombine/Sources/OpenCombine/Publisher+Subscribe.swift (in target 'OpenCombine' from project 'OpenCombine')
SwiftCompile normal arm64 /Users/admin/builder/spi-builder-workspace/.dependencies/checkouts/OpenCombine/Sources/OpenCombine/Helpers/SubjectSubscriber.swift (in target 'OpenCombine' from project 'OpenCombine')
    cd /Users/admin/builder/spi-builder-workspace/.swiftpm/xcode
    builtin-SwiftPerFileCompile SubjectSubscriber.swift
SwiftCompile normal arm64 /Users/admin/builder/spi-builder-workspace/.dependencies/checkouts/OpenCombine/Sources/OpenCombine/Helpers/SubscriberTap.swift (in target 'OpenCombine' from project 'OpenCombine')
    cd /Users/admin/builder/spi-builder-workspace/.swiftpm/xcode
    builtin-SwiftPerFileCompile SubscriberTap.swift
SwiftCompile normal arm64 /Users/admin/builder/spi-builder-workspace/.dependencies/checkouts/OpenCombine/Sources/OpenCombine/Helpers/SubscriptionStatus.swift (in target 'OpenCombine' from project 'OpenCombine')
    cd /Users/admin/builder/spi-builder-workspace/.swiftpm/xcode
    builtin-SwiftPerFileCompile SubscriptionStatus.swift
SwiftCompile normal arm64 /Users/admin/builder/spi-builder-workspace/.dependencies/checkouts/OpenCombine/Sources/OpenCombine/Helpers/SubscriptionTap.swift (in target 'OpenCombine' from project 'OpenCombine')
    cd /Users/admin/builder/spi-builder-workspace/.swiftpm/xcode
    builtin-SwiftPerFileCompile SubscriptionTap.swift
SwiftCompile normal arm64 /Users/admin/builder/spi-builder-workspace/.dependencies/checkouts/OpenCombine/Sources/OpenCombine/Helpers/Utils.swift (in target 'OpenCombine' from project 'OpenCombine')
    cd /Users/admin/builder/spi-builder-workspace/.swiftpm/xcode
    builtin-SwiftPerFileCompile Utils.swift
SwiftCompile normal arm64 /Users/admin/builder/spi-builder-workspace/.dependencies/checkouts/OpenCombine/Sources/OpenCombine/Helpers/Violations.swift (in target 'OpenCombine' from project 'OpenCombine')
    cd /Users/admin/builder/spi-builder-workspace/.swiftpm/xcode
    builtin-SwiftPerFileCompile Violations.swift
SwiftCompile normal arm64 /Users/admin/builder/spi-builder-workspace/.dependencies/checkouts/OpenCombine/Sources/OpenCombine/ImmediateScheduler.swift (in target 'OpenCombine' from project 'OpenCombine')
    cd /Users/admin/builder/spi-builder-workspace/.swiftpm/xcode
    builtin-SwiftPerFileCompile ImmediateScheduler.swift
SwiftCompile normal arm64 /Users/admin/builder/spi-builder-workspace/.dependencies/checkouts/OpenCombine/Sources/OpenCombine/ObservableObject.swift (in target 'OpenCombine' from project 'OpenCombine')
    cd /Users/admin/builder/spi-builder-workspace/.swiftpm/xcode
    builtin-SwiftPerFileCompile ObservableObject.swift
SwiftCompile normal arm64 /Users/admin/builder/spi-builder-workspace/.dependencies/checkouts/OpenCombine/Sources/OpenCombine/PassthroughSubject.swift (in target 'OpenCombine' from project 'OpenCombine')
    cd /Users/admin/builder/spi-builder-workspace/.swiftpm/xcode
    builtin-SwiftPerFileCompile PassthroughSubject.swift
SwiftCompile normal arm64 /Users/admin/builder/spi-builder-workspace/.dependencies/checkouts/OpenCombine/Sources/OpenCombine/Published.swift (in target 'OpenCombine' from project 'OpenCombine')
    cd /Users/admin/builder/spi-builder-workspace/.swiftpm/xcode
    builtin-SwiftPerFileCompile Published.swift
SwiftCompile normal arm64 /Users/admin/builder/spi-builder-workspace/.dependencies/checkouts/OpenCombine/Sources/OpenCombine/Publisher+Subscribe.swift (in target 'OpenCombine' from project 'OpenCombine')
    cd /Users/admin/builder/spi-builder-workspace/.swiftpm/xcode
    builtin-SwiftPerFileCompile Publisher+Subscribe.swift
SwiftCompile normal arm64 Compiling\ AnyCancellable.swift,\ AnyPublisher.swift,\ AnySubscriber.swift,\ Cancellable.swift,\ Codable.swift,\ CombineIdentifier.swift,\ ConcurrencyHelpers.swift,\ Future+Concurrency.swift,\ GENERATED-Publisher+Concurrency.swift,\ CurrentValueSubject.swift,\ CustomCombineIdentifierConvertible.swift /Users/admin/builder/spi-builder-workspace/.dependencies/checkouts/OpenCombine/Sources/OpenCombine/AnyCancellable.swift /Users/admin/builder/spi-builder-workspace/.dependencies/checkouts/OpenCombine/Sources/OpenCombine/AnyPublisher.swift /Users/admin/builder/spi-builder-workspace/.dependencies/checkouts/OpenCombine/Sources/OpenCombine/AnySubscriber.swift /Users/admin/builder/spi-builder-workspace/.dependencies/checkouts/OpenCombine/Sources/OpenCombine/Cancellable.swift /Users/admin/builder/spi-builder-workspace/.dependencies/checkouts/OpenCombine/Sources/OpenCombine/Codable.swift /Users/admin/builder/spi-builder-workspace/.dependencies/checkouts/OpenCombine/Sources/OpenCombine/CombineIdentifier.swift /Users/admin/builder/spi-builder-workspace/.dependencies/checkouts/OpenCombine/Sources/OpenCombine/Concurrency/ConcurrencyHelpers.swift /Users/admin/builder/spi-builder-workspace/.dependencies/checkouts/OpenCombine/Sources/OpenCombine/Concurrency/Future+Concurrency.swift /Users/admin/builder/spi-builder-workspace/.dependencies/checkouts/OpenCombine/Sources/OpenCombine/Concurrency/GENERATED-Publisher+Concurrency.swift /Users/admin/builder/spi-builder-workspace/.dependencies/checkouts/OpenCombine/Sources/OpenCombine/CurrentValueSubject.swift /Users/admin/builder/spi-builder-workspace/.dependencies/checkouts/OpenCombine/Sources/OpenCombine/CustomCombineIdentifierConvertible.swift (in target 'OpenCombine' from project 'OpenCombine')
SwiftCompile normal arm64 /Users/admin/builder/spi-builder-workspace/.dependencies/checkouts/OpenCombine/Sources/OpenCombine/AnyCancellable.swift (in target 'OpenCombine' from project 'OpenCombine')
    cd /Users/admin/builder/spi-builder-workspace/.swiftpm/xcode
    builtin-SwiftPerFileCompile AnyCancellable.swift
SwiftCompile normal arm64 /Users/admin/builder/spi-builder-workspace/.dependencies/checkouts/OpenCombine/Sources/OpenCombine/AnyPublisher.swift (in target 'OpenCombine' from project 'OpenCombine')
    cd /Users/admin/builder/spi-builder-workspace/.swiftpm/xcode
    builtin-SwiftPerFileCompile AnyPublisher.swift
SwiftCompile normal arm64 /Users/admin/builder/spi-builder-workspace/.dependencies/checkouts/OpenCombine/Sources/OpenCombine/AnySubscriber.swift (in target 'OpenCombine' from project 'OpenCombine')
    cd /Users/admin/builder/spi-builder-workspace/.swiftpm/xcode
    builtin-SwiftPerFileCompile AnySubscriber.swift
SwiftCompile normal arm64 /Users/admin/builder/spi-builder-workspace/.dependencies/checkouts/OpenCombine/Sources/OpenCombine/Cancellable.swift (in target 'OpenCombine' from project 'OpenCombine')
    cd /Users/admin/builder/spi-builder-workspace/.swiftpm/xcode
    builtin-SwiftPerFileCompile Cancellable.swift
SwiftCompile normal arm64 /Users/admin/builder/spi-builder-workspace/.dependencies/checkouts/OpenCombine/Sources/OpenCombine/Codable.swift (in target 'OpenCombine' from project 'OpenCombine')
    cd /Users/admin/builder/spi-builder-workspace/.swiftpm/xcode
    builtin-SwiftPerFileCompile Codable.swift
SwiftCompile normal arm64 /Users/admin/builder/spi-builder-workspace/.dependencies/checkouts/OpenCombine/Sources/OpenCombine/CombineIdentifier.swift (in target 'OpenCombine' from project 'OpenCombine')
    cd /Users/admin/builder/spi-builder-workspace/.swiftpm/xcode
    builtin-SwiftPerFileCompile CombineIdentifier.swift
SwiftCompile normal arm64 /Users/admin/builder/spi-builder-workspace/.dependencies/checkouts/OpenCombine/Sources/OpenCombine/Concurrency/ConcurrencyHelpers.swift (in target 'OpenCombine' from project 'OpenCombine')
    cd /Users/admin/builder/spi-builder-workspace/.swiftpm/xcode
    builtin-SwiftPerFileCompile ConcurrencyHelpers.swift
SwiftCompile normal arm64 /Users/admin/builder/spi-builder-workspace/.dependencies/checkouts/OpenCombine/Sources/OpenCombine/Concurrency/Future+Concurrency.swift (in target 'OpenCombine' from project 'OpenCombine')
    cd /Users/admin/builder/spi-builder-workspace/.swiftpm/xcode
    builtin-SwiftPerFileCompile Future+Concurrency.swift
SwiftCompile normal arm64 /Users/admin/builder/spi-builder-workspace/.dependencies/checkouts/OpenCombine/Sources/OpenCombine/Concurrency/GENERATED-Publisher+Concurrency.swift (in target 'OpenCombine' from project 'OpenCombine')
    cd /Users/admin/builder/spi-builder-workspace/.swiftpm/xcode
    builtin-SwiftPerFileCompile GENERATED-Publisher+Concurrency.swift
SwiftCompile normal arm64 /Users/admin/builder/spi-builder-workspace/.dependencies/checkouts/OpenCombine/Sources/OpenCombine/CurrentValueSubject.swift (in target 'OpenCombine' from project 'OpenCombine')
    cd /Users/admin/builder/spi-builder-workspace/.swiftpm/xcode
    builtin-SwiftPerFileCompile CurrentValueSubject.swift
SwiftCompile normal arm64 /Users/admin/builder/spi-builder-workspace/.dependencies/checkouts/OpenCombine/Sources/OpenCombine/CustomCombineIdentifierConvertible.swift (in target 'OpenCombine' from project 'OpenCombine')
    cd /Users/admin/builder/spi-builder-workspace/.swiftpm/xcode
    builtin-SwiftPerFileCompile CustomCombineIdentifierConvertible.swift
SwiftExplicitDependencyGeneratePcm arm64 /Users/admin/builder/spi-builder-workspace/.derivedData/SDKExplicitPrecompiledModules/_DarwinFoundation3-63L5I5VCGX6CLI6HI7OWUXJN6.pcm
Ld /Users/admin/builder/spi-builder-workspace/.derivedData/Build/Products/Debug-appletvos/COpenCombineHelpers.o normal (in target 'COpenCombineHelpers' from project 'OpenCombine')
    cd /Users/admin/builder/spi-builder-workspace/.dependencies/checkouts/OpenCombine
    /Applications/Xcode-27.0.0-Release.Candidate.app/Contents/Developer/Toolchains/XcodeDefault.xctoolchain/usr/bin/clang++ -Xlinker -reproducible -target arm64-apple-tvos15.0 -r -isysroot /Applications/Xcode-27.0.0-Release.Candidate.app/Contents/Developer/Platforms/AppleTVOS.platform/Developer/SDKs/AppleTVOS27.0.sdk -O0 -w -Xlinker -no_warn_duplicate_libraries -F/Users/admin/builder/spi-builder-workspace/.derivedData/Build/Intermediates.noindex/EagerLinkingTBDs/Debug-appletvos -F/Users/admin/builder/spi-builder-workspace/.derivedData/Build/Products/Debug-appletvos -iframework /Applications/Xcode-27.0.0-Release.Candidate.app/Contents/Developer/Platforms/AppleTVOS.platform/Developer/Library/Frameworks -iframework /Applications/Xcode-27.0.0-Release.Candidate.app/Contents/Developer/Platforms/AppleTVOS.platform/Developer/SDKs/AppleTVOS27.0.sdk/Developer/Library/Frameworks -filelist /Users/admin/builder/spi-builder-workspace/.derivedData/Build/Intermediates.noindex/OpenCombine.build/Debug-appletvos/COpenCombineHelpers-t.build/Objects-normal/arm64/COpenCombineHelpers.LinkFileList -nostdlib -Xlinker -object_path_lto -Xlinker /Users/admin/builder/spi-builder-workspace/.derivedData/Build/Intermediates.noindex/OpenCombine.build/Debug-appletvos/COpenCombineHelpers-t.build/Objects-normal/arm64/COpenCombineHelpers_lto.o -Xlinker -no_deduplicate -Xlinker -debug_variant -Xlinker -dependency_info -Xlinker /Users/admin/builder/spi-builder-workspace/.derivedData/Build/Intermediates.noindex/OpenCombine.build/Debug-appletvos/COpenCombineHelpers-t.build/Objects-normal/arm64/COpenCombineHelpers_dependency_info.dat -o /Users/admin/builder/spi-builder-workspace/.derivedData/Build/Products/Debug-appletvos/COpenCombineHelpers.o
SwiftExplicitDependencyGeneratePcm arm64 /Users/admin/builder/spi-builder-workspace/.derivedData/SDKExplicitPrecompiledModules/_Builtin_inttypes-80RS02PM2X81SP8N0Q7X05540.pcm
SwiftCompile normal arm64 Compiling\ Future.swift,\ GENERATED-RootProtocols.swift,\ ConduitBase.swift,\ ConduitList.swift,\ DebugHook.swift,\ FilterProducer.swift,\ Locking.swift,\ PartialCompletion.swift,\ PublishedSubject.swift,\ PublishedSubscriber.swift,\ ReduceProducer.swift /Users/admin/builder/spi-builder-workspace/.dependencies/checkouts/OpenCombine/Sources/OpenCombine/Future.swift /Users/admin/builder/spi-builder-workspace/.dependencies/checkouts/OpenCombine/Sources/OpenCombine/GENERATED-RootProtocols.swift /Users/admin/builder/spi-builder-workspace/.dependencies/checkouts/OpenCombine/Sources/OpenCombine/Helpers/ConduitBase.swift /Users/admin/builder/spi-builder-workspace/.dependencies/checkouts/OpenCombine/Sources/OpenCombine/Helpers/ConduitList.swift /Users/admin/builder/spi-builder-workspace/.dependencies/checkouts/OpenCombine/Sources/OpenCombine/Helpers/DebugHook.swift /Users/admin/builder/spi-builder-workspace/.dependencies/checkouts/OpenCombine/Sources/OpenCombine/Helpers/FilterProducer.swift /Users/admin/builder/spi-builder-workspace/.dependencies/checkouts/OpenCombine/Sources/OpenCombine/Helpers/Locking.swift /Users/admin/builder/spi-builder-workspace/.dependencies/checkouts/OpenCombine/Sources/OpenCombine/Helpers/PartialCompletion.swift /Users/admin/builder/spi-builder-workspace/.dependencies/checkouts/OpenCombine/Sources/OpenCombine/Helpers/PublishedSubject.swift /Users/admin/builder/spi-builder-workspace/.dependencies/checkouts/OpenCombine/Sources/OpenCombine/Helpers/PublishedSubscriber.swift /Users/admin/builder/spi-builder-workspace/.dependencies/checkouts/OpenCombine/Sources/OpenCombine/Helpers/ReduceProducer.swift (in target 'OpenCombine' from project 'OpenCombine')
SwiftCompile normal arm64 /Users/admin/builder/spi-builder-workspace/.dependencies/checkouts/OpenCombine/Sources/OpenCombine/Future.swift (in target 'OpenCombine' from project 'OpenCombine')
    cd /Users/admin/builder/spi-builder-workspace/.swiftpm/xcode
    builtin-SwiftPerFileCompile Future.swift
SwiftCompile normal arm64 /Users/admin/builder/spi-builder-workspace/.dependencies/checkouts/OpenCombine/Sources/OpenCombine/GENERATED-RootProtocols.swift (in target 'OpenCombine' from project 'OpenCombine')
    cd /Users/admin/builder/spi-builder-workspace/.swiftpm/xcode
    builtin-SwiftPerFileCompile GENERATED-RootProtocols.swift
SwiftCompile normal arm64 /Users/admin/builder/spi-builder-workspace/.dependencies/checkouts/OpenCombine/Sources/OpenCombine/Helpers/ConduitBase.swift (in target 'OpenCombine' from project 'OpenCombine')
    cd /Users/admin/builder/spi-builder-workspace/.swiftpm/xcode
    builtin-SwiftPerFileCompile ConduitBase.swift
SwiftCompile normal arm64 /Users/admin/builder/spi-builder-workspace/.dependencies/checkouts/OpenCombine/Sources/OpenCombine/Helpers/ConduitList.swift (in target 'OpenCombine' from project 'OpenCombine')
    cd /Users/admin/builder/spi-builder-workspace/.swiftpm/xcode
    builtin-SwiftPerFileCompile ConduitList.swift
SwiftCompile normal arm64 /Users/admin/builder/spi-builder-workspace/.dependencies/checkouts/OpenCombine/Sources/OpenCombine/Helpers/DebugHook.swift (in target 'OpenCombine' from project 'OpenCombine')
    cd /Users/admin/builder/spi-builder-workspace/.swiftpm/xcode
    builtin-SwiftPerFileCompile DebugHook.swift
SwiftCompile normal arm64 /Users/admin/builder/spi-builder-workspace/.dependencies/checkouts/OpenCombine/Sources/OpenCombine/Helpers/FilterProducer.swift (in target 'OpenCombine' from project 'OpenCombine')
    cd /Users/admin/builder/spi-builder-workspace/.swiftpm/xcode
    builtin-SwiftPerFileCompile FilterProducer.swift
SwiftCompile normal arm64 /Users/admin/builder/spi-builder-workspace/.dependencies/checkouts/OpenCombine/Sources/OpenCombine/Helpers/Locking.swift (in target 'OpenCombine' from project 'OpenCombine')
    cd /Users/admin/builder/spi-builder-workspace/.swiftpm/xcode
    builtin-SwiftPerFileCompile Locking.swift
SwiftCompile normal arm64 /Users/admin/builder/spi-builder-workspace/.dependencies/checkouts/OpenCombine/Sources/OpenCombine/Helpers/PartialCompletion.swift (in target 'OpenCombine' from project 'OpenCombine')
    cd /Users/admin/builder/spi-builder-workspace/.swiftpm/xcode
    builtin-SwiftPerFileCompile PartialCompletion.swift
SwiftCompile normal arm64 /Users/admin/builder/spi-builder-workspace/.dependencies/checkouts/OpenCombine/Sources/OpenCombine/Helpers/PublishedSubject.swift (in target 'OpenCombine' from project 'OpenCombine')
    cd /Users/admin/builder/spi-builder-workspace/.swiftpm/xcode
    builtin-SwiftPerFileCompile PublishedSubject.swift
SwiftCompile normal arm64 /Users/admin/builder/spi-builder-workspace/.dependencies/checkouts/OpenCombine/Sources/OpenCombine/Helpers/PublishedSubscriber.swift (in target 'OpenCombine' from project 'OpenCombine')
    cd /Users/admin/builder/spi-builder-workspace/.swiftpm/xcode
    builtin-SwiftPerFileCompile PublishedSubscriber.swift
SwiftCompile normal arm64 /Users/admin/builder/spi-builder-workspace/.dependencies/checkouts/OpenCombine/Sources/OpenCombine/Helpers/ReduceProducer.swift (in target 'OpenCombine' from project 'OpenCombine')
    cd /Users/admin/builder/spi-builder-workspace/.swiftpm/xcode
    builtin-SwiftPerFileCompile ReduceProducer.swift
SwiftExplicitDependencyGeneratePcm arm64 /Users/admin/builder/spi-builder-workspace/.derivedData/SDKExplicitPrecompiledModules/Darwin-1VTILT8KA42CNDAUB0H1FM7MC.pcm
SwiftDriverJobDiscovery normal arm64 Compiling Subject+Void.swift, Subscriber+Void.swift, Subscribers.Assign.swift, Subscribers.Completion.swift, Subscribers.Demand.swift, Subscribers.Sink.swift, Subscribers.swift, Subscription.swift, Subscriptions.swift, _Introspection.swift (in target 'OpenCombine' from project 'OpenCombine')
SwiftCompile normal arm64 Compiling\ Deferred.swift,\ Empty.swift,\ Fail.swift,\ GENERATED-Publishers.Catch.swift,\ GENERATED-Publishers.Encode.swift,\ GENERATED-Publishers.MapKeyPath.swift,\ Just.swift,\ Optional.Publisher.swift,\ Publishers.AllSatisfy.swift,\ Publishers.AssertNoFailure.swift /Users/admin/builder/spi-builder-workspace/.dependencies/checkouts/OpenCombine/Sources/OpenCombine/Publishers/Deferred.swift /Users/admin/builder/spi-builder-workspace/.dependencies/checkouts/OpenCombine/Sources/OpenCombine/Publishers/Empty.swift /Users/admin/builder/spi-builder-workspace/.dependencies/checkouts/OpenCombine/Sources/OpenCombine/Publishers/Fail.swift /Users/admin/builder/spi-builder-workspace/.dependencies/checkouts/OpenCombine/Sources/OpenCombine/Publishers/GENERATED-Publishers.Catch.swift /Users/admin/builder/spi-builder-workspace/.dependencies/checkouts/OpenCombine/Sources/OpenCombine/Publishers/GENERATED-Publishers.Encode.swift /Users/admin/builder/spi-builder-workspace/.dependencies/checkouts/OpenCombine/Sources/OpenCombine/Publishers/GENERATED-Publishers.MapKeyPath.swift /Users/admin/builder/spi-builder-workspace/.dependencies/checkouts/OpenCombine/Sources/OpenCombine/Publishers/Just.swift /Users/admin/builder/spi-builder-workspace/.dependencies/checkouts/OpenCombine/Sources/OpenCombine/Publishers/Optional.Publisher.swift /Users/admin/builder/spi-builder-workspace/.dependencies/checkouts/OpenCombine/Sources/OpenCombine/Publishers/Publishers.AllSatisfy.swift /Users/admin/builder/spi-builder-workspace/.dependencies/checkouts/OpenCombine/Sources/OpenCombine/Publishers/Publishers.AssertNoFailure.swift (in target 'OpenCombine' from project 'OpenCombine')
SwiftCompile normal arm64 /Users/admin/builder/spi-builder-workspace/.dependencies/checkouts/OpenCombine/Sources/OpenCombine/Publishers/Deferred.swift (in target 'OpenCombine' from project 'OpenCombine')
    cd /Users/admin/builder/spi-builder-workspace/.swiftpm/xcode
    builtin-SwiftPerFileCompile Deferred.swift
SwiftCompile normal arm64 /Users/admin/builder/spi-builder-workspace/.dependencies/checkouts/OpenCombine/Sources/OpenCombine/Publishers/Empty.swift (in target 'OpenCombine' from project 'OpenCombine')
    cd /Users/admin/builder/spi-builder-workspace/.swiftpm/xcode
    builtin-SwiftPerFileCompile Empty.swift
SwiftCompile normal arm64 /Users/admin/builder/spi-builder-workspace/.dependencies/checkouts/OpenCombine/Sources/OpenCombine/Publishers/Fail.swift (in target 'OpenCombine' from project 'OpenCombine')
    cd /Users/admin/builder/spi-builder-workspace/.swiftpm/xcode
    builtin-SwiftPerFileCompile Fail.swift
SwiftCompile normal arm64 /Users/admin/builder/spi-builder-workspace/.dependencies/checkouts/OpenCombine/Sources/OpenCombine/Publishers/GENERATED-Publishers.Catch.swift (in target 'OpenCombine' from project 'OpenCombine')
    cd /Users/admin/builder/spi-builder-workspace/.swiftpm/xcode
    builtin-SwiftPerFileCompile GENERATED-Publishers.Catch.swift
SwiftCompile normal arm64 /Users/admin/builder/spi-builder-workspace/.dependencies/checkouts/OpenCombine/Sources/OpenCombine/Publishers/GENERATED-Publishers.Encode.swift (in target 'OpenCombine' from project 'OpenCombine')
    cd /Users/admin/builder/spi-builder-workspace/.swiftpm/xcode
    builtin-SwiftPerFileCompile GENERATED-Publishers.Encode.swift
SwiftCompile normal arm64 /Users/admin/builder/spi-builder-workspace/.dependencies/checkouts/OpenCombine/Sources/OpenCombine/Publishers/GENERATED-Publishers.MapKeyPath.swift (in target 'OpenCombine' from project 'OpenCombine')
    cd /Users/admin/builder/spi-builder-workspace/.swiftpm/xcode
    builtin-SwiftPerFileCompile GENERATED-Publishers.MapKeyPath.swift
SwiftCompile normal arm64 /Users/admin/builder/spi-builder-workspace/.dependencies/checkouts/OpenCombine/Sources/OpenCombine/Publishers/Just.swift (in target 'OpenCombine' from project 'OpenCombine')
    cd /Users/admin/builder/spi-builder-workspace/.swiftpm/xcode
    builtin-SwiftPerFileCompile Just.swift
SwiftCompile normal arm64 /Users/admin/builder/spi-builder-workspace/.dependencies/checkouts/OpenCombine/Sources/OpenCombine/Publishers/Optional.Publisher.swift (in target 'OpenCombine' from project 'OpenCombine')
    cd /Users/admin/builder/spi-builder-workspace/.swiftpm/xcode
    builtin-SwiftPerFileCompile Optional.Publisher.swift
SwiftCompile normal arm64 /Users/admin/builder/spi-builder-workspace/.dependencies/checkouts/OpenCombine/Sources/OpenCombine/Publishers/Publishers.AllSatisfy.swift (in target 'OpenCombine' from project 'OpenCombine')
    cd /Users/admin/builder/spi-builder-workspace/.swiftpm/xcode
    builtin-SwiftPerFileCompile Publishers.AllSatisfy.swift
SwiftCompile normal arm64 /Users/admin/builder/spi-builder-workspace/.dependencies/checkouts/OpenCombine/Sources/OpenCombine/Publishers/Publishers.AssertNoFailure.swift (in target 'OpenCombine' from project 'OpenCombine')
    cd /Users/admin/builder/spi-builder-workspace/.swiftpm/xcode
    builtin-SwiftPerFileCompile Publishers.AssertNoFailure.swift
SwiftDriverJobDiscovery normal arm64 Compiling SubjectSubscriber.swift, SubscriberTap.swift, SubscriptionStatus.swift, SubscriptionTap.swift, Utils.swift, Violations.swift, ImmediateScheduler.swift, ObservableObject.swift, PassthroughSubject.swift, Published.swift, Publisher+Subscribe.swift (in target 'OpenCombine' from project 'OpenCombine')
SwiftDriverJobDiscovery normal arm64 Compiling Future.swift, GENERATED-RootProtocols.swift, ConduitBase.swift, ConduitList.swift, DebugHook.swift, FilterProducer.swift, Locking.swift, PartialCompletion.swift, PublishedSubject.swift, PublishedSubscriber.swift, ReduceProducer.swift (in target 'OpenCombine' from project 'OpenCombine')
SwiftDriverJobDiscovery normal arm64 Compiling AnyCancellable.swift, AnyPublisher.swift, AnySubscriber.swift, Cancellable.swift, Codable.swift, CombineIdentifier.swift, ConcurrencyHelpers.swift, Future+Concurrency.swift, GENERATED-Publisher+Concurrency.swift, CurrentValueSubject.swift, CustomCombineIdentifierConvertible.swift (in target 'OpenCombine' from project 'OpenCombine')
SwiftDriverJobDiscovery normal arm64 Compiling Publishers.Debounce.swift, Publishers.Delay.swift, Publishers.Drop.swift, Publishers.DropUntilOutput.swift, Publishers.DropWhile.swift, Publishers.Filter.swift, Publishers.First.swift, Publishers.FlatMap.swift, Publishers.HandleEvents.swift, Publishers.IgnoreOutput.swift (in target 'OpenCombine' from project 'OpenCombine')
SwiftDriverJobDiscovery normal arm64 Emitting module for OpenCombine (in target 'OpenCombine' from project 'OpenCombine')
SwiftDriver\ Compilation\ Requirements OpenCombine normal arm64 com.apple.xcode.tools.swift.compiler (in target 'OpenCombine' from project 'OpenCombine')
    cd /Users/admin/builder/spi-builder-workspace/.swiftpm/xcode
    builtin-Swift-Compilation-Requirements -- /Applications/Xcode-27.0.0-Release.Candidate.app/Contents/Developer/Toolchains/XcodeDefault.xctoolchain/usr/bin/swiftc -parse-as-library -module-name OpenCombine -Onone @/Users/admin/builder/spi-builder-workspace/.derivedData/Build/Intermediates.noindex/OpenCombine.build/Debug-appletvos/OpenCombine-t.build/Objects-normal/arm64/OpenCombine.SwiftFileList -DSWIFT_PACKAGE -DDEBUG -DSWIFT_MODULE_RESOURCE_BUNDLE_UNAVAILABLE -Xcc -fmodule-map-file\=/Users/admin/builder/spi-builder-workspace/.derivedData/Build/Intermediates.noindex/GeneratedModuleMaps-appletvos/COpenCombineHelpers.modulemap -DXcode -plugin-path /Applications/Xcode-27.0.0-Release.Candidate.app/Contents/Developer/Toolchains/XcodeDefault.xctoolchain/usr/lib/swift/host/plugins/testing -enable-experimental-feature DebugDescriptionMacro -sdk /Applications/Xcode-27.0.0-Release.Candidate.app/Contents/Developer/Platforms/AppleTVOS.platform/Developer/SDKs/AppleTVOS27.0.sdk -target arm64-apple-tvos15.0 -g -module-cache-path /Users/admin/builder/spi-builder-workspace/.derivedData/ModuleCache.noindex -Xfrontend -serialize-debugging-options -profile-coverage-mapping -profile-generate -enable-testing -suppress-warnings -index-store-path /Users/admin/builder/spi-builder-workspace/.derivedData/Index.noindex/DataStore -Xcc -D_LIBCPP_HARDENING_MODE\=_LIBCPP_HARDENING_MODE_DEBUG -swift-version 5 -I /Users/admin/builder/spi-builder-workspace/.derivedData/Build/Products/Debug-appletvos -Isystem /Applications/Xcode-27.0.0-Release.Candidate.app/Contents/Developer/Platforms/AppleTVOS.platform/Developer/usr/lib -F /Users/admin/builder/spi-builder-workspace/.derivedData/Build/Products/Debug-appletvos/PackageFrameworks -F /Users/admin/builder/spi-builder-workspace/.derivedData/Build/Products/Debug-appletvos -F /Applications/Xcode-27.0.0-Release.Candidate.app/Contents/Developer/Platforms/AppleTVOS.platform/Developer/Library/Frameworks -F /Applications/Xcode-27.0.0-Release.Candidate.app/Contents/Developer/Platforms/AppleTVOS.platform/Developer/SDKs/AppleTVOS27.0.sdk/Developer/Library/Frameworks -c -j10 -enable-batch-mode -incremental -Xcc -ivfsstatcache -Xcc /Users/admin/builder/spi-builder-workspace/.derivedData/SDKStatCaches.noindex/appletvos27.0-24J360-e829b21a6f8c9b70876ba0858053c044b32bfd8d43560033f8d89884cdb90028.sdkstatcache -output-file-map /Users/admin/builder/spi-builder-workspace/.derivedData/Build/Intermediates.noindex/OpenCombine.build/Debug-appletvos/OpenCombine-t.build/Objects-normal/arm64/OpenCombine-OutputFileMap.json -save-temps -no-color-diagnostics -explicit-module-build -module-cache-path /Users/admin/builder/spi-builder-workspace/.derivedData/Build/Intermediates.noindex/SwiftExplicitPrecompiledModules -clang-scanner-module-cache-path /Users/admin/builder/spi-builder-workspace/.derivedData/ModuleCache.noindex -sdk-module-cache-path /Users/admin/builder/spi-builder-workspace/.derivedData/SDKExplicitPrecompiledModules -emit-dependencies -emit-module -emit-module-path /Users/admin/builder/spi-builder-workspace/.derivedData/Build/Intermediates.noindex/OpenCombine.build/Debug-appletvos/OpenCombine-t.build/Objects-normal/arm64/OpenCombine.swiftmodule -serialize-diagnostics -dependency-scan-serialize-diagnostics-path /Users/admin/builder/spi-builder-workspace/.derivedData/Build/Intermediates.noindex/OpenCombine.build/Debug-appletvos/OpenCombine-t.build/Objects-normal/arm64/OpenCombine-dependency-scan.dia -validate-clang-modules-once -clang-build-session-file /Users/admin/builder/spi-builder-workspace/.derivedData/ModuleCache.noindex/Session.modulevalidation -Xcc -fmodules-prune-interval\=86400 -Xcc -fmodules-prune-after\=345600 -emit-const-values -const-gather-protocols-list /Users/admin/builder/spi-builder-workspace/.derivedData/Build/Intermediates.noindex/OpenCombine.build/Debug-appletvos/OpenCombine-t.build/Objects-normal/arm64/OpenCombine_const_extract_protocols.json -Xcc -I/Users/admin/builder/spi-builder-workspace/.dependencies/checkouts/OpenCombine/Sources/COpenCombineHelpers/include -Xcc -I/Users/admin/builder/spi-builder-workspace/.derivedData/Build/Products/Debug-appletvos/include -Xcc -I/Users/admin/builder/spi-builder-workspace/.derivedData/Build/Intermediates.noindex/OpenCombine.build/Debug-appletvos/OpenCombine-t.build/DerivedSources-normal/arm64 -Xcc -I/Users/admin/builder/spi-builder-workspace/.derivedData/Build/Intermediates.noindex/OpenCombine.build/Debug-appletvos/OpenCombine-t.build/DerivedSources/arm64 -Xcc -I/Users/admin/builder/spi-builder-workspace/.derivedData/Build/Intermediates.noindex/OpenCombine.build/Debug-appletvos/OpenCombine-t.build/DerivedSources -Xcc -DSWIFT_PACKAGE -Xcc -DDEBUG\=1 -emit-objc-header -emit-objc-header-path /Users/admin/builder/spi-builder-workspace/.derivedData/Build/Intermediates.noindex/OpenCombine.build/Debug-appletvos/OpenCombine-t.build/Objects-normal/arm64/OpenCombine-Swift.h -working-directory /Users/admin/builder/spi-builder-workspace/.swiftpm/xcode -experimental-emit-module-separately -disable-cmo
SwiftMergeGeneratedHeaders /Users/admin/builder/spi-builder-workspace/.derivedData/Build/Intermediates.noindex/GeneratedModuleMaps-appletvos/OpenCombine-Swift.h /Users/admin/builder/spi-builder-workspace/.derivedData/Build/Intermediates.noindex/OpenCombine.build/Debug-appletvos/OpenCombine-t.build/Objects-normal/arm64/OpenCombine-Swift.h (in target 'OpenCombine' from project 'OpenCombine')
    cd /Users/admin/builder/spi-builder-workspace/.dependencies/checkouts/OpenCombine
    builtin-swiftHeaderTool -arch arm64 /Users/admin/builder/spi-builder-workspace/.derivedData/Build/Intermediates.noindex/OpenCombine.build/Debug-appletvos/OpenCombine-t.build/Objects-normal/arm64/OpenCombine-Swift.h -o /Users/admin/builder/spi-builder-workspace/.derivedData/Build/Intermediates.noindex/GeneratedModuleMaps-appletvos/OpenCombine-Swift.h
Copy /Users/admin/builder/spi-builder-workspace/.derivedData/Build/Products/Debug-appletvos/OpenCombine.swiftmodule/arm64-apple-tvos.swiftdoc /Users/admin/builder/spi-builder-workspace/.derivedData/Build/Intermediates.noindex/OpenCombine.build/Debug-appletvos/OpenCombine-t.build/Objects-normal/arm64/OpenCombine.swiftdoc (in target 'OpenCombine' from project 'OpenCombine')
    cd /Users/admin/builder/spi-builder-workspace/.dependencies/checkouts/OpenCombine
    builtin-copy -exclude .DS_Store -exclude CVS -exclude .svn -exclude .git -exclude .hg -resolve-src-symlinks -rename /Users/admin/builder/spi-builder-workspace/.derivedData/Build/Intermediates.noindex/OpenCombine.build/Debug-appletvos/OpenCombine-t.build/Objects-normal/arm64/OpenCombine.swiftdoc /Users/admin/builder/spi-builder-workspace/.derivedData/Build/Products/Debug-appletvos/OpenCombine.swiftmodule/arm64-apple-tvos.swiftdoc
Copy /Users/admin/builder/spi-builder-workspace/.derivedData/Build/Products/Debug-appletvos/OpenCombine.swiftmodule/arm64-apple-tvos.abi.json /Users/admin/builder/spi-builder-workspace/.derivedData/Build/Intermediates.noindex/OpenCombine.build/Debug-appletvos/OpenCombine-t.build/Objects-normal/arm64/OpenCombine.abi.json (in target 'OpenCombine' from project 'OpenCombine')
    cd /Users/admin/builder/spi-builder-workspace/.dependencies/checkouts/OpenCombine
    builtin-copy -exclude .DS_Store -exclude CVS -exclude .svn -exclude .git -exclude .hg -resolve-src-symlinks -rename /Users/admin/builder/spi-builder-workspace/.derivedData/Build/Intermediates.noindex/OpenCombine.build/Debug-appletvos/OpenCombine-t.build/Objects-normal/arm64/OpenCombine.abi.json /Users/admin/builder/spi-builder-workspace/.derivedData/Build/Products/Debug-appletvos/OpenCombine.swiftmodule/arm64-apple-tvos.abi.json
Copy /Users/admin/builder/spi-builder-workspace/.derivedData/Build/Products/Debug-appletvos/OpenCombine.swiftmodule/arm64-apple-tvos.swiftmodule /Users/admin/builder/spi-builder-workspace/.derivedData/Build/Intermediates.noindex/OpenCombine.build/Debug-appletvos/OpenCombine-t.build/Objects-normal/arm64/OpenCombine.swiftmodule (in target 'OpenCombine' from project 'OpenCombine')
    cd /Users/admin/builder/spi-builder-workspace/.dependencies/checkouts/OpenCombine
    builtin-copy -exclude .DS_Store -exclude CVS -exclude .svn -exclude .git -exclude .hg -resolve-src-symlinks -rename /Users/admin/builder/spi-builder-workspace/.derivedData/Build/Intermediates.noindex/OpenCombine.build/Debug-appletvos/OpenCombine-t.build/Objects-normal/arm64/OpenCombine.swiftmodule /Users/admin/builder/spi-builder-workspace/.derivedData/Build/Products/Debug-appletvos/OpenCombine.swiftmodule/arm64-apple-tvos.swiftmodule
Copy /Users/admin/builder/spi-builder-workspace/.derivedData/Build/Products/Debug-appletvos/OpenCombine.swiftmodule/Project/arm64-apple-tvos.swiftsourceinfo /Users/admin/builder/spi-builder-workspace/.derivedData/Build/Intermediates.noindex/OpenCombine.build/Debug-appletvos/OpenCombine-t.build/Objects-normal/arm64/OpenCombine.swiftsourceinfo (in target 'OpenCombine' from project 'OpenCombine')
    cd /Users/admin/builder/spi-builder-workspace/.dependencies/checkouts/OpenCombine
    builtin-copy -exclude .DS_Store -exclude CVS -exclude .svn -exclude .git -exclude .hg -resolve-src-symlinks -rename /Users/admin/builder/spi-builder-workspace/.derivedData/Build/Intermediates.noindex/OpenCombine.build/Debug-appletvos/OpenCombine-t.build/Objects-normal/arm64/OpenCombine.swiftsourceinfo /Users/admin/builder/spi-builder-workspace/.derivedData/Build/Products/Debug-appletvos/OpenCombine.swiftmodule/Project/arm64-apple-tvos.swiftsourceinfo
SwiftDriver OpenCombineDispatch normal arm64 com.apple.xcode.tools.swift.compiler (in target 'OpenCombineDispatch' from project 'OpenCombine')
    cd /Users/admin/builder/spi-builder-workspace/.swiftpm/xcode
    builtin-SwiftDriver -- /Applications/Xcode-27.0.0-Release.Candidate.app/Contents/Developer/Toolchains/XcodeDefault.xctoolchain/usr/bin/swiftc -parse-as-library -module-name OpenCombineDispatch -Onone @/Users/admin/builder/spi-builder-workspace/.derivedData/Build/Intermediates.noindex/OpenCombine.build/Debug-appletvos/OpenCombineDispatch-t.build/Objects-normal/arm64/OpenCombineDispatch.SwiftFileList -DSWIFT_PACKAGE -DDEBUG -DSWIFT_MODULE_RESOURCE_BUNDLE_UNAVAILABLE -Xcc -fmodule-map-file\=/Users/admin/builder/spi-builder-workspace/.derivedData/Build/Intermediates.noindex/GeneratedModuleMaps-appletvos/COpenCombineHelpers.modulemap -DXcode -plugin-path /Applications/Xcode-27.0.0-Release.Candidate.app/Contents/Developer/Toolchains/XcodeDefault.xctoolchain/usr/lib/swift/host/plugins/testing -enable-experimental-feature DebugDescriptionMacro -sdk /Applications/Xcode-27.0.0-Release.Candidate.app/Contents/Developer/Platforms/AppleTVOS.platform/Developer/SDKs/AppleTVOS27.0.sdk -target arm64-apple-tvos15.0 -g -module-cache-path /Users/admin/builder/spi-builder-workspace/.derivedData/ModuleCache.noindex -Xfrontend -serialize-debugging-options -profile-coverage-mapping -profile-generate -enable-testing -suppress-warnings -index-store-path /Users/admin/builder/spi-builder-workspace/.derivedData/Index.noindex/DataStore -Xcc -D_LIBCPP_HARDENING_MODE\=_LIBCPP_HARDENING_MODE_DEBUG -swift-version 5 -I /Users/admin/builder/spi-builder-workspace/.derivedData/Build/Products/Debug-appletvos -Isystem /Applications/Xcode-27.0.0-Release.Candidate.app/Contents/Developer/Platforms/AppleTVOS.platform/Developer/usr/lib -F /Users/admin/builder/spi-builder-workspace/.derivedData/Build/Products/Debug-appletvos/PackageFrameworks -F /Users/admin/builder/spi-builder-workspace/.derivedData/Build/Products/Debug-appletvos -F /Applications/Xcode-27.0.0-Release.Candidate.app/Contents/Developer/Platforms/AppleTVOS.platform/Developer/Library/Frameworks -F /Applications/Xcode-27.0.0-Release.Candidate.app/Contents/Developer/Platforms/AppleTVOS.platform/Developer/SDKs/AppleTVOS27.0.sdk/Developer/Library/Frameworks -c -j10 -enable-batch-mode -incremental -Xcc -ivfsstatcache -Xcc /Users/admin/builder/spi-builder-workspace/.derivedData/SDKStatCaches.noindex/appletvos27.0-24J360-e829b21a6f8c9b70876ba0858053c044b32bfd8d43560033f8d89884cdb90028.sdkstatcache -output-file-map /Users/admin/builder/spi-builder-workspace/.derivedData/Build/Intermediates.noindex/OpenCombine.build/Debug-appletvos/OpenCombineDispatch-t.build/Objects-normal/arm64/OpenCombineDispatch-OutputFileMap.json -save-temps -no-color-diagnostics -explicit-module-build -module-cache-path /Users/admin/builder/spi-builder-workspace/.derivedData/Build/Intermediates.noindex/SwiftExplicitPrecompiledModules -clang-scanner-module-cache-path /Users/admin/builder/spi-builder-workspace/.derivedData/ModuleCache.noindex -sdk-module-cache-path /Users/admin/builder/spi-builder-workspace/.derivedData/SDKExplicitPrecompiledModules -emit-dependencies -emit-module -emit-module-path /Users/admin/builder/spi-builder-workspace/.derivedData/Build/Intermediates.noindex/OpenCombine.build/Debug-appletvos/OpenCombineDispatch-t.build/Objects-normal/arm64/OpenCombineDispatch.swiftmodule -serialize-diagnostics -dependency-scan-serialize-diagnostics-path /Users/admin/builder/spi-builder-workspace/.derivedData/Build/Intermediates.noindex/OpenCombine.build/Debug-appletvos/OpenCombineDispatch-t.build/Objects-normal/arm64/OpenCombineDispatch-dependency-scan.dia -validate-clang-modules-once -clang-build-session-file /Users/admin/builder/spi-builder-workspace/.derivedData/ModuleCache.noindex/Session.modulevalidation -Xcc -fmodules-prune-interval\=86400 -Xcc -fmodules-prune-after\=345600 -emit-const-values -const-gather-protocols-list /Users/admin/builder/spi-builder-workspace/.derivedData/Build/Intermediates.noindex/OpenCombine.build/Debug-appletvos/OpenCombineDispatch-t.build/Objects-normal/arm64/OpenCombineDispatch_const_extract_protocols.json -Xcc -I/Users/admin/builder/spi-builder-workspace/.dependencies/checkouts/OpenCombine/Sources/COpenCombineHelpers/include -Xcc -I/Users/admin/builder/spi-builder-workspace/.derivedData/Build/Products/Debug-appletvos/include -Xcc -I/Users/admin/builder/spi-builder-workspace/.derivedData/Build/Intermediates.noindex/OpenCombine.build/Debug-appletvos/OpenCombineDispatch-t.build/DerivedSources-normal/arm64 -Xcc -I/Users/admin/builder/spi-builder-workspace/.derivedData/Build/Intermediates.noindex/OpenCombine.build/Debug-appletvos/OpenCombineDispatch-t.build/DerivedSources/arm64 -Xcc -I/Users/admin/builder/spi-builder-workspace/.derivedData/Build/Intermediates.noindex/OpenCombine.build/Debug-appletvos/OpenCombineDispatch-t.build/DerivedSources -Xcc -DSWIFT_PACKAGE -Xcc -DDEBUG\=1 -emit-objc-header -emit-objc-header-path /Users/admin/builder/spi-builder-workspace/.derivedData/Build/Intermediates.noindex/OpenCombine.build/Debug-appletvos/OpenCombineDispatch-t.build/Objects-normal/arm64/OpenCombineDispatch-Swift.h -working-directory /Users/admin/builder/spi-builder-workspace/.swiftpm/xcode -experimental-emit-module-separately -disable-cmo
SwiftDriverJobDiscovery normal arm64 Compiling Publishers.SubscribeOn.swift, Publishers.SwitchToLatest.swift, Publishers.Throttle.swift, Publishers.Timeout.swift, Publishers.Zip.swift, Publishers.swift, Record.swift, Result.Publisher.swift, Result.swift, Scheduler.swift (in target 'OpenCombine' from project 'OpenCombine')
SwiftDriverJobDiscovery normal arm64 Compiling Publishers.Last.swift, Publishers.MakeConnectable.swift, Publishers.Map.swift, Publishers.MapError.swift, Publishers.MeasureInterval.swift, Publishers.Multicast.swift, Publishers.Output.swift, Publishers.PrefixUntilOutput.swift, Publishers.PrefixWhile.swift, Publishers.Print.swift (in target 'OpenCombine' from project 'OpenCombine')
SwiftDriverJobDiscovery normal arm64 Compiling Publishers.ReceiveOn.swift, Publishers.Reduce.swift, Publishers.RemoveDuplicates.swift, Publishers.ReplaceEmpty.swift, Publishers.ReplaceError.swift, Publishers.Retry.swift, Publishers.Scan.swift, Publishers.Sequence.swift, Publishers.SetFailureType.swift, Publishers.Share.swift (in target 'OpenCombine' from project 'OpenCombine')
SwiftDriverJobDiscovery normal arm64 Compiling Publishers.Autoconnect.swift, Publishers.Breakpoint.swift, Publishers.Buffer.swift, Publishers.Collect.swift, Publishers.CollectByCount.swift, Publishers.CompactMap.swift, Publishers.Comparison.swift, Publishers.Concatenate.swift, Publishers.Contains.swift, Publishers.Count.swift (in target 'OpenCombine' from project 'OpenCombine')
SwiftEmitModule normal arm64 Emitting\ module\ for\ Logging (in target 'Logging' from project 'swift-log')
SwiftCompile normal arm64 (in target 'Logging' from project 'swift-log')
    cd /Users/admin/builder/spi-builder-workspace/.swiftpm/xcode

SwiftCompile normal arm64 Compiling\ Logger.swift /Users/admin/builder/spi-builder-workspace/.dependencies/checkouts/swift-log/Sources/Logging/Logger.swift (in target 'Logging' from project 'swift-log')
SwiftCompile normal arm64 /Users/admin/builder/spi-builder-workspace/.dependencies/checkouts/swift-log/Sources/Logging/Logger.swift (in target 'Logging' from project 'swift-log')
    cd /Users/admin/builder/spi-builder-workspace/.swiftpm/xcode
    builtin-SwiftPerFileCompile Logger.swift
SwiftCompile normal arm64 Compiling\ LoggingSystem.swift /Users/admin/builder/spi-builder-workspace/.dependencies/checkouts/swift-log/Sources/Logging/LoggingSystem.swift (in target 'Logging' from project 'swift-log')
SwiftCompile normal arm64 /Users/admin/builder/spi-builder-workspace/.dependencies/checkouts/swift-log/Sources/Logging/LoggingSystem.swift (in target 'Logging' from project 'swift-log')
    cd /Users/admin/builder/spi-builder-workspace/.swiftpm/xcode
    builtin-SwiftPerFileCompile LoggingSystem.swift
SwiftCompile normal arm64 Compiling\ Locks.swift /Users/admin/builder/spi-builder-workspace/.dependencies/checkouts/swift-log/Sources/Logging/Locks.swift (in target 'Logging' from project 'swift-log')
SwiftCompile normal arm64 /Users/admin/builder/spi-builder-workspace/.dependencies/checkouts/swift-log/Sources/Logging/Locks.swift (in target 'Logging' from project 'swift-log')
    cd /Users/admin/builder/spi-builder-workspace/.swiftpm/xcode
    builtin-SwiftPerFileCompile Locks.swift
SwiftCompile normal arm64 Compiling\ MetadataProvider.swift /Users/admin/builder/spi-builder-workspace/.dependencies/checkouts/swift-log/Sources/Logging/MetadataProvider.swift (in target 'Logging' from project 'swift-log')
SwiftCompile normal arm64 /Users/admin/builder/spi-builder-workspace/.dependencies/checkouts/swift-log/Sources/Logging/MetadataProvider.swift (in target 'Logging' from project 'swift-log')
    cd /Users/admin/builder/spi-builder-workspace/.swiftpm/xcode
    builtin-SwiftPerFileCompile MetadataProvider.swift
SwiftCompile normal arm64 Compiling\ Logger+With.swift /Users/admin/builder/spi-builder-workspace/.dependencies/checkouts/swift-log/Sources/Logging/Logger+With.swift (in target 'Logging' from project 'swift-log')
SwiftCompile normal arm64 /Users/admin/builder/spi-builder-workspace/.dependencies/checkouts/swift-log/Sources/Logging/Logger+With.swift (in target 'Logging' from project 'swift-log')
    cd /Users/admin/builder/spi-builder-workspace/.swiftpm/xcode
    builtin-SwiftPerFileCompile Logger+With.swift
SwiftCompile normal arm64 Compiling\ LogEvent.swift /Users/admin/builder/spi-builder-workspace/.dependencies/checkouts/swift-log/Sources/Logging/LogEvent.swift (in target 'Logging' from project 'swift-log')
SwiftCompile normal arm64 /Users/admin/builder/spi-builder-workspace/.dependencies/checkouts/swift-log/Sources/Logging/LogEvent.swift (in target 'Logging' from project 'swift-log')
    cd /Users/admin/builder/spi-builder-workspace/.swiftpm/xcode
    builtin-SwiftPerFileCompile LogEvent.swift
SwiftCompile normal arm64 Compiling\ MultiplexLogHandler.swift,\ StreamLogHandler.swift /Users/admin/builder/spi-builder-workspace/.dependencies/checkouts/swift-log/Sources/Logging/Handlers/MultiplexLogHandler.swift /Users/admin/builder/spi-builder-workspace/.dependencies/checkouts/swift-log/Sources/Logging/Handlers/StreamLogHandler.swift (in target 'Logging' from project 'swift-log')
SwiftCompile normal arm64 /Users/admin/builder/spi-builder-workspace/.dependencies/checkouts/swift-log/Sources/Logging/Handlers/MultiplexLogHandler.swift (in target 'Logging' from project 'swift-log')
    cd /Users/admin/builder/spi-builder-workspace/.swiftpm/xcode
    builtin-SwiftPerFileCompile MultiplexLogHandler.swift
SwiftCompile normal arm64 /Users/admin/builder/spi-builder-workspace/.dependencies/checkouts/swift-log/Sources/Logging/Handlers/StreamLogHandler.swift (in target 'Logging' from project 'swift-log')
    cd /Users/admin/builder/spi-builder-workspace/.swiftpm/xcode
    builtin-SwiftPerFileCompile StreamLogHandler.swift
SwiftCompile normal arm64 Compiling\ LogHandler.swift /Users/admin/builder/spi-builder-workspace/.dependencies/checkouts/swift-log/Sources/Logging/LogHandler.swift (in target 'Logging' from project 'swift-log')
SwiftCompile normal arm64 /Users/admin/builder/spi-builder-workspace/.dependencies/checkouts/swift-log/Sources/Logging/LogHandler.swift (in target 'Logging' from project 'swift-log')
    cd /Users/admin/builder/spi-builder-workspace/.swiftpm/xcode
    builtin-SwiftPerFileCompile LogHandler.swift
SwiftExplicitDependencyGeneratePcm arm64 /Users/admin/builder/spi-builder-workspace/.derivedData/SDKExplicitPrecompiledModules/_Builtin_stdbool-AHRDH5EKLY6D04C5E42F3VCQI.pcm
SwiftDriverJobDiscovery normal arm64 Compiling LogEvent.swift (in target 'Logging' from project 'swift-log')
SwiftExplicitDependencyGeneratePcm arm64 /Users/admin/builder/spi-builder-workspace/.derivedData/SDKExplicitPrecompiledModules/_DarwinFoundation3-8SR3855WDFHQPR6G9GHOI2C07.pcm
SwiftDriverJobDiscovery normal arm64 Compiling LoggingSystem.swift (in target 'Logging' from project 'swift-log')
SwiftExplicitDependencyGeneratePcm arm64 /Users/admin/builder/spi-builder-workspace/.derivedData/SDKExplicitPrecompiledModules/sys_types-8GCAV1YMG5UUGHUID3CA20TCH.pcm
SwiftDriverJobDiscovery normal arm64 Compiling LogHandler.swift (in target 'Logging' from project 'swift-log')
SwiftExplicitDependencyGeneratePcm arm64 /Users/admin/builder/spi-builder-workspace/.derivedData/SDKExplicitPrecompiledModules/_Builtin_limits-7JU2HP127LIT1X9E2V3D8WZ1.pcm
SwiftDriverJobDiscovery normal arm64 Compiling Logger+With.swift (in target 'Logging' from project 'swift-log')
SwiftCompile normal arm64 Compiling\ SwiftLogNoOpLogHandler.swift /Users/admin/builder/spi-builder-workspace/.dependencies/checkouts/swift-log/Sources/Logging/Handlers/SwiftLogNoOpLogHandler.swift (in target 'Logging' from project 'swift-log')
SwiftCompile normal arm64 /Users/admin/builder/spi-builder-workspace/.dependencies/checkouts/swift-log/Sources/Logging/Handlers/SwiftLogNoOpLogHandler.swift (in target 'Logging' from project 'swift-log')
    cd /Users/admin/builder/spi-builder-workspace/.swiftpm/xcode
    builtin-SwiftPerFileCompile SwiftLogNoOpLogHandler.swift
SwiftCompile normal arm64 Compiling\ Logger+Attributes.swift /Users/admin/builder/spi-builder-workspace/.dependencies/checkouts/swift-log/Sources/Logging/Logger+Attributes.swift (in target 'Logging' from project 'swift-log')
SwiftCompile normal arm64 /Users/admin/builder/spi-builder-workspace/.dependencies/checkouts/swift-log/Sources/Logging/Logger+Attributes.swift (in target 'Logging' from project 'swift-log')
    cd /Users/admin/builder/spi-builder-workspace/.swiftpm/xcode
    builtin-SwiftPerFileCompile Logger+Attributes.swift
SwiftExplicitDependencyGeneratePcm arm64 /Users/admin/builder/spi-builder-workspace/.derivedData/SDKExplicitPrecompiledModules/_Builtin_inttypes-6X1IQ3QK9KEVKXOK9Y79EW7J3.pcm
SwiftDriverJobDiscovery normal arm64 Compiling SwiftLogNoOpLogHandler.swift (in target 'Logging' from project 'swift-log')
SwiftDriverJobDiscovery normal arm64 Emitting module for Logging (in target 'Logging' from project 'swift-log')
SwiftDriver\ Compilation\ Requirements Logging normal arm64 com.apple.xcode.tools.swift.compiler (in target 'Logging' from project 'swift-log')
    cd /Users/admin/builder/spi-builder-workspace/.swiftpm/xcode
    builtin-Swift-Compilation-Requirements -- /Applications/Xcode-27.0.0-Release.Candidate.app/Contents/Developer/Toolchains/XcodeDefault.xctoolchain/usr/bin/swiftc -parse-as-library -module-name Logging -Onone @/Users/admin/builder/spi-builder-workspace/.derivedData/Build/Intermediates.noindex/swift-log.build/Debug-appletvos/Logging-t.build/Objects-normal/arm64/Logging.SwiftFileList -DSWIFT_PACKAGE -DDEBUG -DSWIFT_MODULE_RESOURCE_BUNDLE_UNAVAILABLE -DXcode -enable-upcoming-feature ExistentialAny -enable-upcoming-feature MemberImportVisibility -enable-upcoming-feature InternalImportsByDefault -enable-upcoming-feature NonisolatedNonsendingByDefault -Xfrontend -require-explicit-sendable -plugin-path /Applications/Xcode-27.0.0-Release.Candidate.app/Contents/Developer/Toolchains/XcodeDefault.xctoolchain/usr/lib/swift/host/plugins/testing -enable-experimental-feature DebugDescriptionMacro -sdk /Applications/Xcode-27.0.0-Release.Candidate.app/Contents/Developer/Platforms/AppleTVOS.platform/Developer/SDKs/AppleTVOS27.0.sdk -target arm64-apple-tvos15.0 -g -module-cache-path /Users/admin/builder/spi-builder-workspace/.derivedData/ModuleCache.noindex -Xfrontend -serialize-debugging-options -profile-coverage-mapping -profile-generate -enable-testing -suppress-warnings -index-store-path /Users/admin/builder/spi-builder-workspace/.derivedData/Index.noindex/DataStore -Xcc -D_LIBCPP_HARDENING_MODE\=_LIBCPP_HARDENING_MODE_DEBUG -swift-version 6 -I /Users/admin/builder/spi-builder-workspace/.derivedData/Build/Products/Debug-appletvos -Isystem /Applications/Xcode-27.0.0-Release.Candidate.app/Contents/Developer/Platforms/AppleTVOS.platform/Developer/usr/lib -F /Users/admin/builder/spi-builder-workspace/.derivedData/Build/Products/Debug-appletvos -F /Applications/Xcode-27.0.0-Release.Candidate.app/Contents/Developer/Platforms/AppleTVOS.platform/Developer/Library/Frameworks -F /Applications/Xcode-27.0.0-Release.Candidate.app/Contents/Developer/Platforms/AppleTVOS.platform/Developer/SDKs/AppleTVOS27.0.sdk/Developer/Library/Frameworks -c -j10 -enable-batch-mode -incremental -Xcc -ivfsstatcache -Xcc /Users/admin/builder/spi-builder-workspace/.derivedData/SDKStatCaches.noindex/appletvos27.0-24J360-e829b21a6f8c9b70876ba0858053c044b32bfd8d43560033f8d89884cdb90028.sdkstatcache -output-file-map /Users/admin/builder/spi-builder-workspace/.derivedData/Build/Intermediates.noindex/swift-log.build/Debug-appletvos/Logging-t.build/Objects-normal/arm64/Logging-OutputFileMap.json -save-temps -no-color-diagnostics -explicit-module-build -module-cache-path /Users/admin/builder/spi-builder-workspace/.derivedData/Build/Intermediates.noindex/SwiftExplicitPrecompiledModules -clang-scanner-module-cache-path /Users/admin/builder/spi-builder-workspace/.derivedData/ModuleCache.noindex -sdk-module-cache-path /Users/admin/builder/spi-builder-workspace/.derivedData/SDKExplicitPrecompiledModules -emit-dependencies -emit-module -emit-module-path /Users/admin/builder/spi-builder-workspace/.derivedData/Build/Intermediates.noindex/swift-log.build/Debug-appletvos/Logging-t.build/Objects-normal/arm64/Logging.swiftmodule -serialize-diagnostics -dependency-scan-serialize-diagnostics-path /Users/admin/builder/spi-builder-workspace/.derivedData/Build/Intermediates.noindex/swift-log.build/Debug-appletvos/Logging-t.build/Objects-normal/arm64/Logging-dependency-scan.dia -user-module-version 1.15.1 -validate-clang-modules-once -clang-build-session-file /Users/admin/builder/spi-builder-workspace/.derivedData/ModuleCache.noindex/Session.modulevalidation -Xcc -fmodules-prune-interval\=86400 -Xcc -fmodules-prune-after\=345600 -package-name swift_log -emit-const-values -const-gather-protocols-list /Users/admin/builder/spi-builder-workspace/.derivedData/Build/Intermediates.noindex/swift-log.build/Debug-appletvos/Logging-t.build/Objects-normal/arm64/Logging_const_extract_protocols.json -Xcc -I/Users/admin/builder/spi-builder-workspace/.derivedData/Build/Products/Debug-appletvos/include -Xcc -I/Users/admin/builder/spi-builder-workspace/.derivedData/Build/Intermediates.noindex/swift-log.build/Debug-appletvos/Logging-t.build/DerivedSources-normal/arm64 -Xcc -I/Users/admin/builder/spi-builder-workspace/.derivedData/Build/Intermediates.noindex/swift-log.build/Debug-appletvos/Logging-t.build/DerivedSources/arm64 -Xcc -I/Users/admin/builder/spi-builder-workspace/.derivedData/Build/Intermediates.noindex/swift-log.build/Debug-appletvos/Logging-t.build/DerivedSources -Xcc -DSWIFT_PACKAGE -Xcc -DDEBUG\=1 -emit-objc-header -emit-objc-header-path /Users/admin/builder/spi-builder-workspace/.derivedData/Build/Intermediates.noindex/swift-log.build/Debug-appletvos/Logging-t.build/Objects-normal/arm64/Logging-Swift.h -working-directory /Users/admin/builder/spi-builder-workspace/.swiftpm/xcode -experimental-emit-module-separately -disable-cmo
SwiftMergeGeneratedHeaders /Users/admin/builder/spi-builder-workspace/.derivedData/Build/Intermediates.noindex/GeneratedModuleMaps-appletvos/Logging-Swift.h /Users/admin/builder/spi-builder-workspace/.derivedData/Build/Intermediates.noindex/swift-log.build/Debug-appletvos/Logging-t.build/Objects-normal/arm64/Logging-Swift.h (in target 'Logging' from project 'swift-log')
    cd /Users/admin/builder/spi-builder-workspace/.dependencies/checkouts/swift-log
    builtin-swiftHeaderTool -arch arm64 /Users/admin/builder/spi-builder-workspace/.derivedData/Build/Intermediates.noindex/swift-log.build/Debug-appletvos/Logging-t.build/Objects-normal/arm64/Logging-Swift.h -o /Users/admin/builder/spi-builder-workspace/.derivedData/Build/Intermediates.noindex/GeneratedModuleMaps-appletvos/Logging-Swift.h
Copy /Users/admin/builder/spi-builder-workspace/.derivedData/Build/Products/Debug-appletvos/Logging.swiftmodule/arm64-apple-tvos.swiftdoc /Users/admin/builder/spi-builder-workspace/.derivedData/Build/Intermediates.noindex/swift-log.build/Debug-appletvos/Logging-t.build/Objects-normal/arm64/Logging.swiftdoc (in target 'Logging' from project 'swift-log')
    cd /Users/admin/builder/spi-builder-workspace/.dependencies/checkouts/swift-log
    builtin-copy -exclude .DS_Store -exclude CVS -exclude .svn -exclude .git -exclude .hg -resolve-src-symlinks -rename /Users/admin/builder/spi-builder-workspace/.derivedData/Build/Intermediates.noindex/swift-log.build/Debug-appletvos/Logging-t.build/Objects-normal/arm64/Logging.swiftdoc /Users/admin/builder/spi-builder-workspace/.derivedData/Build/Products/Debug-appletvos/Logging.swiftmodule/arm64-apple-tvos.swiftdoc
Copy /Users/admin/builder/spi-builder-workspace/.derivedData/Build/Products/Debug-appletvos/Logging.swiftmodule/arm64-apple-tvos.swiftmodule /Users/admin/builder/spi-builder-workspace/.derivedData/Build/Intermediates.noindex/swift-log.build/Debug-appletvos/Logging-t.build/Objects-normal/arm64/Logging.swiftmodule (in target 'Logging' from project 'swift-log')
    cd /Users/admin/builder/spi-builder-workspace/.dependencies/checkouts/swift-log
    builtin-copy -exclude .DS_Store -exclude CVS -exclude .svn -exclude .git -exclude .hg -resolve-src-symlinks -rename /Users/admin/builder/spi-builder-workspace/.derivedData/Build/Intermediates.noindex/swift-log.build/Debug-appletvos/Logging-t.build/Objects-normal/arm64/Logging.swiftmodule /Users/admin/builder/spi-builder-workspace/.derivedData/Build/Products/Debug-appletvos/Logging.swiftmodule/arm64-apple-tvos.swiftmodule
Copy /Users/admin/builder/spi-builder-workspace/.derivedData/Build/Products/Debug-appletvos/Logging.swiftmodule/arm64-apple-tvos.abi.json /Users/admin/builder/spi-builder-workspace/.derivedData/Build/Intermediates.noindex/swift-log.build/Debug-appletvos/Logging-t.build/Objects-normal/arm64/Logging.abi.json (in target 'Logging' from project 'swift-log')
    cd /Users/admin/builder/spi-builder-workspace/.dependencies/checkouts/swift-log
    builtin-copy -exclude .DS_Store -exclude CVS -exclude .svn -exclude .git -exclude .hg -resolve-src-symlinks -rename /Users/admin/builder/spi-builder-workspace/.derivedData/Build/Intermediates.noindex/swift-log.build/Debug-appletvos/Logging-t.build/Objects-normal/arm64/Logging.abi.json /Users/admin/builder/spi-builder-workspace/.derivedData/Build/Products/Debug-appletvos/Logging.swiftmodule/arm64-apple-tvos.abi.json
Copy /Users/admin/builder/spi-builder-workspace/.derivedData/Build/Products/Debug-appletvos/Logging.swiftmodule/Project/arm64-apple-tvos.swiftsourceinfo /Users/admin/builder/spi-builder-workspace/.derivedData/Build/Intermediates.noindex/swift-log.build/Debug-appletvos/Logging-t.build/Objects-normal/arm64/Logging.swiftsourceinfo (in target 'Logging' from project 'swift-log')
    cd /Users/admin/builder/spi-builder-workspace/.dependencies/checkouts/swift-log
    builtin-copy -exclude .DS_Store -exclude CVS -exclude .svn -exclude .git -exclude .hg -resolve-src-symlinks -rename /Users/admin/builder/spi-builder-workspace/.derivedData/Build/Intermediates.noindex/swift-log.build/Debug-appletvos/Logging-t.build/Objects-normal/arm64/Logging.swiftsourceinfo /Users/admin/builder/spi-builder-workspace/.derivedData/Build/Products/Debug-appletvos/Logging.swiftmodule/Project/arm64-apple-tvos.swiftsourceinfo
SwiftExplicitDependencyGeneratePcm arm64 /Users/admin/builder/spi-builder-workspace/.derivedData/SDKExplicitPrecompiledModules/Darwin-DBSQAVBBPC3D2OMU5ZI2RXMST.pcm
SwiftDriverJobDiscovery normal arm64 Compiling Logger.swift (in target 'Logging' from project 'swift-log')
SwiftDriverJobDiscovery normal arm64 Compiling MetadataProvider.swift (in target 'Logging' from project 'swift-log')
SwiftDriverJobDiscovery normal arm64 Compiling Locks.swift (in target 'Logging' from project 'swift-log')
SwiftDriverJobDiscovery normal arm64 Compiling MultiplexLogHandler.swift, StreamLogHandler.swift (in target 'Logging' from project 'swift-log')
SwiftDriverJobDiscovery normal arm64 Compiling Logger+Attributes.swift (in target 'Logging' from project 'swift-log')
SwiftDriver\ Compilation Logging normal arm64 com.apple.xcode.tools.swift.compiler (in target 'Logging' from project 'swift-log')
    cd /Users/admin/builder/spi-builder-workspace/.swiftpm/xcode
    builtin-Swift-Compilation -- /Applications/Xcode-27.0.0-Release.Candidate.app/Contents/Developer/Toolchains/XcodeDefault.xctoolchain/usr/bin/swiftc -parse-as-library -module-name Logging -Onone @/Users/admin/builder/spi-builder-workspace/.derivedData/Build/Intermediates.noindex/swift-log.build/Debug-appletvos/Logging-t.build/Objects-normal/arm64/Logging.SwiftFileList -DSWIFT_PACKAGE -DDEBUG -DSWIFT_MODULE_RESOURCE_BUNDLE_UNAVAILABLE -DXcode -enable-upcoming-feature ExistentialAny -enable-upcoming-feature MemberImportVisibility -enable-upcoming-feature InternalImportsByDefault -enable-upcoming-feature NonisolatedNonsendingByDefault -Xfrontend -require-explicit-sendable -plugin-path /Applications/Xcode-27.0.0-Release.Candidate.app/Contents/Developer/Toolchains/XcodeDefault.xctoolchain/usr/lib/swift/host/plugins/testing -enable-experimental-feature DebugDescriptionMacro -sdk /Applications/Xcode-27.0.0-Release.Candidate.app/Contents/Developer/Platforms/AppleTVOS.platform/Developer/SDKs/AppleTVOS27.0.sdk -target arm64-apple-tvos15.0 -g -module-cache-path /Users/admin/builder/spi-builder-workspace/.derivedData/ModuleCache.noindex -Xfrontend -serialize-debugging-options -profile-coverage-mapping -profile-generate -enable-testing -suppress-warnings -index-store-path /Users/admin/builder/spi-builder-workspace/.derivedData/Index.noindex/DataStore -Xcc -D_LIBCPP_HARDENING_MODE\=_LIBCPP_HARDENING_MODE_DEBUG -swift-version 6 -I /Users/admin/builder/spi-builder-workspace/.derivedData/Build/Products/Debug-appletvos -Isystem /Applications/Xcode-27.0.0-Release.Candidate.app/Contents/Developer/Platforms/AppleTVOS.platform/Developer/usr/lib -F /Users/admin/builder/spi-builder-workspace/.derivedData/Build/Products/Debug-appletvos -F /Applications/Xcode-27.0.0-Release.Candidate.app/Contents/Developer/Platforms/AppleTVOS.platform/Developer/Library/Frameworks -F /Applications/Xcode-27.0.0-Release.Candidate.app/Contents/Developer/Platforms/AppleTVOS.platform/Developer/SDKs/AppleTVOS27.0.sdk/Developer/Library/Frameworks -c -j10 -enable-batch-mode -incremental -Xcc -ivfsstatcache -Xcc /Users/admin/builder/spi-builder-workspace/.derivedData/SDKStatCaches.noindex/appletvos27.0-24J360-e829b21a6f8c9b70876ba0858053c044b32bfd8d43560033f8d89884cdb90028.sdkstatcache -output-file-map /Users/admin/builder/spi-builder-workspace/.derivedData/Build/Intermediates.noindex/swift-log.build/Debug-appletvos/Logging-t.build/Objects-normal/arm64/Logging-OutputFileMap.json -save-temps -no-color-diagnostics -explicit-module-build -module-cache-path /Users/admin/builder/spi-builder-workspace/.derivedData/Build/Intermediates.noindex/SwiftExplicitPrecompiledModules -clang-scanner-module-cache-path /Users/admin/builder/spi-builder-workspace/.derivedData/ModuleCache.noindex -sdk-module-cache-path /Users/admin/builder/spi-builder-workspace/.derivedData/SDKExplicitPrecompiledModules -emit-dependencies -emit-module -emit-module-path /Users/admin/builder/spi-builder-workspace/.derivedData/Build/Intermediates.noindex/swift-log.build/Debug-appletvos/Logging-t.build/Objects-normal/arm64/Logging.swiftmodule -serialize-diagnostics -dependency-scan-serialize-diagnostics-path /Users/admin/builder/spi-builder-workspace/.derivedData/Build/Intermediates.noindex/swift-log.build/Debug-appletvos/Logging-t.build/Objects-normal/arm64/Logging-dependency-scan.dia -user-module-version 1.15.1 -validate-clang-modules-once -clang-build-session-file /Users/admin/builder/spi-builder-workspace/.derivedData/ModuleCache.noindex/Session.modulevalidation -Xcc -fmodules-prune-interval\=86400 -Xcc -fmodules-prune-after\=345600 -package-name swift_log -emit-const-values -const-gather-protocols-list /Users/admin/builder/spi-builder-workspace/.derivedData/Build/Intermediates.noindex/swift-log.build/Debug-appletvos/Logging-t.build/Objects-normal/arm64/Logging_const_extract_protocols.json -Xcc -I/Users/admin/builder/spi-builder-workspace/.derivedData/Build/Products/Debug-appletvos/include -Xcc -I/Users/admin/builder/spi-builder-workspace/.derivedData/Build/Intermediates.noindex/swift-log.build/Debug-appletvos/Logging-t.build/DerivedSources-normal/arm64 -Xcc -I/Users/admin/builder/spi-builder-workspace/.derivedData/Build/Intermediates.noindex/swift-log.build/Debug-appletvos/Logging-t.build/DerivedSources/arm64 -Xcc -I/Users/admin/builder/spi-builder-workspace/.derivedData/Build/Intermediates.noindex/swift-log.build/Debug-appletvos/Logging-t.build/DerivedSources -Xcc -DSWIFT_PACKAGE -Xcc -DDEBUG\=1 -emit-objc-header -emit-objc-header-path /Users/admin/builder/spi-builder-workspace/.derivedData/Build/Intermediates.noindex/swift-log.build/Debug-appletvos/Logging-t.build/Objects-normal/arm64/Logging-Swift.h -working-directory /Users/admin/builder/spi-builder-workspace/.swiftpm/xcode -experimental-emit-module-separately -disable-cmo
Ld /Users/admin/builder/spi-builder-workspace/.derivedData/Build/Products/Debug-appletvos/Logging.o normal (in target 'Logging' from project 'swift-log')
    cd /Users/admin/builder/spi-builder-workspace/.dependencies/checkouts/swift-log
    /Applications/Xcode-27.0.0-Release.Candidate.app/Contents/Developer/Toolchains/XcodeDefault.xctoolchain/usr/bin/clang -Xlinker -reproducible -target arm64-apple-tvos15.0 -r -isysroot /Applications/Xcode-27.0.0-Release.Candidate.app/Contents/Developer/Platforms/AppleTVOS.platform/Developer/SDKs/AppleTVOS27.0.sdk -O0 -w -Xlinker -no_warn_duplicate_libraries -F/Users/admin/builder/spi-builder-workspace/.derivedData/Build/Intermediates.noindex/EagerLinkingTBDs/Debug-appletvos -F/Users/admin/builder/spi-builder-workspace/.derivedData/Build/Products/Debug-appletvos -iframework /Applications/Xcode-27.0.0-Release.Candidate.app/Contents/Developer/Platforms/AppleTVOS.platform/Developer/Library/Frameworks -iframework /Applications/Xcode-27.0.0-Release.Candidate.app/Contents/Developer/Platforms/AppleTVOS.platform/Developer/SDKs/AppleTVOS27.0.sdk/Developer/Library/Frameworks -filelist /Users/admin/builder/spi-builder-workspace/.derivedData/Build/Intermediates.noindex/swift-log.build/Debug-appletvos/Logging-t.build/Objects-normal/arm64/Logging.LinkFileList -nostdlib -Xlinker -object_path_lto -Xlinker /Users/admin/builder/spi-builder-workspace/.derivedData/Build/Intermediates.noindex/swift-log.build/Debug-appletvos/Logging-t.build/Objects-normal/arm64/Logging_lto.o -Xlinker -no_deduplicate -Xlinker -debug_variant -Xlinker -dependency_info -Xlinker /Users/admin/builder/spi-builder-workspace/.derivedData/Build/Intermediates.noindex/swift-log.build/Debug-appletvos/Logging-t.build/Objects-normal/arm64/Logging_dependency_info.dat -fobjc-link-runtime -L/Applications/Xcode-27.0.0-Release.Candidate.app/Contents/Developer/Toolchains/XcodeDefault.xctoolchain/usr/lib/swift/appletvos -L/usr/lib/swift -Xlinker -add_ast_path -Xlinker /Users/admin/builder/spi-builder-workspace/.derivedData/Build/Intermediates.noindex/swift-log.build/Debug-appletvos/Logging-t.build/Objects-normal/arm64/Logging.swiftmodule -o /Users/admin/builder/spi-builder-workspace/.derivedData/Build/Products/Debug-appletvos/Logging.o
ExtractAppIntentsMetadata (in target 'Logging' from project 'swift-log')
    cd /Users/admin/builder/spi-builder-workspace/.dependencies/checkouts/swift-log
    /Applications/Xcode-27.0.0-Release.Candidate.app/Contents/Developer/Toolchains/XcodeDefault.xctoolchain/usr/bin/appintentsmetadataprocessor --toolchain-dir /var/run/com.apple.security.cryptexd/mnt/com.apple.MobileAsset.MetalToolchain-v27.1.266.1.RNsRmu/Metal.xctoolchain --module-name Logging --sdk-root /Applications/Xcode-27.0.0-Release.Candidate.app/Contents/Developer/Platforms/AppleTVOS.platform/Developer/SDKs/AppleTVOS27.0.sdk --xcode-version 27A266a --platform-family tvOS --deployment-target 15.0 --bundle-identifier swift-log.Logging --output /Users/admin/builder/spi-builder-workspace/.derivedData/Build/Products/Debug-appletvos/Logging.appintents --target-triple arm64-apple-tvos15.0 --binary-file /Users/admin/builder/spi-builder-workspace/.derivedData/Build/Products/Debug-appletvos/Logging.o --dependency-file /Users/admin/builder/spi-builder-workspace/.derivedData/Build/Intermediates.noindex/swift-log.build/Debug-appletvos/Logging-t.build/Objects-normal/arm64/Logging_dependency_info.dat --stringsdata-file /Users/admin/builder/spi-builder-workspace/.derivedData/Build/Intermediates.noindex/swift-log.build/Debug-appletvos/Logging-t.build/Objects-normal/arm64/ExtractedAppShortcutsMetadata.stringsdata --source-file-list /Users/admin/builder/spi-builder-workspace/.derivedData/Build/Intermediates.noindex/swift-log.build/Debug-appletvos/Logging-t.build/Objects-normal/arm64/Logging.SwiftFileList --metadata-file-list /Users/admin/builder/spi-builder-workspace/.derivedData/Build/Intermediates.noindex/swift-log.build/Debug-appletvos/Logging-t.build/Logging.DependencyMetadataFileList --static-metadata-file-list /Users/admin/builder/spi-builder-workspace/.derivedData/Build/Intermediates.noindex/swift-log.build/Debug-appletvos/Logging-t.build/Logging.DependencyStaticMetadataFileList --swift-const-vals-list /Users/admin/builder/spi-builder-workspace/.derivedData/Build/Intermediates.noindex/swift-log.build/Debug-appletvos/Logging-t.build/Objects-normal/arm64/Logging.SwiftConstValuesFileList --force --compile-time-extraction --deployment-aware-processing --no-app-shortcuts-localization
2026-09-17 19:31:45.074 appintentsmetadataprocessor[828:5109] Starting appintentsmetadataprocessor export
2026-09-17 19:31:45.175 appintentsmetadataprocessor[828:5109] Extracted no relevant App Intents symbols, skipping writing output
SwiftDriverJobDiscovery normal arm64 Compiling Deferred.swift, Empty.swift, Fail.swift, GENERATED-Publishers.Catch.swift, GENERATED-Publishers.Encode.swift, GENERATED-Publishers.MapKeyPath.swift, Just.swift, Optional.Publisher.swift, Publishers.AllSatisfy.swift, Publishers.AssertNoFailure.swift (in target 'OpenCombine' from project 'OpenCombine')
SwiftDriver\ Compilation OpenCombine normal arm64 com.apple.xcode.tools.swift.compiler (in target 'OpenCombine' from project 'OpenCombine')
    cd /Users/admin/builder/spi-builder-workspace/.swiftpm/xcode
    builtin-Swift-Compilation -- /Applications/Xcode-27.0.0-Release.Candidate.app/Contents/Developer/Toolchains/XcodeDefault.xctoolchain/usr/bin/swiftc -parse-as-library -module-name OpenCombine -Onone @/Users/admin/builder/spi-builder-workspace/.derivedData/Build/Intermediates.noindex/OpenCombine.build/Debug-appletvos/OpenCombine-t.build/Objects-normal/arm64/OpenCombine.SwiftFileList -DSWIFT_PACKAGE -DDEBUG -DSWIFT_MODULE_RESOURCE_BUNDLE_UNAVAILABLE -Xcc -fmodule-map-file\=/Users/admin/builder/spi-builder-workspace/.derivedData/Build/Intermediates.noindex/GeneratedModuleMaps-appletvos/COpenCombineHelpers.modulemap -DXcode -plugin-path /Applications/Xcode-27.0.0-Release.Candidate.app/Contents/Developer/Toolchains/XcodeDefault.xctoolchain/usr/lib/swift/host/plugins/testing -enable-experimental-feature DebugDescriptionMacro -sdk /Applications/Xcode-27.0.0-Release.Candidate.app/Contents/Developer/Platforms/AppleTVOS.platform/Developer/SDKs/AppleTVOS27.0.sdk -target arm64-apple-tvos15.0 -g -module-cache-path /Users/admin/builder/spi-builder-workspace/.derivedData/ModuleCache.noindex -Xfrontend -serialize-debugging-options -profile-coverage-mapping -profile-generate -enable-testing -suppress-warnings -index-store-path /Users/admin/builder/spi-builder-workspace/.derivedData/Index.noindex/DataStore -Xcc -D_LIBCPP_HARDENING_MODE\=_LIBCPP_HARDENING_MODE_DEBUG -swift-version 5 -I /Users/admin/builder/spi-builder-workspace/.derivedData/Build/Products/Debug-appletvos -Isystem /Applications/Xcode-27.0.0-Release.Candidate.app/Contents/Developer/Platforms/AppleTVOS.platform/Developer/usr/lib -F /Users/admin/builder/spi-builder-workspace/.derivedData/Build/Products/Debug-appletvos/PackageFrameworks -F /Users/admin/builder/spi-builder-workspace/.derivedData/Build/Products/Debug-appletvos -F /Applications/Xcode-27.0.0-Release.Candidate.app/Contents/Developer/Platforms/AppleTVOS.platform/Developer/Library/Frameworks -F /Applications/Xcode-27.0.0-Release.Candidate.app/Contents/Developer/Platforms/AppleTVOS.platform/Developer/SDKs/AppleTVOS27.0.sdk/Developer/Library/Frameworks -c -j10 -enable-batch-mode -incremental -Xcc -ivfsstatcache -Xcc /Users/admin/builder/spi-builder-workspace/.derivedData/SDKStatCaches.noindex/appletvos27.0-24J360-e829b21a6f8c9b70876ba0858053c044b32bfd8d43560033f8d89884cdb90028.sdkstatcache -output-file-map /Users/admin/builder/spi-builder-workspace/.derivedData/Build/Intermediates.noindex/OpenCombine.build/Debug-appletvos/OpenCombine-t.build/Objects-normal/arm64/OpenCombine-OutputFileMap.json -save-temps -no-color-diagnostics -explicit-module-build -module-cache-path /Users/admin/builder/spi-builder-workspace/.derivedData/Build/Intermediates.noindex/SwiftExplicitPrecompiledModules -clang-scanner-module-cache-path /Users/admin/builder/spi-builder-workspace/.derivedData/ModuleCache.noindex -sdk-module-cache-path /Users/admin/builder/spi-builder-workspace/.derivedData/SDKExplicitPrecompiledModules -emit-dependencies -emit-module -emit-module-path /Users/admin/builder/spi-builder-workspace/.derivedData/Build/Intermediates.noindex/OpenCombine.build/Debug-appletvos/OpenCombine-t.build/Objects-normal/arm64/OpenCombine.swiftmodule -serialize-diagnostics -dependency-scan-serialize-diagnostics-path /Users/admin/builder/spi-builder-workspace/.derivedData/Build/Intermediates.noindex/OpenCombine.build/Debug-appletvos/OpenCombine-t.build/Objects-normal/arm64/OpenCombine-dependency-scan.dia -validate-clang-modules-once -clang-build-session-file /Users/admin/builder/spi-builder-workspace/.derivedData/ModuleCache.noindex/Session.modulevalidation -Xcc -fmodules-prune-interval\=86400 -Xcc -fmodules-prune-after\=345600 -emit-const-values -const-gather-protocols-list /Users/admin/builder/spi-builder-workspace/.derivedData/Build/Intermediates.noindex/OpenCombine.build/Debug-appletvos/OpenCombine-t.build/Objects-normal/arm64/OpenCombine_const_extract_protocols.json -Xcc -I/Users/admin/builder/spi-builder-workspace/.dependencies/checkouts/OpenCombine/Sources/COpenCombineHelpers/include -Xcc -I/Users/admin/builder/spi-builder-workspace/.derivedData/Build/Products/Debug-appletvos/include -Xcc -I/Users/admin/builder/spi-builder-workspace/.derivedData/Build/Intermediates.noindex/OpenCombine.build/Debug-appletvos/OpenCombine-t.build/DerivedSources-normal/arm64 -Xcc -I/Users/admin/builder/spi-builder-workspace/.derivedData/Build/Intermediates.noindex/OpenCombine.build/Debug-appletvos/OpenCombine-t.build/DerivedSources/arm64 -Xcc -I/Users/admin/builder/spi-builder-workspace/.derivedData/Build/Intermediates.noindex/OpenCombine.build/Debug-appletvos/OpenCombine-t.build/DerivedSources -Xcc -DSWIFT_PACKAGE -Xcc -DDEBUG\=1 -emit-objc-header -emit-objc-header-path /Users/admin/builder/spi-builder-workspace/.derivedData/Build/Intermediates.noindex/OpenCombine.build/Debug-appletvos/OpenCombine-t.build/Objects-normal/arm64/OpenCombine-Swift.h -working-directory /Users/admin/builder/spi-builder-workspace/.swiftpm/xcode -experimental-emit-module-separately -disable-cmo
Ld /Users/admin/builder/spi-builder-workspace/.derivedData/Build/Products/Debug-appletvos/OpenCombine.o normal (in target 'OpenCombine' from project 'OpenCombine')
    cd /Users/admin/builder/spi-builder-workspace/.dependencies/checkouts/OpenCombine
    /Applications/Xcode-27.0.0-Release.Candidate.app/Contents/Developer/Toolchains/XcodeDefault.xctoolchain/usr/bin/clang -Xlinker -reproducible -target arm64-apple-tvos15.0 -r -isysroot /Applications/Xcode-27.0.0-Release.Candidate.app/Contents/Developer/Platforms/AppleTVOS.platform/Developer/SDKs/AppleTVOS27.0.sdk -O0 -w -Xlinker -no_warn_duplicate_libraries -F/Users/admin/builder/spi-builder-workspace/.derivedData/Build/Intermediates.noindex/EagerLinkingTBDs/Debug-appletvos -F/Users/admin/builder/spi-builder-workspace/.derivedData/Build/Products/Debug-appletvos/PackageFrameworks -F/Users/admin/builder/spi-builder-workspace/.derivedData/Build/Products/Debug-appletvos -iframework /Applications/Xcode-27.0.0-Release.Candidate.app/Contents/Developer/Platforms/AppleTVOS.platform/Developer/Library/Frameworks -iframework /Applications/Xcode-27.0.0-Release.Candidate.app/Contents/Developer/Platforms/AppleTVOS.platform/Developer/SDKs/AppleTVOS27.0.sdk/Developer/Library/Frameworks -filelist /Users/admin/builder/spi-builder-workspace/.derivedData/Build/Intermediates.noindex/OpenCombine.build/Debug-appletvos/OpenCombine-t.build/Objects-normal/arm64/OpenCombine.LinkFileList -nostdlib -Xlinker -object_path_lto -Xlinker /Users/admin/builder/spi-builder-workspace/.derivedData/Build/Intermediates.noindex/OpenCombine.build/Debug-appletvos/OpenCombine-t.build/Objects-normal/arm64/OpenCombine_lto.o -Xlinker -no_deduplicate -Xlinker -debug_variant -Xlinker -dependency_info -Xlinker /Users/admin/builder/spi-builder-workspace/.derivedData/Build/Intermediates.noindex/OpenCombine.build/Debug-appletvos/OpenCombine-t.build/Objects-normal/arm64/OpenCombine_dependency_info.dat -fobjc-link-runtime -L/Applications/Xcode-27.0.0-Release.Candidate.app/Contents/Developer/Toolchains/XcodeDefault.xctoolchain/usr/lib/swift/appletvos -L/usr/lib/swift -Xlinker -add_ast_path -Xlinker /Users/admin/builder/spi-builder-workspace/.derivedData/Build/Intermediates.noindex/OpenCombine.build/Debug-appletvos/OpenCombine-t.build/Objects-normal/arm64/OpenCombine.swiftmodule -o /Users/admin/builder/spi-builder-workspace/.derivedData/Build/Products/Debug-appletvos/OpenCombine.o
SwiftExplicitDependencyGeneratePcm arm64 /Users/admin/builder/spi-builder-workspace/.derivedData/SDKExplicitPrecompiledModules/ObjectiveC-5250FDCE56N8508OR6XUYDKZM.pcm
ExtractAppIntentsMetadata (in target 'OpenCombine' from project 'OpenCombine')
    cd /Users/admin/builder/spi-builder-workspace/.dependencies/checkouts/OpenCombine
    /Applications/Xcode-27.0.0-Release.Candidate.app/Contents/Developer/Toolchains/XcodeDefault.xctoolchain/usr/bin/appintentsmetadataprocessor --toolchain-dir /var/run/com.apple.security.cryptexd/mnt/com.apple.MobileAsset.MetalToolchain-v27.1.266.1.RNsRmu/Metal.xctoolchain --module-name OpenCombine --sdk-root /Applications/Xcode-27.0.0-Release.Candidate.app/Contents/Developer/Platforms/AppleTVOS.platform/Developer/SDKs/AppleTVOS27.0.sdk --xcode-version 27A266a --platform-family tvOS --deployment-target 15.0 --bundle-identifier opencombine.OpenCombine --output /Users/admin/builder/spi-builder-workspace/.derivedData/Build/Products/Debug-appletvos/OpenCombine.appintents --target-triple arm64-apple-tvos15.0 --binary-file /Users/admin/builder/spi-builder-workspace/.derivedData/Build/Products/Debug-appletvos/OpenCombine.o --dependency-file /Users/admin/builder/spi-builder-workspace/.derivedData/Build/Intermediates.noindex/OpenCombine.build/Debug-appletvos/OpenCombine-t.build/Objects-normal/arm64/OpenCombine_dependency_info.dat --stringsdata-file /Users/admin/builder/spi-builder-workspace/.derivedData/Build/Intermediates.noindex/OpenCombine.build/Debug-appletvos/OpenCombine-t.build/Objects-normal/arm64/ExtractedAppShortcutsMetadata.stringsdata --source-file-list /Users/admin/builder/spi-builder-workspace/.derivedData/Build/Intermediates.noindex/OpenCombine.build/Debug-appletvos/OpenCombine-t.build/Objects-normal/arm64/OpenCombine.SwiftFileList --metadata-file-list /Users/admin/builder/spi-builder-workspace/.derivedData/Build/Intermediates.noindex/OpenCombine.build/Debug-appletvos/OpenCombine-t.build/OpenCombine.DependencyMetadataFileList --static-metadata-file-list /Users/admin/builder/spi-builder-workspace/.derivedData/Build/Intermediates.noindex/OpenCombine.build/Debug-appletvos/OpenCombine-t.build/OpenCombine.DependencyStaticMetadataFileList --swift-const-vals-list /Users/admin/builder/spi-builder-workspace/.derivedData/Build/Intermediates.noindex/OpenCombine.build/Debug-appletvos/OpenCombine-t.build/Objects-normal/arm64/OpenCombine.SwiftConstValuesFileList --force --compile-time-extraction --deployment-aware-processing --no-app-shortcuts-localization
2026-09-17 19:31:45.121 appintentsmetadataprocessor[832:5127] Starting appintentsmetadataprocessor export
2026-09-17 19:31:45.186 appintentsmetadataprocessor[832:5127] Extracted no relevant App Intents symbols, skipping writing output
SwiftExplicitDependencyGeneratePcm arm64 /Users/admin/builder/spi-builder-workspace/.derivedData/SDKExplicitPrecompiledModules/os_object-E2DGZ0SX0TULQHULZRPO6OKNW.pcm
SwiftExplicitDependencyGeneratePcm arm64 /Users/admin/builder/spi-builder-workspace/.derivedData/SDKExplicitPrecompiledModules/os_workgroup-DBUFF7811DKMX7VPBOJPGGF1U.pcm
SwiftExplicitDependencyGeneratePcm arm64 /Users/admin/builder/spi-builder-workspace/.derivedData/SDKExplicitPrecompiledModules/Dispatch-1QL58A0V50C39KVAIC6C38SHL.pcm
SwiftEmitModule normal arm64 Emitting\ module\ for\ OpenCombineDispatch (in target 'OpenCombineDispatch' from project 'OpenCombine')
SwiftCompile normal arm64 (in target 'OpenCombineDispatch' from project 'OpenCombine')
    cd /Users/admin/builder/spi-builder-workspace/.swiftpm/xcode

SwiftCompile normal arm64 Compiling\ DispatchQueue+Scheduler.swift /Users/admin/builder/spi-builder-workspace/.dependencies/checkouts/OpenCombine/Sources/OpenCombineDispatch/DispatchQueue+Scheduler.swift (in target 'OpenCombineDispatch' from project 'OpenCombine')
SwiftCompile normal arm64 /Users/admin/builder/spi-builder-workspace/.dependencies/checkouts/OpenCombine/Sources/OpenCombineDispatch/DispatchQueue+Scheduler.swift (in target 'OpenCombineDispatch' from project 'OpenCombine')
    cd /Users/admin/builder/spi-builder-workspace/.swiftpm/xcode
    builtin-SwiftPerFileCompile DispatchQueue+Scheduler.swift
SwiftDriverJobDiscovery normal arm64 Emitting module for OpenCombineDispatch (in target 'OpenCombineDispatch' from project 'OpenCombine')
SwiftDriver\ Compilation\ Requirements OpenCombineDispatch normal arm64 com.apple.xcode.tools.swift.compiler (in target 'OpenCombineDispatch' from project 'OpenCombine')
    cd /Users/admin/builder/spi-builder-workspace/.swiftpm/xcode
    builtin-Swift-Compilation-Requirements -- /Applications/Xcode-27.0.0-Release.Candidate.app/Contents/Developer/Toolchains/XcodeDefault.xctoolchain/usr/bin/swiftc -parse-as-library -module-name OpenCombineDispatch -Onone @/Users/admin/builder/spi-builder-workspace/.derivedData/Build/Intermediates.noindex/OpenCombine.build/Debug-appletvos/OpenCombineDispatch-t.build/Objects-normal/arm64/OpenCombineDispatch.SwiftFileList -DSWIFT_PACKAGE -DDEBUG -DSWIFT_MODULE_RESOURCE_BUNDLE_UNAVAILABLE -Xcc -fmodule-map-file\=/Users/admin/builder/spi-builder-workspace/.derivedData/Build/Intermediates.noindex/GeneratedModuleMaps-appletvos/COpenCombineHelpers.modulemap -DXcode -plugin-path /Applications/Xcode-27.0.0-Release.Candidate.app/Contents/Developer/Toolchains/XcodeDefault.xctoolchain/usr/lib/swift/host/plugins/testing -enable-experimental-feature DebugDescriptionMacro -sdk /Applications/Xcode-27.0.0-Release.Candidate.app/Contents/Developer/Platforms/AppleTVOS.platform/Developer/SDKs/AppleTVOS27.0.sdk -target arm64-apple-tvos15.0 -g -module-cache-path /Users/admin/builder/spi-builder-workspace/.derivedData/ModuleCache.noindex -Xfrontend -serialize-debugging-options -profile-coverage-mapping -profile-generate -enable-testing -suppress-warnings -index-store-path /Users/admin/builder/spi-builder-workspace/.derivedData/Index.noindex/DataStore -Xcc -D_LIBCPP_HARDENING_MODE\=_LIBCPP_HARDENING_MODE_DEBUG -swift-version 5 -I /Users/admin/builder/spi-builder-workspace/.derivedData/Build/Products/Debug-appletvos -Isystem /Applications/Xcode-27.0.0-Release.Candidate.app/Contents/Developer/Platforms/AppleTVOS.platform/Developer/usr/lib -F /Users/admin/builder/spi-builder-workspace/.derivedData/Build/Products/Debug-appletvos/PackageFrameworks -F /Users/admin/builder/spi-builder-workspace/.derivedData/Build/Products/Debug-appletvos -F /Applications/Xcode-27.0.0-Release.Candidate.app/Contents/Developer/Platforms/AppleTVOS.platform/Developer/Library/Frameworks -F /Applications/Xcode-27.0.0-Release.Candidate.app/Contents/Developer/Platforms/AppleTVOS.platform/Developer/SDKs/AppleTVOS27.0.sdk/Developer/Library/Frameworks -c -j10 -enable-batch-mode -incremental -Xcc -ivfsstatcache -Xcc /Users/admin/builder/spi-builder-workspace/.derivedData/SDKStatCaches.noindex/appletvos27.0-24J360-e829b21a6f8c9b70876ba0858053c044b32bfd8d43560033f8d89884cdb90028.sdkstatcache -output-file-map /Users/admin/builder/spi-builder-workspace/.derivedData/Build/Intermediates.noindex/OpenCombine.build/Debug-appletvos/OpenCombineDispatch-t.build/Objects-normal/arm64/OpenCombineDispatch-OutputFileMap.json -save-temps -no-color-diagnostics -explicit-module-build -module-cache-path /Users/admin/builder/spi-builder-workspace/.derivedData/Build/Intermediates.noindex/SwiftExplicitPrecompiledModules -clang-scanner-module-cache-path /Users/admin/builder/spi-builder-workspace/.derivedData/ModuleCache.noindex -sdk-module-cache-path /Users/admin/builder/spi-builder-workspace/.derivedData/SDKExplicitPrecompiledModules -emit-dependencies -emit-module -emit-module-path /Users/admin/builder/spi-builder-workspace/.derivedData/Build/Intermediates.noindex/OpenCombine.build/Debug-appletvos/OpenCombineDispatch-t.build/Objects-normal/arm64/OpenCombineDispatch.swiftmodule -serialize-diagnostics -dependency-scan-serialize-diagnostics-path /Users/admin/builder/spi-builder-workspace/.derivedData/Build/Intermediates.noindex/OpenCombine.build/Debug-appletvos/OpenCombineDispatch-t.build/Objects-normal/arm64/OpenCombineDispatch-dependency-scan.dia -validate-clang-modules-once -clang-build-session-file /Users/admin/builder/spi-builder-workspace/.derivedData/ModuleCache.noindex/Session.modulevalidation -Xcc -fmodules-prune-interval\=86400 -Xcc -fmodules-prune-after\=345600 -emit-const-values -const-gather-protocols-list /Users/admin/builder/spi-builder-workspace/.derivedData/Build/Intermediates.noindex/OpenCombine.build/Debug-appletvos/OpenCombineDispatch-t.build/Objects-normal/arm64/OpenCombineDispatch_const_extract_protocols.json -Xcc -I/Users/admin/builder/spi-builder-workspace/.dependencies/checkouts/OpenCombine/Sources/COpenCombineHelpers/include -Xcc -I/Users/admin/builder/spi-builder-workspace/.derivedData/Build/Products/Debug-appletvos/include -Xcc -I/Users/admin/builder/spi-builder-workspace/.derivedData/Build/Intermediates.noindex/OpenCombine.build/Debug-appletvos/OpenCombineDispatch-t.build/DerivedSources-normal/arm64 -Xcc -I/Users/admin/builder/spi-builder-workspace/.derivedData/Build/Intermediates.noindex/OpenCombine.build/Debug-appletvos/OpenCombineDispatch-t.build/DerivedSources/arm64 -Xcc -I/Users/admin/builder/spi-builder-workspace/.derivedData/Build/Intermediates.noindex/OpenCombine.build/Debug-appletvos/OpenCombineDispatch-t.build/DerivedSources -Xcc -DSWIFT_PACKAGE -Xcc -DDEBUG\=1 -emit-objc-header -emit-objc-header-path /Users/admin/builder/spi-builder-workspace/.derivedData/Build/Intermediates.noindex/OpenCombine.build/Debug-appletvos/OpenCombineDispatch-t.build/Objects-normal/arm64/OpenCombineDispatch-Swift.h -working-directory /Users/admin/builder/spi-builder-workspace/.swiftpm/xcode -experimental-emit-module-separately -disable-cmo
SwiftMergeGeneratedHeaders /Users/admin/builder/spi-builder-workspace/.derivedData/Build/Intermediates.noindex/GeneratedModuleMaps-appletvos/OpenCombineDispatch-Swift.h /Users/admin/builder/spi-builder-workspace/.derivedData/Build/Intermediates.noindex/OpenCombine.build/Debug-appletvos/OpenCombineDispatch-t.build/Objects-normal/arm64/OpenCombineDispatch-Swift.h (in target 'OpenCombineDispatch' from project 'OpenCombine')
    cd /Users/admin/builder/spi-builder-workspace/.dependencies/checkouts/OpenCombine
    builtin-swiftHeaderTool -arch arm64 /Users/admin/builder/spi-builder-workspace/.derivedData/Build/Intermediates.noindex/OpenCombine.build/Debug-appletvos/OpenCombineDispatch-t.build/Objects-normal/arm64/OpenCombineDispatch-Swift.h -o /Users/admin/builder/spi-builder-workspace/.derivedData/Build/Intermediates.noindex/GeneratedModuleMaps-appletvos/OpenCombineDispatch-Swift.h
Copy /Users/admin/builder/spi-builder-workspace/.derivedData/Build/Products/Debug-appletvos/OpenCombineDispatch.swiftmodule/arm64-apple-tvos.swiftdoc /Users/admin/builder/spi-builder-workspace/.derivedData/Build/Intermediates.noindex/OpenCombine.build/Debug-appletvos/OpenCombineDispatch-t.build/Objects-normal/arm64/OpenCombineDispatch.swiftdoc (in target 'OpenCombineDispatch' from project 'OpenCombine')
    cd /Users/admin/builder/spi-builder-workspace/.dependencies/checkouts/OpenCombine
    builtin-copy -exclude .DS_Store -exclude CVS -exclude .svn -exclude .git -exclude .hg -resolve-src-symlinks -rename /Users/admin/builder/spi-builder-workspace/.derivedData/Build/Intermediates.noindex/OpenCombine.build/Debug-appletvos/OpenCombineDispatch-t.build/Objects-normal/arm64/OpenCombineDispatch.swiftdoc /Users/admin/builder/spi-builder-workspace/.derivedData/Build/Products/Debug-appletvos/OpenCombineDispatch.swiftmodule/arm64-apple-tvos.swiftdoc
Copy /Users/admin/builder/spi-builder-workspace/.derivedData/Build/Products/Debug-appletvos/OpenCombineDispatch.swiftmodule/arm64-apple-tvos.swiftmodule /Users/admin/builder/spi-builder-workspace/.derivedData/Build/Intermediates.noindex/OpenCombine.build/Debug-appletvos/OpenCombineDispatch-t.build/Objects-normal/arm64/OpenCombineDispatch.swiftmodule (in target 'OpenCombineDispatch' from project 'OpenCombine')
    cd /Users/admin/builder/spi-builder-workspace/.dependencies/checkouts/OpenCombine
    builtin-copy -exclude .DS_Store -exclude CVS -exclude .svn -exclude .git -exclude .hg -resolve-src-symlinks -rename /Users/admin/builder/spi-builder-workspace/.derivedData/Build/Intermediates.noindex/OpenCombine.build/Debug-appletvos/OpenCombineDispatch-t.build/Objects-normal/arm64/OpenCombineDispatch.swiftmodule /Users/admin/builder/spi-builder-workspace/.derivedData/Build/Products/Debug-appletvos/OpenCombineDispatch.swiftmodule/arm64-apple-tvos.swiftmodule
Copy /Users/admin/builder/spi-builder-workspace/.derivedData/Build/Products/Debug-appletvos/OpenCombineDispatch.swiftmodule/arm64-apple-tvos.abi.json /Users/admin/builder/spi-builder-workspace/.derivedData/Build/Intermediates.noindex/OpenCombine.build/Debug-appletvos/OpenCombineDispatch-t.build/Objects-normal/arm64/OpenCombineDispatch.abi.json (in target 'OpenCombineDispatch' from project 'OpenCombine')
    cd /Users/admin/builder/spi-builder-workspace/.dependencies/checkouts/OpenCombine
    builtin-copy -exclude .DS_Store -exclude CVS -exclude .svn -exclude .git -exclude .hg -resolve-src-symlinks -rename /Users/admin/builder/spi-builder-workspace/.derivedData/Build/Intermediates.noindex/OpenCombine.build/Debug-appletvos/OpenCombineDispatch-t.build/Objects-normal/arm64/OpenCombineDispatch.abi.json /Users/admin/builder/spi-builder-workspace/.derivedData/Build/Products/Debug-appletvos/OpenCombineDispatch.swiftmodule/arm64-apple-tvos.abi.json
Copy /Users/admin/builder/spi-builder-workspace/.derivedData/Build/Products/Debug-appletvos/OpenCombineDispatch.swiftmodule/Project/arm64-apple-tvos.swiftsourceinfo /Users/admin/builder/spi-builder-workspace/.derivedData/Build/Intermediates.noindex/OpenCombine.build/Debug-appletvos/OpenCombineDispatch-t.build/Objects-normal/arm64/OpenCombineDispatch.swiftsourceinfo (in target 'OpenCombineDispatch' from project 'OpenCombine')
    cd /Users/admin/builder/spi-builder-workspace/.dependencies/checkouts/OpenCombine
    builtin-copy -exclude .DS_Store -exclude CVS -exclude .svn -exclude .git -exclude .hg -resolve-src-symlinks -rename /Users/admin/builder/spi-builder-workspace/.derivedData/Build/Intermediates.noindex/OpenCombine.build/Debug-appletvos/OpenCombineDispatch-t.build/Objects-normal/arm64/OpenCombineDispatch.swiftsourceinfo /Users/admin/builder/spi-builder-workspace/.derivedData/Build/Products/Debug-appletvos/OpenCombineDispatch.swiftmodule/Project/arm64-apple-tvos.swiftsourceinfo
SwiftDriver Store normal arm64 com.apple.xcode.tools.swift.compiler (in target 'Store' from project 'Store')
    cd /Users/admin/builder/spi-builder-workspace/.swiftpm/xcode
    builtin-SwiftDriver -- /Applications/Xcode-27.0.0-Release.Candidate.app/Contents/Developer/Toolchains/XcodeDefault.xctoolchain/usr/bin/swiftc -parse-as-library -module-name Store -Onone @/Users/admin/builder/spi-builder-workspace/.derivedData/Build/Intermediates.noindex/Store.build/Debug-appletvos/Store-t.build/Objects-normal/arm64/Store.SwiftFileList -DSWIFT_PACKAGE -DDEBUG -DSWIFT_MODULE_RESOURCE_BUNDLE_UNAVAILABLE -Xcc -fmodule-map-file\=/Users/admin/builder/spi-builder-workspace/.derivedData/Build/Intermediates.noindex/GeneratedModuleMaps-appletvos/COpenCombineHelpers.modulemap -DXcode -plugin-path /Applications/Xcode-27.0.0-Release.Candidate.app/Contents/Developer/Toolchains/XcodeDefault.xctoolchain/usr/lib/swift/host/plugins/testing -enable-experimental-feature DebugDescriptionMacro -sdk /Applications/Xcode-27.0.0-Release.Candidate.app/Contents/Developer/Platforms/AppleTVOS.platform/Developer/SDKs/AppleTVOS27.0.sdk -target arm64-apple-tvos15.0 -g -module-cache-path /Users/admin/builder/spi-builder-workspace/.derivedData/ModuleCache.noindex -Xfrontend -serialize-debugging-options -profile-coverage-mapping -profile-generate -enable-testing -index-store-path /Users/admin/builder/spi-builder-workspace/.derivedData/Index.noindex/DataStore -Xcc -D_LIBCPP_HARDENING_MODE\=_LIBCPP_HARDENING_MODE_DEBUG -swift-version 5 -I /Users/admin/builder/spi-builder-workspace/.derivedData/Build/Products/Debug-appletvos -Isystem /Applications/Xcode-27.0.0-Release.Candidate.app/Contents/Developer/Platforms/AppleTVOS.platform/Developer/usr/lib -F /Users/admin/builder/spi-builder-workspace/.derivedData/Build/Products/Debug-appletvos/PackageFrameworks -F /Users/admin/builder/spi-builder-workspace/.derivedData/Build/Products/Debug-appletvos -F /Applications/Xcode-27.0.0-Release.Candidate.app/Contents/Developer/Platforms/AppleTVOS.platform/Developer/Library/Frameworks -F /Applications/Xcode-27.0.0-Release.Candidate.app/Contents/Developer/Platforms/AppleTVOS.platform/Developer/SDKs/AppleTVOS27.0.sdk/Developer/Library/Frameworks -c -j10 -enable-batch-mode -incremental -Xcc -ivfsstatcache -Xcc /Users/admin/builder/spi-builder-workspace/.derivedData/SDKStatCaches.noindex/appletvos27.0-24J360-e829b21a6f8c9b70876ba0858053c044b32bfd8d43560033f8d89884cdb90028.sdkstatcache -output-file-map /Users/admin/builder/spi-builder-workspace/.derivedData/Build/Intermediates.noindex/Store.build/Debug-appletvos/Store-t.build/Objects-normal/arm64/Store-OutputFileMap.json -save-temps -no-color-diagnostics -explicit-module-build -module-cache-path /Users/admin/builder/spi-builder-workspace/.derivedData/Build/Intermediates.noindex/SwiftExplicitPrecompiledModules -clang-scanner-module-cache-path /Users/admin/builder/spi-builder-workspace/.derivedData/ModuleCache.noindex -sdk-module-cache-path /Users/admin/builder/spi-builder-workspace/.derivedData/SDKExplicitPrecompiledModules -emit-dependencies -emit-module -emit-module-path /Users/admin/builder/spi-builder-workspace/.derivedData/Build/Intermediates.noindex/Store.build/Debug-appletvos/Store-t.build/Objects-normal/arm64/Store.swiftmodule -serialize-diagnostics -dependency-scan-serialize-diagnostics-path /Users/admin/builder/spi-builder-workspace/.derivedData/Build/Intermediates.noindex/Store.build/Debug-appletvos/Store-t.build/Objects-normal/arm64/Store-dependency-scan.dia -validate-clang-modules-once -clang-build-session-file /Users/admin/builder/spi-builder-workspace/.derivedData/ModuleCache.noindex/Session.modulevalidation -Xcc -fmodules-prune-interval\=86400 -Xcc -fmodules-prune-after\=345600 -emit-const-values -const-gather-protocols-list /Users/admin/builder/spi-builder-workspace/.derivedData/Build/Intermediates.noindex/Store.build/Debug-appletvos/Store-t.build/Objects-normal/arm64/Store_const_extract_protocols.json -Xcc -I/Users/admin/builder/spi-builder-workspace/.dependencies/checkouts/OpenCombine/Sources/COpenCombineHelpers/include -Xcc -I/Users/admin/builder/spi-builder-workspace/.derivedData/Build/Products/Debug-appletvos/include -Xcc -I/Users/admin/builder/spi-builder-workspace/.derivedData/Build/Intermediates.noindex/Store.build/Debug-appletvos/Store-t.build/DerivedSources-normal/arm64 -Xcc -I/Users/admin/builder/spi-builder-workspace/.derivedData/Build/Intermediates.noindex/Store.build/Debug-appletvos/Store-t.build/DerivedSources/arm64 -Xcc -I/Users/admin/builder/spi-builder-workspace/.derivedData/Build/Intermediates.noindex/Store.build/Debug-appletvos/Store-t.build/DerivedSources -Xcc -DSWIFT_PACKAGE -Xcc -DDEBUG\=1 -emit-objc-header -emit-objc-header-path /Users/admin/builder/spi-builder-workspace/.derivedData/Build/Intermediates.noindex/Store.build/Debug-appletvos/Store-t.build/Objects-normal/arm64/Store-Swift.h -working-directory /Users/admin/builder/spi-builder-workspace/.swiftpm/xcode -experimental-emit-module-separately -disable-cmo
SwiftDriverJobDiscovery normal arm64 Compiling DispatchQueue+Scheduler.swift (in target 'OpenCombineDispatch' from project 'OpenCombine')
SwiftDriver\ Compilation OpenCombineDispatch normal arm64 com.apple.xcode.tools.swift.compiler (in target 'OpenCombineDispatch' from project 'OpenCombine')
    cd /Users/admin/builder/spi-builder-workspace/.swiftpm/xcode
    builtin-Swift-Compilation -- /Applications/Xcode-27.0.0-Release.Candidate.app/Contents/Developer/Toolchains/XcodeDefault.xctoolchain/usr/bin/swiftc -parse-as-library -module-name OpenCombineDispatch -Onone @/Users/admin/builder/spi-builder-workspace/.derivedData/Build/Intermediates.noindex/OpenCombine.build/Debug-appletvos/OpenCombineDispatch-t.build/Objects-normal/arm64/OpenCombineDispatch.SwiftFileList -DSWIFT_PACKAGE -DDEBUG -DSWIFT_MODULE_RESOURCE_BUNDLE_UNAVAILABLE -Xcc -fmodule-map-file\=/Users/admin/builder/spi-builder-workspace/.derivedData/Build/Intermediates.noindex/GeneratedModuleMaps-appletvos/COpenCombineHelpers.modulemap -DXcode -plugin-path /Applications/Xcode-27.0.0-Release.Candidate.app/Contents/Developer/Toolchains/XcodeDefault.xctoolchain/usr/lib/swift/host/plugins/testing -enable-experimental-feature DebugDescriptionMacro -sdk /Applications/Xcode-27.0.0-Release.Candidate.app/Contents/Developer/Platforms/AppleTVOS.platform/Developer/SDKs/AppleTVOS27.0.sdk -target arm64-apple-tvos15.0 -g -module-cache-path /Users/admin/builder/spi-builder-workspace/.derivedData/ModuleCache.noindex -Xfrontend -serialize-debugging-options -profile-coverage-mapping -profile-generate -enable-testing -suppress-warnings -index-store-path /Users/admin/builder/spi-builder-workspace/.derivedData/Index.noindex/DataStore -Xcc -D_LIBCPP_HARDENING_MODE\=_LIBCPP_HARDENING_MODE_DEBUG -swift-version 5 -I /Users/admin/builder/spi-builder-workspace/.derivedData/Build/Products/Debug-appletvos -Isystem /Applications/Xcode-27.0.0-Release.Candidate.app/Contents/Developer/Platforms/AppleTVOS.platform/Developer/usr/lib -F /Users/admin/builder/spi-builder-workspace/.derivedData/Build/Products/Debug-appletvos/PackageFrameworks -F /Users/admin/builder/spi-builder-workspace/.derivedData/Build/Products/Debug-appletvos -F /Applications/Xcode-27.0.0-Release.Candidate.app/Contents/Developer/Platforms/AppleTVOS.platform/Developer/Library/Frameworks -F /Applications/Xcode-27.0.0-Release.Candidate.app/Contents/Developer/Platforms/AppleTVOS.platform/Developer/SDKs/AppleTVOS27.0.sdk/Developer/Library/Frameworks -c -j10 -enable-batch-mode -incremental -Xcc -ivfsstatcache -Xcc /Users/admin/builder/spi-builder-workspace/.derivedData/SDKStatCaches.noindex/appletvos27.0-24J360-e829b21a6f8c9b70876ba0858053c044b32bfd8d43560033f8d89884cdb90028.sdkstatcache -output-file-map /Users/admin/builder/spi-builder-workspace/.derivedData/Build/Intermediates.noindex/OpenCombine.build/Debug-appletvos/OpenCombineDispatch-t.build/Objects-normal/arm64/OpenCombineDispatch-OutputFileMap.json -save-temps -no-color-diagnostics -explicit-module-build -module-cache-path /Users/admin/builder/spi-builder-workspace/.derivedData/Build/Intermediates.noindex/SwiftExplicitPrecompiledModules -clang-scanner-module-cache-path /Users/admin/builder/spi-builder-workspace/.derivedData/ModuleCache.noindex -sdk-module-cache-path /Users/admin/builder/spi-builder-workspace/.derivedData/SDKExplicitPrecompiledModules -emit-dependencies -emit-module -emit-module-path /Users/admin/builder/spi-builder-workspace/.derivedData/Build/Intermediates.noindex/OpenCombine.build/Debug-appletvos/OpenCombineDispatch-t.build/Objects-normal/arm64/OpenCombineDispatch.swiftmodule -serialize-diagnostics -dependency-scan-serialize-diagnostics-path /Users/admin/builder/spi-builder-workspace/.derivedData/Build/Intermediates.noindex/OpenCombine.build/Debug-appletvos/OpenCombineDispatch-t.build/Objects-normal/arm64/OpenCombineDispatch-dependency-scan.dia -validate-clang-modules-once -clang-build-session-file /Users/admin/builder/spi-builder-workspace/.derivedData/ModuleCache.noindex/Session.modulevalidation -Xcc -fmodules-prune-interval\=86400 -Xcc -fmodules-prune-after\=345600 -emit-const-values -const-gather-protocols-list /Users/admin/builder/spi-builder-workspace/.derivedData/Build/Intermediates.noindex/OpenCombine.build/Debug-appletvos/OpenCombineDispatch-t.build/Objects-normal/arm64/OpenCombineDispatch_const_extract_protocols.json -Xcc -I/Users/admin/builder/spi-builder-workspace/.dependencies/checkouts/OpenCombine/Sources/COpenCombineHelpers/include -Xcc -I/Users/admin/builder/spi-builder-workspace/.derivedData/Build/Products/Debug-appletvos/include -Xcc -I/Users/admin/builder/spi-builder-workspace/.derivedData/Build/Intermediates.noindex/OpenCombine.build/Debug-appletvos/OpenCombineDispatch-t.build/DerivedSources-normal/arm64 -Xcc -I/Users/admin/builder/spi-builder-workspace/.derivedData/Build/Intermediates.noindex/OpenCombine.build/Debug-appletvos/OpenCombineDispatch-t.build/DerivedSources/arm64 -Xcc -I/Users/admin/builder/spi-builder-workspace/.derivedData/Build/Intermediates.noindex/OpenCombine.build/Debug-appletvos/OpenCombineDispatch-t.build/DerivedSources -Xcc -DSWIFT_PACKAGE -Xcc -DDEBUG\=1 -emit-objc-header -emit-objc-header-path /Users/admin/builder/spi-builder-workspace/.derivedData/Build/Intermediates.noindex/OpenCombine.build/Debug-appletvos/OpenCombineDispatch-t.build/Objects-normal/arm64/OpenCombineDispatch-Swift.h -working-directory /Users/admin/builder/spi-builder-workspace/.swiftpm/xcode -experimental-emit-module-separately -disable-cmo
Ld /Users/admin/builder/spi-builder-workspace/.derivedData/Build/Products/Debug-appletvos/OpenCombineDispatch.o normal (in target 'OpenCombineDispatch' from project 'OpenCombine')
    cd /Users/admin/builder/spi-builder-workspace/.dependencies/checkouts/OpenCombine
    /Applications/Xcode-27.0.0-Release.Candidate.app/Contents/Developer/Toolchains/XcodeDefault.xctoolchain/usr/bin/clang -Xlinker -reproducible -target arm64-apple-tvos15.0 -r -isysroot /Applications/Xcode-27.0.0-Release.Candidate.app/Contents/Developer/Platforms/AppleTVOS.platform/Developer/SDKs/AppleTVOS27.0.sdk -O0 -w -Xlinker -no_warn_duplicate_libraries -F/Users/admin/builder/spi-builder-workspace/.derivedData/Build/Intermediates.noindex/EagerLinkingTBDs/Debug-appletvos -F/Users/admin/builder/spi-builder-workspace/.derivedData/Build/Products/Debug-appletvos/PackageFrameworks -F/Users/admin/builder/spi-builder-workspace/.derivedData/Build/Products/Debug-appletvos -iframework /Applications/Xcode-27.0.0-Release.Candidate.app/Contents/Developer/Platforms/AppleTVOS.platform/Developer/Library/Frameworks -iframework /Applications/Xcode-27.0.0-Release.Candidate.app/Contents/Developer/Platforms/AppleTVOS.platform/Developer/SDKs/AppleTVOS27.0.sdk/Developer/Library/Frameworks -filelist /Users/admin/builder/spi-builder-workspace/.derivedData/Build/Intermediates.noindex/OpenCombine.build/Debug-appletvos/OpenCombineDispatch-t.build/Objects-normal/arm64/OpenCombineDispatch.LinkFileList -nostdlib -Xlinker -object_path_lto -Xlinker /Users/admin/builder/spi-builder-workspace/.derivedData/Build/Intermediates.noindex/OpenCombine.build/Debug-appletvos/OpenCombineDispatch-t.build/Objects-normal/arm64/OpenCombineDispatch_lto.o -Xlinker -no_deduplicate -Xlinker -debug_variant -Xlinker -dependency_info -Xlinker /Users/admin/builder/spi-builder-workspace/.derivedData/Build/Intermediates.noindex/OpenCombine.build/Debug-appletvos/OpenCombineDispatch-t.build/Objects-normal/arm64/OpenCombineDispatch_dependency_info.dat -fobjc-link-runtime -L/Applications/Xcode-27.0.0-Release.Candidate.app/Contents/Developer/Toolchains/XcodeDefault.xctoolchain/usr/lib/swift/appletvos -L/usr/lib/swift -Xlinker -add_ast_path -Xlinker /Users/admin/builder/spi-builder-workspace/.derivedData/Build/Intermediates.noindex/OpenCombine.build/Debug-appletvos/OpenCombineDispatch-t.build/Objects-normal/arm64/OpenCombineDispatch.swiftmodule -o /Users/admin/builder/spi-builder-workspace/.derivedData/Build/Products/Debug-appletvos/OpenCombineDispatch.o
ExtractAppIntentsMetadata (in target 'OpenCombineDispatch' from project 'OpenCombine')
    cd /Users/admin/builder/spi-builder-workspace/.dependencies/checkouts/OpenCombine
    /Applications/Xcode-27.0.0-Release.Candidate.app/Contents/Developer/Toolchains/XcodeDefault.xctoolchain/usr/bin/appintentsmetadataprocessor --toolchain-dir /var/run/com.apple.security.cryptexd/mnt/com.apple.MobileAsset.MetalToolchain-v27.1.266.1.RNsRmu/Metal.xctoolchain --module-name OpenCombineDispatch --sdk-root /Applications/Xcode-27.0.0-Release.Candidate.app/Contents/Developer/Platforms/AppleTVOS.platform/Developer/SDKs/AppleTVOS27.0.sdk --xcode-version 27A266a --platform-family tvOS --deployment-target 15.0 --bundle-identifier opencombine.OpenCombineDispatch --output /Users/admin/builder/spi-builder-workspace/.derivedData/Build/Products/Debug-appletvos/OpenCombineDispatch.appintents --target-triple arm64-apple-tvos15.0 --binary-file /Users/admin/builder/spi-builder-workspace/.derivedData/Build/Products/Debug-appletvos/OpenCombineDispatch.o --dependency-file /Users/admin/builder/spi-builder-workspace/.derivedData/Build/Intermediates.noindex/OpenCombine.build/Debug-appletvos/OpenCombineDispatch-t.build/Objects-normal/arm64/OpenCombineDispatch_dependency_info.dat --stringsdata-file /Users/admin/builder/spi-builder-workspace/.derivedData/Build/Intermediates.noindex/OpenCombine.build/Debug-appletvos/OpenCombineDispatch-t.build/Objects-normal/arm64/ExtractedAppShortcutsMetadata.stringsdata --source-file-list /Users/admin/builder/spi-builder-workspace/.derivedData/Build/Intermediates.noindex/OpenCombine.build/Debug-appletvos/OpenCombineDispatch-t.build/Objects-normal/arm64/OpenCombineDispatch.SwiftFileList --metadata-file-list /Users/admin/builder/spi-builder-workspace/.derivedData/Build/Intermediates.noindex/OpenCombine.build/Debug-appletvos/OpenCombineDispatch-t.build/OpenCombineDispatch.DependencyMetadataFileList --static-metadata-file-list /Users/admin/builder/spi-builder-workspace/.derivedData/Build/Intermediates.noindex/OpenCombine.build/Debug-appletvos/OpenCombineDispatch-t.build/OpenCombineDispatch.DependencyStaticMetadataFileList --swift-const-vals-list /Users/admin/builder/spi-builder-workspace/.derivedData/Build/Intermediates.noindex/OpenCombine.build/Debug-appletvos/OpenCombineDispatch-t.build/Objects-normal/arm64/OpenCombineDispatch.SwiftConstValuesFileList --force --compile-time-extraction --deployment-aware-processing --no-app-shortcuts-localization
2026-09-17 19:31:45.828 appintentsmetadataprocessor[840:5221] Starting appintentsmetadataprocessor export
2026-09-17 19:31:45.886 appintentsmetadataprocessor[840:5221] Extracted no relevant App Intents symbols, skipping writing output
SwiftExplicitDependencyGeneratePcm arm64 /Users/admin/builder/spi-builder-workspace/.derivedData/SDKExplicitPrecompiledModules/string_h-6EVHP7A717OUS5DMC78F79HWO.pcm
SwiftExplicitDependencyGeneratePcm arm64 /Users/admin/builder/spi-builder-workspace/.derivedData/SDKExplicitPrecompiledModules/_Builtin_intrinsics-437O2R2NID4WAQVENR63GR82C.pcm
SwiftExplicitDependencyGeneratePcm arm64 /Users/admin/builder/spi-builder-workspace/.derivedData/SDKExplicitPrecompiledModules/_Builtin_tgmath-7ULT1EUHDHW4OZPSTT33H6QGE.pcm
SwiftExplicitDependencyGeneratePcm arm64 /Users/admin/builder/spi-builder-workspace/.derivedData/SDKExplicitPrecompiledModules/_Builtin_stdatomic-3YXHN678NGYM3NL9POJ2HVEIF.pcm
SwiftExplicitDependencyGeneratePcm arm64 /Users/admin/builder/spi-builder-workspace/.derivedData/SDKExplicitPrecompiledModules/DeveloperToolsSupport-B1X8RI63V48AJRTH2RK6JAARV.pcm
SwiftExplicitDependencyGeneratePcm arm64 /Users/admin/builder/spi-builder-workspace/.derivedData/SDKExplicitPrecompiledModules/XPC-6O2DJFT3QUJ7QKTD3SNUB6PCR.pcm
SwiftExplicitDependencyGeneratePcm arm64 /Users/admin/builder/spi-builder-workspace/.derivedData/SDKExplicitPrecompiledModules/ptrauth-8X2KEPL7CTRPS40TUB9APHPK6.pcm
SwiftExplicitDependencyGeneratePcm arm64 /Users/admin/builder/spi-builder-workspace/.derivedData/SDKExplicitPrecompiledModules/MachO-EH3F5PJCIZG05NO51CEFSZYPW.pcm
SwiftExplicitDependencyGeneratePcm arm64 /Users/admin/builder/spi-builder-workspace/.derivedData/SDKExplicitPrecompiledModules/CoreFoundation-7TPJ7ENDC4L1A1ESHYI9TXS0D.pcm
SwiftExplicitDependencyGeneratePcm arm64 /Users/admin/builder/spi-builder-workspace/.derivedData/SDKExplicitPrecompiledModules/os-3GJI8H0BNAEZPQPQ1V0VVY3FY.pcm
SwiftExplicitDependencyGeneratePcm arm64 /Users/admin/builder/spi-builder-workspace/.derivedData/SDKExplicitPrecompiledModules/CoreGraphics-CWSP3J98S2658BYCVL6RP99T3.pcm
SwiftExplicitDependencyGeneratePcm arm64 /Users/admin/builder/spi-builder-workspace/.derivedData/SDKExplicitPrecompiledModules/CoreAudioTypes-E7EH96HAL3G83QSWLT7VWYIP4.pcm
SwiftExplicitDependencyGeneratePcm arm64 /Users/admin/builder/spi-builder-workspace/.derivedData/SDKExplicitPrecompiledModules/Security-8VMXEKVDA3MHUH9AOTP905DID.pcm
SwiftExplicitDependencyGeneratePcm arm64 /Users/admin/builder/spi-builder-workspace/.derivedData/SDKExplicitPrecompiledModules/CFNetwork-2CUR2VK9S3S3WPFXPNXNUWYGN.pcm
SwiftExplicitDependencyGeneratePcm arm64 /Users/admin/builder/spi-builder-workspace/.derivedData/SDKExplicitPrecompiledModules/simd-117QUXEUT3Z7UQCUYWV2UA228.pcm
SwiftExplicitDependencyGeneratePcm arm64 /Users/admin/builder/spi-builder-workspace/.derivedData/SDKExplicitPrecompiledModules/CoreAudio-6IR1XRM0Q9YQZMFW89F3H4V3X.pcm
SwiftExplicitDependencyGeneratePcm arm64 /Users/admin/builder/spi-builder-workspace/.derivedData/SDKExplicitPrecompiledModules/Foundation-BSSIP64DIGUKMAYJOG1WPQ78X.pcm
SwiftExplicitDependencyGeneratePcm arm64 /Users/admin/builder/spi-builder-workspace/.derivedData/SDKExplicitPrecompiledModules/CoreText-59NY7PABM0I4V978161FOC04A.pcm
SwiftExplicitDependencyGeneratePcm arm64 /Users/admin/builder/spi-builder-workspace/.derivedData/SDKExplicitPrecompiledModules/ImageIO-88D4CLEBD4CLWQKT78PZ6H1O8.pcm
SwiftExplicitDependencyGeneratePcm arm64 /Users/admin/builder/spi-builder-workspace/.derivedData/SDKExplicitPrecompiledModules/Accessibility-B6BODGZ4MQQTY0PBC4SHRP009.pcm
SwiftExplicitDependencyGeneratePcm arm64 /Users/admin/builder/spi-builder-workspace/.derivedData/SDKExplicitPrecompiledModules/CoreData-DYMPHH3PH8AX9I1FHA4VFJ675.pcm
SwiftExplicitDependencyGeneratePcm arm64 /Users/admin/builder/spi-builder-workspace/.derivedData/SDKExplicitPrecompiledModules/_LocationEssentials-ETSJ65FELPWR8WH8G49R1DF2E.pcm
SwiftExplicitDependencyGeneratePcm arm64 /Users/admin/builder/spi-builder-workspace/.derivedData/SDKExplicitPrecompiledModules/UniformTypeIdentifiers-95CC8U42ZA9STP5K6GP9ZVJS5.pcm
SwiftExplicitDependencyGeneratePcm arm64 /Users/admin/builder/spi-builder-workspace/.derivedData/SDKExplicitPrecompiledModules/DataDetection-37JIYZ2GWDA1L166PP1D9JKAF.pcm
SwiftExplicitDependencyGeneratePcm arm64 /Users/admin/builder/spi-builder-workspace/.derivedData/SDKExplicitPrecompiledModules/CoreTransferable-7V4O8DATEQ9F7SDNTCW8YWLG3.pcm
SwiftExplicitDependencyGeneratePcm arm64 /Users/admin/builder/spi-builder-workspace/.derivedData/SDKExplicitPrecompiledModules/Symbols-B5AU9VM9Y7NU79RLMH13Z4IFM.pcm
SwiftExplicitDependencyGeneratePcm arm64 /Users/admin/builder/spi-builder-workspace/.derivedData/SDKExplicitPrecompiledModules/IOSurface-38FJ1CKX9FV2RD97O64Z7QB17.pcm
SwiftExplicitDependencyGeneratePcm arm64 /Users/admin/builder/spi-builder-workspace/.derivedData/SDKExplicitPrecompiledModules/UserNotifications-E9ZW5TH066WIJWH9080RC5NG4.pcm
SwiftExplicitDependencyGeneratePcm arm64 /Users/admin/builder/spi-builder-workspace/.derivedData/SDKExplicitPrecompiledModules/OSLog-7OT6HHTMY0ZFEQJ095LJZ6NLC.pcm
SwiftExplicitDependencyGeneratePcm arm64 /Users/admin/builder/spi-builder-workspace/.derivedData/SDKExplicitPrecompiledModules/Spatial-7U8NLEFXSB8BR7PJQGVMF5A4Q.pcm
SwiftExplicitDependencyGeneratePcm arm64 /Users/admin/builder/spi-builder-workspace/.derivedData/SDKExplicitPrecompiledModules/UIUtilities-6ZFJ1AK4H8IBGEBMYQBWGBYLK.pcm
SwiftExplicitDependencyGeneratePcm arm64 /Users/admin/builder/spi-builder-workspace/.derivedData/SDKExplicitPrecompiledModules/CoreLocation-YVXXAOMVX0JH2KO1XTTKTY51.pcm
SwiftExplicitDependencyGeneratePcm arm64 /Users/admin/builder/spi-builder-workspace/.derivedData/SDKExplicitPrecompiledModules/OpenGLES-4NY99CNDU9WUNUYEIXSS1QFGE.pcm
SwiftExplicitDependencyGeneratePcm arm64 /Users/admin/builder/spi-builder-workspace/.derivedData/SDKExplicitPrecompiledModules/Metal-2KYBS7IML1SD788M91YV7Q0CC.pcm
SwiftExplicitDependencyGeneratePcm arm64 /Users/admin/builder/spi-builder-workspace/.derivedData/SDKExplicitPrecompiledModules/CoreVideo-DPU0PB5X0XLSVA2ETRGI6FJBM.pcm
SwiftExplicitDependencyGeneratePcm arm64 /Users/admin/builder/spi-builder-workspace/.derivedData/SDKExplicitPrecompiledModules/CoreImage-7S2AFJ8EIY3DUFYLEAX1JR1QV.pcm
SwiftExplicitDependencyGeneratePcm arm64 /Users/admin/builder/spi-builder-workspace/.derivedData/SDKExplicitPrecompiledModules/CoreMedia-4OUKVT03LV547KZJDPPJRJ4F8.pcm
SwiftExplicitDependencyGeneratePcm arm64 /Users/admin/builder/spi-builder-workspace/.derivedData/SDKExplicitPrecompiledModules/QuartzCore-DJSYAWKXFGVSAK5CQMOB3JSR.pcm
SwiftExplicitDependencyGeneratePcm arm64 /Users/admin/builder/spi-builder-workspace/.derivedData/SDKExplicitPrecompiledModules/SwiftUICore-543QU5V2NHKUFCYFJDKUJ7NYG.pcm
SwiftExplicitDependencyGeneratePcm arm64 /Users/admin/builder/spi-builder-workspace/.derivedData/SDKExplicitPrecompiledModules/UIKit-1TKWN7VC2X6N3ITMRVA2G0EB2.pcm
SwiftExplicitDependencyGeneratePcm arm64 /Users/admin/builder/spi-builder-workspace/.derivedData/SDKExplicitPrecompiledModules/SwiftUI-7BV1YDT6IZWW6B8OC6ENV0Y0F.pcm
SwiftEmitModule normal arm64 Emitting\ module\ for\ Store (in target 'Store' from project 'Store')
/Users/admin/builder/spi-builder-workspace/Sources/Store/action/Action.swift:98:60: error: cannot specialize 'Self'
 96 |   }
 97 |
 98 |   public func cancel(context: TransactionContext<Store<M>, Self<M, V>>) { }
    |                                                            |- error: cannot specialize 'Self'
    |                                                            `- note: did you mean to explicitly reference 'Mutate' instead?
 99 | }
100 |
/Users/admin/builder/spi-builder-workspace/Sources/Store/action/Action.swift:157:60: error: cannot specialize 'Self'
155 |   }
156 |
157 |   public func cancel(context: TransactionContext<Store<M>, Self<M, V>>) { }
    |                                                            |- error: cannot specialize 'Self'
    |                                                            `- note: did you mean to explicitly reference 'Assign' instead?
158 | }
159 |
/Users/admin/builder/spi-builder-workspace/Sources/Store/concurrency/Operations.swift:3:20: warning: class 'TransactionOperation' must restate inherited '@unchecked Sendable' conformance
 1 | import Foundation
 2 |
 3 | public final class TransactionOperation<T: AnyTransaction>: AsyncOperation {
   |                    `- warning: class 'TransactionOperation' must restate inherited '@unchecked Sendable' conformance
 4 |
 5 |   /// The associated transaction.
/Users/admin/builder/spi-builder-workspace/Sources/Store/concurrency/Operations.swift:40:12: warning: class 'AsyncOperation' must restate inherited '@unchecked Sendable' conformance
38 | /// Subclasses are expected to override the 'execute' function and call
39 | /// the function 'finish' when they're done with their task.
40 | open class AsyncOperation: Operation {
   |            `- warning: class 'AsyncOperation' must restate inherited '@unchecked Sendable' conformance
41 |
42 |   /// The completion block type for this operation.
/Users/admin/builder/spi-builder-workspace/Sources/Store/middleware/Middleware.swift:14:29: warning: using 'class' keyword to define a class-constrained protocol is deprecated; use 'AnyObject' instead [#deprecation]
12 | /// *Logging*, *undo/redo* and *local/remote database synchronization* are a good examples of when
13 | /// a middleware could be necessary.
14 | public protocol Middleware: class {
   |                             `- warning: using 'class' keyword to define a class-constrained protocol is deprecated; use 'AnyObject' instead [#deprecation]
15 |
16 |   /// This function is called whenever a running transaction changes its state.
/Users/admin/builder/spi-builder-workspace/Sources/Store/serialization/DictionaryCodable.swift:34:3: warning: non-'@objc' instance method declared in extension cannot be overridden; use 'public' instead; this will be an error in a future Swift language mode
 32 |
 33 | extension DictionaryEncoder {
 34 |   open func encode<T: Encodable>(_ value: T) throws -> [String: Any] {
    |   `- warning: non-'@objc' instance method declared in extension cannot be overridden; use 'public' instead; this will be an error in a future Swift language mode
 35 |     do {
 36 |       return try castOrThrow([String: Any].self, try box(value))
/Users/admin/builder/spi-builder-workspace/Sources/Store/serialization/DictionaryCodable.swift:488:3: warning: non-'@objc' instance method declared in extension cannot be overridden; use 'public' instead; this will be an error in a future Swift language mode
486 |
487 | extension DictionaryDecoder {
488 |   open func decode<T: Decodable>(_ type: T.Type, from container: Any) throws -> T {
    |   `- warning: non-'@objc' instance method declared in extension cannot be overridden; use 'public' instead; this will be an error in a future Swift language mode
489 |     storage.push(container: container)
490 |     return try unbox(container, as: T.self)
/Users/admin/builder/spi-builder-workspace/Sources/Store/store/Store.swift:13:27: warning: using 'class' keyword to define a class-constrained protocol is deprecated; use 'AnyObject' instead [#deprecation]
 11 | /// Represents a opaque reference to a store object.
 12 | /// `Store` and `CodableStore` are the concrete instances.
 13 | public protocol AnyStore: class {
    |                           `- warning: using 'class' keyword to define a class-constrained protocol is deprecated; use 'AnyObject' instead [#deprecation]
 14 |
 15 |   // MARK: Observation
/Users/admin/builder/spi-builder-workspace/Sources/Store/store/Store.swift:214:57: warning: generic parameter 'M' shadows generic parameter from outer scope with the same name; this is an error in the Swift 6 language mode
 80 | /// }
 81 | /// ```
 82 | open class Store<M>: MutableStore, ObservableObject, Identifiable {
    |                  `- note: 'M' previously declared here
 83 |
 84 |   /// A publisher that emits when the model has changed.
    :
212 |   /// - parameter action: The action that is going to be executed on this store.
213 |   /// - parameter mode: The execution strategy (*sync*/*aysnc*).
214 |   @discardableResult public func transaction<A: Action, M>(
    |                                                         `- warning: generic parameter 'M' shadows generic parameter from outer scope with the same name; this is an error in the Swift 6 language mode
215 |     action: A,
216 |     mode: Executor.Mode = .async(nil)
/Users/admin/builder/spi-builder-workspace/Sources/Store/store/Store.swift:237:49: warning: generic parameter 'M' shadows generic parameter from outer scope with the same name; this is an error in the Swift 6 language mode
 80 | /// }
 81 | /// ```
 82 | open class Store<M>: MutableStore, ObservableObject, Identifiable {
    |                  `- note: 'M' previously declared here
 83 |
 84 |   /// A publisher that emits when the model has changed.
    :
235 |   /// - parameter handler: Invoked when the action has finished running.
236 |   /// - returns: The transaction associated to this action execution.
237 |   @discardableResult public func run<A: Action, M>(
    |                                                 `- warning: generic parameter 'M' shadows generic parameter from outer scope with the same name; this is an error in the Swift 6 language mode
238 |     action: A,
239 |     mode: Executor.Mode = .async(nil),
/Users/admin/builder/spi-builder-workspace/Sources/Store/store/Store.swift:253:49: warning: generic parameter 'M' shadows generic parameter from outer scope with the same name; this is an error in the Swift 6 language mode
 80 | /// }
 81 | /// ```
 82 | open class Store<M>: MutableStore, ObservableObject, Identifiable {
    |                  `- note: 'M' previously declared here
 83 |
 84 |   /// A publisher that emits when the model has changed.
    :
251 |   /// This means that `actions[1]` will run after `actions[0]` has completed its execution,
252 |   /// `actions[2]` after `actions[1]` and so on.
253 |   @discardableResult public func run<A: Action, M>(
    |                                                 `- warning: generic parameter 'M' shadows generic parameter from outer scope with the same name; this is an error in the Swift 6 language mode
254 |     actions: [A],
255 |     mode: Executor.Mode = .async(nil),
/Users/admin/builder/spi-builder-workspace/Sources/Store/store/Store.swift:277:54: warning: generic parameter 'M' shadows generic parameter from outer scope with the same name; this is an error in the Swift 6 language mode
 80 | /// }
 81 | /// ```
 82 | open class Store<M>: MutableStore, ObservableObject, Identifiable {
    |                  `- note: 'M' previously declared here
 83 |
 84 |   /// A publisher that emits when the model has changed.
    :
275 |   ///                       during a given window of time.
276 |   /// - returns: A future that is resolved whenever the action has completed its execution.
277 |   @discardableResult public func futureOf<A: Action, M>(
    |                                                      `- warning: generic parameter 'M' shadows generic parameter from outer scope with the same name; this is an error in the Swift 6 language mode
278 |     action: A,
279 |     mode: Executor.Mode = .async(nil),
/Users/admin/builder/spi-builder-workspace/Sources/Store/transactions/Transaction.swift:25:33: warning: using 'class' keyword to define a class-constrained protocol is deprecated; use 'AnyObject' instead [#deprecation]
 23 |
 24 | /// Represents an individual execution for a given action.
 25 | public protocol AnyTransaction: class, Cancellable {
    |                                 `- warning: using 'class' keyword to define a class-constrained protocol is deprecated; use 'AnyObject' instead [#deprecation]
 26 |
 27 |   // MARK: Properties
Failed frontend command:
SwiftCompile normal arm64 (in target 'Store' from project 'Store')
    cd /Users/admin/builder/spi-builder-workspace/.swiftpm/xcode

/Applications/Xcode-27.0.0-Release.Candidate.app/Contents/Developer/Toolchains/XcodeDefault.xctoolchain/usr/bin/swift-frontend -frontend -emit-module -experimental-skip-non-inlinable-function-bodies-without-types /Users/admin/builder/spi-builder-workspace/Sources/Store/action/Action.swift /Users/admin/builder/spi-builder-workspace/Sources/Store/action/KeyPath+Introspection.swift /Users/admin/builder/spi-builder-workspace/Sources/Store/concurrency/Executor.swift /Users/admin/builder/spi-builder-workspace/Sources/Store/concurrency/Locking.swift /Users/admin/builder/spi-builder-workspace/Sources/Store/concurrency/Operations.swift /Users/admin/builder/spi-builder-workspace/Sources/Store/middleware/Middleware.swift /Users/admin/builder/spi-builder-workspace/Sources/Store/serialization/DictionaryCodable.swift /Users/admin/builder/spi-builder-workspace/Sources/Store/serialization/Diffing.swift /Users/admin/builder/spi-builder-workspace/Sources/Store/serialization/Signpost.swift /Users/admin/builder/spi-builder-workspace/Sources/Store/store/BindingProxy.swift /Users/admin/builder/spi-builder-workspace/Sources/Store/store/CodableStore.swift /Users/admin/builder/spi-builder-workspace/Sources/Store/store/ModelStorage.swift /Users/admin/builder/spi-builder-workspace/Sources/Store/store/Store.swift /Users/admin/builder/spi-builder-workspace/Sources/Store/transactions/PushID.swift /Users/admin/builder/spi-builder-workspace/Sources/Store/transactions/Transaction.swift /Users/admin/builder/spi-builder-workspace/Sources/Store/transactions/TransactionContext.swift -target arm64-apple-tvos15.0 -module-can-import-version Combine 3023 0 -module-can-import-version SwiftUI 8.0.84 8.0.84 -disable-cross-import-overlay-search -load-resolved-plugin /Applications/Xcode-27.0.0-Release.Candidate.app/Contents/Developer/Platforms/AppleTVOS.platform/Developer/usr/lib/swift/host/plugins/libFoundationMacros.dylib\#/Applications/Xcode-27.0.0-Release.Candidate.app/Contents/Developer/Platforms/AppleTVOS.platform/Developer/usr/bin/swift-plugin-server\#FoundationMacros -load-resolved-plugin /Applications/Xcode-27.0.0-Release.Candidate.app/Contents/Developer/Platforms/AppleTVOS.platform/Developer/usr/lib/swift/host/plugins/libObservationMacros.dylib\#/Applications/Xcode-27.0.0-Release.Candidate.app/Contents/Developer/Platforms/AppleTVOS.platform/Developer/usr/bin/swift-plugin-server\#ObservationMacros -load-resolved-plugin /Applications/Xcode-27.0.0-Release.Candidate.app/Contents/Developer/Platforms/AppleTVOS.platform/Developer/usr/lib/swift/host/plugins/libPreviewsMacros.dylib\#/Applications/Xcode-27.0.0-Release.Candidate.app/Contents/Developer/Platforms/AppleTVOS.platform/Developer/usr/bin/swift-plugin-server\#PreviewsMacros -load-resolved-plugin /Applications/Xcode-27.0.0-Release.Candidate.app/Contents/Developer/Platforms/AppleTVOS.platform/Developer/usr/lib/swift/host/plugins/libSwiftMacros.dylib\#/Applications/Xcode-27.0.0-Release.Candidate.app/Contents/Developer/Platforms/AppleTVOS.platform/Developer/usr/bin/swift-plugin-server\#SwiftMacros -load-resolved-plugin /Applications/Xcode-27.0.0-Release.Candidate.app/Contents/Developer/Platforms/AppleTVOS.platform/Developer/usr/lib/swift/host/plugins/libSwiftUIMacros.dylib\#/Applications/Xcode-27.0.0-Release.Candidate.app/Contents/Developer/Platforms/AppleTVOS.platform/Developer/usr/bin/swift-plugin-server\#SwiftUIMacros -disable-implicit-swift-modules -Xcc -fno-implicit-modules -Xcc -fno-implicit-module-maps -explicit-swift-module-map-file /Users/admin/builder/spi-builder-workspace/.derivedData/Build/Intermediates.noindex/Store.build/Debug-appletvos/Store-t.build/Objects-normal/arm64/Store-dependencies-1.json -Xllvm -aarch64-use-tbi -enable-objc-interop -stack-check -sdk /Applications/Xcode-27.0.0-Release.Candidate.app/Contents/Developer/Platforms/AppleTVOS.platform/Developer/SDKs/AppleTVOS27.0.sdk -I /Users/admin/builder/spi-builder-workspace/.derivedData/Build/Products/Debug-appletvos -Isystem /Applications/Xcode-27.0.0-Release.Candidate.app/Contents/Developer/Platforms/AppleTVOS.platform/Developer/usr/lib -F /Users/admin/builder/spi-builder-workspace/.derivedData/Build/Products/Debug-appletvos/PackageFrameworks -F /Users/admin/builder/spi-builder-workspace/.derivedData/Build/Products/Debug-appletvos -F /Applications/Xcode-27.0.0-Release.Candidate.app/Contents/Developer/Platforms/AppleTVOS.platform/Developer/Library/Frameworks -F /Applications/Xcode-27.0.0-Release.Candidate.app/Contents/Developer/Platforms/AppleTVOS.platform/Developer/SDKs/AppleTVOS27.0.sdk/Developer/Library/Frameworks -module-cache-path /Users/admin/builder/spi-builder-workspace/.derivedData/Build/Intermediates.noindex/SwiftExplicitPrecompiledModules -no-color-diagnostics -Xcc -fno-color-diagnostics -enable-testing -g -debug-info-format\=dwarf -dwarf-version\=4 -profile-generate -profile-coverage-mapping -swift-version 5 -Onone -D SWIFT_PACKAGE -D DEBUG -D SWIFT_MODULE_RESOURCE_BUNDLE_UNAVAILABLE -D Xcode -serialize-debugging-options -enable-experimental-feature DebugDescriptionMacro -empty-abi-descriptor -validate-clang-modules-once -clang-build-session-file /Users/admin/builder/spi-builder-workspace/.derivedData/ModuleCache.noindex/Session.modulevalidation -Xcc -working-directory -Xcc /Users/admin/builder/spi-builder-workspace/.swiftpm/xcode -enable-anonymous-context-mangled-names -file-compilation-dir /Users/admin/builder/spi-builder-workspace/.swiftpm/xcode -Xcc -fmodule-map-file\=/Users/admin/builder/spi-builder-workspace/.derivedData/Build/Intermediates.noindex/GeneratedModuleMaps-appletvos/COpenCombineHelpers.modulemap -Xcc -D_LIBCPP_HARDENING_MODE\=_LIBCPP_HARDENING_MODE_DEBUG -Xcc -ivfsstatcache -Xcc /Users/admin/builder/spi-builder-workspace/.derivedData/SDKStatCaches.noindex/appletvos27.0-24J360-e829b21a6f8c9b70876ba0858053c044b32bfd8d43560033f8d89884cdb90028.sdkstatcache -Xcc -fmodules-prune-interval\=86400 -Xcc -fmodules-prune-after\=345600 -Xcc -I/Users/admin/builder/spi-builder-workspace/.dependencies/checkouts/OpenCombine/Sources/COpenCombineHelpers/include -Xcc -I/Users/admin/builder/spi-builder-workspace/.derivedData/Build/Products/Debug-appletvos/include -Xcc -I/Users/admin/builder/spi-builder-workspace/.derivedData/Build/Intermediates.noindex/Store.build/Debug-appletvos/Store-t.build/DerivedSources-normal/arm64 -Xcc -I/Users/admin/builder/spi-builder-workspace/.derivedData/Build/Intermediates.noindex/Store.build/Debug-appletvos/Store-t.build/DerivedSources/arm64 -Xcc -I/Users/admin/builder/spi-builder-workspace/.derivedData/Build/Intermediates.noindex/Store.build/Debug-appletvos/Store-t.build/DerivedSources -Xcc -DSWIFT_PACKAGE -Xcc -DDEBUG\=1 -no-auto-bridging-header-chaining -module-name Store -const-gather-protocols-file /Users/admin/builder/spi-builder-workspace/.derivedData/Build/Intermediates.noindex/Store.build/Debug-appletvos/Store-t.build/Objects-normal/arm64/Store_const_extract_protocols.json -disable-clang-spi -clang-target arm64-apple-tvos27.0 -target-sdk-version 27.0 -target-sdk-name appletvos27.0 -in-process-plugin-server-path /Applications/Xcode-27.0.0-Release.Candidate.app/Contents/Developer/Toolchains/XcodeDefault.xctoolchain/usr/lib/swift/host/libSwiftInProcPluginServer.dylib -emit-module-doc-path /Users/admin/builder/spi-builder-workspace/.derivedData/Build/Intermediates.noindex/Store.build/Debug-appletvos/Store-t.build/Objects-normal/arm64/Store.swiftdoc -emit-module-source-info-path /Users/admin/builder/spi-builder-workspace/.derivedData/Build/Intermediates.noindex/Store.build/Debug-appletvos/Store-t.build/Objects-normal/arm64/Store.swiftsourceinfo -emit-objc-header-path /Users/admin/builder/spi-builder-workspace/.derivedData/Build/Intermediates.noindex/Store.build/Debug-appletvos/Store-t.build/Objects-normal/arm64/Store-Swift.h -serialize-diagnostics-path /Users/admin/builder/spi-builder-workspace/.derivedData/Build/Intermediates.noindex/Store.build/Debug-appletvos/Store-t.build/Objects-normal/arm64/Store-primary-emit-module.dia -emit-dependencies-path /Users/admin/builder/spi-builder-workspace/.derivedData/Build/Intermediates.noindex/Store.build/Debug-appletvos/Store-t.build/Objects-normal/arm64/Store-primary-emit-module.d -parse-as-library -o /Users/admin/builder/spi-builder-workspace/.derivedData/Build/Intermediates.noindex/Store.build/Debug-appletvos/Store-t.build/Objects-normal/arm64/Store.swiftmodule -emit-abi-descriptor-path /Users/admin/builder/spi-builder-workspace/.derivedData/Build/Intermediates.noindex/Store.build/Debug-appletvos/Store-t.build/Objects-normal/arm64/Store.abi.json
SwiftCompile normal arm64 Compiling\ Executor.swift,\ Locking.swift /Users/admin/builder/spi-builder-workspace/Sources/Store/concurrency/Executor.swift /Users/admin/builder/spi-builder-workspace/Sources/Store/concurrency/Locking.swift (in target 'Store' from project 'Store')
SwiftCompile normal arm64 /Users/admin/builder/spi-builder-workspace/Sources/Store/concurrency/Executor.swift (in target 'Store' from project 'Store')
    cd /Users/admin/builder/spi-builder-workspace/.swiftpm/xcode
    builtin-SwiftPerFileCompile Executor.swift
SwiftCompile normal arm64 /Users/admin/builder/spi-builder-workspace/Sources/Store/concurrency/Locking.swift (in target 'Store' from project 'Store')
    cd /Users/admin/builder/spi-builder-workspace/.swiftpm/xcode
    builtin-SwiftPerFileCompile Locking.swift
SwiftCompile normal arm64 Compiling\ Action.swift,\ KeyPath+Introspection.swift /Users/admin/builder/spi-builder-workspace/Sources/Store/action/Action.swift /Users/admin/builder/spi-builder-workspace/Sources/Store/action/KeyPath+Introspection.swift (in target 'Store' from project 'Store')
/Users/admin/builder/spi-builder-workspace/Sources/Store/action/Action.swift:98:60: error: cannot specialize 'Self'
 96 |   }
 97 |
 98 |   public func cancel(context: TransactionContext<Store<M>, Self<M, V>>) { }
    |                                                            |- error: cannot specialize 'Self'
    |                                                            `- note: did you mean to explicitly reference 'Mutate' instead?
 99 | }
100 |
SwiftCompile normal arm64 /Users/admin/builder/spi-builder-workspace/Sources/Store/action/Action.swift (in target 'Store' from project 'Store')
    cd /Users/admin/builder/spi-builder-workspace/.swiftpm/xcode
    builtin-SwiftPerFileCompile Action.swift
SwiftCompile normal arm64 /Users/admin/builder/spi-builder-workspace/Sources/Store/action/KeyPath+Introspection.swift (in target 'Store' from project 'Store')
    cd /Users/admin/builder/spi-builder-workspace/.swiftpm/xcode
    builtin-SwiftPerFileCompile KeyPath+Introspection.swift
SwiftCompile normal arm64 Compiling\ CodableStore.swift,\ ModelStorage.swift /Users/admin/builder/spi-builder-workspace/Sources/Store/store/CodableStore.swift /Users/admin/builder/spi-builder-workspace/Sources/Store/store/ModelStorage.swift (in target 'Store' from project 'Store')
SwiftCompile normal arm64 /Users/admin/builder/spi-builder-workspace/Sources/Store/store/CodableStore.swift (in target 'Store' from project 'Store')
    cd /Users/admin/builder/spi-builder-workspace/.swiftpm/xcode
    builtin-SwiftPerFileCompile CodableStore.swift
SwiftCompile normal arm64 /Users/admin/builder/spi-builder-workspace/Sources/Store/store/ModelStorage.swift (in target 'Store' from project 'Store')
    cd /Users/admin/builder/spi-builder-workspace/.swiftpm/xcode
    builtin-SwiftPerFileCompile ModelStorage.swift
SwiftCompile normal arm64 Compiling\ DictionaryCodable.swift,\ Diffing.swift /Users/admin/builder/spi-builder-workspace/Sources/Store/serialization/DictionaryCodable.swift /Users/admin/builder/spi-builder-workspace/Sources/Store/serialization/Diffing.swift (in target 'Store' from project 'Store')
/Users/admin/builder/spi-builder-workspace/Sources/Store/serialization/DictionaryCodable.swift:34:3: warning: non-'@objc' instance method declared in extension cannot be overridden; use 'public' instead; this will be an error in a future Swift language mode
 32 |
 33 | extension DictionaryEncoder {
 34 |   open func encode<T: Encodable>(_ value: T) throws -> [String: Any] {
    |   `- warning: non-'@objc' instance method declared in extension cannot be overridden; use 'public' instead; this will be an error in a future Swift language mode
 35 |     do {
 36 |       return try castOrThrow([String: Any].self, try box(value))
SwiftCompile normal arm64 /Users/admin/builder/spi-builder-workspace/Sources/Store/serialization/DictionaryCodable.swift (in target 'Store' from project 'Store')
    cd /Users/admin/builder/spi-builder-workspace/.swiftpm/xcode
    builtin-SwiftPerFileCompile DictionaryCodable.swift
SwiftCompile normal arm64 /Users/admin/builder/spi-builder-workspace/Sources/Store/serialization/Diffing.swift (in target 'Store' from project 'Store')
    cd /Users/admin/builder/spi-builder-workspace/.swiftpm/xcode
    builtin-SwiftPerFileCompile Diffing.swift
SwiftCompile normal arm64 Compiling\ Operations.swift,\ Middleware.swift /Users/admin/builder/spi-builder-workspace/Sources/Store/concurrency/Operations.swift /Users/admin/builder/spi-builder-workspace/Sources/Store/middleware/Middleware.swift (in target 'Store' from project 'Store')
SwiftCompile normal arm64 /Users/admin/builder/spi-builder-workspace/Sources/Store/concurrency/Operations.swift (in target 'Store' from project 'Store')
    cd /Users/admin/builder/spi-builder-workspace/.swiftpm/xcode
    builtin-SwiftPerFileCompile Operations.swift
SwiftCompile normal arm64 /Users/admin/builder/spi-builder-workspace/Sources/Store/middleware/Middleware.swift (in target 'Store' from project 'Store')
    cd /Users/admin/builder/spi-builder-workspace/.swiftpm/xcode
    builtin-SwiftPerFileCompile Middleware.swift
/Users/admin/builder/spi-builder-workspace/Sources/Store/concurrency/Operations.swift:3:20: warning: class 'TransactionOperation' must restate inherited '@unchecked Sendable' conformance
 1 | import Foundation
 2 |
 3 | public final class TransactionOperation<T: AnyTransaction>: AsyncOperation {
   |                    `- warning: class 'TransactionOperation' must restate inherited '@unchecked Sendable' conformance
 4 |
 5 |   /// The associated transaction.
/Users/admin/builder/spi-builder-workspace/Sources/Store/concurrency/Operations.swift:40:12: warning: class 'AsyncOperation' must restate inherited '@unchecked Sendable' conformance
38 | /// Subclasses are expected to override the 'execute' function and call
39 | /// the function 'finish' when they're done with their task.
40 | open class AsyncOperation: Operation {
   |            `- warning: class 'AsyncOperation' must restate inherited '@unchecked Sendable' conformance
41 |
42 |   /// The completion block type for this operation.
SwiftCompile normal arm64 Compiling\ Signpost.swift,\ BindingProxy.swift /Users/admin/builder/spi-builder-workspace/Sources/Store/serialization/Signpost.swift /Users/admin/builder/spi-builder-workspace/Sources/Store/store/BindingProxy.swift (in target 'Store' from project 'Store')
SwiftCompile normal arm64 /Users/admin/builder/spi-builder-workspace/Sources/Store/serialization/Signpost.swift (in target 'Store' from project 'Store')
    cd /Users/admin/builder/spi-builder-workspace/.swiftpm/xcode
    builtin-SwiftPerFileCompile Signpost.swift
SwiftCompile normal arm64 /Users/admin/builder/spi-builder-workspace/Sources/Store/store/BindingProxy.swift (in target 'Store' from project 'Store')
    cd /Users/admin/builder/spi-builder-workspace/.swiftpm/xcode
    builtin-SwiftPerFileCompile BindingProxy.swift
SwiftCompile normal arm64 Compiling\ TransactionContext.swift /Users/admin/builder/spi-builder-workspace/Sources/Store/transactions/TransactionContext.swift (in target 'Store' from project 'Store')
SwiftCompile normal arm64 /Users/admin/builder/spi-builder-workspace/Sources/Store/transactions/TransactionContext.swift (in target 'Store' from project 'Store')
    cd /Users/admin/builder/spi-builder-workspace/.swiftpm/xcode
    builtin-SwiftPerFileCompile TransactionContext.swift
SwiftCompile normal arm64 Compiling\ Transaction.swift /Users/admin/builder/spi-builder-workspace/Sources/Store/transactions/Transaction.swift (in target 'Store' from project 'Store')
SwiftCompile normal arm64 /Users/admin/builder/spi-builder-workspace/Sources/Store/transactions/Transaction.swift (in target 'Store' from project 'Store')
    cd /Users/admin/builder/spi-builder-workspace/.swiftpm/xcode
    builtin-SwiftPerFileCompile Transaction.swift
SwiftCompile normal arm64 Compiling\ Store.swift /Users/admin/builder/spi-builder-workspace/Sources/Store/store/Store.swift (in target 'Store' from project 'Store')
/Users/admin/builder/spi-builder-workspace/Sources/Store/store/Store.swift:13:27: warning: using 'class' keyword to define a class-constrained protocol is deprecated; use 'AnyObject' instead [#deprecation]
 11 | /// Represents a opaque reference to a store object.
 12 | /// `Store` and `CodableStore` are the concrete instances.
 13 | public protocol AnyStore: class {
    |                           `- warning: using 'class' keyword to define a class-constrained protocol is deprecated; use 'AnyObject' instead [#deprecation]
 14 |
 15 |   // MARK: Observation
/Users/admin/builder/spi-builder-workspace/Sources/Store/store/Store.swift:214:57: warning: generic parameter 'M' shadows generic parameter from outer scope with the same name; this is an error in the Swift 6 language mode
 80 | /// }
 81 | /// ```
 82 | open class Store<M>: MutableStore, ObservableObject, Identifiable {
    |                  `- note: 'M' previously declared here
 83 |
 84 |   /// A publisher that emits when the model has changed.
    :
212 |   /// - parameter action: The action that is going to be executed on this store.
213 |   /// - parameter mode: The execution strategy (*sync*/*aysnc*).
214 |   @discardableResult public func transaction<A: Action, M>(
    |                                                         `- warning: generic parameter 'M' shadows generic parameter from outer scope with the same name; this is an error in the Swift 6 language mode
215 |     action: A,
216 |     mode: Executor.Mode = .async(nil)
/Users/admin/builder/spi-builder-workspace/Sources/Store/store/Store.swift:237:49: warning: generic parameter 'M' shadows generic parameter from outer scope with the same name; this is an error in the Swift 6 language mode
 80 | /// }
 81 | /// ```
 82 | open class Store<M>: MutableStore, ObservableObject, Identifiable {
    |                  `- note: 'M' previously declared here
 83 |
 84 |   /// A publisher that emits when the model has changed.
    :
235 |   /// - parameter handler: Invoked when the action has finished running.
236 |   /// - returns: The transaction associated to this action execution.
237 |   @discardableResult public func run<A: Action, M>(
    |                                                 `- warning: generic parameter 'M' shadows generic parameter from outer scope with the same name; this is an error in the Swift 6 language mode
238 |     action: A,
239 |     mode: Executor.Mode = .async(nil),
/Users/admin/builder/spi-builder-workspace/Sources/Store/store/Store.swift:253:49: warning: generic parameter 'M' shadows generic parameter from outer scope with the same name; this is an error in the Swift 6 language mode
 80 | /// }
 81 | /// ```
 82 | open class Store<M>: MutableStore, ObservableObject, Identifiable {
    |                  `- note: 'M' previously declared here
 83 |
 84 |   /// A publisher that emits when the model has changed.
    :
251 |   /// This means that `actions[1]` will run after `actions[0]` has completed its execution,
252 |   /// `actions[2]` after `actions[1]` and so on.
253 |   @discardableResult public func run<A: Action, M>(
    |                                                 `- warning: generic parameter 'M' shadows generic parameter from outer scope with the same name; this is an error in the Swift 6 language mode
254 |     actions: [A],
255 |     mode: Executor.Mode = .async(nil),
SwiftCompile normal arm64 /Users/admin/builder/spi-builder-workspace/Sources/Store/store/Store.swift (in target 'Store' from project 'Store')
    cd /Users/admin/builder/spi-builder-workspace/.swiftpm/xcode
    builtin-SwiftPerFileCompile Store.swift
SwiftCompile normal arm64 Compiling\ PushID.swift /Users/admin/builder/spi-builder-workspace/Sources/Store/transactions/PushID.swift (in target 'Store' from project 'Store')
SwiftCompile normal arm64 /Users/admin/builder/spi-builder-workspace/Sources/Store/transactions/PushID.swift (in target 'Store' from project 'Store')
    cd /Users/admin/builder/spi-builder-workspace/.swiftpm/xcode
    builtin-SwiftPerFileCompile PushID.swift
PruneExplicitPrecompiledModules /Users/admin/builder/spi-builder-workspace/.derivedData/Build/Intermediates.noindex/SwiftExplicitPrecompiledModules
PruneExplicitPrecompiledModules /Users/admin/builder/spi-builder-workspace/.derivedData/SDKExplicitPrecompiledModules
PruneExplicitPrecompiledModules /Users/admin/builder/spi-builder-workspace/.derivedData/Build/Intermediates.noindex/ExplicitPrecompiledModules
2026-09-17 19:31:39.043 xcodebuild[732:4589] [MT] IDERunDestination: Supported platforms for the buildables in the current scheme is empty.
2026-09-17 19:31:39.143 xcodebuild[732:4589] [MT] IDERunDestination: Supported platforms for the buildables in the current scheme is empty.
** BUILD FAILED **
The following build commands failed:
	SwiftCompile normal arm64 (in target 'Store' from project 'Store')
	SwiftEmitModule normal arm64 Emitting\ module\ for\ Store (in target 'Store' from project 'Store')
	Building workspace Store with scheme Store
(3 failures)
Command line invocation:
    /Applications/Xcode-27.0.0-Release.Candidate.app/Contents/Developer/usr/bin/xcodebuild -IDEClonedSourcePackagesDirPathOverride=/Users/admin/builder/spi-builder-workspace/.dependencies -resolvePackageDependencies
Resolve Package Graph
Resolved source packages:
  OpenCombine: https://github.com/OpenCombine/OpenCombine.git @ 0.14.0
  Store: /Users/admin/builder/spi-builder-workspace
  swift-log: https://github.com/apple/swift-log.git @ 1.15.1
resolved source packages: OpenCombine, Store, swift-log
2026-09-17 19:31:48.992 xcodebuild[892:5371] [MT] IDERunDestination: Supported platforms for the buildables in the current scheme is empty.
2026-09-17 19:31:49.095 xcodebuild[892:5371] [MT] IDERunDestination: Supported platforms for the buildables in the current scheme is empty.
{
  "dependencies" : [
    {
      "identity" : "swift-log",
      "requirement" : {
        "range" : [
          {
            "lower_bound" : "1.2.0",
            "upper_bound" : "2.0.0"
          }
        ]
      },
      "type" : "sourceControl",
      "url" : "https://github.com/apple/swift-log.git"
    },
    {
      "identity" : "opencombine",
      "requirement" : {
        "range" : [
          {
            "lower_bound" : "0.10.0",
            "upper_bound" : "1.0.0"
          }
        ]
      },
      "type" : "sourceControl",
      "url" : "https://github.com/OpenCombine/OpenCombine.git"
    }
  ],
  "manifest_display_name" : "Store",
  "name" : "Store",
  "path" : "/Users/admin/builder/spi-builder-workspace",
  "platforms" : [
    {
      "name" : "ios",
      "version" : "13.0"
    },
    {
      "name" : "macos",
      "version" : "10.15"
    },
    {
      "name" : "tvos",
      "version" : "13.0"
    },
    {
      "name" : "watchos",
      "version" : "6.0"
    }
  ],
  "products" : [
    {
      "name" : "Store",
      "targets" : [
        "Store"
      ],
      "type" : {
        "library" : [
          "automatic"
        ]
      }
    }
  ],
  "targets" : [
    {
      "c99name" : "StoreTests",
      "module_type" : "SwiftTarget",
      "name" : "StoreTests",
      "path" : "Tests/StoreTests",
      "product_dependencies" : [
        "Logging"
      ],
      "sources" : [
        "ChildStoreTests.swift",
        "Protobuf/Data.pb.swift",
        "Protobuf/ProtobufTests.swift",
        "StoreTests.swift",
        "Support/Models.swift",
        "XCTestManifests.swift"
      ],
      "target_dependencies" : [
        "Store"
      ],
      "type" : "test"
    },
    {
      "c99name" : "Store",
      "module_type" : "SwiftTarget",
      "name" : "Store",
      "path" : "Sources/Store",
      "product_dependencies" : [
        "Logging",
        "OpenCombine",
        "OpenCombineDispatch"
      ],
      "product_memberships" : [
        "Store"
      ],
      "sources" : [
        "action/Action.swift",
        "action/KeyPath+Introspection.swift",
        "concurrency/Executor.swift",
        "concurrency/Locking.swift",
        "concurrency/Operations.swift",
        "middleware/Middleware.swift",
        "serialization/DictionaryCodable.swift",
        "serialization/Diffing.swift",
        "serialization/Signpost.swift",
        "store/BindingProxy.swift",
        "store/CodableStore.swift",
        "store/ModelStorage.swift",
        "store/Store.swift",
        "transactions/PushID.swift",
        "transactions/Transaction.swift",
        "transactions/TransactionContext.swift"
      ],
      "type" : "library"
    }
  ],
  "tools_version" : "5.1"
}
{
  "workspace" : {
    "name" : "Store",
    "schemes" : [
      "Store",
      "StoreTests"
    ]
  }
}
2026-09-17 19:31:50.349 xcodebuild[900:5441] [MT] IDERunDestination: Supported platforms for the buildables in the current scheme is empty.
2026-09-17 19:31:50.448 xcodebuild[900:5441] [MT] IDERunDestination: Supported platforms for the buildables in the current scheme is empty.
{
  "workspace" : {
    "name" : "Store",
    "schemes" : [
      "Store",
      "StoreTests"
    ]
  }
}
2026-09-17 19:31:51.477 xcodebuild[902:5473] [MT] IDERunDestination: Supported platforms for the buildables in the current scheme is empty.
2026-09-17 19:31:51.580 xcodebuild[902:5473] [MT] IDERunDestination: Supported platforms for the buildables in the current scheme is empty.
Running build ...
env DEVELOPER_DIR=/Applications/Xcode-27.0.0-Release.Candidate.app xcrun xcodebuild -IDEClonedSourcePackagesDirPathOverride=$PWD/.dependencies -skipMacroValidation -skipPackagePluginValidation -derivedDataPath $PWD/.derivedData build -scheme Store -destination generic/platform=tvOS
Command line invocation:
    /Applications/Xcode-27.0.0-Release.Candidate.app/Contents/Developer/usr/bin/xcodebuild -IDEClonedSourcePackagesDirPathOverride=/Users/admin/builder/spi-builder-workspace/.dependencies -skipMacroValidation -skipPackagePluginValidation -derivedDataPath /Users/admin/builder/spi-builder-workspace/.derivedData build -scheme Store -destination generic/platform=tvOS
Resolve Package Graph
Resolved source packages:
  Store: /Users/admin/builder/spi-builder-workspace
  OpenCombine: https://github.com/OpenCombine/OpenCombine.git @ 0.14.0
  swift-log: https://github.com/apple/swift-log.git @ 1.15.1
ComputePackagePrebuildTargetDependencyGraph
Prepare packages
CreateBuildRequest
SendProjectDescription
CreateBuildOperation
ComputeTargetDependencyGraph
note: Building targets in dependency order
note: Target dependency graph (10 targets)
    Target 'StoreTests-product' in project 'Store'
        ➜ Explicit dependency on target 'Store' in project 'Store'
        ➜ Explicit dependency on target 'Logging-product' in project 'swift-log'
        ➜ Explicit dependency on target 'OpenCombine-product' in project 'OpenCombine'
        ➜ Explicit dependency on target 'OpenCombineDispatch-product' in project 'OpenCombine'
    Target 'Store-product' in project 'Store'
        ➜ Explicit dependency on target 'Store' in project 'Store'
        ➜ Explicit dependency on target 'Logging-product' in project 'swift-log'
        ➜ Explicit dependency on target 'OpenCombine-product' in project 'OpenCombine'
        ➜ Explicit dependency on target 'OpenCombineDispatch-product' in project 'OpenCombine'
    Target 'Store' in project 'Store'
        ➜ Explicit dependency on target 'Logging-product' in project 'swift-log'
        ➜ Explicit dependency on target 'OpenCombine-product' in project 'OpenCombine'
        ➜ Explicit dependency on target 'OpenCombineDispatch-product' in project 'OpenCombine'
    Target 'OpenCombineDispatch-product' in project 'OpenCombine'
        ➜ Explicit dependency on target 'OpenCombineDispatch' in project 'OpenCombine'
        ➜ Explicit dependency on target 'COpenCombineHelpers' in project 'OpenCombine'
        ➜ Explicit dependency on target 'OpenCombine' in project 'OpenCombine'
    Target 'OpenCombineDispatch' in project 'OpenCombine'
        ➜ Explicit dependency on target 'COpenCombineHelpers' in project 'OpenCombine'
        ➜ Explicit dependency on target 'OpenCombine' in project 'OpenCombine'
    Target 'OpenCombine-product' in project 'OpenCombine'
        ➜ Explicit dependency on target 'OpenCombine' in project 'OpenCombine'
        ➜ Explicit dependency on target 'COpenCombineHelpers' in project 'OpenCombine'
    Target 'OpenCombine' in project 'OpenCombine'
        ➜ Explicit dependency on target 'COpenCombineHelpers' in project 'OpenCombine'
    Target 'COpenCombineHelpers' in project 'OpenCombine' (no dependencies)
    Target 'Logging-product' in project 'swift-log'
        ➜ Explicit dependency on target 'Logging' in project 'swift-log'
    Target 'Logging' in project 'swift-log' (no dependencies)
GatherProvisioningInputs
CreateBuildDescription
ClangStatCache /Applications/Xcode-27.0.0-Release.Candidate.app/Contents/Developer/Toolchains/XcodeDefault.xctoolchain/usr/bin/clang-stat-cache /Applications/Xcode-27.0.0-Release.Candidate.app/Contents/Developer/Platforms/AppleTVOS.platform/Developer/SDKs/AppleTVOS27.0.sdk /Users/admin/builder/spi-builder-workspace/.derivedData/SDKStatCaches.noindex/appletvos27.0-24J360-e829b21a6f8c9b70876ba0858053c044b32bfd8d43560033f8d89884cdb90028.sdkstatcache
    cd /Users/admin/builder/spi-builder-workspace/.swiftpm/xcode
    /Applications/Xcode-27.0.0-Release.Candidate.app/Contents/Developer/Toolchains/XcodeDefault.xctoolchain/usr/bin/clang-stat-cache /Applications/Xcode-27.0.0-Release.Candidate.app/Contents/Developer/Platforms/AppleTVOS.platform/Developer/SDKs/AppleTVOS27.0.sdk -o /Users/admin/builder/spi-builder-workspace/.derivedData/SDKStatCaches.noindex/appletvos27.0-24J360-e829b21a6f8c9b70876ba0858053c044b32bfd8d43560033f8d89884cdb90028.sdkstatcache
SwiftDriver Store normal arm64 com.apple.xcode.tools.swift.compiler (in target 'Store' from project 'Store')
    cd /Users/admin/builder/spi-builder-workspace/.swiftpm/xcode
    builtin-SwiftDriver -- /Applications/Xcode-27.0.0-Release.Candidate.app/Contents/Developer/Toolchains/XcodeDefault.xctoolchain/usr/bin/swiftc -parse-as-library -module-name Store -Onone @/Users/admin/builder/spi-builder-workspace/.derivedData/Build/Intermediates.noindex/Store.build/Debug-appletvos/Store-t.build/Objects-normal/arm64/Store.SwiftFileList -DSWIFT_PACKAGE -DDEBUG -DSWIFT_MODULE_RESOURCE_BUNDLE_UNAVAILABLE -Xcc -fmodule-map-file\=/Users/admin/builder/spi-builder-workspace/.derivedData/Build/Intermediates.noindex/GeneratedModuleMaps-appletvos/COpenCombineHelpers.modulemap -DXcode -plugin-path /Applications/Xcode-27.0.0-Release.Candidate.app/Contents/Developer/Toolchains/XcodeDefault.xctoolchain/usr/lib/swift/host/plugins/testing -enable-experimental-feature DebugDescriptionMacro -sdk /Applications/Xcode-27.0.0-Release.Candidate.app/Contents/Developer/Platforms/AppleTVOS.platform/Developer/SDKs/AppleTVOS27.0.sdk -target arm64-apple-tvos15.0 -g -module-cache-path /Users/admin/builder/spi-builder-workspace/.derivedData/ModuleCache.noindex -Xfrontend -serialize-debugging-options -profile-coverage-mapping -profile-generate -enable-testing -index-store-path /Users/admin/builder/spi-builder-workspace/.derivedData/Index.noindex/DataStore -Xcc -D_LIBCPP_HARDENING_MODE\=_LIBCPP_HARDENING_MODE_DEBUG -swift-version 5 -I /Users/admin/builder/spi-builder-workspace/.derivedData/Build/Products/Debug-appletvos -Isystem /Applications/Xcode-27.0.0-Release.Candidate.app/Contents/Developer/Platforms/AppleTVOS.platform/Developer/usr/lib -F /Users/admin/builder/spi-builder-workspace/.derivedData/Build/Products/Debug-appletvos/PackageFrameworks -F /Users/admin/builder/spi-builder-workspace/.derivedData/Build/Products/Debug-appletvos -F /Applications/Xcode-27.0.0-Release.Candidate.app/Contents/Developer/Platforms/AppleTVOS.platform/Developer/Library/Frameworks -F /Applications/Xcode-27.0.0-Release.Candidate.app/Contents/Developer/Platforms/AppleTVOS.platform/Developer/SDKs/AppleTVOS27.0.sdk/Developer/Library/Frameworks -c -j10 -enable-batch-mode -incremental -Xcc -ivfsstatcache -Xcc /Users/admin/builder/spi-builder-workspace/.derivedData/SDKStatCaches.noindex/appletvos27.0-24J360-e829b21a6f8c9b70876ba0858053c044b32bfd8d43560033f8d89884cdb90028.sdkstatcache -output-file-map /Users/admin/builder/spi-builder-workspace/.derivedData/Build/Intermediates.noindex/Store.build/Debug-appletvos/Store-t.build/Objects-normal/arm64/Store-OutputFileMap.json -save-temps -no-color-diagnostics -explicit-module-build -module-cache-path /Users/admin/builder/spi-builder-workspace/.derivedData/Build/Intermediates.noindex/SwiftExplicitPrecompiledModules -clang-scanner-module-cache-path /Users/admin/builder/spi-builder-workspace/.derivedData/ModuleCache.noindex -sdk-module-cache-path /Users/admin/builder/spi-builder-workspace/.derivedData/SDKExplicitPrecompiledModules -emit-dependencies -emit-module -emit-module-path /Users/admin/builder/spi-builder-workspace/.derivedData/Build/Intermediates.noindex/Store.build/Debug-appletvos/Store-t.build/Objects-normal/arm64/Store.swiftmodule -serialize-diagnostics -dependency-scan-serialize-diagnostics-path /Users/admin/builder/spi-builder-workspace/.derivedData/Build/Intermediates.noindex/Store.build/Debug-appletvos/Store-t.build/Objects-normal/arm64/Store-dependency-scan.dia -validate-clang-modules-once -clang-build-session-file /Users/admin/builder/spi-builder-workspace/.derivedData/ModuleCache.noindex/Session.modulevalidation -Xcc -fmodules-prune-interval\=86400 -Xcc -fmodules-prune-after\=345600 -emit-const-values -const-gather-protocols-list /Users/admin/builder/spi-builder-workspace/.derivedData/Build/Intermediates.noindex/Store.build/Debug-appletvos/Store-t.build/Objects-normal/arm64/Store_const_extract_protocols.json -Xcc -I/Users/admin/builder/spi-builder-workspace/.dependencies/checkouts/OpenCombine/Sources/COpenCombineHelpers/include -Xcc -I/Users/admin/builder/spi-builder-workspace/.derivedData/Build/Products/Debug-appletvos/include -Xcc -I/Users/admin/builder/spi-builder-workspace/.derivedData/Build/Intermediates.noindex/Store.build/Debug-appletvos/Store-t.build/DerivedSources-normal/arm64 -Xcc -I/Users/admin/builder/spi-builder-workspace/.derivedData/Build/Intermediates.noindex/Store.build/Debug-appletvos/Store-t.build/DerivedSources/arm64 -Xcc -I/Users/admin/builder/spi-builder-workspace/.derivedData/Build/Intermediates.noindex/Store.build/Debug-appletvos/Store-t.build/DerivedSources -Xcc -DSWIFT_PACKAGE -Xcc -DDEBUG\=1 -emit-objc-header -emit-objc-header-path /Users/admin/builder/spi-builder-workspace/.derivedData/Build/Intermediates.noindex/Store.build/Debug-appletvos/Store-t.build/Objects-normal/arm64/Store-Swift.h -working-directory /Users/admin/builder/spi-builder-workspace/.swiftpm/xcode -experimental-emit-module-separately -disable-cmo
SwiftCompile normal arm64 Compiling\ Executor.swift,\ Locking.swift /Users/admin/builder/spi-builder-workspace/Sources/Store/concurrency/Executor.swift /Users/admin/builder/spi-builder-workspace/Sources/Store/concurrency/Locking.swift (in target 'Store' from project 'Store')
SwiftCompile normal arm64 /Users/admin/builder/spi-builder-workspace/Sources/Store/concurrency/Executor.swift (in target 'Store' from project 'Store')
    cd /Users/admin/builder/spi-builder-workspace/.swiftpm/xcode
    builtin-SwiftPerFileCompile Executor.swift
SwiftCompile normal arm64 /Users/admin/builder/spi-builder-workspace/Sources/Store/concurrency/Locking.swift (in target 'Store' from project 'Store')
    cd /Users/admin/builder/spi-builder-workspace/.swiftpm/xcode
    builtin-SwiftPerFileCompile Locking.swift
SwiftCompile normal arm64 Compiling\ Signpost.swift,\ BindingProxy.swift /Users/admin/builder/spi-builder-workspace/Sources/Store/serialization/Signpost.swift /Users/admin/builder/spi-builder-workspace/Sources/Store/store/BindingProxy.swift (in target 'Store' from project 'Store')
SwiftCompile normal arm64 /Users/admin/builder/spi-builder-workspace/Sources/Store/serialization/Signpost.swift (in target 'Store' from project 'Store')
    cd /Users/admin/builder/spi-builder-workspace/.swiftpm/xcode
    builtin-SwiftPerFileCompile Signpost.swift
SwiftCompile normal arm64 /Users/admin/builder/spi-builder-workspace/Sources/Store/store/BindingProxy.swift (in target 'Store' from project 'Store')
    cd /Users/admin/builder/spi-builder-workspace/.swiftpm/xcode
    builtin-SwiftPerFileCompile BindingProxy.swift
SwiftCompile normal arm64 Compiling\ CodableStore.swift,\ ModelStorage.swift /Users/admin/builder/spi-builder-workspace/Sources/Store/store/CodableStore.swift /Users/admin/builder/spi-builder-workspace/Sources/Store/store/ModelStorage.swift (in target 'Store' from project 'Store')
SwiftCompile normal arm64 /Users/admin/builder/spi-builder-workspace/Sources/Store/store/CodableStore.swift (in target 'Store' from project 'Store')
    cd /Users/admin/builder/spi-builder-workspace/.swiftpm/xcode
    builtin-SwiftPerFileCompile CodableStore.swift
SwiftCompile normal arm64 /Users/admin/builder/spi-builder-workspace/Sources/Store/store/ModelStorage.swift (in target 'Store' from project 'Store')
    cd /Users/admin/builder/spi-builder-workspace/.swiftpm/xcode
    builtin-SwiftPerFileCompile ModelStorage.swift
SwiftCompile normal arm64 Compiling\ Action.swift,\ KeyPath+Introspection.swift /Users/admin/builder/spi-builder-workspace/Sources/Store/action/Action.swift /Users/admin/builder/spi-builder-workspace/Sources/Store/action/KeyPath+Introspection.swift (in target 'Store' from project 'Store')
/Users/admin/builder/spi-builder-workspace/Sources/Store/action/Action.swift:98:60: error: cannot specialize 'Self'
 96 |   }
 97 |
 98 |   public func cancel(context: TransactionContext<Store<M>, Self<M, V>>) { }
    |                                                            |- error: cannot specialize 'Self'
    |                                                            `- note: did you mean to explicitly reference 'Mutate' instead?
 99 | }
100 |
SwiftCompile normal arm64 /Users/admin/builder/spi-builder-workspace/Sources/Store/action/Action.swift (in target 'Store' from project 'Store')
    cd /Users/admin/builder/spi-builder-workspace/.swiftpm/xcode
    builtin-SwiftPerFileCompile Action.swift
SwiftCompile normal arm64 /Users/admin/builder/spi-builder-workspace/Sources/Store/action/KeyPath+Introspection.swift (in target 'Store' from project 'Store')
    cd /Users/admin/builder/spi-builder-workspace/.swiftpm/xcode
    builtin-SwiftPerFileCompile KeyPath+Introspection.swift
SwiftCompile normal arm64 Compiling\ DictionaryCodable.swift,\ Diffing.swift /Users/admin/builder/spi-builder-workspace/Sources/Store/serialization/DictionaryCodable.swift /Users/admin/builder/spi-builder-workspace/Sources/Store/serialization/Diffing.swift (in target 'Store' from project 'Store')
/Users/admin/builder/spi-builder-workspace/Sources/Store/serialization/DictionaryCodable.swift:34:3: warning: non-'@objc' instance method declared in extension cannot be overridden; use 'public' instead; this will be an error in a future Swift language mode
 32 |
 33 | extension DictionaryEncoder {
 34 |   open func encode<T: Encodable>(_ value: T) throws -> [String: Any] {
    |   `- warning: non-'@objc' instance method declared in extension cannot be overridden; use 'public' instead; this will be an error in a future Swift language mode
 35 |     do {
 36 |       return try castOrThrow([String: Any].self, try box(value))
SwiftCompile normal arm64 /Users/admin/builder/spi-builder-workspace/Sources/Store/serialization/DictionaryCodable.swift (in target 'Store' from project 'Store')
    cd /Users/admin/builder/spi-builder-workspace/.swiftpm/xcode
    builtin-SwiftPerFileCompile DictionaryCodable.swift
SwiftCompile normal arm64 /Users/admin/builder/spi-builder-workspace/Sources/Store/serialization/Diffing.swift (in target 'Store' from project 'Store')
    cd /Users/admin/builder/spi-builder-workspace/.swiftpm/xcode
    builtin-SwiftPerFileCompile Diffing.swift
SwiftCompile normal arm64 Compiling\ Operations.swift,\ Middleware.swift /Users/admin/builder/spi-builder-workspace/Sources/Store/concurrency/Operations.swift /Users/admin/builder/spi-builder-workspace/Sources/Store/middleware/Middleware.swift (in target 'Store' from project 'Store')
/Users/admin/builder/spi-builder-workspace/Sources/Store/concurrency/Operations.swift:3:20: warning: class 'TransactionOperation' must restate inherited '@unchecked Sendable' conformance
 1 | import Foundation
 2 |
 3 | public final class TransactionOperation<T: AnyTransaction>: AsyncOperation {
   |                    `- warning: class 'TransactionOperation' must restate inherited '@unchecked Sendable' conformance
 4 |
 5 |   /// The associated transaction.
/Users/admin/builder/spi-builder-workspace/Sources/Store/concurrency/Operations.swift:40:12: warning: class 'AsyncOperation' must restate inherited '@unchecked Sendable' conformance
38 | /// Subclasses are expected to override the 'execute' function and call
39 | /// the function 'finish' when they're done with their task.
40 | open class AsyncOperation: Operation {
   |            `- warning: class 'AsyncOperation' must restate inherited '@unchecked Sendable' conformance
41 |
42 |   /// The completion block type for this operation.
SwiftCompile normal arm64 /Users/admin/builder/spi-builder-workspace/Sources/Store/concurrency/Operations.swift (in target 'Store' from project 'Store')
    cd /Users/admin/builder/spi-builder-workspace/.swiftpm/xcode
    builtin-SwiftPerFileCompile Operations.swift
SwiftCompile normal arm64 /Users/admin/builder/spi-builder-workspace/Sources/Store/middleware/Middleware.swift (in target 'Store' from project 'Store')
    cd /Users/admin/builder/spi-builder-workspace/.swiftpm/xcode
    builtin-SwiftPerFileCompile Middleware.swift
SwiftCompile normal arm64 Compiling\ Store.swift /Users/admin/builder/spi-builder-workspace/Sources/Store/store/Store.swift (in target 'Store' from project 'Store')
/Users/admin/builder/spi-builder-workspace/Sources/Store/store/Store.swift:13:27: warning: using 'class' keyword to define a class-constrained protocol is deprecated; use 'AnyObject' instead [#deprecation]
 11 | /// Represents a opaque reference to a store object.
 12 | /// `Store` and `CodableStore` are the concrete instances.
 13 | public protocol AnyStore: class {
    |                           `- warning: using 'class' keyword to define a class-constrained protocol is deprecated; use 'AnyObject' instead [#deprecation]
 14 |
 15 |   // MARK: Observation
/Users/admin/builder/spi-builder-workspace/Sources/Store/store/Store.swift:214:57: warning: generic parameter 'M' shadows generic parameter from outer scope with the same name; this is an error in the Swift 6 language mode
 80 | /// }
 81 | /// ```
 82 | open class Store<M>: MutableStore, ObservableObject, Identifiable {
    |                  `- note: 'M' previously declared here
 83 |
 84 |   /// A publisher that emits when the model has changed.
    :
212 |   /// - parameter action: The action that is going to be executed on this store.
213 |   /// - parameter mode: The execution strategy (*sync*/*aysnc*).
214 |   @discardableResult public func transaction<A: Action, M>(
    |                                                         `- warning: generic parameter 'M' shadows generic parameter from outer scope with the same name; this is an error in the Swift 6 language mode
215 |     action: A,
216 |     mode: Executor.Mode = .async(nil)
/Users/admin/builder/spi-builder-workspace/Sources/Store/store/Store.swift:237:49: warning: generic parameter 'M' shadows generic parameter from outer scope with the same name; this is an error in the Swift 6 language mode
 80 | /// }
 81 | /// ```
 82 | open class Store<M>: MutableStore, ObservableObject, Identifiable {
    |                  `- note: 'M' previously declared here
 83 |
 84 |   /// A publisher that emits when the model has changed.
    :
235 |   /// - parameter handler: Invoked when the action has finished running.
236 |   /// - returns: The transaction associated to this action execution.
237 |   @discardableResult public func run<A: Action, M>(
    |                                                 `- warning: generic parameter 'M' shadows generic parameter from outer scope with the same name; this is an error in the Swift 6 language mode
238 |     action: A,
239 |     mode: Executor.Mode = .async(nil),
/Users/admin/builder/spi-builder-workspace/Sources/Store/store/Store.swift:253:49: warning: generic parameter 'M' shadows generic parameter from outer scope with the same name; this is an error in the Swift 6 language mode
 80 | /// }
 81 | /// ```
 82 | open class Store<M>: MutableStore, ObservableObject, Identifiable {
    |                  `- note: 'M' previously declared here
 83 |
 84 |   /// A publisher that emits when the model has changed.
    :
251 |   /// This means that `actions[1]` will run after `actions[0]` has completed its execution,
252 |   /// `actions[2]` after `actions[1]` and so on.
253 |   @discardableResult public func run<A: Action, M>(
    |                                                 `- warning: generic parameter 'M' shadows generic parameter from outer scope with the same name; this is an error in the Swift 6 language mode
254 |     actions: [A],
255 |     mode: Executor.Mode = .async(nil),
SwiftCompile normal arm64 /Users/admin/builder/spi-builder-workspace/Sources/Store/store/Store.swift (in target 'Store' from project 'Store')
    cd /Users/admin/builder/spi-builder-workspace/.swiftpm/xcode
    builtin-SwiftPerFileCompile Store.swift
SwiftCompile normal arm64 Compiling\ PushID.swift /Users/admin/builder/spi-builder-workspace/Sources/Store/transactions/PushID.swift (in target 'Store' from project 'Store')
SwiftCompile normal arm64 /Users/admin/builder/spi-builder-workspace/Sources/Store/transactions/PushID.swift (in target 'Store' from project 'Store')
    cd /Users/admin/builder/spi-builder-workspace/.swiftpm/xcode
    builtin-SwiftPerFileCompile PushID.swift
SwiftEmitModule normal arm64 Emitting\ module\ for\ Store (in target 'Store' from project 'Store')
/Users/admin/builder/spi-builder-workspace/Sources/Store/action/Action.swift:98:60: error: cannot specialize 'Self'
 96 |   }
 97 |
 98 |   public func cancel(context: TransactionContext<Store<M>, Self<M, V>>) { }
    |                                                            |- error: cannot specialize 'Self'
    |                                                            `- note: did you mean to explicitly reference 'Mutate' instead?
 99 | }
100 |
/Users/admin/builder/spi-builder-workspace/Sources/Store/action/Action.swift:157:60: error: cannot specialize 'Self'
155 |   }
156 |
157 |   public func cancel(context: TransactionContext<Store<M>, Self<M, V>>) { }
    |                                                            |- error: cannot specialize 'Self'
    |                                                            `- note: did you mean to explicitly reference 'Assign' instead?
158 | }
159 |
/Users/admin/builder/spi-builder-workspace/Sources/Store/concurrency/Operations.swift:3:20: warning: class 'TransactionOperation' must restate inherited '@unchecked Sendable' conformance
 1 | import Foundation
 2 |
 3 | public final class TransactionOperation<T: AnyTransaction>: AsyncOperation {
   |                    `- warning: class 'TransactionOperation' must restate inherited '@unchecked Sendable' conformance
 4 |
 5 |   /// The associated transaction.
/Users/admin/builder/spi-builder-workspace/Sources/Store/concurrency/Operations.swift:40:12: warning: class 'AsyncOperation' must restate inherited '@unchecked Sendable' conformance
38 | /// Subclasses are expected to override the 'execute' function and call
39 | /// the function 'finish' when they're done with their task.
40 | open class AsyncOperation: Operation {
   |            `- warning: class 'AsyncOperation' must restate inherited '@unchecked Sendable' conformance
41 |
42 |   /// The completion block type for this operation.
/Users/admin/builder/spi-builder-workspace/Sources/Store/middleware/Middleware.swift:14:29: warning: using 'class' keyword to define a class-constrained protocol is deprecated; use 'AnyObject' instead [#deprecation]
12 | /// *Logging*, *undo/redo* and *local/remote database synchronization* are a good examples of when
13 | /// a middleware could be necessary.
14 | public protocol Middleware: class {
   |                             `- warning: using 'class' keyword to define a class-constrained protocol is deprecated; use 'AnyObject' instead [#deprecation]
15 |
16 |   /// This function is called whenever a running transaction changes its state.
/Users/admin/builder/spi-builder-workspace/Sources/Store/serialization/DictionaryCodable.swift:34:3: warning: non-'@objc' instance method declared in extension cannot be overridden; use 'public' instead; this will be an error in a future Swift language mode
 32 |
 33 | extension DictionaryEncoder {
 34 |   open func encode<T: Encodable>(_ value: T) throws -> [String: Any] {
    |   `- warning: non-'@objc' instance method declared in extension cannot be overridden; use 'public' instead; this will be an error in a future Swift language mode
 35 |     do {
 36 |       return try castOrThrow([String: Any].self, try box(value))
/Users/admin/builder/spi-builder-workspace/Sources/Store/serialization/DictionaryCodable.swift:488:3: warning: non-'@objc' instance method declared in extension cannot be overridden; use 'public' instead; this will be an error in a future Swift language mode
486 |
487 | extension DictionaryDecoder {
488 |   open func decode<T: Decodable>(_ type: T.Type, from container: Any) throws -> T {
    |   `- warning: non-'@objc' instance method declared in extension cannot be overridden; use 'public' instead; this will be an error in a future Swift language mode
489 |     storage.push(container: container)
490 |     return try unbox(container, as: T.self)
/Users/admin/builder/spi-builder-workspace/Sources/Store/store/Store.swift:13:27: warning: using 'class' keyword to define a class-constrained protocol is deprecated; use 'AnyObject' instead [#deprecation]
 11 | /// Represents a opaque reference to a store object.
 12 | /// `Store` and `CodableStore` are the concrete instances.
 13 | public protocol AnyStore: class {
    |                           `- warning: using 'class' keyword to define a class-constrained protocol is deprecated; use 'AnyObject' instead [#deprecation]
 14 |
 15 |   // MARK: Observation
/Users/admin/builder/spi-builder-workspace/Sources/Store/store/Store.swift:214:57: warning: generic parameter 'M' shadows generic parameter from outer scope with the same name; this is an error in the Swift 6 language mode
 80 | /// }
 81 | /// ```
 82 | open class Store<M>: MutableStore, ObservableObject, Identifiable {
    |                  `- note: 'M' previously declared here
 83 |
 84 |   /// A publisher that emits when the model has changed.
    :
212 |   /// - parameter action: The action that is going to be executed on this store.
213 |   /// - parameter mode: The execution strategy (*sync*/*aysnc*).
214 |   @discardableResult public func transaction<A: Action, M>(
    |                                                         `- warning: generic parameter 'M' shadows generic parameter from outer scope with the same name; this is an error in the Swift 6 language mode
215 |     action: A,
216 |     mode: Executor.Mode = .async(nil)
/Users/admin/builder/spi-builder-workspace/Sources/Store/store/Store.swift:237:49: warning: generic parameter 'M' shadows generic parameter from outer scope with the same name; this is an error in the Swift 6 language mode
 80 | /// }
 81 | /// ```
 82 | open class Store<M>: MutableStore, ObservableObject, Identifiable {
    |                  `- note: 'M' previously declared here
 83 |
 84 |   /// A publisher that emits when the model has changed.
    :
235 |   /// - parameter handler: Invoked when the action has finished running.
236 |   /// - returns: The transaction associated to this action execution.
237 |   @discardableResult public func run<A: Action, M>(
    |                                                 `- warning: generic parameter 'M' shadows generic parameter from outer scope with the same name; this is an error in the Swift 6 language mode
238 |     action: A,
239 |     mode: Executor.Mode = .async(nil),
/Users/admin/builder/spi-builder-workspace/Sources/Store/store/Store.swift:253:49: warning: generic parameter 'M' shadows generic parameter from outer scope with the same name; this is an error in the Swift 6 language mode
 80 | /// }
 81 | /// ```
 82 | open class Store<M>: MutableStore, ObservableObject, Identifiable {
    |                  `- note: 'M' previously declared here
 83 |
 84 |   /// A publisher that emits when the model has changed.
    :
251 |   /// This means that `actions[1]` will run after `actions[0]` has completed its execution,
252 |   /// `actions[2]` after `actions[1]` and so on.
253 |   @discardableResult public func run<A: Action, M>(
    |                                                 `- warning: generic parameter 'M' shadows generic parameter from outer scope with the same name; this is an error in the Swift 6 language mode
254 |     actions: [A],
255 |     mode: Executor.Mode = .async(nil),
/Users/admin/builder/spi-builder-workspace/Sources/Store/store/Store.swift:277:54: warning: generic parameter 'M' shadows generic parameter from outer scope with the same name; this is an error in the Swift 6 language mode
 80 | /// }
 81 | /// ```
 82 | open class Store<M>: MutableStore, ObservableObject, Identifiable {
    |                  `- note: 'M' previously declared here
 83 |
 84 |   /// A publisher that emits when the model has changed.
    :
275 |   ///                       during a given window of time.
276 |   /// - returns: A future that is resolved whenever the action has completed its execution.
277 |   @discardableResult public func futureOf<A: Action, M>(
    |                                                      `- warning: generic parameter 'M' shadows generic parameter from outer scope with the same name; this is an error in the Swift 6 language mode
278 |     action: A,
279 |     mode: Executor.Mode = .async(nil),
/Users/admin/builder/spi-builder-workspace/Sources/Store/transactions/Transaction.swift:25:33: warning: using 'class' keyword to define a class-constrained protocol is deprecated; use 'AnyObject' instead [#deprecation]
 23 |
 24 | /// Represents an individual execution for a given action.
 25 | public protocol AnyTransaction: class, Cancellable {
    |                                 `- warning: using 'class' keyword to define a class-constrained protocol is deprecated; use 'AnyObject' instead [#deprecation]
 26 |
 27 |   // MARK: Properties
Failed frontend command:
/Applications/Xcode-27.0.0-Release.Candidate.app/Contents/Developer/Toolchains/XcodeDefault.xctoolchain/usr/bin/swift-frontend -frontend -emit-module -experimental-skip-non-inlinable-function-bodies-without-types /Users/admin/builder/spi-builder-workspace/Sources/Store/action/Action.swift /Users/admin/builder/spi-builder-workspace/Sources/Store/action/KeyPath+Introspection.swift /Users/admin/builder/spi-builder-workspace/Sources/Store/concurrency/Executor.swift /Users/admin/builder/spi-builder-workspace/Sources/Store/concurrency/Locking.swift /Users/admin/builder/spi-builder-workspace/Sources/Store/concurrency/Operations.swift /Users/admin/builder/spi-builder-workspace/Sources/Store/middleware/Middleware.swift /Users/admin/builder/spi-builder-workspace/Sources/Store/serialization/DictionaryCodable.swift /Users/admin/builder/spi-builder-workspace/Sources/Store/serialization/Diffing.swift /Users/admin/builder/spi-builder-workspace/Sources/Store/serialization/Signpost.swift /Users/admin/builder/spi-builder-workspace/Sources/Store/store/BindingProxy.swift /Users/admin/builder/spi-builder-workspace/Sources/Store/store/CodableStore.swift /Users/admin/builder/spi-builder-workspace/Sources/Store/store/ModelStorage.swift /Users/admin/builder/spi-builder-workspace/Sources/Store/store/Store.swift /Users/admin/builder/spi-builder-workspace/Sources/Store/transactions/PushID.swift /Users/admin/builder/spi-builder-workspace/Sources/Store/transactions/Transaction.swift /Users/admin/builder/spi-builder-workspace/Sources/Store/transactions/TransactionContext.swift -target arm64-apple-tvos15.0 -module-can-import-version Combine 3023 0 -module-can-import-version SwiftUI 8.0.84 8.0.84 -disable-cross-import-overlay-search -load-resolved-plugin /Applications/Xcode-27.0.0-Release.Candidate.app/Contents/Developer/Platforms/AppleTVOS.platform/Developer/usr/lib/swift/host/plugins/libFoundationMacros.dylib\#/Applications/Xcode-27.0.0-Release.Candidate.app/Contents/Developer/Platforms/AppleTVOS.platform/Developer/usr/bin/swift-plugin-server\#FoundationMacros -load-resolved-plugin /Applications/Xcode-27.0.0-Release.Candidate.app/Contents/Developer/Platforms/AppleTVOS.platform/Developer/usr/lib/swift/host/plugins/libObservationMacros.dylib\#/Applications/Xcode-27.0.0-Release.Candidate.app/Contents/Developer/Platforms/AppleTVOS.platform/Developer/usr/bin/swift-plugin-server\#ObservationMacros -load-resolved-plugin /Applications/Xcode-27.0.0-Release.Candidate.app/Contents/Developer/Platforms/AppleTVOS.platform/Developer/usr/lib/swift/host/plugins/libPreviewsMacros.dylib\#/Applications/Xcode-27.0.0-Release.Candidate.app/Contents/Developer/Platforms/AppleTVOS.platform/Developer/usr/bin/swift-plugin-server\#PreviewsMacros -load-resolved-plugin /Applications/Xcode-27.0.0-Release.Candidate.app/Contents/Developer/Platforms/AppleTVOS.platform/Developer/usr/lib/swift/host/plugins/libSwiftMacros.dylib\#/Applications/Xcode-27.0.0-Release.Candidate.app/Contents/Developer/Platforms/AppleTVOS.platform/Developer/usr/bin/swift-plugin-server\#SwiftMacros -load-resolved-plugin /Applications/Xcode-27.0.0-Release.Candidate.app/Contents/Developer/Platforms/AppleTVOS.platform/Developer/usr/lib/swift/host/plugins/libSwiftUIMacros.dylib\#/Applications/Xcode-27.0.0-Release.Candidate.app/Contents/Developer/Platforms/AppleTVOS.platform/Developer/usr/bin/swift-plugin-server\#SwiftUIMacros -disable-implicit-swift-modules -Xcc -fno-implicit-modules -Xcc -fno-implicit-module-maps -explicit-swift-module-map-file /Users/admin/builder/spi-builder-workspace/.derivedData/Build/Intermediates.noindex/Store.build/Debug-appletvos/Store-t.build/Objects-normal/arm64/Store-dependencies-1.json -Xllvm -aarch64-use-tbi -enable-objc-interop -stack-check -sdk /Applications/Xcode-27.0.0-Release.Candidate.app/Contents/Developer/Platforms/AppleTVOS.platform/Developer/SDKs/AppleTVOS27.0.sdk -I /Users/admin/builder/spi-builder-workspace/.derivedData/Build/Products/Debug-appletvos -Isystem /Applications/Xcode-27.0.0-Release.Candidate.app/Contents/Developer/Platforms/AppleTVOS.platform/Developer/usr/lib -F /Users/admin/builder/spi-builder-workspace/.derivedData/Build/Products/Debug-appletvos/PackageFrameworks -F /Users/admin/builder/spi-builder-workspace/.derivedData/Build/Products/Debug-appletvos -F /Applications/Xcode-27.0.0-Release.Candidate.app/Contents/Developer/Platforms/AppleTVOS.platform/Developer/Library/Frameworks -F /Applications/Xcode-27.0.0-Release.Candidate.app/Contents/Developer/Platforms/AppleTVOS.platform/Developer/SDKs/AppleTVOS27.0.sdk/Developer/Library/Frameworks -module-cache-path /Users/admin/builder/spi-builder-workspace/.derivedData/Build/Intermediates.noindex/SwiftExplicitPrecompiledModules -no-color-diagnostics -Xcc -fno-color-diagnostics -enable-testing -g -debug-info-format\=dwarf -dwarf-version\=4 -profile-generate -profile-coverage-mapping -swift-version 5 -Onone -D SWIFT_PACKAGE -D DEBUG -D SWIFT_MODULE_RESOURCE_BUNDLE_UNAVAILABLE -D Xcode -serialize-debugging-options -enable-experimental-feature DebugDescriptionMacro -empty-abi-descriptor -validate-clang-modules-once -clang-build-session-file /Users/admin/builder/spi-builder-workspace/.derivedData/ModuleCache.noindex/Session.modulevalidation -Xcc -working-directory -Xcc /Users/admin/builder/spi-builder-workspace/.swiftpm/xcode -enable-anonymous-context-mangled-names -file-compilation-dir /Users/admin/builder/spi-builder-workspace/.swiftpm/xcode -Xcc -fmodule-map-file\=/Users/admin/builder/spi-builder-workspace/.derivedData/Build/Intermediates.noindex/GeneratedModuleMaps-appletvos/COpenCombineHelpers.modulemap -Xcc -D_LIBCPP_HARDENING_MODE\=_LIBCPP_HARDENING_MODE_DEBUG -Xcc -ivfsstatcache -Xcc /Users/admin/builder/spi-builder-workspace/.derivedData/SDKStatCaches.noindex/appletvos27.0-24J360-e829b21a6f8c9b70876ba0858053c044b32bfd8d43560033f8d89884cdb90028.sdkstatcache -Xcc -fmodules-prune-interval\=86400 -Xcc -fmodules-prune-after\=345600 -Xcc -I/Users/admin/builder/spi-builder-workspace/.dependencies/checkouts/OpenCombine/Sources/COpenCombineHelpers/include -Xcc -I/Users/admin/builder/spi-builder-workspace/.derivedData/Build/Products/Debug-appletvos/include -Xcc -I/Users/admin/builder/spi-builder-workspace/.derivedData/Build/Intermediates.noindex/Store.build/Debug-appletvos/Store-t.build/DerivedSources-normal/arm64 -Xcc -I/Users/admin/builder/spi-builder-workspace/.derivedData/Build/Intermediates.noindex/Store.build/Debug-appletvos/Store-t.build/DerivedSources/arm64 -Xcc -I/Users/admin/builder/spi-builder-workspace/.derivedData/Build/Intermediates.noindex/Store.build/Debug-appletvos/Store-t.build/DerivedSources -Xcc -DSWIFT_PACKAGE -Xcc -DDEBUG\=1 -no-auto-bridging-header-chaining -module-name Store -const-gather-protocols-file /Users/admin/builder/spi-builder-workspace/.derivedData/Build/Intermediates.noindex/Store.build/Debug-appletvos/Store-t.build/Objects-normal/arm64/Store_const_extract_protocols.json -disable-clang-spi -clang-target arm64-apple-tvos27.0 -target-sdk-version 27.0 -target-sdk-name appletvos27.0 -in-process-plugin-server-path /Applications/Xcode-27.0.0-Release.Candidate.app/Contents/Developer/Toolchains/XcodeDefault.xctoolchain/usr/lib/swift/host/libSwiftInProcPluginServer.dylib -emit-module-doc-path /Users/admin/builder/spi-builder-workspace/.derivedData/Build/Intermediates.noindex/Store.build/Debug-appletvos/Store-t.build/Objects-normal/arm64/Store.swiftdoc -emit-module-source-info-path /Users/admin/builder/spi-builder-workspace/.derivedData/Build/Intermediates.noindex/Store.build/Debug-appletvos/Store-t.build/Objects-normal/arm64/Store.swiftsourceinfo -emit-objc-header-path /Users/admin/builder/spi-builder-workspace/.derivedData/Build/Intermediates.noindex/Store.build/Debug-appletvos/Store-t.build/Objects-normal/arm64/Store-Swift.h -serialize-diagnostics-path /Users/admin/builder/spi-builder-workspace/.derivedData/Build/Intermediates.noindex/Store.build/Debug-appletvos/Store-t.build/Objects-normal/arm64/Store-primary-emit-module.dia -emit-dependencies-path /Users/admin/builder/spi-builder-workspace/.derivedData/Build/Intermediates.noindex/Store.build/Debug-appletvos/Store-t.build/Objects-normal/arm64/Store-primary-emit-module.d -parse-as-library -o /Users/admin/builder/spi-builder-workspace/.derivedData/Build/Intermediates.noindex/Store.build/Debug-appletvos/Store-t.build/Objects-normal/arm64/Store.swiftmodule -emit-abi-descriptor-path /Users/admin/builder/spi-builder-workspace/.derivedData/Build/Intermediates.noindex/Store.build/Debug-appletvos/Store-t.build/Objects-normal/arm64/Store.abi.json
SwiftCompile normal arm64 (in target 'Store' from project 'Store')
    cd /Users/admin/builder/spi-builder-workspace/.swiftpm/xcode

SwiftCompile normal arm64 Compiling\ TransactionContext.swift /Users/admin/builder/spi-builder-workspace/Sources/Store/transactions/TransactionContext.swift (in target 'Store' from project 'Store')
SwiftCompile normal arm64 /Users/admin/builder/spi-builder-workspace/Sources/Store/transactions/TransactionContext.swift (in target 'Store' from project 'Store')
    cd /Users/admin/builder/spi-builder-workspace/.swiftpm/xcode
    builtin-SwiftPerFileCompile TransactionContext.swift
SwiftCompile normal arm64 Compiling\ Transaction.swift /Users/admin/builder/spi-builder-workspace/Sources/Store/transactions/Transaction.swift (in target 'Store' from project 'Store')
SwiftCompile normal arm64 /Users/admin/builder/spi-builder-workspace/Sources/Store/transactions/Transaction.swift (in target 'Store' from project 'Store')
    cd /Users/admin/builder/spi-builder-workspace/.swiftpm/xcode
    builtin-SwiftPerFileCompile Transaction.swift
PruneExplicitPrecompiledModules /Users/admin/builder/spi-builder-workspace/.derivedData/Build/Intermediates.noindex/SwiftExplicitPrecompiledModules
PruneExplicitPrecompiledModules /Users/admin/builder/spi-builder-workspace/.derivedData/SDKExplicitPrecompiledModules
PruneExplicitPrecompiledModules /Users/admin/builder/spi-builder-workspace/.derivedData/Build/Intermediates.noindex/ExplicitPrecompiledModules
2026-09-17 19:31:52.565 xcodebuild[903:5498] [MT] IDERunDestination: Supported platforms for the buildables in the current scheme is empty.
2026-09-17 19:31:52.665 xcodebuild[903:5498] [MT] IDERunDestination: Supported platforms for the buildables in the current scheme is empty.
** BUILD FAILED **
The following build commands failed:
	SwiftEmitModule normal arm64 Emitting\ module\ for\ Store (in target 'Store' from project 'Store')
	SwiftCompile normal arm64 (in target 'Store' from project 'Store')
	Building workspace Store with scheme Store
(3 failures)
BUILD FAILURE 6.4 tvOS