Build Information
Failed to build UntoldEngine, reference v0.22.0 (ffb248), with Swift 6.2 for macOS (SPM) on 8 Oct 2026 23:12:55 UTC.
Build Command
env DEVELOPER_DIR=/Applications/Xcode-26.3.0.app xcrun swift build --arch arm64Build Log
========================================
RunAll
========================================
Builder version: 5.1.1
Interrupt handler set up.
========================================
Checkout
========================================
Clone URL: https://github.com/untoldengine/UntoldEngine.git
Reference: v0.22.0
Initialized empty Git repository in /Users/admin/builder/spi-builder-workspace/.git/
From https://github.com/untoldengine/UntoldEngine
* tag v0.22.0 -> FETCH_HEAD
HEAD is now at ffb248d [Release] Preparing release 0.22.0 (#1305)
Cloned https://github.com/untoldengine/UntoldEngine.git
Revision (git rev-parse @):
ffb248dd0c923666371768e73fdedef9033ba7e1
SUCCESS checkout https://github.com/untoldengine/UntoldEngine.git at v0.22.0
========================================
Build
========================================
Selected platform: macosSpm
Swift version: 6.2
Building package at path: $PWD
https://github.com/untoldengine/UntoldEngine.git
Running build ...
env DEVELOPER_DIR=/Applications/Xcode-26.3.0.app xcrun swift build --arch arm64
Found unhandled resource at /Users/admin/builder/spi-builder-workspace/Tests/UntoldEngineRenderTests/Resources/compare_psnr.py
Building for debugging...
[0/69] Write sources
[1/69] Copying teatro_massimo_2k.hdr
[2/69] Write sources
[4/69] Copying spot_light_icon_256x256.png
[4/69] Copying satara_night_2k.hdr
[4/69] Copying potsdamer_platz_2k.hdr
[5/69] Copying point_light_icon_256x256.png
[8/69] Copying directional_light_icon_256x256.png
[9/69] Copying UntoldEngineKernels.metallib
[9/69] Copying autumn_field_puresky_2k.hdr
[9/69] Copying area_light_icon_256x256.png
[11/69] Copying UntoldEngineKernels-xrossim.metallib
[12/69] Copying UntoldEngineKernels-xros.metallib
[14/69] Copying UntoldEngineKernels-tvossim.metallib
[15/69] Copying UntoldEngineKernels-iossim.metallib
[15/69] Copying UntoldEngineKernels-tvos.metallib
[15/69] Write sources
[15/69] Copying UntoldEngineKernels-ios.metallib
[15/69] Write sources
[15/69] Write StarterDemo-entitlement.plist
[16/69] Write sources
[16/69] Write ShowcaseDemo-entitlement.plist
[24/69] Write Sandbox-entitlement.plist
[25/69] Write sources
[25/69] Write RenderingQualityDemo-entitlement.plist
[25/69] Write sources
[28/69] Write LightingDemo-entitlement.plist
[28/69] Write sources
[30/69] Write InteractionGameplayDemo-entitlement.plist
[30/69] Write ExporterPipelineDemo-entitlement.plist
[33/69] Write sources
[36/69] Write LargeSceneStreamingDemo-entitlement.plist
[37/69] Compiling CShaderTypes ShaderTypes.c
[38/69] Compiling CMeshOptimizer allocator.cpp
[39/69] Compiling CMeshOptimizer vcacheoptimizer.cpp
[40/69] Compiling CMeshOptimizer indexgenerator.cpp
[41/69] Compiling CMeshOptimizer vfetchoptimizer.cpp
[42/69] Write swift-version--3CB7CFEC50E0D141.txt
[43/69] Compiling CMeshOptimizer simplifier.cpp
[44/267] Compiling UntoldEngineShaderSupport shim.c
[46/267] Compiling UntoldEngine GaussianChunkLoader.swift
[47/267] Compiling UntoldEngine GaussianPageManager.swift
[48/267] Compiling UntoldEngine GaussianPageSource.swift
[49/267] Compiling UntoldEngine GaussianPagingPolicy.swift
[50/267] Compiling UntoldEngine NativeFormatLoader.swift
[51/267] Compiling UntoldEngine NativeTextureLoader.swift
[52/267] Compiling UntoldEngine RuntimeAsset.swift
[53/267] Compiling UntoldEngine RuntimeAssetLoader.swift
[54/267] Compiling UntoldEngine RuntimeAssetSource.swift
[55/267] Compiling UntoldEngine RuntimePrimitiveGeometry.swift
[56/267] Compiling UntoldEngine CameraNode.swift
[57/267] Compiling UntoldEngine LightNodes.swift
[58/267] Compiling UntoldEngine MeshNode.swift
[59/267] Compiling UntoldEngine Node+Animations.swift
[60/267] Compiling UntoldEngine Node+Kinetics.swift
[61/267] Compiling UntoldEngine Node+Material.swift
[62/267] Compiling UntoldEngine Node+Transform.swift
[63/267] Compiling UntoldEngine Node.swift
[64/267] Compiling UntoldEngine PrimitiveNodes.swift
[65/267] Compiling UntoldEngine SceneBuilder.swift
[66/267] Compiling UntoldEngine UntoldView.swift
[67/267] Compiling UntoldEngine SceneSerializer.swift
[68/288] Compiling UntoldEngine ClipSampler.swift
[69/288] Compiling UntoldEngine CompiledAnimationClip.swift
[70/288] Compiling UntoldEngine ExternalPose.swift
[71/288] Compiling UntoldEngine FootIK.swift
[72/288] Compiling UntoldEngine Inertialization.swift
[73/288] Compiling UntoldEngine MeshQuery.swift
[74/288] Compiling UntoldEngine MotionDatabase.swift
[75/288] Compiling UntoldEngine MotionMatching.swift
[76/288] Compiling UntoldEngine PhysicsPose.swift
[77/288] Compiling UntoldEngine PoseBuffer.swift
[78/288] Compiling UntoldEngine PoseLayer.swift
[79/288] Compiling UntoldEngine ReachIK.swift
[80/288] Compiling UntoldEngine RootMotion.swift
[81/288] Compiling UntoldEngine SkeletonQuery.swift
[82/288] Compiling UntoldEngine TwoBoneIK.swift
[83/288] Compiling UntoldEngine NativeTexFormat.swift
[84/288] Compiling UntoldEngine UntoldAssetPatcher.swift
[85/288] Compiling UntoldEngine UntoldBinaryCodable.swift
[86/288] Compiling UntoldEngine UntoldChunkTypes.swift
[87/288] Compiling UntoldEngine UntoldFormat.swift
[88/288] Compiling UntoldEngine UntoldGSCoarsener.swift
[89/288] Compiling UntoldEngine UntoldGSCookControl.swift
[90/288] Compiling UntoldEngine UntoldGSCookPass.swift
[91/288] Compiling UntoldEngine UntoldGSCooker.swift
[92/288] Compiling UntoldEngine UntoldGSFormat.swift
[93/288] Compiling UntoldEngine UntoldGSHarmonicRotation.swift
[94/288] Compiling UntoldEngine UntoldGSPacking.swift
[95/288] Compiling UntoldEngine UntoldGSReader.swift
[96/288] Compiling UntoldEngine UntoldGSSplatStore.swift
[97/288] Compiling UntoldEngine UntoldGSWriter.swift
[98/288] Compiling UntoldEngine UntoldPluginChunks.swift
[99/288] Compiling UntoldEngine UntoldReader.swift
[100/288] Compiling UntoldEngine UntoldValidation.swift
[101/288] Compiling UntoldEngine BuildSystem.swift
[102/288] Compiling UntoldEngine BuildTemplates.swift
[103/288] Compiling UntoldEngine XcodeGenProjectSpec.swift
[104/288] Compiling UntoldEngine ComponentPool.swift
[105/288] Compiling UntoldEngine ComponentRegistry.swift
[106/288] Compiling UntoldEngine Components.swift
[107/288] Compiling UntoldEngine EngineExtensions.swift
[108/288] Compiling UntoldEngine Entity.swift
[109/288] Compiling UntoldEngine EntityLifecycleEvents.swift
[110/288] Compiling UntoldEngine Scenes.swift
[111/288] Compiling UntoldEngine BasicPrimitives.swift
[112/288] Compiling UntoldEngine ScenePickingSystem.swift
[113/288] Compiling UntoldEngine SceneReadinessState.swift
[114/288] Compiling UntoldEngine SceneRootTransform.swift
[115/288] Compiling UntoldEngine ScenegraphSystem.swift
[116/288] Compiling UntoldEngine ShadowSystem.swift
[117/288] Compiling UntoldEngine SmallObjectCulling.swift
[118/288] Compiling UntoldEngine SpatialManipulationSystem.swift
[119/288] Compiling UntoldEngine SteeringSystem.swift
[120/288] Compiling UntoldEngine StreamingRegion.swift
[121/288] Compiling UntoldEngine StreamingRegionManager.swift
[122/288] Compiling UntoldEngine SystemEvents.swift
[123/288] Compiling UntoldEngine TextureStreamingSystem.swift
[124/288] Compiling UntoldEngine TransformSystem.swift
[125/288] Compiling UntoldEngine USCSystem.swift
[126/288] Compiling UntoldEngine AABB.swift
[127/288] Compiling UntoldEngine ArrayExtensions.swift
[128/288] Compiling UntoldEngine Bundle+ResourceFallback.swift
[129/288] Compiling UntoldEngine ColorUtils.swift
[130/288] Compiling UntoldEngine EngineSettingsAPI.swift
[131/288] Compiling UntoldEngine FuncUtils.swift
[132/288] Compiling UntoldEngine GaussianDebugOptions.swift
[133/288] Compiling UntoldEngine DebugLines.swift
[134/288] Compiling UntoldEngine ComputePipelines.swift
[135/288] Compiling UntoldEngine MeshShaderPipeline.swift
[136/288] Compiling UntoldEngine PipelineManager.swift
[137/288] Compiling UntoldEngine RenderPipeLines.swift
[138/288] Compiling UntoldEngine RenderPipelineType.swift
[139/288] Compiling UntoldEngine PostProcessRenderPasses.swift
[140/288] Compiling UntoldEngine RenderExtensionModelSurface.swift
[141/288] Compiling UntoldEngine RenderExtensionPipelineDescriptors.swift
[142/288] Compiling UntoldEngine RenderExtensionPlugins.swift
[143/288] Compiling UntoldEngine RenderExtensions.swift
[144/288] Compiling UntoldEngine RenderInitializer.swift
[145/288] Compiling UntoldEngine RenderPasses+MuscleDebug.swift
[146/288] Compiling UntoldEngine RenderPasses.swift
[147/288] Compiling UntoldEngine RenderResources.swift
[148/288] Compiling UntoldEngine RenderVertexStreamBinding.swift
[149/288] Compiling UntoldEngine RuntimeEnvironmentLighting.swift
[150/288] Compiling UntoldEngine SampleRenderExtension.swift
[151/288] Compiling UntoldEngine UntoldEngine+MetalLib.swift
[152/288] Compiling UntoldEngine UntoldEngine.swift
[153/288] Compiling UntoldEngine UntoldRendererConfig.swift
[154/288] Compiling UntoldEngine CubeLUTLoader.swift
[155/288] Compiling UntoldEngine SceneView.swift
[156/288] Compiling UntoldEngine UntoldViewOptions.swift
[157/288] Compiling UntoldEngine USCBuilder.swift
[158/288] Compiling UntoldEngine USCInstruction.swift
[159/288] Compiling UntoldEngine USCInterpreter.swift
[160/288] Compiling UntoldEngine USCPropertyAccess.swift
[161/288] Compiling UntoldEngine USCPropertyKeys.swift
[162/288] Compiling UntoldEngine USCScripting.swift
[163/288] Compiling UntoldEngine AnimationSystem.swift
[164/288] Compiling UntoldEngine AssetDiskCache.swift
[165/288] Compiling UntoldEngine AssetLoadingPolicy.swift
[166/288] Compiling UntoldEngine AssetLoadingState.swift
[167/288] Compiling UntoldEngine AssetProfiler.swift
[168/288] Compiling UntoldEngine BatchingSystem.swift
[169/288] Compiling UntoldEngine CameraSystem.swift
[170/288] Compiling UntoldEngine CullingSystem.swift
[171/288] Compiling UntoldEngine DDMPrecompute.swift
[172/288] Compiling UntoldEngine DeformationSystem.swift
[173/288] Compiling UntoldEngine ErrorHandlingSystem.swift
[174/288] Compiling UntoldEngine FrameEvents.swift
[175/288] Compiling UntoldEngine GaussianChunkCull.swift
[176/288] Compiling UntoldEngine GaussianLODSystem.swift
[177/288] Compiling UntoldEngine Mesh+GPUMemory.swift
[178/288] Compiling UntoldEngine Mesh.swift
[179/288] Compiling UntoldEngine MorphTargetSet.swift
[180/288] Compiling UntoldEngine Skeleton.swift
[181/288] Compiling UntoldEngine PhysicsBackend.swift
[182/288] Compiling UntoldEngine PhysicsBackendRegistry.swift
[183/288] Compiling UntoldEngine PhysicsComponents.swift
[184/288] Compiling UntoldEngine PhysicsCoordinator.swift
[185/288] Compiling UntoldEngine PhysicsEvents.swift
[186/288] Compiling UntoldEngine PhysicsQuery.swift
[187/288] Compiling UntoldEngine CommandBufferMetricsCollector.swift
[188/288] Compiling UntoldEngine EngineProfiler.swift
[189/288] Compiling UntoldEngine EngineSignposts.swift
[190/288] Compiling UntoldEngine EngineStatsFormatter.swift
[191/288] Compiling UntoldEngine EngineStatsMonitor.swift
[192/288] Compiling UntoldEngine EngineStatsSnapshot.swift
[193/288] Compiling UntoldEngine FrameMetricsCollector.swift
[194/288] Compiling UntoldEngine GaussianProfiling.swift
[195/288] Compiling UntoldEngine MetricsDebugLogger.swift
[196/288] Compiling UntoldEngine MetricsSnapshot.swift
[197/288] Compiling UntoldEngine RenderStatsCollector.swift
[198/288] Compiling UntoldEngine ColorPipelineConfig.swift
[199/288] Emitting module UntoldEngine
[200/288] Compiling UntoldEngine LogSystem.swift
[201/288] Compiling UntoldEngine MLDeformerBaker.swift
[202/288] Compiling UntoldEngine MLDeformerModel.swift
[203/288] Compiling UntoldEngine MLDeformerPayload.swift
[204/288] Compiling UntoldEngine MemoryBudgetManager.swift
[205/288] Compiling UntoldEngine MeshResourceManager.swift
[206/288] Compiling UntoldEngine MuscleDefinition.swift
[207/288] Compiling UntoldEngine MuscleGeometryBuilder.swift
[208/288] Compiling UntoldEngine MuscleRig+JSON.swift
[209/288] Compiling UntoldEngine MuscleSimulation.swift
[210/288] Compiling UntoldEngine OctreeSystem.swift
[211/288] Compiling UntoldEngine PhysicsSystem.swift
[212/288] Compiling UntoldEngine PluginSpatialSystem.swift
[213/288] Compiling UntoldEngine PoseDriverEvaluation.swift
[214/288] Compiling UntoldEngine ProgressiveAssetLoader.swift
[215/288] Compiling UntoldEngine RealSurfacePickingSystem.swift
[216/288] Compiling UntoldEngine RegistrationSystem.swift
[217/288] Compiling UntoldEngine RemoteAssetDownloader.swift
[218/288] Compiling UntoldEngine RenderGraphOptimizationReport.swift
[219/288] Compiling UntoldEngine RenderGraphResourcePlan.swift
[220/288] Compiling UntoldEngine RenderingSystem.swift
[221/288] Compiling UntoldEngine ScenePickingGPUSystem.swift
[222/288] Compiling UntoldEngine GaussianSharedWorkingSet.swift
/Users/admin/builder/spi-builder-workspace/Sources/UntoldEngine/Systems/GaussianSharedWorkingSet.swift:346:9: error: the compiler is unable to type-check this expression in reasonable time; try breaking up the expression into distinct sub-expressions
344 |
345 | private var residentBytesLocked: Int {
346 | (keys + records + visibleSets + entityConstants + budgetReadbacks + [_budgetState] + densityReadbacks + [_densityHistogram]).reduce(0) { $0 + ($1?.length ?? 0) }
| `- error: the compiler is unable to type-check this expression in reasonable time; try breaking up the expression into distinct sub-expressions
347 | }
348 |
[223/288] Compiling UntoldEngine GaussianSystem.swift
/Users/admin/builder/spi-builder-workspace/Sources/UntoldEngine/Systems/GaussianSharedWorkingSet.swift:346:9: error: the compiler is unable to type-check this expression in reasonable time; try breaking up the expression into distinct sub-expressions
344 |
345 | private var residentBytesLocked: Int {
346 | (keys + records + visibleSets + entityConstants + budgetReadbacks + [_budgetState] + densityReadbacks + [_densityHistogram]).reduce(0) { $0 + ($1?.length ?? 0) }
| `- error: the compiler is unable to type-check this expression in reasonable time; try breaking up the expression into distinct sub-expressions
347 | }
348 |
[224/288] Compiling UntoldEngine GeometryStreamingSystem+Eviction.swift
/Users/admin/builder/spi-builder-workspace/Sources/UntoldEngine/Systems/GaussianSharedWorkingSet.swift:346:9: error: the compiler is unable to type-check this expression in reasonable time; try breaking up the expression into distinct sub-expressions
344 |
345 | private var residentBytesLocked: Int {
346 | (keys + records + visibleSets + entityConstants + budgetReadbacks + [_budgetState] + densityReadbacks + [_densityHistogram]).reduce(0) { $0 + ($1?.length ?? 0) }
| `- error: the compiler is unable to type-check this expression in reasonable time; try breaking up the expression into distinct sub-expressions
347 | }
348 |
[225/288] Compiling UntoldEngine GeometryStreamingSystem+GaussianStreaming.swift
/Users/admin/builder/spi-builder-workspace/Sources/UntoldEngine/Systems/GaussianSharedWorkingSet.swift:346:9: error: the compiler is unable to type-check this expression in reasonable time; try breaking up the expression into distinct sub-expressions
344 |
345 | private var residentBytesLocked: Int {
346 | (keys + records + visibleSets + entityConstants + budgetReadbacks + [_budgetState] + densityReadbacks + [_densityHistogram]).reduce(0) { $0 + ($1?.length ?? 0) }
| `- error: the compiler is unable to type-check this expression in reasonable time; try breaking up the expression into distinct sub-expressions
347 | }
348 |
[226/288] Compiling UntoldEngine GeometryStreamingSystem+MeshStreaming.swift
/Users/admin/builder/spi-builder-workspace/Sources/UntoldEngine/Systems/GaussianSharedWorkingSet.swift:346:9: error: the compiler is unable to type-check this expression in reasonable time; try breaking up the expression into distinct sub-expressions
344 |
345 | private var residentBytesLocked: Int {
346 | (keys + records + visibleSets + entityConstants + budgetReadbacks + [_budgetState] + densityReadbacks + [_densityHistogram]).reduce(0) { $0 + ($1?.length ?? 0) }
| `- error: the compiler is unable to type-check this expression in reasonable time; try breaking up the expression into distinct sub-expressions
347 | }
348 |
[227/288] Compiling UntoldEngine GeometryStreamingSystem+TileStreaming.swift
/Users/admin/builder/spi-builder-workspace/Sources/UntoldEngine/Systems/GaussianSharedWorkingSet.swift:346:9: error: the compiler is unable to type-check this expression in reasonable time; try breaking up the expression into distinct sub-expressions
344 |
345 | private var residentBytesLocked: Int {
346 | (keys + records + visibleSets + entityConstants + budgetReadbacks + [_budgetState] + densityReadbacks + [_densityHistogram]).reduce(0) { $0 + ($1?.length ?? 0) }
| `- error: the compiler is unable to type-check this expression in reasonable time; try breaking up the expression into distinct sub-expressions
347 | }
348 |
[228/288] Compiling UntoldEngine GeometryStreamingSystem.swift
/Users/admin/builder/spi-builder-workspace/Sources/UntoldEngine/Systems/GaussianSharedWorkingSet.swift:346:9: error: the compiler is unable to type-check this expression in reasonable time; try breaking up the expression into distinct sub-expressions
344 |
345 | private var residentBytesLocked: Int {
346 | (keys + records + visibleSets + entityConstants + budgetReadbacks + [_budgetState] + densityReadbacks + [_densityHistogram]).reduce(0) { $0 + ($1?.length ?? 0) }
| `- error: the compiler is unable to type-check this expression in reasonable time; try breaking up the expression into distinct sub-expressions
347 | }
348 |
[229/288] Compiling UntoldEngine GraphBuilder.swift
/Users/admin/builder/spi-builder-workspace/Sources/UntoldEngine/Systems/GaussianSharedWorkingSet.swift:346:9: error: the compiler is unable to type-check this expression in reasonable time; try breaking up the expression into distinct sub-expressions
344 |
345 | private var residentBytesLocked: Int {
346 | (keys + records + visibleSets + entityConstants + budgetReadbacks + [_budgetState] + densityReadbacks + [_densityHistogram]).reduce(0) { $0 + ($1?.length ?? 0) }
| `- error: the compiler is unable to type-check this expression in reasonable time; try breaking up the expression into distinct sub-expressions
347 | }
348 |
[230/288] Compiling UntoldEngine GroundPickingSystem.swift
/Users/admin/builder/spi-builder-workspace/Sources/UntoldEngine/Systems/GaussianSharedWorkingSet.swift:346:9: error: the compiler is unable to type-check this expression in reasonable time; try breaking up the expression into distinct sub-expressions
344 |
345 | private var residentBytesLocked: Int {
346 | (keys + records + visibleSets + entityConstants + budgetReadbacks + [_budgetState] + densityReadbacks + [_densityHistogram]).reduce(0) { $0 + ($1?.length ?? 0) }
| `- error: the compiler is unable to type-check this expression in reasonable time; try breaking up the expression into distinct sub-expressions
347 | }
348 |
[231/288] Compiling UntoldEngine HZBDebugMonitor.swift
/Users/admin/builder/spi-builder-workspace/Sources/UntoldEngine/Systems/GaussianSharedWorkingSet.swift:346:9: error: the compiler is unable to type-check this expression in reasonable time; try breaking up the expression into distinct sub-expressions
344 |
345 | private var residentBytesLocked: Int {
346 | (keys + records + visibleSets + entityConstants + budgetReadbacks + [_budgetState] + densityReadbacks + [_densityHistogram]).reduce(0) { $0 + ($1?.length ?? 0) }
| `- error: the compiler is unable to type-check this expression in reasonable time; try breaking up the expression into distinct sub-expressions
347 | }
348 |
[232/288] Compiling UntoldEngine InputSystem+Keyboard.swift
/Users/admin/builder/spi-builder-workspace/Sources/UntoldEngine/Systems/GaussianSharedWorkingSet.swift:346:9: error: the compiler is unable to type-check this expression in reasonable time; try breaking up the expression into distinct sub-expressions
344 |
345 | private var residentBytesLocked: Int {
346 | (keys + records + visibleSets + entityConstants + budgetReadbacks + [_budgetState] + densityReadbacks + [_densityHistogram]).reduce(0) { $0 + ($1?.length ?? 0) }
| `- error: the compiler is unable to type-check this expression in reasonable time; try breaking up the expression into distinct sub-expressions
347 | }
348 |
[233/288] Compiling UntoldEngine InputSystem+Mouse.swift
/Users/admin/builder/spi-builder-workspace/Sources/UntoldEngine/Systems/GaussianSharedWorkingSet.swift:346:9: error: the compiler is unable to type-check this expression in reasonable time; try breaking up the expression into distinct sub-expressions
344 |
345 | private var residentBytesLocked: Int {
346 | (keys + records + visibleSets + entityConstants + budgetReadbacks + [_budgetState] + densityReadbacks + [_densityHistogram]).reduce(0) { $0 + ($1?.length ?? 0) }
| `- error: the compiler is unable to type-check this expression in reasonable time; try breaking up the expression into distinct sub-expressions
347 | }
348 |
[234/288] Compiling UntoldEngine InputSystem+PSVR2.swift
/Users/admin/builder/spi-builder-workspace/Sources/UntoldEngine/Systems/GaussianSharedWorkingSet.swift:346:9: error: the compiler is unable to type-check this expression in reasonable time; try breaking up the expression into distinct sub-expressions
344 |
345 | private var residentBytesLocked: Int {
346 | (keys + records + visibleSets + entityConstants + budgetReadbacks + [_budgetState] + densityReadbacks + [_densityHistogram]).reduce(0) { $0 + ($1?.length ?? 0) }
| `- error: the compiler is unable to type-check this expression in reasonable time; try breaking up the expression into distinct sub-expressions
347 | }
348 |
[235/288] Compiling UntoldEngine InputSystem+XR.swift
/Users/admin/builder/spi-builder-workspace/Sources/UntoldEngine/Systems/GaussianSharedWorkingSet.swift:346:9: error: the compiler is unable to type-check this expression in reasonable time; try breaking up the expression into distinct sub-expressions
344 |
345 | private var residentBytesLocked: Int {
346 | (keys + records + visibleSets + entityConstants + budgetReadbacks + [_budgetState] + densityReadbacks + [_densityHistogram]).reduce(0) { $0 + ($1?.length ?? 0) }
| `- error: the compiler is unable to type-check this expression in reasonable time; try breaking up the expression into distinct sub-expressions
347 | }
348 |
[236/288] Compiling UntoldEngine InputSystem+iOS.swift
/Users/admin/builder/spi-builder-workspace/Sources/UntoldEngine/Systems/GaussianSharedWorkingSet.swift:346:9: error: the compiler is unable to type-check this expression in reasonable time; try breaking up the expression into distinct sub-expressions
344 |
345 | private var residentBytesLocked: Int {
346 | (keys + records + visibleSets + entityConstants + budgetReadbacks + [_budgetState] + densityReadbacks + [_densityHistogram]).reduce(0) { $0 + ($1?.length ?? 0) }
| `- error: the compiler is unable to type-check this expression in reasonable time; try breaking up the expression into distinct sub-expressions
347 | }
348 |
[237/288] Compiling UntoldEngine InputSystem.swift
/Users/admin/builder/spi-builder-workspace/Sources/UntoldEngine/Systems/GaussianSharedWorkingSet.swift:346:9: error: the compiler is unable to type-check this expression in reasonable time; try breaking up the expression into distinct sub-expressions
344 |
345 | private var residentBytesLocked: Int {
346 | (keys + records + visibleSets + entityConstants + budgetReadbacks + [_budgetState] + densityReadbacks + [_densityHistogram]).reduce(0) { $0 + ($1?.length ?? 0) }
| `- error: the compiler is unable to type-check this expression in reasonable time; try breaking up the expression into distinct sub-expressions
347 | }
348 |
[238/288] Compiling UntoldEngine LODConfig.swift
/Users/admin/builder/spi-builder-workspace/Sources/UntoldEngine/Systems/GaussianSharedWorkingSet.swift:346:9: error: the compiler is unable to type-check this expression in reasonable time; try breaking up the expression into distinct sub-expressions
344 |
345 | private var residentBytesLocked: Int {
346 | (keys + records + visibleSets + entityConstants + budgetReadbacks + [_budgetState] + densityReadbacks + [_densityHistogram]).reduce(0) { $0 + ($1?.length ?? 0) }
| `- error: the compiler is unable to type-check this expression in reasonable time; try breaking up the expression into distinct sub-expressions
347 | }
348 |
[239/288] Compiling UntoldEngine LODImportDetection.swift
/Users/admin/builder/spi-builder-workspace/Sources/UntoldEngine/Systems/GaussianSharedWorkingSet.swift:346:9: error: the compiler is unable to type-check this expression in reasonable time; try breaking up the expression into distinct sub-expressions
344 |
345 | private var residentBytesLocked: Int {
346 | (keys + records + visibleSets + entityConstants + budgetReadbacks + [_budgetState] + densityReadbacks + [_densityHistogram]).reduce(0) { $0 + ($1?.length ?? 0) }
| `- error: the compiler is unable to type-check this expression in reasonable time; try breaking up the expression into distinct sub-expressions
347 | }
348 |
[240/288] Compiling UntoldEngine LODSystem.swift
/Users/admin/builder/spi-builder-workspace/Sources/UntoldEngine/Systems/GaussianSharedWorkingSet.swift:346:9: error: the compiler is unable to type-check this expression in reasonable time; try breaking up the expression into distinct sub-expressions
344 |
345 | private var residentBytesLocked: Int {
346 | (keys + records + visibleSets + entityConstants + budgetReadbacks + [_budgetState] + densityReadbacks + [_densityHistogram]).reduce(0) { $0 + ($1?.length ?? 0) }
| `- error: the compiler is unable to type-check this expression in reasonable time; try breaking up the expression into distinct sub-expressions
347 | }
348 |
[241/288] Compiling UntoldEngine LightPortalSystem.swift
/Users/admin/builder/spi-builder-workspace/Sources/UntoldEngine/Systems/GaussianSharedWorkingSet.swift:346:9: error: the compiler is unable to type-check this expression in reasonable time; try breaking up the expression into distinct sub-expressions
344 |
345 | private var residentBytesLocked: Int {
346 | (keys + records + visibleSets + entityConstants + budgetReadbacks + [_budgetState] + densityReadbacks + [_densityHistogram]).reduce(0) { $0 + ($1?.length ?? 0) }
| `- error: the compiler is unable to type-check this expression in reasonable time; try breaking up the expression into distinct sub-expressions
347 | }
348 |
[242/288] Compiling UntoldEngine LightingSystem.swift
/Users/admin/builder/spi-builder-workspace/Sources/UntoldEngine/Systems/GaussianSharedWorkingSet.swift:346:9: error: the compiler is unable to type-check this expression in reasonable time; try breaking up the expression into distinct sub-expressions
344 |
345 | private var residentBytesLocked: Int {
346 | (keys + records + visibleSets + entityConstants + budgetReadbacks + [_budgetState] + densityReadbacks + [_densityHistogram]).reduce(0) { $0 + ($1?.length ?? 0) }
| `- error: the compiler is unable to type-check this expression in reasonable time; try breaking up the expression into distinct sub-expressions
347 | }
348 |
[243/288] Compiling UntoldEngine LoadingSystem.swift
/Users/admin/builder/spi-builder-workspace/Sources/UntoldEngine/Systems/GaussianSharedWorkingSet.swift:346:9: error: the compiler is unable to type-check this expression in reasonable time; try breaking up the expression into distinct sub-expressions
344 |
345 | private var residentBytesLocked: Int {
346 | (keys + records + visibleSets + entityConstants + budgetReadbacks + [_budgetState] + densityReadbacks + [_densityHistogram]).reduce(0) { $0 + ($1?.length ?? 0) }
| `- error: the compiler is unable to type-check this expression in reasonable time; try breaking up the expression into distinct sub-expressions
347 | }
348 |
[244/288] Compiling UntoldEngine GaussianRuntimeLimits.swift
[245/288] Compiling UntoldEngine GaussianSphericalHarmonics.swift
[246/288] Compiling UntoldEngine Globals.swift
[247/288] Compiling UntoldEngine InputSystemAPI.swift
[248/288] Compiling UntoldEngine LTCMatrix.swift
[249/288] Compiling UntoldEngine LightingSystemAPI.swift
[250/288] Compiling UntoldEngine Logger.swift
[251/288] Compiling UntoldEngine MathUtils.swift
[252/288] Compiling UntoldEngine Octree.swift
[253/288] Compiling UntoldEngine PLYReader.swift
[254/288] Compiling UntoldEngine PostFX.swift
[255/288] Compiling UntoldEngine SMAAAreaTex.swift
[256/288] Compiling UntoldEngine SMAASearchTex.swift
[257/288] Compiling UntoldEngine SMAATextureLayout.swift
[258/288] Compiling UntoldEngine SPZReader.swift
[259/288] Compiling UntoldEngine SSAO.swift
[260/288] Compiling UntoldEngine SceneContextVisibility.swift
[261/288] Compiling UntoldEngine SpatialDebugBoundsCollector.swift
[262/288] Compiling UntoldEngine SpatialDebugVisualization.swift
[263/288] Compiling UntoldEngine TripleBuffer.swift
[264/288] Compiling UntoldEngine resource_bundle_accessor.swift
BUILD FAILURE 6.2 macosSpm