The Swift Package Index logo.Swift Package Index

Build Information

Failed to build Tapsilat, reference main (59f9f5), with Swift 6.1 for Android on 22 Oct 2026 20:18:07 UTC.

Build Command

bash -c docker run --pull=always --rm -v "checkouts-53886770-0":/host -w "$PWD" -e JAVA_HOME="/root/.sdkman/candidates/java/current" -e SPI_BUILD="1" -e SPI_PROCESSING="1" registry.gitlab.com/saguaro1/spi-images:android-6.1-latest swift build --swift-sdk aarch64-unknown-linux-android24 2>&1

Build Log

========================================
RunAll
========================================
Builder version: 5.1.3
Interrupt handler set up.
========================================
Checkout
========================================
Clone URL: https://github.com/tapsilat/tapsilat-swift.git
Reference: main
Initialized empty Git repository in /host/spi-builder-workspace/.git/
hint: Using 'master' as the name for the initial branch. This default branch name
hint: is subject to change. To configure the initial branch name to use in all
hint: of your new repositories, which will suppress this warning, call:
hint:
hint: 	git config --global init.defaultBranch <name>
hint:
hint: Names commonly chosen instead of 'master' are 'main', 'trunk' and
hint: 'development'. The just-created branch can be renamed via this command:
hint:
hint: 	git branch -m <name>
From https://github.com/tapsilat/tapsilat-swift
 * branch            main       -> FETCH_HEAD
 * [new branch]      main       -> origin/main
HEAD is now at 59f9f55 Merge pull request #2 from tapsilat/fix/webhook-signature
Cloned https://github.com/tapsilat/tapsilat-swift.git
Revision (git rev-parse @):
59f9f5549a288730e58d73cb35ea876e34cd659c
SUCCESS checkout https://github.com/tapsilat/tapsilat-swift.git at main
========================================
Build
========================================
Selected platform:         android
Swift version:             6.1
Building package at path:  $PWD
https://github.com/tapsilat/tapsilat-swift.git
https://github.com/tapsilat/tapsilat-swift.git
WARNING: environment variable SUPPRESS_SWIFT_6_FLAGS is not set
Running build ...
bash -c docker run --pull=always --rm -v "checkouts-53886770-0":/host -w "$PWD" -e JAVA_HOME="/root/.sdkman/candidates/java/current" -e SPI_BUILD="1" -e SPI_PROCESSING="1" registry.gitlab.com/saguaro1/spi-images:android-6.1-latest swift build --swift-sdk aarch64-unknown-linux-android24 -Xswiftc -Xfrontend -Xswiftc -stats-output-dir -Xswiftc -Xfrontend -Xswiftc .stats -Xswiftc -strict-concurrency=complete -Xswiftc -enable-upcoming-feature -Xswiftc StrictConcurrency -Xswiftc -enable-upcoming-feature -Xswiftc DisableOutwardActorInference -Xswiftc -enable-upcoming-feature -Xswiftc GlobalActorIsolatedTypesUsability -Xswiftc -enable-upcoming-feature -Xswiftc InferSendableFromCaptures 2>&1
android-6.1-latest: Pulling from saguaro1/spi-images
Digest: sha256:639806e3270a7d76362a869fc7a464db4368085eea7ecdf63d02ce60a0298950
Status: Image is up to date for registry.gitlab.com/saguaro1/spi-images:android-6.1-latest
Building for debugging...
[0/2] Write sources
[1/2] Write swift-version-24593BA9C3E375BF.txt
[3/16] Compiling Tapsilat Validators.swift
/host/spi-builder-workspace/Sources/Tapsilat/Webhooks.swift:1:8: error: no such module 'CryptoKit'
  1 | import CryptoKit
    |        `- error: no such module 'CryptoKit'
  2 | import Foundation
  3 |
[4/16] Compiling Tapsilat OrderStatusCodes.swift
/host/spi-builder-workspace/Sources/Tapsilat/Webhooks.swift:1:8: error: no such module 'CryptoKit'
  1 | import CryptoKit
    |        `- error: no such module 'CryptoKit'
  2 | import Foundation
  3 |
[5/16] Compiling Tapsilat PanelModels.swift
/host/spi-builder-workspace/Sources/Tapsilat/Webhooks.swift:1:8: error: no such module 'CryptoKit'
  1 | import CryptoKit
    |        `- error: no such module 'CryptoKit'
  2 | import Foundation
  3 |
[6/16] Compiling Tapsilat Services.swift
/host/spi-builder-workspace/Sources/Tapsilat/Webhooks.swift:1:8: error: no such module 'CryptoKit'
  1 | import CryptoKit
    |        `- error: no such module 'CryptoKit'
  2 | import Foundation
  3 |
[7/16] Compiling Tapsilat SharedAPIClient.swift
/host/spi-builder-workspace/Sources/Tapsilat/Webhooks.swift:1:8: error: no such module 'CryptoKit'
  1 | import CryptoKit
    |        `- error: no such module 'CryptoKit'
  2 | import Foundation
  3 |
[8/16] Compiling Tapsilat Tapsilat.swift
/host/spi-builder-workspace/Sources/Tapsilat/Webhooks.swift:1:8: error: no such module 'CryptoKit'
  1 | import CryptoKit
    |        `- error: no such module 'CryptoKit'
  2 | import Foundation
  3 |
[9/16] Compiling Tapsilat TapsilatConstants.swift
/host/spi-builder-workspace/Sources/Tapsilat/Webhooks.swift:1:8: error: no such module 'CryptoKit'
  1 | import CryptoKit
    |        `- error: no such module 'CryptoKit'
  2 | import Foundation
  3 |
[10/17] Compiling Tapsilat MarketplaceService.swift
/host/spi-builder-workspace/Sources/Tapsilat/Webhooks.swift:1:8: error: no such module 'CryptoKit'
  1 | import CryptoKit
    |        `- error: no such module 'CryptoKit'
  2 | import Foundation
  3 |
[11/17] Compiling Tapsilat Models.swift
/host/spi-builder-workspace/Sources/Tapsilat/Webhooks.swift:1:8: error: no such module 'CryptoKit'
  1 | import CryptoKit
    |        `- error: no such module 'CryptoKit'
  2 | import Foundation
  3 |
error: emit-module command failed with exit code 1 (use -v to see invocation)
[12/17] Emitting module Tapsilat
/host/spi-builder-workspace/Sources/Tapsilat/Webhooks.swift:1:8: error: no such module 'CryptoKit'
  1 | import CryptoKit
    |        `- error: no such module 'CryptoKit'
  2 | import Foundation
  3 |
[13/17] Compiling Tapsilat JSONValue.swift
/host/spi-builder-workspace/Sources/Tapsilat/Webhooks.swift:1:8: error: no such module 'CryptoKit'
  1 | import CryptoKit
    |        `- error: no such module 'CryptoKit'
  2 | import Foundation
  3 |
[14/17] Compiling Tapsilat MarketplaceModels.swift
/host/spi-builder-workspace/Sources/Tapsilat/Webhooks.swift:1:8: error: no such module 'CryptoKit'
  1 | import CryptoKit
    |        `- error: no such module 'CryptoKit'
  2 | import Foundation
  3 |
[15/17] Compiling Tapsilat CurrencyReferenceResolver.swift
/host/spi-builder-workspace/Sources/Tapsilat/Webhooks.swift:1:8: error: no such module 'CryptoKit'
  1 | import CryptoKit
    |        `- error: no such module 'CryptoKit'
  2 | import Foundation
  3 |
[16/17] Compiling Tapsilat Errors.swift
/host/spi-builder-workspace/Sources/Tapsilat/Webhooks.swift:1:8: error: no such module 'CryptoKit'
  1 | import CryptoKit
    |        `- error: no such module 'CryptoKit'
  2 | import Foundation
  3 |
[17/17] Compiling Tapsilat Webhooks.swift
/host/spi-builder-workspace/Sources/Tapsilat/Webhooks.swift:1:8: error: no such module 'CryptoKit'
  1 | import CryptoKit
    |        `- error: no such module 'CryptoKit'
  2 | import Foundation
  3 |
Running build ...
bash -c docker run --pull=always --rm -v "checkouts-53886770-0":/host -w "$PWD" -e JAVA_HOME="/root/.sdkman/candidates/java/current" -e SPI_BUILD="1" -e SPI_PROCESSING="1" registry.gitlab.com/saguaro1/spi-images:android-6.1-latest swift build --swift-sdk aarch64-unknown-linux-android24 2>&1
android-6.1-latest: Pulling from saguaro1/spi-images
Digest: sha256:639806e3270a7d76362a869fc7a464db4368085eea7ecdf63d02ce60a0298950
Status: Image is up to date for registry.gitlab.com/saguaro1/spi-images:android-6.1-latest
[0/1] Planning build
Building for debugging...
[0/1] Write swift-version-24593BA9C3E375BF.txt
[2/15] Compiling Tapsilat Tapsilat.swift
/host/spi-builder-workspace/Sources/Tapsilat/Webhooks.swift:1:8: error: no such module 'CryptoKit'
  1 | import CryptoKit
    |        `- error: no such module 'CryptoKit'
  2 | import Foundation
  3 |
[3/15] Compiling Tapsilat TapsilatConstants.swift
/host/spi-builder-workspace/Sources/Tapsilat/Webhooks.swift:1:8: error: no such module 'CryptoKit'
  1 | import CryptoKit
    |        `- error: no such module 'CryptoKit'
  2 | import Foundation
  3 |
[4/15] Compiling Tapsilat Validators.swift
/host/spi-builder-workspace/Sources/Tapsilat/Webhooks.swift:1:8: error: no such module 'CryptoKit'
  1 | import CryptoKit
    |        `- error: no such module 'CryptoKit'
  2 | import Foundation
  3 |
[5/16] Compiling Tapsilat Webhooks.swift
/host/spi-builder-workspace/Sources/Tapsilat/Webhooks.swift:1:8: error: no such module 'CryptoKit'
  1 | import CryptoKit
    |        `- error: no such module 'CryptoKit'
  2 | import Foundation
  3 |
error: emit-module command failed with exit code 1 (use -v to see invocation)
[6/16] Emitting module Tapsilat
/host/spi-builder-workspace/Sources/Tapsilat/Webhooks.swift:1:8: error: no such module 'CryptoKit'
  1 | import CryptoKit
    |        `- error: no such module 'CryptoKit'
  2 | import Foundation
  3 |
[7/16] Compiling Tapsilat OrderStatusCodes.swift
/host/spi-builder-workspace/Sources/Tapsilat/Webhooks.swift:1:8: error: no such module 'CryptoKit'
  1 | import CryptoKit
    |        `- error: no such module 'CryptoKit'
  2 | import Foundation
  3 |
[8/16] Compiling Tapsilat PanelModels.swift
/host/spi-builder-workspace/Sources/Tapsilat/Webhooks.swift:1:8: error: no such module 'CryptoKit'
  1 | import CryptoKit
    |        `- error: no such module 'CryptoKit'
  2 | import Foundation
  3 |
[9/16] Compiling Tapsilat Services.swift
/host/spi-builder-workspace/Sources/Tapsilat/Webhooks.swift:1:8: error: no such module 'CryptoKit'
  1 | import CryptoKit
    |        `- error: no such module 'CryptoKit'
  2 | import Foundation
  3 |
[10/16] Compiling Tapsilat SharedAPIClient.swift
/host/spi-builder-workspace/Sources/Tapsilat/Webhooks.swift:1:8: error: no such module 'CryptoKit'
  1 | import CryptoKit
    |        `- error: no such module 'CryptoKit'
  2 | import Foundation
  3 |
[11/16] Compiling Tapsilat CurrencyReferenceResolver.swift
/host/spi-builder-workspace/Sources/Tapsilat/Webhooks.swift:1:8: error: no such module 'CryptoKit'
  1 | import CryptoKit
    |        `- error: no such module 'CryptoKit'
  2 | import Foundation
  3 |
[12/16] Compiling Tapsilat Errors.swift
/host/spi-builder-workspace/Sources/Tapsilat/Webhooks.swift:1:8: error: no such module 'CryptoKit'
  1 | import CryptoKit
    |        `- error: no such module 'CryptoKit'
  2 | import Foundation
  3 |
[13/16] Compiling Tapsilat MarketplaceService.swift
/host/spi-builder-workspace/Sources/Tapsilat/Webhooks.swift:1:8: error: no such module 'CryptoKit'
  1 | import CryptoKit
    |        `- error: no such module 'CryptoKit'
  2 | import Foundation
  3 |
[14/16] Compiling Tapsilat Models.swift
/host/spi-builder-workspace/Sources/Tapsilat/Webhooks.swift:1:8: error: no such module 'CryptoKit'
  1 | import CryptoKit
    |        `- error: no such module 'CryptoKit'
  2 | import Foundation
  3 |
[15/16] Compiling Tapsilat JSONValue.swift
/host/spi-builder-workspace/Sources/Tapsilat/Webhooks.swift:1:8: error: no such module 'CryptoKit'
  1 | import CryptoKit
    |        `- error: no such module 'CryptoKit'
  2 | import Foundation
  3 |
[16/16] Compiling Tapsilat MarketplaceModels.swift
/host/spi-builder-workspace/Sources/Tapsilat/Webhooks.swift:1:8: error: no such module 'CryptoKit'
  1 | import CryptoKit
    |        `- error: no such module 'CryptoKit'
  2 | import Foundation
  3 |
BUILD FAILURE 6.1 android