The Swift Package Index logo.Swift Package Index

Build Information

Failed to build KnotAPI, reference 2.1.4 (87dfa2), with Swift 6.4 for visionOS using Xcode 27.0 on 12 Oct 2026 07:02:32 UTC.

Build Command

env DEVELOPER_DIR=/Applications/Xcode-27.0.0-Release.Candidate.app xcrun xcodebuild -IDEClonedSourcePackagesDirPathOverride=$PWD/.dependencies -skipMacroValidation -skipPackagePluginValidation -derivedDataPath $PWD/.derivedData build -scheme KnotAPI -destination generic/platform=xrOS

Build Log

========================================
RunAll
========================================
Builder version: 5.1.1
Interrupt handler set up.
========================================
Checkout
========================================
Clone URL: https://github.com/millionscard/knot-api-ios.git
Reference: 2.1.4
Initialized empty Git repository in /Users/admin/builder/spi-builder-workspace/.git/
From https://github.com/millionscard/knot-api-ios
 * tag               2.1.4      -> FETCH_HEAD
HEAD is now at 87dfa24 Deploy Version 2.1.4
Cloned https://github.com/millionscard/knot-api-ios.git
Revision (git rev-parse @):
87dfa240740fd7b2fa9adf23a265d16a1877cb06
SUCCESS checkout https://github.com/millionscard/knot-api-ios.git at 2.1.4
========================================
Build
========================================
Selected platform:         visionOS
Swift version:             6.4
Building package at path:  $PWD
https://github.com/millionscard/knot-api-ios.git
Command line invocation:
    /Applications/Xcode-27.0.0.app/Contents/Developer/usr/bin/xcodebuild -IDEClonedSourcePackagesDirPathOverride=/Users/admin/builder/spi-builder-workspace/.dependencies -resolvePackageDependencies
Resolve Package Graph
Resolve Package Graph
Resolved source packages:
  KnotAPI: /Users/admin/builder/spi-builder-workspace
resolved source packages: KnotAPI
2026-10-12 03:01:44.527 xcodebuild[529:3057] [MT] IDERunDestination: Supported platforms for the buildables in the current scheme is empty.
{
  "dependencies" : [
  ],
  "manifest_display_name" : "KnotAPI",
  "name" : "KnotAPI",
  "path" : "/Users/admin/builder/spi-builder-workspace",
  "platforms" : [
    {
      "name" : "ios",
      "version" : "13.0"
    }
  ],
  "products" : [
    {
      "name" : "KnotAPI",
      "targets" : [
        "KnotAPI"
      ],
      "type" : {
        "library" : [
          "automatic"
        ]
      }
    }
  ],
  "targets" : [
    {
      "c99name" : "KnotAPI",
      "module_type" : "BinaryTarget",
      "name" : "KnotAPI",
      "path" : "KnotAPI.xcframework",
      "product_memberships" : [
        "KnotAPI"
      ],
      "sources" : [
      ],
      "type" : "binary"
    }
  ],
  "tools_version" : "5.3"
}
{
  "workspace" : {
    "name" : "KnotAPI",
    "schemes" : [
      "KnotAPI"
    ]
  }
}
2026-10-12 03:02:26.386 xcodebuild[669:4287] [MT] IDERunDestination: Supported platforms for the buildables in the current scheme is empty.
Running build ...
env DEVELOPER_DIR=/Applications/Xcode-27.0.0-Release.Candidate.app xcrun xcodebuild -IDEClonedSourcePackagesDirPathOverride=$PWD/.dependencies -skipMacroValidation -skipPackagePluginValidation -derivedDataPath $PWD/.derivedData build -scheme KnotAPI -destination generic/platform=xrOS
Command line invocation:
    /Applications/Xcode-27.0.0.app/Contents/Developer/usr/bin/xcodebuild -IDEClonedSourcePackagesDirPathOverride=/Users/admin/builder/spi-builder-workspace/.dependencies -skipMacroValidation -skipPackagePluginValidation -derivedDataPath /Users/admin/builder/spi-builder-workspace/.derivedData build -scheme KnotAPI -destination generic/platform=xrOS
Resolve Package Graph
Resolve Package Graph
Resolved source packages:
  KnotAPI: /Users/admin/builder/spi-builder-workspace
ComputePackagePrebuildTargetDependencyGraph
Prepare packages
CreateBuildRequest
SendProjectDescription
CreateBuildOperation
ComputeTargetDependencyGraph
note: Building targets in dependency order
note: Target dependency graph (1 target)
    Target 'KnotAPI-product' in project 'KnotAPI' (no dependencies)
GatherProvisioningInputs
CreateBuildDescription
ExecuteExternalTool /Applications/Xcode-27.0.0.app/Contents/Developer/Toolchains/XcodeDefault.xctoolchain/usr/bin/clang -v -E -dM -isysroot /Applications/Xcode-27.0.0.app/Contents/Developer/Platforms/XROS.platform/Developer/SDKs/XROS27.0.sdk -x c -c /dev/null
Build description signature: f2e454508467ff20ec7fe4031613dac9
Build description path: /Users/admin/builder/spi-builder-workspace/.derivedData/Build/Intermediates.noindex/XCBuildData/f2e454508467ff20ec7fe4031613dac9.xcbuilddata
/Users/admin/builder/spi-builder-workspace/KnotAPI.xcframework:1:1: error: While building for visionOS, no library for this platform was found in '/Users/admin/builder/spi-builder-workspace/KnotAPI.xcframework'. (in target 'KnotAPI-product' from project 'KnotAPI')
2026-10-12 03:02:28.196 xcodebuild[670:4329] [MT] IDERunDestination: Supported platforms for the buildables in the current scheme is empty.
** BUILD FAILED **
The following build commands failed:
	Building workspace KnotAPI with scheme KnotAPI
(1 failure)
Command line invocation:
    /Applications/Xcode-27.0.0.app/Contents/Developer/usr/bin/xcodebuild -IDEClonedSourcePackagesDirPathOverride=/Users/admin/builder/spi-builder-workspace/.dependencies -resolvePackageDependencies
Resolve Package Graph
Resolved source packages:
  KnotAPI: /Users/admin/builder/spi-builder-workspace
resolved source packages: KnotAPI
2026-10-12 03:02:30.032 xcodebuild[682:4432] [MT] IDERunDestination: Supported platforms for the buildables in the current scheme is empty.
{
  "dependencies" : [
  ],
  "manifest_display_name" : "KnotAPI",
  "name" : "KnotAPI",
  "path" : "/Users/admin/builder/spi-builder-workspace",
  "platforms" : [
    {
      "name" : "ios",
      "version" : "13.0"
    }
  ],
  "products" : [
    {
      "name" : "KnotAPI",
      "targets" : [
        "KnotAPI"
      ],
      "type" : {
        "library" : [
          "automatic"
        ]
      }
    }
  ],
  "targets" : [
    {
      "c99name" : "KnotAPI",
      "module_type" : "BinaryTarget",
      "name" : "KnotAPI",
      "path" : "KnotAPI.xcframework",
      "product_memberships" : [
        "KnotAPI"
      ],
      "sources" : [
      ],
      "type" : "binary"
    }
  ],
  "tools_version" : "5.3"
}
{
  "workspace" : {
    "name" : "KnotAPI",
    "schemes" : [
      "KnotAPI"
    ]
  }
}
2026-10-12 03:02:31.226 xcodebuild[690:4495] [MT] IDERunDestination: Supported platforms for the buildables in the current scheme is empty.
Running build ...
env DEVELOPER_DIR=/Applications/Xcode-27.0.0-Release.Candidate.app xcrun xcodebuild -IDEClonedSourcePackagesDirPathOverride=$PWD/.dependencies -skipMacroValidation -skipPackagePluginValidation -derivedDataPath $PWD/.derivedData build -scheme KnotAPI -destination generic/platform=xrOS
Command line invocation:
    /Applications/Xcode-27.0.0.app/Contents/Developer/usr/bin/xcodebuild -IDEClonedSourcePackagesDirPathOverride=/Users/admin/builder/spi-builder-workspace/.dependencies -skipMacroValidation -skipPackagePluginValidation -derivedDataPath /Users/admin/builder/spi-builder-workspace/.derivedData build -scheme KnotAPI -destination generic/platform=xrOS
Resolve Package Graph
Resolved source packages:
  KnotAPI: /Users/admin/builder/spi-builder-workspace
ComputePackagePrebuildTargetDependencyGraph
Prepare packages
CreateBuildRequest
SendProjectDescription
CreateBuildOperation
ComputeTargetDependencyGraph
note: Building targets in dependency order
note: Target dependency graph (1 target)
    Target 'KnotAPI-product' in project 'KnotAPI' (no dependencies)
GatherProvisioningInputs
CreateBuildDescription
/Users/admin/builder/spi-builder-workspace/KnotAPI.xcframework:1:1: error: While building for visionOS, no library for this platform was found in '/Users/admin/builder/spi-builder-workspace/KnotAPI.xcframework'. (in target 'KnotAPI-product' from project 'KnotAPI')
2026-10-12 03:02:32.151 xcodebuild[691:4521] [MT] IDERunDestination: Supported platforms for the buildables in the current scheme is empty.
** BUILD FAILED **
The following build commands failed:
	Building workspace KnotAPI with scheme KnotAPI
(1 failure)
BUILD FAILURE 6.4 visionOS