The Swift Package Index logo.Swift Package Index

Build Information

Failed to build Courier, reference main (c99b73), with Swift 6.4 for Android on 23 Oct 2026 01:18:55 UTC.

Build Command

bash -c docker run --pull=always --rm -v "checkouts-54344846-0":/host -w "$PWD" -e JAVA_HOME="/root/.sdkman/candidates/java/current" -e SPI_BUILD="1" -e SPI_PROCESSING="1" registry.gitlab.com/saguaro1/spi-images:android-6.4-latest swift build --swift-sdk aarch64-unknown-linux-android28 2>&1

Build Log

========================================
RunAll
========================================
Builder version: 5.1.3
Interrupt handler set up.
========================================
Checkout
========================================
Clone URL: https://github.com/DeepakPal25/Courier.git
Reference: main
Initialized empty Git repository in /host/spi-builder-workspace/.git/
hint: Using 'master' as the name for the initial branch. This default branch name
hint: is subject to change. To configure the initial branch name to use in all
hint: of your new repositories, which will suppress this warning, call:
hint:
hint: 	git config --global init.defaultBranch <name>
hint:
hint: Names commonly chosen instead of 'master' are 'main', 'trunk' and
hint: 'development'. The just-created branch can be renamed via this command:
hint:
hint: 	git branch -m <name>
From https://github.com/DeepakPal25/Courier
 * branch            main       -> FETCH_HEAD
 * [new branch]      main       -> origin/main
HEAD is now at c99b73f Fix install instructions: YOUR_USERNAME placeholder -> DeepakPal25
Cloned https://github.com/DeepakPal25/Courier.git
Revision (git rev-parse @):
c99b73f6d290479259d81bf2f064a578ba61e804
SPI manifest file found: $PWD/.spi.yml
SUCCESS checkout https://github.com/DeepakPal25/Courier.git at main
========================================
Build
========================================
Selected platform:         android
Swift version:             6.4
Building package at path:  $PWD
https://github.com/DeepakPal25/Courier.git
Running build ...
bash -c docker run --pull=always --rm -v "checkouts-54344846-0":/host -w "$PWD" -e JAVA_HOME="/root/.sdkman/candidates/java/current" -e SPI_BUILD="1" -e SPI_PROCESSING="1" registry.gitlab.com/saguaro1/spi-images:android-6.4-latest swift build --swift-sdk aarch64-unknown-linux-android28 2>&1
android-6.4-latest: Pulling from saguaro1/spi-images
Digest: sha256:d9a84d7647394b4473e054b8d8a8f0e0b43300080afc6972ec459a3a608366e4
Status: Image is up to date for registry.gitlab.com/saguaro1/spi-images:android-6.4-latest
Building for debugging...
[Planning 61 / 124]
[14 / 41] CourierTesting
error: SwiftCompile normal aarch64 failed with a nonzero exit code. Command line:     cd /host

/host/spi-builder-workspace/Sources/Courier/Core/Middleware.swift:3:43: error: cannot find type 'URLRequest' in scope
 1 | import Foundation
 2 |
 3 | public typealias HTTPHandler = @Sendable (URLRequest) async throws -> HTTPResponse
   |                                           `- error: cannot find type 'URLRequest' in scope
 4 |
 5 | public protocol Middleware: Sendable {
/host/spi-builder-workspace/Sources/Courier/Core/Middleware.swift:6:31: error: cannot find type 'URLRequest' in scope
 4 |
 5 | public protocol Middleware: Sendable {
 6 |     func intercept(_ request: URLRequest, next: @escaping HTTPHandler) async throws -> HTTPResponse
   |                               `- error: cannot find type 'URLRequest' in scope
 7 | }
 8 |
/host/spi-builder-workspace/Sources/Courier/Core/Middleware.swift:6:49: error: '@escaping' only applies to function types
 4 |
 5 | public protocol Middleware: Sendable {
 6 |     func intercept(_ request: URLRequest, next: @escaping HTTPHandler) async throws -> HTTPResponse
   |                                                 `- error: '@escaping' only applies to function types
 7 | }
 8 |
/host/spi-builder-workspace/Sources/Courier/Core/Middleware.swift:17:34: error: cannot find type 'URLRequest' in scope
15 | //   }
16 | public struct ClosureMiddleware: Middleware {
17 |     private let body: @Sendable (URLRequest, HTTPHandler) async throws -> HTTPResponse
   |                                  `- error: cannot find type 'URLRequest' in scope
18 |
19 |     public init(_ body: @escaping @Sendable (URLRequest, HTTPHandler) async throws -> HTTPResponse) {
/host/spi-builder-workspace/Sources/Courier/Core/Middleware.swift:19:46: error: cannot find type 'URLRequest' in scope
17 |     private let body: @Sendable (URLRequest, HTTPHandler) async throws -> HTTPResponse
18 |
19 |     public init(_ body: @escaping @Sendable (URLRequest, HTTPHandler) async throws -> HTTPResponse) {
   |                                              `- error: cannot find type 'URLRequest' in scope
20 |         self.body = body
21 |     }
/host/spi-builder-workspace/Sources/Courier/Core/Middleware.swift:23:38: error: cannot find type 'URLRequest' in scope
21 |     }
22 |
23 |     public func intercept(_ request: URLRequest, next: @escaping HTTPHandler) async throws -> HTTPResponse {
   |                                      `- error: cannot find type 'URLRequest' in scope
24 |         try await body(request, next)
25 |     }
/host/spi-builder-workspace/Sources/Courier/Core/Middleware.swift:23:56: error: '@escaping' only applies to function types
21 |     }
22 |
23 |     public func intercept(_ request: URLRequest, next: @escaping HTTPHandler) async throws -> HTTPResponse {
   |                                                        `- error: '@escaping' only applies to function types
24 |         try await body(request, next)
25 |     }
/host/spi-builder-workspace/Sources/Courier/Core/Request.swift:63:83: error: cannot find type 'URLRequest' in scope
 61 |
 62 | extension Request {
 63 |     func makeURLRequest(baseURL: URL, defaultHeaders: [String: String]) throws -> URLRequest {
    |                                                                                   `- error: cannot find type 'URLRequest' in scope
 64 |         let trimmedPath = path.drop { $0 == "/" }
 65 |         var url = trimmedPath.isEmpty ? baseURL : baseURL.appending(path: String(trimmedPath))
/host/spi-builder-workspace/Sources/Courier/Core/Transport.swift:4:26: error: cannot find type 'URLRequest' in scope
 2 |
 3 | public protocol HTTPTransport: Sendable {
 4 |     func send(_ request: URLRequest) async throws -> HTTPResponse
   |                          `- error: cannot find type 'URLRequest' in scope
 5 | }
 6 |
/host/spi-builder-workspace/Sources/Courier/Core/Transport.swift:8:26: error: 'URLSession' is unavailable: This type has moved to the FoundationNetworking module. Import that module to use it.
 6 |
 7 | public struct URLSessionTransport: HTTPTransport {
 8 |     private let session: URLSession
   |                          `- error: 'URLSession' is unavailable: This type has moved to the FoundationNetworking module. Import that module to use it.
 9 |
10 |     public init(session: URLSession = .shared) {
Foundation.URLSession:2:18: note: 'URLSession' has been explicitly marked unavailable here
1 | @available(*, unavailable, message: "This type has moved to the FoundationNetworking module. Import that module to use it.")
2 | public typealias URLSession = AnyObject
  |                  `- note: 'URLSession' has been explicitly marked unavailable here
/host/spi-builder-workspace/Sources/Courier/Core/Transport.swift:10:26: error: 'URLSession' is unavailable: This type has moved to the FoundationNetworking module. Import that module to use it.
 8 |     private let session: URLSession
 9 |
10 |     public init(session: URLSession = .shared) {
   |                          `- error: 'URLSession' is unavailable: This type has moved to the FoundationNetworking module. Import that module to use it.
11 |         self.session = session
12 |     }
Foundation.URLSession:2:18: note: 'URLSession' has been explicitly marked unavailable here
1 | @available(*, unavailable, message: "This type has moved to the FoundationNetworking module. Import that module to use it.")
2 | public typealias URLSession = AnyObject
  |                  `- note: 'URLSession' has been explicitly marked unavailable here
/host/spi-builder-workspace/Sources/Courier/Core/Transport.swift:10:40: error: type 'URLSession' (aka 'AnyObject') has no member 'shared'
 8 |     private let session: URLSession
 9 |
10 |     public init(session: URLSession = .shared) {
   |                                        `- error: type 'URLSession' (aka 'AnyObject') has no member 'shared'
11 |         self.session = session
12 |     }
/host/spi-builder-workspace/Sources/Courier/Core/Transport.swift:10:40: error: value of type '_' expected to be instance of class or class-constrained type
 8 |     private let session: URLSession
 9 |
10 |     public init(session: URLSession = .shared) {
   |                                        `- error: value of type '_' expected to be instance of class or class-constrained type
11 |         self.session = session
12 |     }
/host/spi-builder-workspace/Sources/Courier/Core/Transport.swift:14:33: error: cannot find type 'URLRequest' in scope
12 |     }
13 |
14 |     public func send(_ request: URLRequest) async throws -> HTTPResponse {
   |                                 `- error: cannot find type 'URLRequest' in scope
15 |         let (data, response) = try await session.data(for: request)
16 |         guard let http = response as? HTTPURLResponse else {
/host/spi-builder-workspace/Sources/Courier/Core/Transport.swift:8:17: error: stored property 'session' of 'Sendable'-conforming struct 'URLSessionTransport' has non-Sendable type 'AnyObject'
 6 |
 7 | public struct URLSessionTransport: HTTPTransport {
 8 |     private let session: URLSession
   |                 `- error: stored property 'session' of 'Sendable'-conforming struct 'URLSessionTransport' has non-Sendable type 'AnyObject'
 9 |
10 |     public init(session: URLSession = .shared) {
/host/spi-builder-workspace/Sources/Courier/Middleware/AuthMiddleware.swift:63:38: error: cannot find type 'URLRequest' in scope
61 |     }
62 |
63 |     public func intercept(_ request: URLRequest, next: @escaping HTTPHandler) async throws -> HTTPResponse {
   |                                      `- error: cannot find type 'URLRequest' in scope
64 |         let token = try await tokens.validToken()
65 |         let response = try await next(authorize(request, with: token))
/host/spi-builder-workspace/Sources/Courier/Middleware/AuthMiddleware.swift:63:56: error: '@escaping' only applies to function types
61 |     }
62 |
63 |     public func intercept(_ request: URLRequest, next: @escaping HTTPHandler) async throws -> HTTPResponse {
   |                                                        `- error: '@escaping' only applies to function types
64 |         let token = try await tokens.validToken()
65 |         let response = try await next(authorize(request, with: token))
/host/spi-builder-workspace/Sources/Courier/Middleware/AuthMiddleware.swift:72:74: error: cannot find type 'URLRequest' in scope
70 |     }
71 |
72 |     private func authorize(_ request: URLRequest, with token: String) -> URLRequest {
   |                                                                          `- error: cannot find type 'URLRequest' in scope
73 |         var request = request
74 |         request.setValue("\(scheme) \(token)", forHTTPHeaderField: "Authorization")
/host/spi-builder-workspace/Sources/Courier/Middleware/AuthMiddleware.swift:72:39: error: cannot find type 'URLRequest' in scope
70 |     }
71 |
72 |     private func authorize(_ request: URLRequest, with token: String) -> URLRequest {
   |                                       `- error: cannot find type 'URLRequest' in scope
73 |         var request = request
74 |         request.setValue("\(scheme) \(token)", forHTTPHeaderField: "Authorization")
/host/spi-builder-workspace/Sources/Courier/Middleware/DeduplicationMiddleware.swift:12:28: error: cannot find type 'URLRequest' in scope
10 | // Each individual caller still sees its own cancellation when it resumes.
11 | public actor DeduplicationMiddleware: Middleware {
12 |     private var inFlight: [URLRequest: Task<HTTPResponse, any Error>] = [:]
   |                            `- error: cannot find type 'URLRequest' in scope
13 |     private let methods: Set<HTTPMethod>
14 |
/host/spi-builder-workspace/Sources/Courier/Middleware/DeduplicationMiddleware.swift:19:38: error: cannot find type 'URLRequest' in scope
17 |     }
18 |
19 |     public func intercept(_ request: URLRequest, next: @escaping HTTPHandler) async throws -> HTTPResponse {
   |                                      `- error: cannot find type 'URLRequest' in scope
20 |         guard methods.contains(HTTPMethod(rawValue: request.httpMethod ?? "GET")) else {
21 |             return try await next(request)
/host/spi-builder-workspace/Sources/Courier/Middleware/DeduplicationMiddleware.swift:19:56: error: '@escaping' only applies to function types
17 |     }
18 |
19 |     public func intercept(_ request: URLRequest, next: @escaping HTTPHandler) async throws -> HTTPResponse {
   |                                                        `- error: '@escaping' only applies to function types
20 |         guard methods.contains(HTTPMethod(rawValue: request.httpMethod ?? "GET")) else {
21 |             return try await next(request)
/host/spi-builder-workspace/Sources/Courier/Middleware/LoggingMiddleware.swift:23:38: error: cannot find type 'URLRequest' in scope
21 |     }
22 |
23 |     public func intercept(_ request: URLRequest, next: @escaping HTTPHandler) async throws -> HTTPResponse {
   |                                      `- error: cannot find type 'URLRequest' in scope
24 |         let method = request.httpMethod ?? "GET"
25 |         let url = request.url?.absoluteString ?? "<no url>"
/host/spi-builder-workspace/Sources/Courier/Middleware/LoggingMiddleware.swift:23:56: error: '@escaping' only applies to function types
21 |     }
22 |
23 |     public func intercept(_ request: URLRequest, next: @escaping HTTPHandler) async throws -> HTTPResponse {
   |                                                        `- error: '@escaping' only applies to function types
24 |         let method = request.httpMethod ?? "GET"
25 |         let url = request.url?.absoluteString ?? "<no url>"
/host/spi-builder-workspace/Sources/Courier/Middleware/RetryMiddleware.swift:97:38: error: cannot find type 'URLRequest' in scope
 95 |     }
 96 |
 97 |     public func intercept(_ request: URLRequest, next: @escaping HTTPHandler) async throws -> HTTPResponse {
    |                                      `- error: cannot find type 'URLRequest' in scope
 98 |         let method = HTTPMethod(rawValue: request.httpMethod ?? "GET")
 99 |         guard policy.canRetry(method), policy.maxAttempts > 1 else {
/host/spi-builder-workspace/Sources/Courier/Middleware/RetryMiddleware.swift:97:56: error: '@escaping' only applies to function types
 95 |     }
 96 |
 97 |     public func intercept(_ request: URLRequest, next: @escaping HTTPHandler) async throws -> HTTPResponse {
    |                                                        `- error: '@escaping' only applies to function types
 98 |         let method = HTTPMethod(rawValue: request.httpMethod ?? "GET")
 99 |         guard policy.canRetry(method), policy.maxAttempts > 1 else {
Failed frontend command:
/root/.local/share/swiftly/toolchains/6.4.0/usr/bin/swift-frontend -frontend -emit-module -experimental-skip-non-inlinable-function-bodies-without-types /host/spi-builder-workspace/Sources/Courier/Core/CourierError.swift /host/spi-builder-workspace/Sources/Courier/Core/HTTPMethod.swift /host/spi-builder-workspace/Sources/Courier/Core/HTTPResponse.swift /host/spi-builder-workspace/Sources/Courier/Core/Middleware.swift /host/spi-builder-workspace/Sources/Courier/Core/Request.swift /host/spi-builder-workspace/Sources/Courier/Core/ResponseDecoder.swift /host/spi-builder-workspace/Sources/Courier/Core/Transport.swift /host/spi-builder-workspace/Sources/Courier/HTTPClient.swift /host/spi-builder-workspace/Sources/Courier/Middleware/AuthMiddleware.swift /host/spi-builder-workspace/Sources/Courier/Middleware/DeduplicationMiddleware.swift /host/spi-builder-workspace/Sources/Courier/Middleware/LoggingMiddleware.swift /host/spi-builder-workspace/Sources/Courier/Middleware/RetryMiddleware.swift -target aarch64-unknown-linux-android28 -Xllvm -aarch64-use-tbi -disable-objc-interop -sdk /android-ndk/android-ndk-r30/toolchains/llvm/prebuilt/linux-x86_64/sysroot -sysroot /android-ndk/android-ndk-r30/toolchains/llvm/prebuilt/linux-x86_64/sysroot -I /host/spi-builder-workspace/.build/out/Products/Debug-android-aarch64 -module-cache-path /host/spi-builder-workspace/.build/out/ModuleCache.noindex -color-diagnostics -Xcc -fcolor-diagnostics -enable-testing -g -debug-info-format\=dwarf -dwarf-version\=4 -swift-version 6 -Onone -D SWIFT_PACKAGE -D DEBUG -D SWIFT_MODULE_RESOURCE_BUNDLE_UNAVAILABLE -D Xcode -serialize-debugging-options -enable-experimental-feature DebugDescriptionMacro -empty-abi-descriptor -external-plugin-path /root/.local/share/swiftly/toolchains/6.4.0/usr/lib/swift/host/plugins/testing\#/root/.local/share/swiftly/toolchains/6.4.0/usr/bin/swift-plugin-server -validate-clang-modules-once -clang-build-session-file /host/spi-builder-workspace/.build/out/ModuleCache.noindex/Session.modulevalidation -Xcc -working-directory -Xcc /host -resource-dir /root/.swiftpm/swift-sdks/swift-6.4.0-RELEASE_android.artifactbundle/swift-android/swift-resources/usr/lib/swift-aarch64 -enable-anonymous-context-mangled-names -file-compilation-dir /host -Xcc -resource-dir -Xcc /android-ndk/android-ndk-r30/toolchains/llvm/prebuilt/linux-x86_64/lib/clang/21 -Xcc -fno-omit-frame-pointer -Xcc -D_LIBCPP_HARDENING_MODE\=_LIBCPP_HARDENING_MODE_DEBUG -Xcc -fmodules-prune-interval\=86400 -Xcc -fmodules-prune-after\=345600 -Xcc -I/host/spi-builder-workspace/.build/out/Products/Debug-android-aarch64/include -Xcc -I/host/spi-builder-workspace/.build/out/Intermediates.noindex/Courier.build/Debug-android-aarch64/Courier-t.build/DerivedSources-normal/aarch64 -Xcc -I/host/spi-builder-workspace/.build/out/Intermediates.noindex/Courier.build/Debug-android-aarch64/Courier-t.build/DerivedSources/aarch64 -Xcc -I/host/spi-builder-workspace/.build/out/Intermediates.noindex/Courier.build/Debug-android-aarch64/Courier-t.build/DerivedSources -Xcc -DSWIFT_PACKAGE -Xcc -DDEBUG\=1 -no-auto-bridging-header-chaining -module-name Courier -package-name spi_builder_workspace -const-gather-protocols-file /host/spi-builder-workspace/.build/out/Intermediates.noindex/Courier.build/Debug-android-aarch64/Courier-t.build/Objects-normal/aarch64/Courier_const_extract_protocols.json -in-process-plugin-server-path /root/.local/share/swiftly/toolchains/6.4.0/usr/lib/swift/host/libSwiftInProcPluginServer.so -plugin-path /root/.local/share/swiftly/toolchains/6.4.0/usr/lib/swift/host/plugins -plugin-path /root/.local/share/swiftly/toolchains/6.4.0/usr/local/lib/swift/host/plugins -emit-module-doc-path /host/spi-builder-workspace/.build/out/Intermediates.noindex/Courier.build/Debug-android-aarch64/Courier-t.build/Objects-normal/aarch64/Modules/Courier.swiftdoc -emit-module-source-info-path /host/spi-builder-workspace/.build/out/Intermediates.noindex/Courier.build/Debug-android-aarch64/Courier-t.build/Objects-normal/aarch64/Modules/Courier.swiftsourceinfo -emit-objc-header-path /host/spi-builder-workspace/.build/out/Intermediates.noindex/Courier.build/Debug-android-aarch64/Courier-t.build/Objects-normal/aarch64/Courier-Swift.h -serialize-diagnostics-path /host/spi-builder-workspace/.build/out/Intermediates.noindex/Courier.build/Debug-android-aarch64/Courier-t.build/Objects-normal/aarch64/Courier-primary-emit-module.dia -emit-dependencies-path /host/spi-builder-workspace/.build/out/Intermediates.noindex/Courier.build/Debug-android-aarch64/Courier-t.build/Objects-normal/aarch64/Courier-primary-emit-module.d -parse-as-library -o /host/spi-builder-workspace/.build/out/Intermediates.noindex/Courier.build/Debug-android-aarch64/Courier-t.build/Objects-normal/aarch64/Modules/Courier.swiftmodule
error: Build failed
BUILD FAILURE 6.4 android