The Swift Package Index logo.Swift Package Index

Build Information

Failed to build RxKakaoOpenSDK, reference 2.29.0 (121950), with Swift 6.3 for macOS (SPM) on 31 Aug 2026 05:19:51 UTC.

Build Command

env DEVELOPER_DIR=/Applications/Xcode-26.5.0.app xcrun swift build --arch arm64

Build Log

========================================
RunAll
========================================
Builder version: 5.0.2
Interrupt handler set up.
========================================
Checkout
========================================
Clone URL: https://github.com/kakao/kakao-ios-sdk-rx.git
Reference: 2.29.0
Initialized empty Git repository in /Users/admin/builder/spi-builder-workspace/.git/
From https://github.com/kakao/kakao-ios-sdk-rx
 * tag               2.29.0     -> FETCH_HEAD
HEAD is now at 121950d 2.29.0
Cloned https://github.com/kakao/kakao-ios-sdk-rx.git
Revision (git rev-parse @):
121950d2a4b44b8ec2b0f1cf41a20dbea1791c91
SUCCESS checkout https://github.com/kakao/kakao-ios-sdk-rx.git at 2.29.0
Fetching https://github.com/kakao/kakao-ios-sdk.git
Fetching https://github.com/ReactiveX/RxSwift.git
[1/54475] Fetching rxswift
[51057/57672] Fetching rxswift, kakao-ios-sdk
Fetched https://github.com/kakao/kakao-ios-sdk.git from cache (23.29s)
Fetched https://github.com/ReactiveX/RxSwift.git from cache (23.29s)
Computing version for https://github.com/kakao/kakao-ios-sdk.git
Computed https://github.com/kakao/kakao-ios-sdk.git at 2.29.0 (23.93s)
Fetching https://github.com/Alamofire/Alamofire.git
[1/32366] Fetching alamofire
Fetched https://github.com/Alamofire/Alamofire.git from cache (5.58s)
Computing version for https://github.com/Alamofire/Alamofire.git
Computed https://github.com/Alamofire/Alamofire.git at 5.12.0 (6.15s)
Computing version for https://github.com/ReactiveX/RxSwift.git
Computed https://github.com/ReactiveX/RxSwift.git at 6.10.2 (2.59s)
Creating working copy for https://github.com/Alamofire/Alamofire.git
Working copy of https://github.com/Alamofire/Alamofire.git resolved at 5.12.0
Creating working copy for https://github.com/kakao/kakao-ios-sdk.git
Working copy of https://github.com/kakao/kakao-ios-sdk.git resolved at 2.29.0
Creating working copy for https://github.com/ReactiveX/RxSwift.git
Working copy of https://github.com/ReactiveX/RxSwift.git resolved at 6.10.2
========================================
ResolveProductDependencies
========================================
Resolving dependencies ...
{
  "identity": ".resolve-product-dependencies",
  "name": "resolve-dependencies",
  "url": "/Users/admin/builder/spi-builder-workspace/.resolve-product-dependencies",
  "version": "unspecified",
  "path": "/Users/admin/builder/spi-builder-workspace/.resolve-product-dependencies",
  "traits": [
    "default"
  ],
  "dependencies": [
    {
      "identity": "kakao-ios-sdk-rx",
      "name": "RxKakaoOpenSDK",
      "url": "https://github.com/kakao/kakao-ios-sdk-rx.git",
      "version": "unspecified",
      "path": "/Users/admin/builder/spi-builder-workspace/.resolve-product-dependencies/.build/checkouts/kakao-ios-sdk-rx",
      "traits": [
        "default"
      ],
      "dependencies": [
        {
          "identity": "kakao-ios-sdk",
          "name": "KakaoOpenSDK",
          "url": "https://github.com/kakao/kakao-ios-sdk.git",
          "version": "2.29.0",
          "path": "/Users/admin/builder/spi-builder-workspace/.resolve-product-dependencies/.build/checkouts/kakao-ios-sdk",
          "traits": [
            "default"
          ],
          "dependencies": [
            {
              "identity": "alamofire",
              "name": "Alamofire",
              "url": "https://github.com/Alamofire/Alamofire.git",
              "version": "5.12.0",
              "path": "/Users/admin/builder/spi-builder-workspace/.resolve-product-dependencies/.build/checkouts/Alamofire",
              "traits": [
                "default"
              ],
              "dependencies": [
              ]
            }
          ]
        },
        {
          "identity": "rxswift",
          "name": "RxSwift",
          "url": "https://github.com/ReactiveX/RxSwift.git",
          "version": "6.10.2",
          "path": "/Users/admin/builder/spi-builder-workspace/.resolve-product-dependencies/.build/checkouts/RxSwift",
          "traits": [
            "default"
          ],
          "dependencies": [
          ]
        }
      ]
    }
  ]
}
Fetching https://github.com/kakao/kakao-ios-sdk-rx.git
[1/684] Fetching kakao-ios-sdk-rx
Fetched https://github.com/kakao/kakao-ios-sdk-rx.git from cache (1.41s)
Fetching https://github.com/kakao/kakao-ios-sdk.git from cache
Fetching https://github.com/ReactiveX/RxSwift.git from cache
Fetched https://github.com/ReactiveX/RxSwift.git from cache (0.83s)
Fetched https://github.com/kakao/kakao-ios-sdk.git from cache (0.83s)
Computing version for https://github.com/kakao/kakao-ios-sdk.git
Computed https://github.com/kakao/kakao-ios-sdk.git at 2.29.0 (0.89s)
Fetching https://github.com/Alamofire/Alamofire.git from cache
Fetched https://github.com/Alamofire/Alamofire.git from cache (0.78s)
Computing version for https://github.com/Alamofire/Alamofire.git
Computed https://github.com/Alamofire/Alamofire.git at 5.12.0 (0.85s)
Computing version for https://github.com/ReactiveX/RxSwift.git
Computed https://github.com/ReactiveX/RxSwift.git at 6.10.2 (0.05s)
Creating working copy for https://github.com/Alamofire/Alamofire.git
Working copy of https://github.com/Alamofire/Alamofire.git resolved at 5.12.0
Creating working copy for https://github.com/kakao/kakao-ios-sdk.git
Working copy of https://github.com/kakao/kakao-ios-sdk.git resolved at 2.29.0
Creating working copy for https://github.com/ReactiveX/RxSwift.git
Working copy of https://github.com/ReactiveX/RxSwift.git resolved at 6.10.2
Creating working copy for https://github.com/kakao/kakao-ios-sdk-rx.git
Working copy of https://github.com/kakao/kakao-ios-sdk-rx.git resolved at 2.29.0 (121950d)
warning: '.resolve-product-dependencies': dependency 'kakao-ios-sdk-rx' is not used by any target
Found 2 product dependencies
  - KakaoOpenSDK
  - RxSwift
========================================
Build
========================================
Selected platform:         macosSpm
Swift version:             6.3
Building package at path:  $PWD
https://github.com/kakao/kakao-ios-sdk-rx.git
Running build ...
env DEVELOPER_DIR=/Applications/Xcode-26.5.0.app xcrun swift build --arch arm64
Building for debugging...
[0/37] Write sources
[0/37] Copying PrivacyInfo.xcprivacy
[0/37] Write sources
[0/37] Copying PrivacyInfo.xcprivacy
[0/37] Write sources
[16/37] Copying PrivacyInfo.xcprivacy
[17/37] Write sources
[20/37] Copying Info.plist
[23/37] Write sources
[24/37] Copying KakaoSDKUserLocalizable.strings
[26/37] Copying Info.plist
[26/37] Copying PrivacyInfo.xcprivacy
[30/37] Copying BridgeAssets.xcassets
[31/37] Write swift-version-69A768CDF2A0BEE1.txt
[33/226] Emitting module RxSwift
[34/242] Emitting module Alamofire
[35/246] Compiling RxSwift Cancelable.swift
[36/246] Compiling RxSwift Catch.swift
[37/246] Compiling RxSwift CombineLatest+Collection.swift
[38/246] Compiling RxSwift CombineLatest+arity.swift
[39/246] Compiling RxSwift PrimitiveSequence+Zip+arity.swift
[40/246] Compiling RxSwift PrimitiveSequence.swift
[41/246] Compiling RxSwift PriorityQueue.swift
[42/246] Compiling RxSwift Producer.swift
[43/246] Compiling RxSwift PublishSubject.swift
[44/246] Compiling RxSwift Queue.swift
[45/246] Compiling RxSwift Range.swift
[46/246] Compiling RxSwift Reactive.swift
[47/246] Compiling RxSwift RecursiveLock.swift
[48/246] Compiling RxSwift SkipUntil.swift
[49/246] Compiling RxSwift SkipWhile.swift
[50/246] Compiling RxSwift StartWith.swift
[51/246] Compiling RxSwift SubjectType.swift
[52/246] Compiling RxSwift SubscribeOn.swift
[53/246] Compiling RxSwift Create.swift
[54/246] Compiling RxSwift CurrentThreadScheduler.swift
[55/246] Compiling RxSwift Date+Dispatch.swift
[56/246] Compiling RxSwift Debounce.swift
[57/246] Compiling RxSwift PrimitiveSequence+Concurrency.swift
[58/246] Compiling RxSwift RecursiveScheduler.swift
[59/246] Compiling RxSwift Reduce.swift
[60/246] Compiling RxSwift RefCountDisposable.swift
[61/246] Compiling RxSwift Repeat.swift
[62/246] Compiling RxSwift ReplaySubject.swift
[63/246] Compiling RxSwift RetryWhen.swift
[64/246] Compiling RxSwift Sink.swift
[65/246] Compiling RxSwift Skip.swift
[70/246] Compiling RxSwift CombineLatest.swift
[71/246] Compiling RxSwift CompactMap.swift
[72/246] Compiling RxSwift Completable+AndThen.swift
[73/246] Compiling RxSwift Completable.swift
[74/246] Compiling RxSwift CompositeDisposable.swift
[75/246] Compiling RxSwift Concat.swift
[76/246] Compiling RxSwift ConcurrentDispatchQueueScheduler.swift
[77/246] Compiling RxSwift ConcurrentMainScheduler.swift
[78/246] Compiling RxSwift ConnectableObservableType.swift
[83/246] Compiling RxSwift Infallible+Debug.swift
[84/246] Compiling RxSwift Infallible+Operators.swift
[85/246] Compiling RxSwift Infallible+Zip+arity.swift
[86/246] Compiling RxSwift Infallible.swift
[87/246] Compiling RxSwift InfiniteSequence.swift
[88/246] Compiling RxSwift InvocableScheduledItem.swift
[89/246] Compiling RxSwift InvocableType.swift
[90/246] Compiling RxSwift Just.swift
[91/246] Compiling RxSwift Lock.swift
[92/246] Compiling RxSwift LockOwnerType.swift
[93/246] Compiling RxSwift MainScheduler.swift
[94/246] Compiling RxSwift Map.swift
[95/246] Compiling RxSwift Materialize.swift
[96/246] Compiling RxSwift Maybe.swift
[97/246] Compiling RxSwift Merge.swift
[98/246] Compiling RxSwift Multicast.swift
[99/246] Compiling RxSwift Never.swift
[100/246] Compiling RxSwift NopDisposable.swift
[101/246] Compiling RxSwift Observable+Concurrency.swift
[102/246] Compiling RxSwift Observable.swift
[103/246] Compiling RxSwift ObservableConvertibleType+Infallible.swift
[104/246] Compiling RxSwift ObservableConvertibleType.swift
[105/246] Compiling RxSwift ObservableType+Extensions.swift
[106/246] Compiling RxSwift ObservableType+PrimitiveSequence.swift
[107/246] Compiling RxSwift ObservableType.swift
[108/246] Compiling RxSwift ObserveOn.swift
[109/246] Compiling RxSwift ObserverBase.swift
[110/246] Compiling RxSwift ObserverType.swift
[111/246] Compiling RxSwift OperationQueueScheduler.swift
[112/246] Compiling RxSwift Optional.swift
[113/246] Compiling RxSwift Platform.Darwin.swift
[114/246] Compiling RxSwift Platform.Linux.swift
[115/246] Compiling RxSwift Debug.swift
[116/246] Compiling RxSwift Decode.swift
[117/246] Compiling RxSwift DefaultIfEmpty.swift
[118/246] Compiling RxSwift Deferred.swift
[119/246] Compiling RxSwift Delay.swift
[120/246] Compiling RxSwift DelaySubscription.swift
[121/246] Compiling RxSwift Dematerialize.swift
[122/246] Compiling RxSwift DispatchQueue+Extensions.swift
[123/246] Compiling RxSwift DispatchQueueConfiguration.swift
[124/246] Compiling RxSwift Disposable.swift
[125/246] Compiling RxSwift Disposables.swift
[126/246] Compiling RxSwift DisposeBag.swift
[127/246] Compiling RxSwift DisposeBase.swift
[128/246] Compiling RxSwift DistinctUntilChanged.swift
[129/246] Compiling RxSwift Do.swift
[130/246] Compiling RxSwift ElementAt.swift
[131/246] Compiling RxSwift Empty.swift
[155/246] Compiling Alamofire ServerTrustEvaluation.swift
[156/246] Compiling Alamofire URLEncodedFormEncoder.swift
[157/246] Compiling Alamofire Validation.swift
[158/246] Compiling Alamofire resource_bundle_accessor.swift
[159/246] Compiling RxSwift SynchronizedDisposeType.swift
[160/246] Compiling RxSwift SynchronizedOnType.swift
[161/246] Compiling RxSwift SynchronizedUnsubscribeType.swift
[162/246] Compiling RxSwift TailRecursiveSink.swift
[163/246] Compiling RxSwift Take.swift
[164/246] Compiling RxSwift Enumerated.swift
[165/246] Compiling RxSwift Error.swift
[166/246] Compiling RxSwift Errors.swift
[167/246] Compiling RxSwift Event.swift
[168/246] Compiling RxSwift Filter.swift
[169/246] Compiling RxSwift First.swift
[170/246] Compiling RxSwift Generate.swift
[171/246] Compiling RxSwift GroupBy.swift
[172/246] Compiling RxSwift GroupedObservable.swift
[173/246] Compiling RxSwift HistoricalScheduler.swift
[174/246] Compiling RxSwift HistoricalSchedulerTimeConverter.swift
[175/246] Compiling RxSwift ImmediateSchedulerType.swift
[176/246] Compiling RxSwift Infallible+CombineLatest+Collection.swift
[177/246] Compiling RxSwift Infallible+CombineLatest+arity.swift
[178/246] Compiling RxSwift Infallible+Concurrency.swift
[179/246] Compiling RxSwift Infallible+Create.swift
[180/246] Compiling RxSwift AddRef.swift
[181/246] Compiling RxSwift Amb.swift
[182/246] Compiling RxSwift AnonymousDisposable.swift
[183/246] Compiling RxSwift AnonymousObserver.swift
[184/246] Compiling RxSwift AnyObserver.swift
[185/246] Compiling RxSwift AsMaybe.swift
[186/246] Compiling RxSwift AsSingle.swift
[187/246] Compiling RxSwift AsyncLock.swift
[188/246] Compiling RxSwift AsyncSubject.swift
[189/246] Compiling RxSwift AtomicInt.swift
[190/246] Compiling RxSwift Bag+Rx.swift
[191/246] Compiling RxSwift Bag.swift
[192/246] Compiling RxSwift BehaviorSubject.swift
[193/246] Compiling RxSwift BinaryDisposable.swift
[194/246] Compiling RxSwift Binder.swift
[195/246] Compiling RxSwift BooleanDisposable.swift
[196/246] Compiling RxSwift Buffer.swift
[197/246] Compiling RxSwift Rx.swift
[198/246] Compiling RxSwift RxMutableBox.swift
[199/246] Compiling RxSwift Sample.swift
[200/246] Compiling RxSwift Scan.swift
[201/246] Compiling RxSwift ScheduledDisposable.swift
[202/246] Compiling RxSwift ScheduledItem.swift
[203/246] Compiling RxSwift ScheduledItemType.swift
[204/246] Compiling RxSwift SchedulerServices+Emulation.swift
[205/246] Compiling RxSwift SchedulerType.swift
[206/246] Compiling RxSwift Sequence.swift
[207/246] Compiling RxSwift SerialDispatchQueueScheduler.swift
[208/246] Compiling RxSwift SerialDisposable.swift
[209/246] Compiling RxSwift ShareReplayScope.swift
[210/246] Compiling RxSwift Single.swift
[211/246] Compiling RxSwift SingleAssignmentDisposable.swift
[212/246] Compiling RxSwift SingleAsync.swift
[226/246] Compiling RxSwift TakeLast.swift
[227/246] Compiling RxSwift TakeWithPredicate.swift
[228/246] Compiling RxSwift Throttle.swift
[229/246] Compiling RxSwift Timeout.swift
[230/246] Compiling RxSwift Timer.swift
[231/246] Compiling RxSwift ToArray.swift
[232/246] Compiling RxSwift Using.swift
[233/246] Compiling RxSwift VirtualTimeConverterType.swift
[234/246] Compiling RxSwift VirtualTimeScheduler.swift
[235/246] Compiling RxSwift Window.swift
[236/246] Compiling RxSwift WithLatestFrom.swift
[237/246] Compiling RxSwift WithUnretained.swift
[238/246] Compiling RxSwift Zip+Collection.swift
[239/246] Compiling RxSwift Zip+arity.swift
[240/246] Compiling RxSwift Zip.swift
[241/246] Compiling RxSwift resource_bundle_accessor.swift
[242/277] Emitting module RxRelay
[243/277] Compiling RxRelay PublishRelay.swift
[244/277] Compiling RxRelay Utils.swift
[245/277] Compiling RxRelay ReplayRelay.swift
[246/277] Compiling RxRelay resource_bundle_accessor.swift
[247/277] Compiling RxRelay BehaviorRelay.swift
[248/277] Compiling RxRelay Observable+Bind.swift
[249/277] Compiling KakaoSDKCommon SdkUtils.swift
/Users/admin/builder/spi-builder-workspace/.build/checkouts/kakao-ios-sdk/Sources/KakaoSDKCommon/common/common/Common.swift:16:8: error: no such module 'UIKit'
 14 |
 15 | import Foundation
 16 | import UIKit
    |        `- error: no such module 'UIKit'
 17 |
 18 | @_documentation(visibility: private)
[250/277] Compiling KakaoSDKCommon Urls.swift
/Users/admin/builder/spi-builder-workspace/.build/checkouts/kakao-ios-sdk/Sources/KakaoSDKCommon/common/common/Common.swift:16:8: error: no such module 'UIKit'
 14 |
 15 | import Foundation
 16 | import UIKit
    |        `- error: no such module 'UIKit'
 17 |
 18 | @_documentation(visibility: private)
[251/277] Compiling KakaoSDKCommon Array+Utils.swift
/Users/admin/builder/spi-builder-workspace/.build/checkouts/kakao-ios-sdk/Sources/KakaoSDKCommon/common/common/Common.swift:16:8: error: no such module 'UIKit'
 14 |
 15 | import Foundation
 16 | import UIKit
    |        `- error: no such module 'UIKit'
 17 |
 18 | @_documentation(visibility: private)
[252/279] Compiling KakaoSDKCommon Dictionary+Utils.swift
/Users/admin/builder/spi-builder-workspace/.build/checkouts/kakao-ios-sdk/Sources/KakaoSDKCommon/common/common/Common.swift:16:8: error: no such module 'UIKit'
 14 |
 15 | import Foundation
 16 | import UIKit
    |        `- error: no such module 'UIKit'
 17 |
 18 | @_documentation(visibility: private)
[253/279] Compiling KakaoSDKCommon EncodingContainer+AnyCollection.swift
/Users/admin/builder/spi-builder-workspace/.build/checkouts/kakao-ios-sdk/Sources/KakaoSDKCommon/common/common/Common.swift:16:8: error: no such module 'UIKit'
 14 |
 15 | import Foundation
 16 | import UIKit
    |        `- error: no such module 'UIKit'
 17 |
 18 | @_documentation(visibility: private)
[254/279] Compiling KakaoSDKCommon UIApplication+Utils.swift
/Users/admin/builder/spi-builder-workspace/.build/checkouts/kakao-ios-sdk/Sources/KakaoSDKCommon/common/common/Common.swift:16:8: error: no such module 'UIKit'
 14 |
 15 | import Foundation
 16 | import UIKit
    |        `- error: no such module 'UIKit'
 17 |
 18 | @_documentation(visibility: private)
[255/279] Compiling KakaoSDKCommon URL+Utils.swift
/Users/admin/builder/spi-builder-workspace/.build/checkouts/kakao-ios-sdk/Sources/KakaoSDKCommon/common/common/Common.swift:16:8: error: no such module 'UIKit'
 14 |
 15 | import Foundation
 16 | import UIKit
    |        `- error: no such module 'UIKit'
 17 |
 18 | @_documentation(visibility: private)
error: emit-module command failed with exit code 1 (use -v to see invocation)
[256/279] Emitting module KakaoSDKCommon
/Users/admin/builder/spi-builder-workspace/.build/checkouts/kakao-ios-sdk/Sources/KakaoSDKCommon/common/common/Common.swift:16:8: error: no such module 'UIKit'
 14 |
 15 | import Foundation
 16 | import UIKit
    |        `- error: no such module 'UIKit'
 17 |
 18 | @_documentation(visibility: private)
[257/279] Compiling KakaoSDKCommon KakaoSDKCommon.swift
/Users/admin/builder/spi-builder-workspace/.build/checkouts/kakao-ios-sdk/Sources/KakaoSDKCommon/common/common/Common.swift:16:8: error: no such module 'UIKit'
 14 |
 15 | import Foundation
 16 | import UIKit
    |        `- error: no such module 'UIKit'
 17 |
 18 | @_documentation(visibility: private)
[258/279] Compiling KakaoSDKCommon Common.swift
/Users/admin/builder/spi-builder-workspace/.build/checkouts/kakao-ios-sdk/Sources/KakaoSDKCommon/common/common/Common.swift:16:8: error: no such module 'UIKit'
 14 |
 15 | import Foundation
 16 | import UIKit
    |        `- error: no such module 'UIKit'
 17 |
 18 | @_documentation(visibility: private)
[259/279] Compiling KakaoSDKCommon Properties.swift
/Users/admin/builder/spi-builder-workspace/.build/checkouts/kakao-ios-sdk/Sources/KakaoSDKCommon/common/common/Common.swift:16:8: error: no such module 'UIKit'
 14 |
 15 | import Foundation
 16 | import UIKit
    |        `- error: no such module 'UIKit'
 17 |
 18 | @_documentation(visibility: private)
[260/279] Compiling KakaoSDKCommon ErrorInfo.swift
/Users/admin/builder/spi-builder-workspace/.build/checkouts/kakao-ios-sdk/Sources/KakaoSDKCommon/common/common/Common.swift:16:8: error: no such module 'UIKit'
 14 |
 15 | import Foundation
 16 | import UIKit
    |        `- error: no such module 'UIKit'
 17 |
 18 | @_documentation(visibility: private)
[261/279] Compiling KakaoSDKCommon Api.swift
/Users/admin/builder/spi-builder-workspace/.build/checkouts/kakao-ios-sdk/Sources/KakaoSDKCommon/common/common/Common.swift:16:8: error: no such module 'UIKit'
 14 |
 15 | import Foundation
 16 | import UIKit
    |        `- error: no such module 'UIKit'
 17 |
 18 | @_documentation(visibility: private)
[262/279] Compiling KakaoSDKCommon SdkAuthRefresher.swift
/Users/admin/builder/spi-builder-workspace/.build/checkouts/kakao-ios-sdk/Sources/KakaoSDKCommon/common/common/Common.swift:16:8: error: no such module 'UIKit'
 14 |
 15 | import Foundation
 16 | import UIKit
    |        `- error: no such module 'UIKit'
 17 |
 18 | @_documentation(visibility: private)
[263/279] Compiling KakaoSDKCommon SdkCoder.swift
/Users/admin/builder/spi-builder-workspace/.build/checkouts/kakao-ios-sdk/Sources/KakaoSDKCommon/common/common/Common.swift:16:8: error: no such module 'UIKit'
 14 |
 15 | import Foundation
 16 | import UIKit
    |        `- error: no such module 'UIKit'
 17 |
 18 | @_documentation(visibility: private)
[264/279] Compiling KakaoSDKCommon SdkCrypto+Version.swift
/Users/admin/builder/spi-builder-workspace/.build/checkouts/kakao-ios-sdk/Sources/KakaoSDKCommon/common/common/Common.swift:16:8: error: no such module 'UIKit'
 14 |
 15 | import Foundation
 16 | import UIKit
    |        `- error: no such module 'UIKit'
 17 |
 18 | @_documentation(visibility: private)
[265/279] Compiling KakaoSDKCommon ApiRequestAdapter.swift
/Users/admin/builder/spi-builder-workspace/.build/checkouts/kakao-ios-sdk/Sources/KakaoSDKCommon/common/common/Common.swift:16:8: error: no such module 'UIKit'
 14 |
 15 | import Foundation
 16 | import UIKit
    |        `- error: no such module 'UIKit'
 17 |
 18 | @_documentation(visibility: private)
[266/279] Compiling KakaoSDKCommon resource_bundle_accessor.swift
/Users/admin/builder/spi-builder-workspace/.build/checkouts/kakao-ios-sdk/Sources/KakaoSDKCommon/common/common/Common.swift:16:8: error: no such module 'UIKit'
 14 |
 15 | import Foundation
 16 | import UIKit
    |        `- error: no such module 'UIKit'
 17 |
 18 | @_documentation(visibility: private)
[267/279] Compiling KakaoSDKCommon AppsErrorInfo.swift
/Users/admin/builder/spi-builder-workspace/.build/checkouts/kakao-ios-sdk/Sources/KakaoSDKCommon/common/common/Common.swift:16:8: error: no such module 'UIKit'
 14 |
 15 | import Foundation
 16 | import UIKit
    |        `- error: no such module 'UIKit'
 17 |
 18 | @_documentation(visibility: private)
[268/279] Compiling KakaoSDKCommon AuthErrorInfo.swift
/Users/admin/builder/spi-builder-workspace/.build/checkouts/kakao-ios-sdk/Sources/KakaoSDKCommon/common/common/Common.swift:16:8: error: no such module 'UIKit'
 14 |
 15 | import Foundation
 16 | import UIKit
    |        `- error: no such module 'UIKit'
 17 |
 18 | @_documentation(visibility: private)
[269/279] Compiling KakaoSDKCommon Data+Utils.swift
/Users/admin/builder/spi-builder-workspace/.build/checkouts/kakao-ios-sdk/Sources/KakaoSDKCommon/common/common/Common.swift:16:8: error: no such module 'UIKit'
 14 |
 15 | import Foundation
 16 | import UIKit
    |        `- error: no such module 'UIKit'
 17 |
 18 | @_documentation(visibility: private)
[270/279] Compiling KakaoSDKCommon Date+Utils.swift
/Users/admin/builder/spi-builder-workspace/.build/checkouts/kakao-ios-sdk/Sources/KakaoSDKCommon/common/common/Common.swift:16:8: error: no such module 'UIKit'
 14 |
 15 | import Foundation
 16 | import UIKit
    |        `- error: no such module 'UIKit'
 17 |
 18 | @_documentation(visibility: private)
[271/279] Compiling KakaoSDKCommon DecodingContainer+AnyCollection.swift
/Users/admin/builder/spi-builder-workspace/.build/checkouts/kakao-ios-sdk/Sources/KakaoSDKCommon/common/common/Common.swift:16:8: error: no such module 'UIKit'
 14 |
 15 | import Foundation
 16 | import UIKit
    |        `- error: no such module 'UIKit'
 17 |
 18 | @_documentation(visibility: private)
[272/279] Compiling KakaoSDKCommon SdkCrypto.swift
/Users/admin/builder/spi-builder-workspace/.build/checkouts/kakao-ios-sdk/Sources/KakaoSDKCommon/common/common/Common.swift:16:8: error: no such module 'UIKit'
 14 |
 15 | import Foundation
 16 | import UIKit
    |        `- error: no such module 'UIKit'
 17 |
 18 | @_documentation(visibility: private)
[273/279] Compiling KakaoSDKCommon SdkError.swift
/Users/admin/builder/spi-builder-workspace/.build/checkouts/kakao-ios-sdk/Sources/KakaoSDKCommon/common/common/Common.swift:16:8: error: no such module 'UIKit'
 14 |
 15 | import Foundation
 16 | import UIKit
    |        `- error: no such module 'UIKit'
 17 |
 18 | @_documentation(visibility: private)
[274/279] Compiling KakaoSDKCommon SdkLog.swift
/Users/admin/builder/spi-builder-workspace/.build/checkouts/kakao-ios-sdk/Sources/KakaoSDKCommon/common/common/Common.swift:16:8: error: no such module 'UIKit'
 14 |
 15 | import Foundation
 16 | import UIKit
    |        `- error: no such module 'UIKit'
 17 |
 18 | @_documentation(visibility: private)
[274/279] Compiling RxCocoaRuntime _RXKVOObserver.m
[274/279] Compiling RxCocoaRuntime _RX.m
[274/279] Compiling RxCocoaRuntime _RXDelegateProxy.m
[274/279] Compiling RxCocoaRuntime _RXObjCRuntime.m
[274/279] Compiling RxCocoaRuntime resource_bundle_accessor.m
BUILD FAILURE 6.3 macosSpm