Build Information
Failed to build LocationRadiusPicker, reference v1.0.0 (7a590f), with Swift 6.4 for visionOS using Xcode 27.0 on 21 Sep 2026 08:00:54 UTC.
Build Command
env DEVELOPER_DIR=/Applications/Xcode-27.0.0-Release.Candidate.app xcrun xcodebuild -IDEClonedSourcePackagesDirPathOverride=$PWD/.dependencies -skipMacroValidation -skipPackagePluginValidation -derivedDataPath $PWD/.derivedData build -scheme LocationRadiusPicker -destination generic/platform=xrOSBuild Log
========================================
RunAll
========================================
Builder version: 5.1.0
Interrupt handler set up.
========================================
Checkout
========================================
Clone URL: https://github.com/birkoof/LocationRadiusPicker.git
Reference: v1.0.0
Initialized empty Git repository in /Users/admin/builder/spi-builder-workspace/.git/
From https://github.com/birkoof/LocationRadiusPicker
* tag v1.0.0 -> FETCH_HEAD
HEAD is now at 7a590f1 Update README.md
Cloned https://github.com/birkoof/LocationRadiusPicker.git
Revision (git rev-parse @):
7a590f1e3a100fb3942976ab1b2ac28ff2404899
SUCCESS checkout https://github.com/birkoof/LocationRadiusPicker.git at v1.0.0
========================================
Build
========================================
Selected platform: visionOS
Swift version: 6.4
Building package at path: $PWD
https://github.com/birkoof/LocationRadiusPicker.git
Command line invocation:
/Applications/Xcode-27.0.0-Release.Candidate.app/Contents/Developer/usr/bin/xcodebuild -IDEClonedSourcePackagesDirPathOverride=/Users/admin/builder/spi-builder-workspace/.dependencies -resolvePackageDependencies
Resolve Package Graph
Resolve Package Graph
Resolved source packages:
LocationRadiusPicker: /Users/admin/builder/spi-builder-workspace
resolved source packages: LocationRadiusPicker
2026-09-21 04:00:05.390 xcodebuild[525:2984] [MT] IDERunDestination: Supported platforms for the buildables in the current scheme is empty.
{
"dependencies" : [
],
"manifest_display_name" : "LocationRadiusPicker",
"name" : "LocationRadiusPicker",
"path" : "/Users/admin/builder/spi-builder-workspace",
"platforms" : [
{
"name" : "ios",
"version" : "15.0"
}
],
"products" : [
{
"name" : "LocationRadiusPicker",
"targets" : [
"LocationRadiusPicker"
],
"type" : {
"library" : [
"automatic"
]
}
}
],
"targets" : [
{
"c99name" : "LocationRadiusPickerTests",
"module_type" : "SwiftTarget",
"name" : "LocationRadiusPickerTests",
"path" : "Tests/LocationRadiusPickerTests",
"sources" : [
"LocationRadiusPickerTests.swift"
],
"target_dependencies" : [
"LocationRadiusPicker"
],
"type" : "test"
},
{
"c99name" : "LocationRadiusPicker",
"module_type" : "SwiftTarget",
"name" : "LocationRadiusPicker",
"path" : "Sources/LocationRadiusPicker",
"product_memberships" : [
"LocationRadiusPicker"
],
"sources" : [
"Extension/UITableView+Extension.swift",
"LocationRadiusPickerController.swift",
"Model/LocationCoordinates.swift",
"Model/LocationModel.swift",
"Model/LocationRadiusPickerConfiguration.swift",
"Model/LocationRadiusPickerConfigurationBuilder.swift",
"Model/LocationRadiusPickerResult.swift",
"Model/UnitSystemType.swift",
"Search & History/LocationSearchHistoryManager.swift",
"Search & History/LocationSearchResultCell.swift",
"Search & History/LocationSearchResultsController.swift",
"View/CustomMapPinAnnotationView.swift"
],
"type" : "library"
}
],
"tools_version" : "5.10"
}
{
"workspace" : {
"name" : "LocationRadiusPicker",
"schemes" : [
"LocationRadiusPicker"
]
}
}
2026-09-21 04:00:37.796 xcodebuild[622:3788] [MT] IDERunDestination: Supported platforms for the buildables in the current scheme is empty.
Running build ...
env DEVELOPER_DIR=/Applications/Xcode-27.0.0-Release.Candidate.app xcrun xcodebuild -IDEClonedSourcePackagesDirPathOverride=$PWD/.dependencies -skipMacroValidation -skipPackagePluginValidation -derivedDataPath $PWD/.derivedData build -scheme LocationRadiusPicker -destination generic/platform=xrOS
Command line invocation:
/Applications/Xcode-27.0.0-Release.Candidate.app/Contents/Developer/usr/bin/xcodebuild -IDEClonedSourcePackagesDirPathOverride=/Users/admin/builder/spi-builder-workspace/.dependencies -skipMacroValidation -skipPackagePluginValidation -derivedDataPath /Users/admin/builder/spi-builder-workspace/.derivedData build -scheme LocationRadiusPicker -destination generic/platform=xrOS
Resolve Package Graph
Resolved source packages:
LocationRadiusPicker: /Users/admin/builder/spi-builder-workspace
ComputePackagePrebuildTargetDependencyGraph
Prepare packages
CreateBuildRequest
SendProjectDescription
CreateBuildOperation
ComputeTargetDependencyGraph
note: Building targets in dependency order
note: Target dependency graph (3 targets)
Target 'LocationRadiusPicker-product' in project 'LocationRadiusPicker'
➜ Explicit dependency on target 'LocationRadiusPicker' in project 'LocationRadiusPicker'
➜ Explicit dependency on target 'LocationRadiusPicker_LocationRadiusPicker' in project 'LocationRadiusPicker'
Target 'LocationRadiusPicker' in project 'LocationRadiusPicker'
➜ Explicit dependency on target 'LocationRadiusPicker_LocationRadiusPicker' in project 'LocationRadiusPicker'
Target 'LocationRadiusPicker_LocationRadiusPicker' in project 'LocationRadiusPicker' (no dependencies)
GatherProvisioningInputs
CreateBuildDescription
ExecuteExternalTool /Applications/Xcode-27.0.0-Release.Candidate.app/Contents/Developer/Toolchains/XcodeDefault.xctoolchain/usr/bin/clang -v -E -dM -isysroot /Applications/Xcode-27.0.0-Release.Candidate.app/Contents/Developer/Platforms/XROS.platform/Developer/SDKs/XROS27.0.sdk -x c -c /dev/null
ExecuteExternalTool /Applications/Xcode-27.0.0-Release.Candidate.app/Contents/Developer/usr/bin/actool --version --output-format xml1
ExecuteExternalTool /Applications/Xcode-27.0.0-Release.Candidate.app/Contents/Developer/Toolchains/XcodeDefault.xctoolchain/usr/bin/swiftc --version
ExecuteExternalTool /Applications/Xcode-27.0.0-Release.Candidate.app/Contents/Developer/Toolchains/XcodeDefault.xctoolchain/usr/bin/ld -version_details
Build description signature: 1d58e486df32149caa492a2cf0179a94
Build description path: /Users/admin/builder/spi-builder-workspace/.derivedData/Build/Intermediates.noindex/XCBuildData/1d58e486df32149caa492a2cf0179a94.xcbuilddata
CreateBuildDirectory /Users/admin/builder/spi-builder-workspace/.derivedData/SDKExplicitPrecompiledModules
cd /Users/admin/builder/spi-builder-workspace/.swiftpm/xcode
builtin-create-build-directory /Users/admin/builder/spi-builder-workspace/.derivedData/SDKExplicitPrecompiledModules
CreateBuildDirectory /Users/admin/builder/spi-builder-workspace/.derivedData/ModuleCache.noindex
cd /Users/admin/builder/spi-builder-workspace/.swiftpm/xcode
builtin-create-build-directory /Users/admin/builder/spi-builder-workspace/.derivedData/ModuleCache.noindex
CreateBuildDirectory /Users/admin/builder/spi-builder-workspace/.derivedData/CompilationCache.noindex
cd /Users/admin/builder/spi-builder-workspace/.swiftpm/xcode
builtin-create-build-directory /Users/admin/builder/spi-builder-workspace/.derivedData/CompilationCache.noindex
CreateBuildDirectory /Users/admin/builder/spi-builder-workspace/.derivedData/Build/Products
cd /Users/admin/builder/spi-builder-workspace/.swiftpm/xcode
builtin-create-build-directory /Users/admin/builder/spi-builder-workspace/.derivedData/Build/Products
CreateBuildDirectory /Users/admin/builder/spi-builder-workspace/.derivedData/Build/Intermediates.noindex
cd /Users/admin/builder/spi-builder-workspace/.swiftpm/xcode
builtin-create-build-directory /Users/admin/builder/spi-builder-workspace/.derivedData/Build/Intermediates.noindex
ClangStatCache /Applications/Xcode-27.0.0-Release.Candidate.app/Contents/Developer/Toolchains/XcodeDefault.xctoolchain/usr/bin/clang-stat-cache /Applications/Xcode-27.0.0-Release.Candidate.app/Contents/Developer/Platforms/XROS.platform/Developer/SDKs/XROS27.0.sdk /Users/admin/builder/spi-builder-workspace/.derivedData/SDKStatCaches.noindex/xros27.0-24M361-e829b21a6f8c9b70876ba0858053c044735bd543db762f57723cac368afd1ce4.sdkstatcache
cd /Users/admin/builder/spi-builder-workspace/.swiftpm/xcode
/Applications/Xcode-27.0.0-Release.Candidate.app/Contents/Developer/Toolchains/XcodeDefault.xctoolchain/usr/bin/clang-stat-cache /Applications/Xcode-27.0.0-Release.Candidate.app/Contents/Developer/Platforms/XROS.platform/Developer/SDKs/XROS27.0.sdk -o /Users/admin/builder/spi-builder-workspace/.derivedData/SDKStatCaches.noindex/xros27.0-24M361-e829b21a6f8c9b70876ba0858053c044735bd543db762f57723cac368afd1ce4.sdkstatcache
CreateBuildDirectory /Users/admin/builder/spi-builder-workspace/.derivedData/Build/Products/Debug-xros
cd /Users/admin/builder/spi-builder-workspace/.swiftpm/xcode
builtin-create-build-directory /Users/admin/builder/spi-builder-workspace/.derivedData/Build/Products/Debug-xros
CreateBuildDirectory /Users/admin/builder/spi-builder-workspace/.derivedData/Build/Intermediates.noindex/SwiftExplicitPrecompiledModules
cd /Users/admin/builder/spi-builder-workspace/.swiftpm/xcode
builtin-create-build-directory /Users/admin/builder/spi-builder-workspace/.derivedData/Build/Intermediates.noindex/SwiftExplicitPrecompiledModules
CreateBuildDirectory /Users/admin/builder/spi-builder-workspace/.derivedData/Build/Intermediates.noindex/PrecompiledHeaders
cd /Users/admin/builder/spi-builder-workspace/.swiftpm/xcode
builtin-create-build-directory /Users/admin/builder/spi-builder-workspace/.derivedData/Build/Intermediates.noindex/PrecompiledHeaders
CreateBuildDirectory /Users/admin/builder/spi-builder-workspace/.derivedData/Build/Intermediates.noindex/ExplicitPrecompiledModules
cd /Users/admin/builder/spi-builder-workspace/.swiftpm/xcode
builtin-create-build-directory /Users/admin/builder/spi-builder-workspace/.derivedData/Build/Intermediates.noindex/ExplicitPrecompiledModules
CreateBuildDirectory /Users/admin/builder/spi-builder-workspace/.derivedData/Build/Intermediates.noindex/EagerLinkingTBDs/Debug-xros
cd /Users/admin/builder/spi-builder-workspace/.swiftpm/xcode
builtin-create-build-directory /Users/admin/builder/spi-builder-workspace/.derivedData/Build/Intermediates.noindex/EagerLinkingTBDs/Debug-xros
CreateBuildDirectory /Users/admin/builder/spi-builder-workspace/.derivedData/Build/Products/Debug-xros/PackageFrameworks
cd /Users/admin/builder/spi-builder-workspace/.swiftpm/xcode
builtin-create-build-directory /Users/admin/builder/spi-builder-workspace/.derivedData/Build/Products/Debug-xros/PackageFrameworks
WriteAuxiliaryFile /Users/admin/builder/spi-builder-workspace/.derivedData/Build/Intermediates.noindex/LocationRadiusPicker.build/Debug-xros/LocationRadiusPicker_LocationRadiusPicker-b.build/empty-LocationRadiusPicker_LocationRadiusPicker.plist (in target 'LocationRadiusPicker_LocationRadiusPicker' from project 'LocationRadiusPicker')
cd /Users/admin/builder/spi-builder-workspace
write-file /Users/admin/builder/spi-builder-workspace/.derivedData/Build/Intermediates.noindex/LocationRadiusPicker.build/Debug-xros/LocationRadiusPicker_LocationRadiusPicker-b.build/empty-LocationRadiusPicker_LocationRadiusPicker.plist
WriteAuxiliaryFile /Users/admin/builder/spi-builder-workspace/.derivedData/Build/Intermediates.noindex/LocationRadiusPicker.build/Debug-xros/LocationRadiusPicker_LocationRadiusPicker-b.build/LocationRadiusPicker_LocationRadiusPicker.DependencyStaticMetadataFileList (in target 'LocationRadiusPicker_LocationRadiusPicker' from project 'LocationRadiusPicker')
cd /Users/admin/builder/spi-builder-workspace
write-file /Users/admin/builder/spi-builder-workspace/.derivedData/Build/Intermediates.noindex/LocationRadiusPicker.build/Debug-xros/LocationRadiusPicker_LocationRadiusPicker-b.build/LocationRadiusPicker_LocationRadiusPicker.DependencyStaticMetadataFileList
WriteAuxiliaryFile /Users/admin/builder/spi-builder-workspace/.derivedData/Build/Intermediates.noindex/LocationRadiusPicker.build/Debug-xros/LocationRadiusPicker-t.build/LocationRadiusPicker.modulemap (in target 'LocationRadiusPicker' from project 'LocationRadiusPicker')
cd /Users/admin/builder/spi-builder-workspace
write-file /Users/admin/builder/spi-builder-workspace/.derivedData/Build/Intermediates.noindex/LocationRadiusPicker.build/Debug-xros/LocationRadiusPicker-t.build/LocationRadiusPicker.modulemap
WriteAuxiliaryFile /Users/admin/builder/spi-builder-workspace/.derivedData/Build/Intermediates.noindex/LocationRadiusPicker.build/Debug-xros/LocationRadiusPicker-t.build/Objects-normal/arm64/LocationRadiusPicker.LinkFileList (in target 'LocationRadiusPicker' from project 'LocationRadiusPicker')
cd /Users/admin/builder/spi-builder-workspace
write-file /Users/admin/builder/spi-builder-workspace/.derivedData/Build/Intermediates.noindex/LocationRadiusPicker.build/Debug-xros/LocationRadiusPicker-t.build/Objects-normal/arm64/LocationRadiusPicker.LinkFileList
WriteAuxiliaryFile /Users/admin/builder/spi-builder-workspace/.derivedData/Build/Intermediates.noindex/LocationRadiusPicker.build/Debug-xros/LocationRadiusPicker-t.build/Objects-normal/arm64/LocationRadiusPicker.SwiftConstValuesFileList (in target 'LocationRadiusPicker' from project 'LocationRadiusPicker')
cd /Users/admin/builder/spi-builder-workspace
write-file /Users/admin/builder/spi-builder-workspace/.derivedData/Build/Intermediates.noindex/LocationRadiusPicker.build/Debug-xros/LocationRadiusPicker-t.build/Objects-normal/arm64/LocationRadiusPicker.SwiftConstValuesFileList
WriteAuxiliaryFile /Users/admin/builder/spi-builder-workspace/.derivedData/Build/Intermediates.noindex/LocationRadiusPicker.build/Debug-xros/LocationRadiusPicker-t.build/Objects-normal/arm64/LocationRadiusPicker.SwiftFileList (in target 'LocationRadiusPicker' from project 'LocationRadiusPicker')
cd /Users/admin/builder/spi-builder-workspace
write-file /Users/admin/builder/spi-builder-workspace/.derivedData/Build/Intermediates.noindex/LocationRadiusPicker.build/Debug-xros/LocationRadiusPicker-t.build/Objects-normal/arm64/LocationRadiusPicker.SwiftFileList
WriteAuxiliaryFile /Users/admin/builder/spi-builder-workspace/.derivedData/Build/Intermediates.noindex/LocationRadiusPicker.build/Debug-xros/LocationRadiusPicker_LocationRadiusPicker-b.build/LocationRadiusPicker_LocationRadiusPicker.DependencyMetadataFileList (in target 'LocationRadiusPicker_LocationRadiusPicker' from project 'LocationRadiusPicker')
cd /Users/admin/builder/spi-builder-workspace
write-file /Users/admin/builder/spi-builder-workspace/.derivedData/Build/Intermediates.noindex/LocationRadiusPicker.build/Debug-xros/LocationRadiusPicker_LocationRadiusPicker-b.build/LocationRadiusPicker_LocationRadiusPicker.DependencyMetadataFileList
WriteAuxiliaryFile /Users/admin/builder/spi-builder-workspace/.derivedData/Build/Intermediates.noindex/LocationRadiusPicker.build/Debug-xros/LocationRadiusPicker-t.build/Objects-normal/arm64/LocationRadiusPicker_const_extract_protocols.json (in target 'LocationRadiusPicker' from project 'LocationRadiusPicker')
cd /Users/admin/builder/spi-builder-workspace
write-file /Users/admin/builder/spi-builder-workspace/.derivedData/Build/Intermediates.noindex/LocationRadiusPicker.build/Debug-xros/LocationRadiusPicker-t.build/Objects-normal/arm64/LocationRadiusPicker_const_extract_protocols.json
WriteAuxiliaryFile /Users/admin/builder/spi-builder-workspace/.derivedData/Build/Intermediates.noindex/LocationRadiusPicker.build/Debug-xros/LocationRadiusPicker-t.build/Objects-normal/arm64/LocationRadiusPicker-OutputFileMap.json (in target 'LocationRadiusPicker' from project 'LocationRadiusPicker')
cd /Users/admin/builder/spi-builder-workspace
write-file /Users/admin/builder/spi-builder-workspace/.derivedData/Build/Intermediates.noindex/LocationRadiusPicker.build/Debug-xros/LocationRadiusPicker-t.build/Objects-normal/arm64/LocationRadiusPicker-OutputFileMap.json
WriteAuxiliaryFile /Users/admin/builder/spi-builder-workspace/.derivedData/Build/Intermediates.noindex/LocationRadiusPicker.build/Debug-xros/LocationRadiusPicker-t.build/LocationRadiusPicker.DependencyStaticMetadataFileList (in target 'LocationRadiusPicker' from project 'LocationRadiusPicker')
cd /Users/admin/builder/spi-builder-workspace
write-file /Users/admin/builder/spi-builder-workspace/.derivedData/Build/Intermediates.noindex/LocationRadiusPicker.build/Debug-xros/LocationRadiusPicker-t.build/LocationRadiusPicker.DependencyStaticMetadataFileList
WriteAuxiliaryFile /Users/admin/builder/spi-builder-workspace/.derivedData/Build/Intermediates.noindex/LocationRadiusPicker.build/Debug-xros/LocationRadiusPicker-t.build/LocationRadiusPicker.DependencyMetadataFileList (in target 'LocationRadiusPicker' from project 'LocationRadiusPicker')
cd /Users/admin/builder/spi-builder-workspace
write-file /Users/admin/builder/spi-builder-workspace/.derivedData/Build/Intermediates.noindex/LocationRadiusPicker.build/Debug-xros/LocationRadiusPicker-t.build/LocationRadiusPicker.DependencyMetadataFileList
WriteAuxiliaryFile /Users/admin/builder/spi-builder-workspace/.derivedData/Build/Intermediates.noindex/LocationRadiusPicker.build/Debug-xros/LocationRadiusPicker-t.build/DerivedSources/resource_bundle_accessor.swift (in target 'LocationRadiusPicker' from project 'LocationRadiusPicker')
cd /Users/admin/builder/spi-builder-workspace
write-file /Users/admin/builder/spi-builder-workspace/.derivedData/Build/Intermediates.noindex/LocationRadiusPicker.build/Debug-xros/LocationRadiusPicker-t.build/DerivedSources/resource_bundle_accessor.swift
MkDir /Users/admin/builder/spi-builder-workspace/.derivedData/Build/Products/Debug-xros/LocationRadiusPicker_LocationRadiusPicker.bundle (in target 'LocationRadiusPicker_LocationRadiusPicker' from project 'LocationRadiusPicker')
cd /Users/admin/builder/spi-builder-workspace
/bin/mkdir -p /Users/admin/builder/spi-builder-workspace/.derivedData/Build/Products/Debug-xros/LocationRadiusPicker_LocationRadiusPicker.bundle
Copy /Users/admin/builder/spi-builder-workspace/.derivedData/Build/Intermediates.noindex/GeneratedModuleMaps-xros/LocationRadiusPicker.modulemap /Users/admin/builder/spi-builder-workspace/.derivedData/Build/Intermediates.noindex/LocationRadiusPicker.build/Debug-xros/LocationRadiusPicker-t.build/LocationRadiusPicker.modulemap (in target 'LocationRadiusPicker' from project 'LocationRadiusPicker')
cd /Users/admin/builder/spi-builder-workspace
builtin-copy -exclude .DS_Store -exclude CVS -exclude .svn -exclude .git -exclude .hg -resolve-src-symlinks /Users/admin/builder/spi-builder-workspace/.derivedData/Build/Intermediates.noindex/LocationRadiusPicker.build/Debug-xros/LocationRadiusPicker-t.build/LocationRadiusPicker.modulemap /Users/admin/builder/spi-builder-workspace/.derivedData/Build/Intermediates.noindex/GeneratedModuleMaps-xros
MkDir /Users/admin/builder/spi-builder-workspace/.derivedData/Build/Intermediates.noindex/LocationRadiusPicker.build/Debug-xros/LocationRadiusPicker_LocationRadiusPicker-b.build/assetcatalog_output/thinned (in target 'LocationRadiusPicker_LocationRadiusPicker' from project 'LocationRadiusPicker')
cd /Users/admin/builder/spi-builder-workspace
/bin/mkdir -p /Users/admin/builder/spi-builder-workspace/.derivedData/Build/Intermediates.noindex/LocationRadiusPicker.build/Debug-xros/LocationRadiusPicker_LocationRadiusPicker-b.build/assetcatalog_output/thinned
MkDir /Users/admin/builder/spi-builder-workspace/.derivedData/Build/Intermediates.noindex/LocationRadiusPicker.build/Debug-xros/LocationRadiusPicker_LocationRadiusPicker-b.build/assetcatalog_output/unthinned (in target 'LocationRadiusPicker_LocationRadiusPicker' from project 'LocationRadiusPicker')
cd /Users/admin/builder/spi-builder-workspace
/bin/mkdir -p /Users/admin/builder/spi-builder-workspace/.derivedData/Build/Intermediates.noindex/LocationRadiusPicker.build/Debug-xros/LocationRadiusPicker_LocationRadiusPicker-b.build/assetcatalog_output/unthinned
CompileAssetCatalogVariant thinned /Users/admin/builder/spi-builder-workspace/.derivedData/Build/Products/Debug-xros/LocationRadiusPicker_LocationRadiusPicker.bundle /Users/admin/builder/spi-builder-workspace/Sources/LocationRadiusPicker/Media.xcassets (in target 'LocationRadiusPicker_LocationRadiusPicker' from project 'LocationRadiusPicker')
cd /Users/admin/builder/spi-builder-workspace
/Applications/Xcode-27.0.0-Release.Candidate.app/Contents/Developer/usr/bin/actool /Users/admin/builder/spi-builder-workspace/Sources/LocationRadiusPicker/Media.xcassets --compile /Users/admin/builder/spi-builder-workspace/.derivedData/Build/Intermediates.noindex/LocationRadiusPicker.build/Debug-xros/LocationRadiusPicker_LocationRadiusPicker-b.build/assetcatalog_output/thinned --output-format human-readable-text --notices --warnings --export-dependency-info /Users/admin/builder/spi-builder-workspace/.derivedData/Build/Intermediates.noindex/LocationRadiusPicker.build/Debug-xros/LocationRadiusPicker_LocationRadiusPicker-b.build/assetcatalog_dependencies_thinned --output-partial-info-plist /Users/admin/builder/spi-builder-workspace/.derivedData/Build/Intermediates.noindex/LocationRadiusPicker.build/Debug-xros/LocationRadiusPicker_LocationRadiusPicker-b.build/assetcatalog_generated_info.plist_thinned --compress-pngs --enable-on-demand-resources NO --development-region en --target-device vision --minimum-deployment-target 1.0 --platform xros
/* com.apple.actool.compilation-results */
/Users/admin/builder/spi-builder-workspace/.derivedData/Build/Intermediates.noindex/LocationRadiusPicker.build/Debug-xros/LocationRadiusPicker_LocationRadiusPicker-b.build/assetcatalog_generated_info.plist_thinned
/Users/admin/builder/spi-builder-workspace/.derivedData/Build/Intermediates.noindex/LocationRadiusPicker.build/Debug-xros/LocationRadiusPicker_LocationRadiusPicker-b.build/assetcatalog_output/thinned/Assets.car
GenerateAssetSymbols /Users/admin/builder/spi-builder-workspace/Sources/LocationRadiusPicker/Media.xcassets (in target 'LocationRadiusPicker' from project 'LocationRadiusPicker')
cd /Users/admin/builder/spi-builder-workspace
/Applications/Xcode-27.0.0-Release.Candidate.app/Contents/Developer/usr/bin/actool /Users/admin/builder/spi-builder-workspace/Sources/LocationRadiusPicker/Media.xcassets --compile /Users/admin/builder/spi-builder-workspace/.derivedData/Build/Products/Debug-xros --output-format human-readable-text --notices --warnings --export-dependency-info /Users/admin/builder/spi-builder-workspace/.derivedData/Build/Intermediates.noindex/LocationRadiusPicker.build/Debug-xros/LocationRadiusPicker-t.build/assetcatalog_dependencies --output-partial-info-plist /Users/admin/builder/spi-builder-workspace/.derivedData/Build/Intermediates.noindex/LocationRadiusPicker.build/Debug-xros/LocationRadiusPicker-t.build/assetcatalog_generated_info.plist --compress-pngs --enable-on-demand-resources NO --development-region en --target-device vision --minimum-deployment-target 1.0 --platform xros --bundle-identifier spi-builder-workspace.LocationRadiusPicker --generate-swift-asset-symbol-extensions NO --generate-swift-asset-symbols /Users/admin/builder/spi-builder-workspace/.derivedData/Build/Intermediates.noindex/LocationRadiusPicker.build/Debug-xros/LocationRadiusPicker-t.build/DerivedSources/GeneratedAssetSymbols.swift --generate-objc-asset-symbols /Users/admin/builder/spi-builder-workspace/.derivedData/Build/Intermediates.noindex/LocationRadiusPicker.build/Debug-xros/LocationRadiusPicker-t.build/DerivedSources/GeneratedAssetSymbols.h --generate-asset-symbol-index /Users/admin/builder/spi-builder-workspace/.derivedData/Build/Intermediates.noindex/LocationRadiusPicker.build/Debug-xros/LocationRadiusPicker-t.build/DerivedSources/GeneratedAssetSymbols-Index.plist
/* com.apple.actool.compilation-results */
/Users/admin/builder/spi-builder-workspace/.derivedData/Build/Intermediates.noindex/LocationRadiusPicker.build/Debug-xros/LocationRadiusPicker-t.build/DerivedSources/GeneratedAssetSymbols-Index.plist
/Users/admin/builder/spi-builder-workspace/.derivedData/Build/Intermediates.noindex/LocationRadiusPicker.build/Debug-xros/LocationRadiusPicker-t.build/DerivedSources/GeneratedAssetSymbols.h
/Users/admin/builder/spi-builder-workspace/.derivedData/Build/Intermediates.noindex/LocationRadiusPicker.build/Debug-xros/LocationRadiusPicker-t.build/DerivedSources/GeneratedAssetSymbols.swift
LinkAssetCatalog /Users/admin/builder/spi-builder-workspace/Sources/LocationRadiusPicker/Media.xcassets (in target 'LocationRadiusPicker_LocationRadiusPicker' from project 'LocationRadiusPicker')
cd /Users/admin/builder/spi-builder-workspace
builtin-linkAssetCatalog --thinned /Users/admin/builder/spi-builder-workspace/.derivedData/Build/Intermediates.noindex/LocationRadiusPicker.build/Debug-xros/LocationRadiusPicker_LocationRadiusPicker-b.build/assetcatalog_output/thinned --thinned-dependencies /Users/admin/builder/spi-builder-workspace/.derivedData/Build/Intermediates.noindex/LocationRadiusPicker.build/Debug-xros/LocationRadiusPicker_LocationRadiusPicker-b.build/assetcatalog_dependencies_thinned --thinned-info-plist-content /Users/admin/builder/spi-builder-workspace/.derivedData/Build/Intermediates.noindex/LocationRadiusPicker.build/Debug-xros/LocationRadiusPicker_LocationRadiusPicker-b.build/assetcatalog_generated_info.plist_thinned --unthinned /Users/admin/builder/spi-builder-workspace/.derivedData/Build/Intermediates.noindex/LocationRadiusPicker.build/Debug-xros/LocationRadiusPicker_LocationRadiusPicker-b.build/assetcatalog_output/unthinned --unthinned-dependencies /Users/admin/builder/spi-builder-workspace/.derivedData/Build/Intermediates.noindex/LocationRadiusPicker.build/Debug-xros/LocationRadiusPicker_LocationRadiusPicker-b.build/assetcatalog_dependencies_unthinned --unthinned-info-plist-content /Users/admin/builder/spi-builder-workspace/.derivedData/Build/Intermediates.noindex/LocationRadiusPicker.build/Debug-xros/LocationRadiusPicker_LocationRadiusPicker-b.build/assetcatalog_generated_info.plist_unthinned --output /Users/admin/builder/spi-builder-workspace/.derivedData/Build/Products/Debug-xros/LocationRadiusPicker_LocationRadiusPicker.bundle --plist-output /Users/admin/builder/spi-builder-workspace/.derivedData/Build/Intermediates.noindex/LocationRadiusPicker.build/Debug-xros/LocationRadiusPicker_LocationRadiusPicker-b.build/assetcatalog_generated_info.plist
note: Emplaced /Users/admin/builder/spi-builder-workspace/.derivedData/Build/Products/Debug-xros/LocationRadiusPicker_LocationRadiusPicker.bundle/Assets.car (in target 'LocationRadiusPicker_LocationRadiusPicker' from project 'LocationRadiusPicker')
ProcessInfoPlistFile /Users/admin/builder/spi-builder-workspace/.derivedData/Build/Products/Debug-xros/LocationRadiusPicker_LocationRadiusPicker.bundle/Info.plist /Users/admin/builder/spi-builder-workspace/.derivedData/Build/Intermediates.noindex/LocationRadiusPicker.build/Debug-xros/LocationRadiusPicker_LocationRadiusPicker-b.build/empty-LocationRadiusPicker_LocationRadiusPicker.plist (in target 'LocationRadiusPicker_LocationRadiusPicker' from project 'LocationRadiusPicker')
cd /Users/admin/builder/spi-builder-workspace
builtin-infoPlistUtility /Users/admin/builder/spi-builder-workspace/.derivedData/Build/Intermediates.noindex/LocationRadiusPicker.build/Debug-xros/LocationRadiusPicker_LocationRadiusPicker-b.build/empty-LocationRadiusPicker_LocationRadiusPicker.plist -producttype com.apple.product-type.bundle -expandbuildsettings -format binary -platform xros -additionalcontentfile /Users/admin/builder/spi-builder-workspace/.derivedData/Build/Intermediates.noindex/LocationRadiusPicker.build/Debug-xros/LocationRadiusPicker_LocationRadiusPicker-b.build/assetcatalog_generated_info.plist -o /Users/admin/builder/spi-builder-workspace/.derivedData/Build/Products/Debug-xros/LocationRadiusPicker_LocationRadiusPicker.bundle/Info.plist
RegisterExecutionPolicyException /Users/admin/builder/spi-builder-workspace/.derivedData/Build/Products/Debug-xros/LocationRadiusPicker_LocationRadiusPicker.bundle (in target 'LocationRadiusPicker_LocationRadiusPicker' from project 'LocationRadiusPicker')
cd /Users/admin/builder/spi-builder-workspace
builtin-RegisterExecutionPolicyException /Users/admin/builder/spi-builder-workspace/.derivedData/Build/Products/Debug-xros/LocationRadiusPicker_LocationRadiusPicker.bundle
Touch /Users/admin/builder/spi-builder-workspace/.derivedData/Build/Products/Debug-xros/LocationRadiusPicker_LocationRadiusPicker.bundle (in target 'LocationRadiusPicker_LocationRadiusPicker' from project 'LocationRadiusPicker')
cd /Users/admin/builder/spi-builder-workspace
/usr/bin/touch -c /Users/admin/builder/spi-builder-workspace/.derivedData/Build/Products/Debug-xros/LocationRadiusPicker_LocationRadiusPicker.bundle
SwiftDriver LocationRadiusPicker normal arm64 com.apple.xcode.tools.swift.compiler (in target 'LocationRadiusPicker' from project 'LocationRadiusPicker')
cd /Users/admin/builder/spi-builder-workspace/.swiftpm/xcode
builtin-SwiftDriver -- /Applications/Xcode-27.0.0-Release.Candidate.app/Contents/Developer/Toolchains/XcodeDefault.xctoolchain/usr/bin/swiftc -parse-as-library -module-name LocationRadiusPicker -Onone @/Users/admin/builder/spi-builder-workspace/.derivedData/Build/Intermediates.noindex/LocationRadiusPicker.build/Debug-xros/LocationRadiusPicker-t.build/Objects-normal/arm64/LocationRadiusPicker.SwiftFileList -DSWIFT_PACKAGE -DDEBUG -DSWIFT_MODULE_RESOURCE_BUNDLE_AVAILABLE -DXcode -plugin-path /Applications/Xcode-27.0.0-Release.Candidate.app/Contents/Developer/Toolchains/XcodeDefault.xctoolchain/usr/lib/swift/host/plugins/testing -enable-experimental-feature DebugDescriptionMacro -sdk /Applications/Xcode-27.0.0-Release.Candidate.app/Contents/Developer/Platforms/XROS.platform/Developer/SDKs/XROS27.0.sdk -target arm64-apple-xros1.0 -g -module-cache-path /Users/admin/builder/spi-builder-workspace/.derivedData/ModuleCache.noindex -Xfrontend -serialize-debugging-options -profile-coverage-mapping -profile-generate -enable-testing -index-store-path /Users/admin/builder/spi-builder-workspace/.derivedData/Index.noindex/DataStore -Xcc -D_LIBCPP_HARDENING_MODE\=_LIBCPP_HARDENING_MODE_DEBUG -swift-version 5 -I /Users/admin/builder/spi-builder-workspace/.derivedData/Build/Products/Debug-xros -Isystem /Applications/Xcode-27.0.0-Release.Candidate.app/Contents/Developer/Platforms/XROS.platform/Developer/usr/lib -F /Users/admin/builder/spi-builder-workspace/.derivedData/Build/Products/Debug-xros -F /Applications/Xcode-27.0.0-Release.Candidate.app/Contents/Developer/Platforms/XROS.platform/Developer/Library/Frameworks -F /Applications/Xcode-27.0.0-Release.Candidate.app/Contents/Developer/Platforms/XROS.platform/Developer/SDKs/XROS27.0.sdk/Developer/Library/Frameworks -c -j10 -enable-batch-mode -incremental -Xcc -ivfsstatcache -Xcc /Users/admin/builder/spi-builder-workspace/.derivedData/SDKStatCaches.noindex/xros27.0-24M361-e829b21a6f8c9b70876ba0858053c044735bd543db762f57723cac368afd1ce4.sdkstatcache -output-file-map /Users/admin/builder/spi-builder-workspace/.derivedData/Build/Intermediates.noindex/LocationRadiusPicker.build/Debug-xros/LocationRadiusPicker-t.build/Objects-normal/arm64/LocationRadiusPicker-OutputFileMap.json -save-temps -no-color-diagnostics -explicit-module-build -module-cache-path /Users/admin/builder/spi-builder-workspace/.derivedData/Build/Intermediates.noindex/SwiftExplicitPrecompiledModules -clang-scanner-module-cache-path /Users/admin/builder/spi-builder-workspace/.derivedData/ModuleCache.noindex -sdk-module-cache-path /Users/admin/builder/spi-builder-workspace/.derivedData/SDKExplicitPrecompiledModules -emit-dependencies -emit-module -emit-module-path /Users/admin/builder/spi-builder-workspace/.derivedData/Build/Intermediates.noindex/LocationRadiusPicker.build/Debug-xros/LocationRadiusPicker-t.build/Objects-normal/arm64/LocationRadiusPicker.swiftmodule -serialize-diagnostics -dependency-scan-serialize-diagnostics-path /Users/admin/builder/spi-builder-workspace/.derivedData/Build/Intermediates.noindex/LocationRadiusPicker.build/Debug-xros/LocationRadiusPicker-t.build/Objects-normal/arm64/LocationRadiusPicker-dependency-scan.dia -validate-clang-modules-once -clang-build-session-file /Users/admin/builder/spi-builder-workspace/.derivedData/ModuleCache.noindex/Session.modulevalidation -Xcc -fmodules-prune-interval\=86400 -Xcc -fmodules-prune-after\=345600 -package-name spi_builder_workspace -emit-const-values -const-gather-protocols-list /Users/admin/builder/spi-builder-workspace/.derivedData/Build/Intermediates.noindex/LocationRadiusPicker.build/Debug-xros/LocationRadiusPicker-t.build/Objects-normal/arm64/LocationRadiusPicker_const_extract_protocols.json -Xcc -I/Users/admin/builder/spi-builder-workspace/.derivedData/Build/Products/Debug-xros/include -Xcc -I/Users/admin/builder/spi-builder-workspace/.derivedData/Build/Intermediates.noindex/LocationRadiusPicker.build/Debug-xros/LocationRadiusPicker-t.build/DerivedSources-normal/arm64 -Xcc -I/Users/admin/builder/spi-builder-workspace/.derivedData/Build/Intermediates.noindex/LocationRadiusPicker.build/Debug-xros/LocationRadiusPicker-t.build/DerivedSources/arm64 -Xcc -I/Users/admin/builder/spi-builder-workspace/.derivedData/Build/Intermediates.noindex/LocationRadiusPicker.build/Debug-xros/LocationRadiusPicker-t.build/DerivedSources -Xcc -DSWIFT_PACKAGE -Xcc -DDEBUG\=1 -emit-objc-header -emit-objc-header-path /Users/admin/builder/spi-builder-workspace/.derivedData/Build/Intermediates.noindex/LocationRadiusPicker.build/Debug-xros/LocationRadiusPicker-t.build/Objects-normal/arm64/LocationRadiusPicker-Swift.h -working-directory /Users/admin/builder/spi-builder-workspace/.swiftpm/xcode -experimental-emit-module-separately -disable-cmo
SwiftExplicitDependencyGeneratePcm arm64 /Users/admin/builder/spi-builder-workspace/.derivedData/SDKExplicitPrecompiledModules/SwiftShims-CI4H5RO9IYFFWQ2COB512Q2S9.pcm
SwiftExplicitDependencyGeneratePcm arm64 /Users/admin/builder/spi-builder-workspace/.derivedData/SDKExplicitPrecompiledModules/_Builtin_stddef-5NQ9Z1GV07GBSRQGAQCGXGVRI.pcm
SwiftExplicitDependencyGeneratePcm arm64 /Users/admin/builder/spi-builder-workspace/.derivedData/SDKExplicitPrecompiledModules/ptrcheck-BXA97MNLI4BB0HF5I8MJE403D.pcm
SwiftExplicitDependencyGeneratePcm arm64 /Users/admin/builder/spi-builder-workspace/.derivedData/SDKExplicitPrecompiledModules/ptrauth-1WBA714DZSVUL5JQDJ08CLKZ.pcm
SwiftExplicitDependencyGeneratePcm arm64 /Users/admin/builder/spi-builder-workspace/.derivedData/SDKExplicitPrecompiledModules/_SwiftConcurrencyShims-C8XHKSHX96D5YYALNM4W70Z0O.pcm
SwiftExplicitDependencyGeneratePcm arm64 /Users/admin/builder/spi-builder-workspace/.derivedData/SDKExplicitPrecompiledModules/DeveloperToolsSupport-46GOQP8J1QTHLYQSJW81T8UZ3.pcm
SwiftExplicitDependencyGeneratePcm arm64 /Users/admin/builder/spi-builder-workspace/.derivedData/SDKExplicitPrecompiledModules/_AvailabilityInternal-1Q8IQP6M38UWSGZ95UCEY2M44.pcm
SwiftExplicitDependencyGeneratePcm arm64 /Users/admin/builder/spi-builder-workspace/.derivedData/SDKExplicitPrecompiledModules/_Builtin_float-6WKHNW5S40U2QGHXXGETUDIRA.pcm
SwiftExplicitDependencyGeneratePcm arm64 /Users/admin/builder/spi-builder-workspace/.derivedData/SDKExplicitPrecompiledModules/_Builtin_stdarg-CDA349K2K4US766844K8E0PVA.pcm
SwiftExplicitDependencyGeneratePcm arm64 /Users/admin/builder/spi-builder-workspace/.derivedData/SDKExplicitPrecompiledModules/_Builtin_stdbool-5BU2ADS7JXQMYENKQHW9X8XOU.pcm
SwiftExplicitDependencyGeneratePcm arm64 /Users/admin/builder/spi-builder-workspace/.derivedData/SDKExplicitPrecompiledModules/_DarwinFoundation1-5RGRVV2TZ6WC4WZW5IXF8NQ04.pcm
SwiftExplicitDependencyGeneratePcm arm64 /Users/admin/builder/spi-builder-workspace/.derivedData/SDKExplicitPrecompiledModules/_DarwinFoundation2-ENTECK156YEWITZRRBTOCE4KR.pcm
SwiftExplicitDependencyGeneratePcm arm64 /Users/admin/builder/spi-builder-workspace/.derivedData/SDKExplicitPrecompiledModules/_Builtin_limits-425JDMN5HPM3D0UEI8LEHP6NM.pcm
SwiftExplicitDependencyGeneratePcm arm64 /Users/admin/builder/spi-builder-workspace/.derivedData/SDKExplicitPrecompiledModules/_Builtin_stdint-8OR6T47OOYJA90ZBO3N1USDE.pcm
SwiftExplicitDependencyGeneratePcm arm64 /Users/admin/builder/spi-builder-workspace/.derivedData/SDKExplicitPrecompiledModules/_Builtin_tgmath-BPYSMHWI520EQRL2HW519ZY7Z.pcm
SwiftExplicitDependencyGeneratePcm arm64 /Users/admin/builder/spi-builder-workspace/.derivedData/SDKExplicitPrecompiledModules/string_h-2GT67HHHHK5CF1V1S31LH0PU2.pcm
SwiftExplicitDependencyGeneratePcm arm64 /Users/admin/builder/spi-builder-workspace/.derivedData/SDKExplicitPrecompiledModules/sys_types-AYM0BHR77VKMWZCO2T0XGV2HF.pcm
SwiftExplicitDependencyGeneratePcm arm64 /Users/admin/builder/spi-builder-workspace/.derivedData/SDKExplicitPrecompiledModules/_Builtin_stdatomic-1VUZPM79PNCAHXVBERD53WRSF.pcm
SwiftExplicitDependencyGeneratePcm arm64 /Users/admin/builder/spi-builder-workspace/.derivedData/SDKExplicitPrecompiledModules/_DarwinFoundation3-9ZHN6JKBS40BBA81RQMV8H0IC.pcm
SwiftExplicitDependencyGeneratePcm arm64 /Users/admin/builder/spi-builder-workspace/.derivedData/SDKExplicitPrecompiledModules/_Builtin_intrinsics-BC5IJI3YI34RQ61ZNVDRDZ6RN.pcm
SwiftExplicitDependencyGeneratePcm arm64 /Users/admin/builder/spi-builder-workspace/.derivedData/SDKExplicitPrecompiledModules/_Builtin_inttypes-11B64KJD36B3YOHBR1BBXBJY8.pcm
SwiftExplicitDependencyGeneratePcm arm64 /Users/admin/builder/spi-builder-workspace/.derivedData/SDKExplicitPrecompiledModules/Darwin-60P5LVNQO3ESRRM5DCJ05PFNK.pcm
SwiftExplicitDependencyGeneratePcm arm64 /Users/admin/builder/spi-builder-workspace/.derivedData/SDKExplicitPrecompiledModules/simd-9XXAB17Y6E4BBPQADD61NZ23.pcm
SwiftExplicitDependencyGeneratePcm arm64 /Users/admin/builder/spi-builder-workspace/.derivedData/SDKExplicitPrecompiledModules/ObjectiveC-26TIBFYCEJZVP216ZZAU1X8KN.pcm
SwiftExplicitDependencyGeneratePcm arm64 /Users/admin/builder/spi-builder-workspace/.derivedData/SDKExplicitPrecompiledModules/MachO-3XTHY7HWV6RF3KXKYQVHUBUXK.pcm
SwiftExplicitDependencyGeneratePcm arm64 /Users/admin/builder/spi-builder-workspace/.derivedData/SDKExplicitPrecompiledModules/os_object-692CJ8BG6RE5H04487EJJOVXW.pcm
SwiftExplicitDependencyGeneratePcm arm64 /Users/admin/builder/spi-builder-workspace/.derivedData/SDKExplicitPrecompiledModules/os_workgroup-4U1VXMWIZD80E7PRUQF2G7P9X.pcm
SwiftExplicitDependencyGeneratePcm arm64 /Users/admin/builder/spi-builder-workspace/.derivedData/SDKExplicitPrecompiledModules/Dispatch-CLT3466HKC22GCKAWSCNG0H7T.pcm
SwiftExplicitDependencyGeneratePcm arm64 /Users/admin/builder/spi-builder-workspace/.derivedData/SDKExplicitPrecompiledModules/Spatial-5E0I2846LO3ZE24CSVR2O57TI.pcm
SwiftExplicitDependencyGeneratePcm arm64 /Users/admin/builder/spi-builder-workspace/.derivedData/SDKExplicitPrecompiledModules/XPC-EP5EU7FNGP4VOA3EDM18P1KHO.pcm
SwiftExplicitDependencyGeneratePcm arm64 /Users/admin/builder/spi-builder-workspace/.derivedData/SDKExplicitPrecompiledModules/CoreFoundation-AVLTZVCXBU2TO75JCN4AGU8XJ.pcm
SwiftExplicitDependencyGeneratePcm arm64 /Users/admin/builder/spi-builder-workspace/.derivedData/SDKExplicitPrecompiledModules/os-1004XEJ3IXOOAU0KL58SM3D0K.pcm
SwiftExplicitDependencyGeneratePcm arm64 /Users/admin/builder/spi-builder-workspace/.derivedData/SDKExplicitPrecompiledModules/Security-8TH2M8WJIQMET4SADWX0N8372.pcm
SwiftExplicitDependencyGeneratePcm arm64 /Users/admin/builder/spi-builder-workspace/.derivedData/SDKExplicitPrecompiledModules/CFNetwork-5MI70N1VLDQSWTX4COWLMSIRO.pcm
SwiftExplicitDependencyGeneratePcm arm64 /Users/admin/builder/spi-builder-workspace/.derivedData/SDKExplicitPrecompiledModules/CoreGraphics-BFUJ177R223UT2ZI327ZTZY91.pcm
SwiftExplicitDependencyGeneratePcm arm64 /Users/admin/builder/spi-builder-workspace/.derivedData/SDKExplicitPrecompiledModules/Foundation-8GON1KVEKRN3NOQI8RETBRWJP.pcm
SwiftExplicitDependencyGeneratePcm arm64 /Users/admin/builder/spi-builder-workspace/.derivedData/SDKExplicitPrecompiledModules/ImageIO-5CC6COR9KJYI1UBL7CSHLU2OG.pcm
SwiftExplicitDependencyGeneratePcm arm64 /Users/admin/builder/spi-builder-workspace/.derivedData/SDKExplicitPrecompiledModules/CoreText-6F9TY5TEPCCZ1K2KYM4GMEGHD.pcm
SwiftExplicitDependencyGeneratePcm arm64 /Users/admin/builder/spi-builder-workspace/.derivedData/SDKExplicitPrecompiledModules/CoreTransferable-8TBYAKHCX6UC8QQSS7BD8GQK5.pcm
SwiftExplicitDependencyGeneratePcm arm64 /Users/admin/builder/spi-builder-workspace/.derivedData/SDKExplicitPrecompiledModules/Contacts-1EUL8WJYE6XG0HNRE42KOI73I.pcm
SwiftExplicitDependencyGeneratePcm arm64 /Users/admin/builder/spi-builder-workspace/.derivedData/SDKExplicitPrecompiledModules/_LocationEssentials-8GQGFVARUE99D8VJX3TINY0VP.pcm
SwiftExplicitDependencyGeneratePcm arm64 /Users/admin/builder/spi-builder-workspace/.derivedData/SDKExplicitPrecompiledModules/Symbols-8G2XC01RPQ5HYIZE6JNUT864I.pcm
SwiftExplicitDependencyGeneratePcm arm64 /Users/admin/builder/spi-builder-workspace/.derivedData/SDKExplicitPrecompiledModules/UIUtilities-AOVGLUWEAN6CG2UZFNESGSP6C.pcm
SwiftExplicitDependencyGeneratePcm arm64 /Users/admin/builder/spi-builder-workspace/.derivedData/SDKExplicitPrecompiledModules/IOSurface-5FE9U89GVFF9A7X7AGO2R8ENI.pcm
SwiftExplicitDependencyGeneratePcm arm64 /Users/admin/builder/spi-builder-workspace/.derivedData/SDKExplicitPrecompiledModules/DataDetection-BANTQ3WXXGKZJYC0LLB3MD9K0.pcm
SwiftExplicitDependencyGeneratePcm arm64 /Users/admin/builder/spi-builder-workspace/.derivedData/SDKExplicitPrecompiledModules/FileProvider-C9I28SI56F2SEVH1BCWTKGODO.pcm
SwiftExplicitDependencyGeneratePcm arm64 /Users/admin/builder/spi-builder-workspace/.derivedData/SDKExplicitPrecompiledModules/OSLog-BNGT87TS0GMBFF7TY70HHB69.pcm
SwiftExplicitDependencyGeneratePcm arm64 /Users/admin/builder/spi-builder-workspace/.derivedData/SDKExplicitPrecompiledModules/UniformTypeIdentifiers-E5KMWDZEKS4QW9RO1KBRDEXV6.pcm
SwiftExplicitDependencyGeneratePcm arm64 /Users/admin/builder/spi-builder-workspace/.derivedData/SDKExplicitPrecompiledModules/UserNotifications-8IIV1V1FPNAPA4LY1Y23LOM2N.pcm
SwiftExplicitDependencyGeneratePcm arm64 /Users/admin/builder/spi-builder-workspace/.derivedData/SDKExplicitPrecompiledModules/Accessibility-1DR4J4YDVDGAYQTZ0FKZ1PU09.pcm
SwiftExplicitDependencyGeneratePcm arm64 /Users/admin/builder/spi-builder-workspace/.derivedData/SDKExplicitPrecompiledModules/CoreLocation-1SN37095DAPVJ068LLP9TBDQX.pcm
SwiftExplicitDependencyGeneratePcm arm64 /Users/admin/builder/spi-builder-workspace/.derivedData/SDKExplicitPrecompiledModules/OpenGLES-56BKSYXNVAP91BYZRWAKQZKGI.pcm
SwiftExplicitDependencyGeneratePcm arm64 /Users/admin/builder/spi-builder-workspace/.derivedData/SDKExplicitPrecompiledModules/Metal-EKNUM9P3PRIBHZK1ZBD6BA2T7.pcm
SwiftExplicitDependencyGeneratePcm arm64 /Users/admin/builder/spi-builder-workspace/.derivedData/SDKExplicitPrecompiledModules/CoreMotion-10LV922UPGE28QX2SOIO7ALIZ.pcm
SwiftExplicitDependencyGeneratePcm arm64 /Users/admin/builder/spi-builder-workspace/.derivedData/SDKExplicitPrecompiledModules/CoreVideo-E12HJSJSLO0YKWYBES11UKJ02.pcm
SwiftExplicitDependencyGeneratePcm arm64 /Users/admin/builder/spi-builder-workspace/.derivedData/SDKExplicitPrecompiledModules/CoreImage-8WF1P230U10QM666EQMNV7OF1.pcm
SwiftExplicitDependencyGeneratePcm arm64 /Users/admin/builder/spi-builder-workspace/.derivedData/SDKExplicitPrecompiledModules/QuartzCore-12T8WVKUNCL1N7VXH87MM4YOB.pcm
SwiftExplicitDependencyGeneratePcm arm64 /Users/admin/builder/spi-builder-workspace/.derivedData/SDKExplicitPrecompiledModules/SwiftUICore-6OBBMA39VFD4CB6SG2PE41FAP.pcm
SwiftExplicitDependencyGeneratePcm arm64 /Users/admin/builder/spi-builder-workspace/.derivedData/SDKExplicitPrecompiledModules/UIKit-2D2PMAAE45TMO6S28UCGCO5BR.pcm
SwiftExplicitDependencyGeneratePcm arm64 /Users/admin/builder/spi-builder-workspace/.derivedData/SDKExplicitPrecompiledModules/MapKit-4R58INQN0LHPM5YCXZDHLMF9B.pcm
SwiftEmitModule normal arm64 Emitting\ module\ for\ LocationRadiusPicker (in target 'LocationRadiusPicker' from project 'LocationRadiusPicker')
SwiftCompile normal arm64 (in target 'LocationRadiusPicker' from project 'LocationRadiusPicker')
cd /Users/admin/builder/spi-builder-workspace/.swiftpm/xcode
SwiftCompile normal arm64 Compiling\ LocationSearchResultsController.swift /Users/admin/builder/spi-builder-workspace/Sources/LocationRadiusPicker/Search\ &\ History/LocationSearchResultsController.swift (in target 'LocationRadiusPicker' from project 'LocationRadiusPicker')
SwiftCompile normal arm64 /Users/admin/builder/spi-builder-workspace/Sources/LocationRadiusPicker/Search\ &\ History/LocationSearchResultsController.swift (in target 'LocationRadiusPicker' from project 'LocationRadiusPicker')
cd /Users/admin/builder/spi-builder-workspace/.swiftpm/xcode
builtin-SwiftPerFileCompile LocationSearchResultsController.swift
SwiftCompile normal arm64 Compiling\ GeneratedAssetSymbols.swift /Users/admin/builder/spi-builder-workspace/.derivedData/Build/Intermediates.noindex/LocationRadiusPicker.build/Debug-xros/LocationRadiusPicker-t.build/DerivedSources/GeneratedAssetSymbols.swift (in target 'LocationRadiusPicker' from project 'LocationRadiusPicker')
SwiftCompile normal arm64 /Users/admin/builder/spi-builder-workspace/.derivedData/Build/Intermediates.noindex/LocationRadiusPicker.build/Debug-xros/LocationRadiusPicker-t.build/DerivedSources/GeneratedAssetSymbols.swift (in target 'LocationRadiusPicker' from project 'LocationRadiusPicker')
cd /Users/admin/builder/spi-builder-workspace/.swiftpm/xcode
builtin-SwiftPerFileCompile GeneratedAssetSymbols.swift
SwiftCompile normal arm64 Compiling\ LocationSearchHistoryManager.swift /Users/admin/builder/spi-builder-workspace/Sources/LocationRadiusPicker/Search\ &\ History/LocationSearchHistoryManager.swift (in target 'LocationRadiusPicker' from project 'LocationRadiusPicker')
SwiftCompile normal arm64 /Users/admin/builder/spi-builder-workspace/Sources/LocationRadiusPicker/Search\ &\ History/LocationSearchHistoryManager.swift (in target 'LocationRadiusPicker' from project 'LocationRadiusPicker')
cd /Users/admin/builder/spi-builder-workspace/.swiftpm/xcode
builtin-SwiftPerFileCompile LocationSearchHistoryManager.swift
SwiftCompile normal arm64 Compiling\ UnitSystemType.swift /Users/admin/builder/spi-builder-workspace/Sources/LocationRadiusPicker/Model/UnitSystemType.swift (in target 'LocationRadiusPicker' from project 'LocationRadiusPicker')
SwiftCompile normal arm64 /Users/admin/builder/spi-builder-workspace/Sources/LocationRadiusPicker/Model/UnitSystemType.swift (in target 'LocationRadiusPicker' from project 'LocationRadiusPicker')
cd /Users/admin/builder/spi-builder-workspace/.swiftpm/xcode
builtin-SwiftPerFileCompile UnitSystemType.swift
SwiftCompile normal arm64 Compiling\ LocationSearchResultCell.swift /Users/admin/builder/spi-builder-workspace/Sources/LocationRadiusPicker/Search\ &\ History/LocationSearchResultCell.swift (in target 'LocationRadiusPicker' from project 'LocationRadiusPicker')
SwiftCompile normal arm64 /Users/admin/builder/spi-builder-workspace/Sources/LocationRadiusPicker/Search\ &\ History/LocationSearchResultCell.swift (in target 'LocationRadiusPicker' from project 'LocationRadiusPicker')
cd /Users/admin/builder/spi-builder-workspace/.swiftpm/xcode
builtin-SwiftPerFileCompile LocationSearchResultCell.swift
SwiftCompile normal arm64 Compiling\ LocationModel.swift,\ LocationRadiusPickerConfiguration.swift /Users/admin/builder/spi-builder-workspace/Sources/LocationRadiusPicker/Model/LocationModel.swift /Users/admin/builder/spi-builder-workspace/Sources/LocationRadiusPicker/Model/LocationRadiusPickerConfiguration.swift (in target 'LocationRadiusPicker' from project 'LocationRadiusPicker')
SwiftCompile normal arm64 /Users/admin/builder/spi-builder-workspace/Sources/LocationRadiusPicker/Model/LocationModel.swift (in target 'LocationRadiusPicker' from project 'LocationRadiusPicker')
cd /Users/admin/builder/spi-builder-workspace/.swiftpm/xcode
builtin-SwiftPerFileCompile LocationModel.swift
SwiftCompile normal arm64 /Users/admin/builder/spi-builder-workspace/Sources/LocationRadiusPicker/Model/LocationRadiusPickerConfiguration.swift (in target 'LocationRadiusPicker' from project 'LocationRadiusPicker')
cd /Users/admin/builder/spi-builder-workspace/.swiftpm/xcode
builtin-SwiftPerFileCompile LocationRadiusPickerConfiguration.swift
SwiftCompile normal arm64 Compiling\ LocationRadiusPickerController.swift,\ LocationCoordinates.swift /Users/admin/builder/spi-builder-workspace/Sources/LocationRadiusPicker/LocationRadiusPickerController.swift /Users/admin/builder/spi-builder-workspace/Sources/LocationRadiusPicker/Model/LocationCoordinates.swift (in target 'LocationRadiusPicker' from project 'LocationRadiusPicker')
/Users/admin/builder/spi-builder-workspace/Sources/LocationRadiusPicker/LocationRadiusPickerController.swift:492:17: error: 'UIImpactFeedbackGenerator' is unavailable in visionOS
490 | if configuration.vibrateOnResize, newRadius.truncatingRemainder(dividingBy: 3).rounded() == 0 {
491 | // vibrate on pan
492 | UIImpactFeedbackGenerator(style: .light).impactOccurred()
| `- error: 'UIImpactFeedbackGenerator' is unavailable in visionOS
493 | }
494 | }
/Applications/Xcode-27.0.0-Release.Candidate.app/Contents/Developer/Platforms/XROS.platform/Developer/SDKs/XROS27.0.sdk/System/Library/Frameworks/UIKit.framework/Headers/UIImpactFeedbackGenerator.h:25:12: note: 'UIImpactFeedbackGenerator' has been explicitly marked unavailable here
23 | // UIImpactFeedbackGenerator is used to give user feedback when an impact between UI elements occurs
24 | UIKIT_EXTERN API_AVAILABLE(ios(10.0)) API_UNAVAILABLE(visionos, tvos) API_UNAVAILABLE(watchos) NS_SWIFT_UI_ACTOR
25 | @interface UIImpactFeedbackGenerator : UIFeedbackGenerator
| `- note: 'UIImpactFeedbackGenerator' has been explicitly marked unavailable here
26 |
27 | /// set a style on the feedback generator and attach it to the provided view as an interaction.
Failed frontend command:
SwiftCompile normal arm64 /Users/admin/builder/spi-builder-workspace/Sources/LocationRadiusPicker/LocationRadiusPickerController.swift (in target 'LocationRadiusPicker' from project 'LocationRadiusPicker')
cd /Users/admin/builder/spi-builder-workspace/.swiftpm/xcode
builtin-SwiftPerFileCompile LocationRadiusPickerController.swift
SwiftCompile normal arm64 /Users/admin/builder/spi-builder-workspace/Sources/LocationRadiusPicker/Model/LocationCoordinates.swift (in target 'LocationRadiusPicker' from project 'LocationRadiusPicker')
cd /Users/admin/builder/spi-builder-workspace/.swiftpm/xcode
builtin-SwiftPerFileCompile LocationCoordinates.swift
/Applications/Xcode-27.0.0-Release.Candidate.app/Contents/Developer/Toolchains/XcodeDefault.xctoolchain/usr/bin/swift-frontend -frontend -c /Users/admin/builder/spi-builder-workspace/.derivedData/Build/Intermediates.noindex/LocationRadiusPicker.build/Debug-xros/LocationRadiusPicker-t.build/DerivedSources/resource_bundle_accessor.swift /Users/admin/builder/spi-builder-workspace/Sources/LocationRadiusPicker/Extension/UITableView+Extension.swift -primary-file /Users/admin/builder/spi-builder-workspace/Sources/LocationRadiusPicker/LocationRadiusPickerController.swift -primary-file /Users/admin/builder/spi-builder-workspace/Sources/LocationRadiusPicker/Model/LocationCoordinates.swift /Users/admin/builder/spi-builder-workspace/Sources/LocationRadiusPicker/Model/LocationModel.swift /Users/admin/builder/spi-builder-workspace/Sources/LocationRadiusPicker/Model/LocationRadiusPickerConfiguration.swift /Users/admin/builder/spi-builder-workspace/Sources/LocationRadiusPicker/Model/LocationRadiusPickerConfigurationBuilder.swift /Users/admin/builder/spi-builder-workspace/Sources/LocationRadiusPicker/Model/LocationRadiusPickerResult.swift /Users/admin/builder/spi-builder-workspace/Sources/LocationRadiusPicker/Model/UnitSystemType.swift /Users/admin/builder/spi-builder-workspace/Sources/LocationRadiusPicker/Search\ \&\ History/LocationSearchHistoryManager.swift /Users/admin/builder/spi-builder-workspace/Sources/LocationRadiusPicker/Search\ \&\ History/LocationSearchResultCell.swift /Users/admin/builder/spi-builder-workspace/Sources/LocationRadiusPicker/Search\ \&\ History/LocationSearchResultsController.swift /Users/admin/builder/spi-builder-workspace/Sources/LocationRadiusPicker/View/CustomMapPinAnnotationView.swift /Users/admin/builder/spi-builder-workspace/.derivedData/Build/Intermediates.noindex/LocationRadiusPicker.build/Debug-xros/LocationRadiusPicker-t.build/DerivedSources/GeneratedAssetSymbols.swift -emit-dependencies-path /Users/admin/builder/spi-builder-workspace/.derivedData/Build/Intermediates.noindex/LocationRadiusPicker.build/Debug-xros/LocationRadiusPicker-t.build/Objects-normal/arm64/LocationRadiusPickerController.d -emit-const-values-path /Users/admin/builder/spi-builder-workspace/.derivedData/Build/Intermediates.noindex/LocationRadiusPicker.build/Debug-xros/LocationRadiusPicker-t.build/Objects-normal/arm64/LocationRadiusPickerController.swiftconstvalues -emit-reference-dependencies-path /Users/admin/builder/spi-builder-workspace/.derivedData/Build/Intermediates.noindex/LocationRadiusPicker.build/Debug-xros/LocationRadiusPicker-t.build/Objects-normal/arm64/LocationRadiusPickerController.swiftdeps -serialize-diagnostics-path /Users/admin/builder/spi-builder-workspace/.derivedData/Build/Intermediates.noindex/LocationRadiusPicker.build/Debug-xros/LocationRadiusPicker-t.build/Objects-normal/arm64/LocationRadiusPickerController.dia -emit-dependencies-path /Users/admin/builder/spi-builder-workspace/.derivedData/Build/Intermediates.noindex/LocationRadiusPicker.build/Debug-xros/LocationRadiusPicker-t.build/Objects-normal/arm64/LocationCoordinates.d -emit-const-values-path /Users/admin/builder/spi-builder-workspace/.derivedData/Build/Intermediates.noindex/LocationRadiusPicker.build/Debug-xros/LocationRadiusPicker-t.build/Objects-normal/arm64/LocationCoordinates.swiftconstvalues -emit-reference-dependencies-path /Users/admin/builder/spi-builder-workspace/.derivedData/Build/Intermediates.noindex/LocationRadiusPicker.build/Debug-xros/LocationRadiusPicker-t.build/Objects-normal/arm64/LocationCoordinates.swiftdeps -serialize-diagnostics-path /Users/admin/builder/spi-builder-workspace/.derivedData/Build/Intermediates.noindex/LocationRadiusPicker.build/Debug-xros/LocationRadiusPicker-t.build/Objects-normal/arm64/LocationCoordinates.dia -target arm64-apple-xros1.0 -module-can-import-version DeveloperToolsSupport 24.0.24 24.0.24 -disable-cross-import-overlay-search -swift-module-cross-import Contacts /Applications/Xcode-27.0.0-Release.Candidate.app/Contents/Developer/Platforms/XROS.platform/Developer/SDKs/XROS.sdk/System/Library/Frameworks/Contacts.framework/Modules/Contacts.swiftcrossimport/AppIntents.swiftoverlay -swift-module-cross-import Contacts /Applications/Xcode-27.0.0-Release.Candidate.app/Contents/Developer/Platforms/XROS.platform/Developer/SDKs/XROS27.0.sdk/System/Library/Frameworks/Contacts.framework/Modules/Contacts.swiftcrossimport/AppIntents.swiftoverlay -swift-module-cross-import MapKit /Applications/Xcode-27.0.0-Release.Candidate.app/Contents/Developer/Platforms/XROS.platform/Developer/SDKs/XROS.sdk/System/Library/Frameworks/MapKit.framework/Modules/MapKit.swiftcrossimport/SwiftUI.swiftoverlay -swift-module-cross-import MapKit /Applications/Xcode-27.0.0-Release.Candidate.app/Contents/Developer/Platforms/XROS.platform/Developer/SDKs/XROS27.0.sdk/System/Library/Frameworks/MapKit.framework/Modules/MapKit.swiftcrossimport/SwiftUI.swiftoverlay -load-resolved-plugin /Applications/Xcode-27.0.0-Release.Candidate.app/Contents/Developer/Platforms/XROS.platform/Developer/usr/lib/swift/host/plugins/libFoundationMacros.dylib\#/Applications/Xcode-27.0.0-Release.Candidate.app/Contents/Developer/Platforms/XROS.platform/Developer/usr/bin/swift-plugin-server\#FoundationMacros -load-resolved-plugin /Applications/Xcode-27.0.0-Release.Candidate.app/Contents/Developer/Platforms/XROS.platform/Developer/usr/lib/swift/host/plugins/libObservationMacros.dylib\#/Applications/Xcode-27.0.0-Release.Candidate.app/Contents/Developer/Platforms/XROS.platform/Developer/usr/bin/swift-plugin-server\#ObservationMacros -load-resolved-plugin /Applications/Xcode-27.0.0-Release.Candidate.app/Contents/Developer/Platforms/XROS.platform/Developer/usr/lib/swift/host/plugins/libPreviewsMacros.dylib\#/Applications/Xcode-27.0.0-Release.Candidate.app/Contents/Developer/Platforms/XROS.platform/Developer/usr/bin/swift-plugin-server\#PreviewsMacros -load-resolved-plugin /Applications/Xcode-27.0.0-Release.Candidate.app/Contents/Developer/Platforms/XROS.platform/Developer/usr/lib/swift/host/plugins/libSwiftMacros.dylib\#/Applications/Xcode-27.0.0-Release.Candidate.app/Contents/Developer/Platforms/XROS.platform/Developer/usr/bin/swift-plugin-server\#SwiftMacros -load-resolved-plugin /Applications/Xcode-27.0.0-Release.Candidate.app/Contents/Developer/Platforms/XROS.platform/Developer/usr/lib/swift/host/plugins/libSwiftUIMacros.dylib\#/Applications/Xcode-27.0.0-Release.Candidate.app/Contents/Developer/Platforms/XROS.platform/Developer/usr/bin/swift-plugin-server\#SwiftUIMacros -disable-implicit-swift-modules -Xcc -fno-implicit-modules -Xcc -fno-implicit-module-maps -explicit-swift-module-map-file /Users/admin/builder/spi-builder-workspace/.derivedData/Build/Intermediates.noindex/LocationRadiusPicker.build/Debug-xros/LocationRadiusPicker-t.build/Objects-normal/arm64/LocationRadiusPicker-dependencies-1.json -Xllvm -aarch64-use-tbi -enable-objc-interop -stack-check -sdk /Applications/Xcode-27.0.0-Release.Candidate.app/Contents/Developer/Platforms/XROS.platform/Developer/SDKs/XROS27.0.sdk -I /Users/admin/builder/spi-builder-workspace/.derivedData/Build/Products/Debug-xros -Isystem /Applications/Xcode-27.0.0-Release.Candidate.app/Contents/Developer/Platforms/XROS.platform/Developer/usr/lib -F /Users/admin/builder/spi-builder-workspace/.derivedData/Build/Products/Debug-xros -F /Applications/Xcode-27.0.0-Release.Candidate.app/Contents/Developer/Platforms/XROS.platform/Developer/Library/Frameworks -F /Applications/Xcode-27.0.0-Release.Candidate.app/Contents/Developer/Platforms/XROS.platform/Developer/SDKs/XROS27.0.sdk/Developer/Library/Frameworks -module-cache-path /Users/admin/builder/spi-builder-workspace/.derivedData/Build/Intermediates.noindex/SwiftExplicitPrecompiledModules -no-color-diagnostics -Xcc -fno-color-diagnostics -enable-testing -g -debug-info-format\=dwarf -dwarf-version\=4 -profile-generate -profile-coverage-mapping -swift-version 5 -Onone -D SWIFT_PACKAGE -D DEBUG -D SWIFT_MODULE_RESOURCE_BUNDLE_AVAILABLE -D Xcode -serialize-debugging-options -enable-experimental-feature DebugDescriptionMacro -empty-abi-descriptor -validate-clang-modules-once -clang-build-session-file /Users/admin/builder/spi-builder-workspace/.derivedData/ModuleCache.noindex/Session.modulevalidation -Xcc -working-directory -Xcc /Users/admin/builder/spi-builder-workspace/.swiftpm/xcode -enable-anonymous-context-mangled-names -file-compilation-dir /Users/admin/builder/spi-builder-workspace/.swiftpm/xcode -Xcc -D_LIBCPP_HARDENING_MODE\=_LIBCPP_HARDENING_MODE_DEBUG -Xcc -ivfsstatcache -Xcc /Users/admin/builder/spi-builder-workspace/.derivedData/SDKStatCaches.noindex/xros27.0-24M361-e829b21a6f8c9b70876ba0858053c044735bd543db762f57723cac368afd1ce4.sdkstatcache -Xcc -fmodules-prune-interval\=86400 -Xcc -fmodules-prune-after\=345600 -Xcc -I/Users/admin/builder/spi-builder-workspace/.derivedData/Build/Products/Debug-xros/include -Xcc -I/Users/admin/builder/spi-builder-workspace/.derivedData/Build/Intermediates.noindex/LocationRadiusPicker.build/Debug-xros/LocationRadiusPicker-t.build/DerivedSources-normal/arm64 -Xcc -I/Users/admin/builder/spi-builder-workspace/.derivedData/Build/Intermediates.noindex/LocationRadiusPicker.build/Debug-xros/LocationRadiusPicker-t.build/DerivedSources/arm64 -Xcc -I/Users/admin/builder/spi-builder-workspace/.derivedData/Build/Intermediates.noindex/LocationRadiusPicker.build/Debug-xros/LocationRadiusPicker-t.build/DerivedSources -Xcc -DSWIFT_PACKAGE -Xcc -DDEBUG\=1 -no-auto-bridging-header-chaining -module-name LocationRadiusPicker -package-name spi_builder_workspace -const-gather-protocols-file /Users/admin/builder/spi-builder-workspace/.derivedData/Build/Intermediates.noindex/LocationRadiusPicker.build/Debug-xros/LocationRadiusPicker-t.build/Objects-normal/arm64/LocationRadiusPicker_const_extract_protocols.json -disable-clang-spi -clang-target arm64-apple-xros27.0 -target-sdk-version 27.0 -target-sdk-name xros27.0 -in-process-plugin-server-path /Applications/Xcode-27.0.0-Release.Candidate.app/Contents/Developer/Toolchains/XcodeDefault.xctoolchain/usr/lib/swift/host/libSwiftInProcPluginServer.dylib -parse-as-library -o /Users/admin/builder/spi-builder-workspace/.derivedData/Build/Intermediates.noindex/LocationRadiusPicker.build/Debug-xros/LocationRadiusPicker-t.build/Objects-normal/arm64/LocationRadiusPickerController.o -o /Users/admin/builder/spi-builder-workspace/.derivedData/Build/Intermediates.noindex/LocationRadiusPicker.build/Debug-xros/LocationRadiusPicker-t.build/Objects-normal/arm64/LocationCoordinates.o -debug-module-path /Users/admin/builder/spi-builder-workspace/.derivedData/Build/Intermediates.noindex/LocationRadiusPicker.build/Debug-xros/LocationRadiusPicker-t.build/Objects-normal/arm64/LocationRadiusPicker.swiftmodule -index-unit-output-path /LocationRadiusPicker.build/Debug-xros/LocationRadiusPicker-t.build/Objects-normal/arm64/LocationRadiusPickerController.o -index-unit-output-path /LocationRadiusPicker.build/Debug-xros/LocationRadiusPicker-t.build/Objects-normal/arm64/LocationCoordinates.o -index-store-path /Users/admin/builder/spi-builder-workspace/.derivedData/Index.noindex/DataStore -index-system-modules
SwiftCompile normal arm64 Compiling\ LocationRadiusPickerConfigurationBuilder.swift,\ LocationRadiusPickerResult.swift /Users/admin/builder/spi-builder-workspace/Sources/LocationRadiusPicker/Model/LocationRadiusPickerConfigurationBuilder.swift /Users/admin/builder/spi-builder-workspace/Sources/LocationRadiusPicker/Model/LocationRadiusPickerResult.swift (in target 'LocationRadiusPicker' from project 'LocationRadiusPicker')
SwiftCompile normal arm64 /Users/admin/builder/spi-builder-workspace/Sources/LocationRadiusPicker/Model/LocationRadiusPickerConfigurationBuilder.swift (in target 'LocationRadiusPicker' from project 'LocationRadiusPicker')
cd /Users/admin/builder/spi-builder-workspace/.swiftpm/xcode
builtin-SwiftPerFileCompile LocationRadiusPickerConfigurationBuilder.swift
SwiftCompile normal arm64 /Users/admin/builder/spi-builder-workspace/Sources/LocationRadiusPicker/Model/LocationRadiusPickerResult.swift (in target 'LocationRadiusPicker' from project 'LocationRadiusPicker')
cd /Users/admin/builder/spi-builder-workspace/.swiftpm/xcode
builtin-SwiftPerFileCompile LocationRadiusPickerResult.swift
SwiftCompile normal arm64 Compiling\ CustomMapPinAnnotationView.swift /Users/admin/builder/spi-builder-workspace/Sources/LocationRadiusPicker/View/CustomMapPinAnnotationView.swift (in target 'LocationRadiusPicker' from project 'LocationRadiusPicker')
SwiftCompile normal arm64 /Users/admin/builder/spi-builder-workspace/Sources/LocationRadiusPicker/View/CustomMapPinAnnotationView.swift (in target 'LocationRadiusPicker' from project 'LocationRadiusPicker')
cd /Users/admin/builder/spi-builder-workspace/.swiftpm/xcode
builtin-SwiftPerFileCompile CustomMapPinAnnotationView.swift
SwiftCompile normal arm64 Compiling\ resource_bundle_accessor.swift,\ UITableView+Extension.swift /Users/admin/builder/spi-builder-workspace/.derivedData/Build/Intermediates.noindex/LocationRadiusPicker.build/Debug-xros/LocationRadiusPicker-t.build/DerivedSources/resource_bundle_accessor.swift /Users/admin/builder/spi-builder-workspace/Sources/LocationRadiusPicker/Extension/UITableView+Extension.swift (in target 'LocationRadiusPicker' from project 'LocationRadiusPicker')
SwiftCompile normal arm64 /Users/admin/builder/spi-builder-workspace/.derivedData/Build/Intermediates.noindex/LocationRadiusPicker.build/Debug-xros/LocationRadiusPicker-t.build/DerivedSources/resource_bundle_accessor.swift (in target 'LocationRadiusPicker' from project 'LocationRadiusPicker')
cd /Users/admin/builder/spi-builder-workspace/.swiftpm/xcode
builtin-SwiftPerFileCompile resource_bundle_accessor.swift
SwiftCompile normal arm64 /Users/admin/builder/spi-builder-workspace/Sources/LocationRadiusPicker/Extension/UITableView+Extension.swift (in target 'LocationRadiusPicker' from project 'LocationRadiusPicker')
cd /Users/admin/builder/spi-builder-workspace/.swiftpm/xcode
builtin-SwiftPerFileCompile UITableView+Extension.swift
SwiftDriverJobDiscovery normal arm64 Emitting module for LocationRadiusPicker (in target 'LocationRadiusPicker' from project 'LocationRadiusPicker')
SwiftDriver\ Compilation\ Requirements LocationRadiusPicker normal arm64 com.apple.xcode.tools.swift.compiler (in target 'LocationRadiusPicker' from project 'LocationRadiusPicker')
cd /Users/admin/builder/spi-builder-workspace/.swiftpm/xcode
builtin-Swift-Compilation-Requirements -- /Applications/Xcode-27.0.0-Release.Candidate.app/Contents/Developer/Toolchains/XcodeDefault.xctoolchain/usr/bin/swiftc -parse-as-library -module-name LocationRadiusPicker -Onone @/Users/admin/builder/spi-builder-workspace/.derivedData/Build/Intermediates.noindex/LocationRadiusPicker.build/Debug-xros/LocationRadiusPicker-t.build/Objects-normal/arm64/LocationRadiusPicker.SwiftFileList -DSWIFT_PACKAGE -DDEBUG -DSWIFT_MODULE_RESOURCE_BUNDLE_AVAILABLE -DXcode -plugin-path /Applications/Xcode-27.0.0-Release.Candidate.app/Contents/Developer/Toolchains/XcodeDefault.xctoolchain/usr/lib/swift/host/plugins/testing -enable-experimental-feature DebugDescriptionMacro -sdk /Applications/Xcode-27.0.0-Release.Candidate.app/Contents/Developer/Platforms/XROS.platform/Developer/SDKs/XROS27.0.sdk -target arm64-apple-xros1.0 -g -module-cache-path /Users/admin/builder/spi-builder-workspace/.derivedData/ModuleCache.noindex -Xfrontend -serialize-debugging-options -profile-coverage-mapping -profile-generate -enable-testing -index-store-path /Users/admin/builder/spi-builder-workspace/.derivedData/Index.noindex/DataStore -Xcc -D_LIBCPP_HARDENING_MODE\=_LIBCPP_HARDENING_MODE_DEBUG -swift-version 5 -I /Users/admin/builder/spi-builder-workspace/.derivedData/Build/Products/Debug-xros -Isystem /Applications/Xcode-27.0.0-Release.Candidate.app/Contents/Developer/Platforms/XROS.platform/Developer/usr/lib -F /Users/admin/builder/spi-builder-workspace/.derivedData/Build/Products/Debug-xros -F /Applications/Xcode-27.0.0-Release.Candidate.app/Contents/Developer/Platforms/XROS.platform/Developer/Library/Frameworks -F /Applications/Xcode-27.0.0-Release.Candidate.app/Contents/Developer/Platforms/XROS.platform/Developer/SDKs/XROS27.0.sdk/Developer/Library/Frameworks -c -j10 -enable-batch-mode -incremental -Xcc -ivfsstatcache -Xcc /Users/admin/builder/spi-builder-workspace/.derivedData/SDKStatCaches.noindex/xros27.0-24M361-e829b21a6f8c9b70876ba0858053c044735bd543db762f57723cac368afd1ce4.sdkstatcache -output-file-map /Users/admin/builder/spi-builder-workspace/.derivedData/Build/Intermediates.noindex/LocationRadiusPicker.build/Debug-xros/LocationRadiusPicker-t.build/Objects-normal/arm64/LocationRadiusPicker-OutputFileMap.json -save-temps -no-color-diagnostics -explicit-module-build -module-cache-path /Users/admin/builder/spi-builder-workspace/.derivedData/Build/Intermediates.noindex/SwiftExplicitPrecompiledModules -clang-scanner-module-cache-path /Users/admin/builder/spi-builder-workspace/.derivedData/ModuleCache.noindex -sdk-module-cache-path /Users/admin/builder/spi-builder-workspace/.derivedData/SDKExplicitPrecompiledModules -emit-dependencies -emit-module -emit-module-path /Users/admin/builder/spi-builder-workspace/.derivedData/Build/Intermediates.noindex/LocationRadiusPicker.build/Debug-xros/LocationRadiusPicker-t.build/Objects-normal/arm64/LocationRadiusPicker.swiftmodule -serialize-diagnostics -dependency-scan-serialize-diagnostics-path /Users/admin/builder/spi-builder-workspace/.derivedData/Build/Intermediates.noindex/LocationRadiusPicker.build/Debug-xros/LocationRadiusPicker-t.build/Objects-normal/arm64/LocationRadiusPicker-dependency-scan.dia -validate-clang-modules-once -clang-build-session-file /Users/admin/builder/spi-builder-workspace/.derivedData/ModuleCache.noindex/Session.modulevalidation -Xcc -fmodules-prune-interval\=86400 -Xcc -fmodules-prune-after\=345600 -package-name spi_builder_workspace -emit-const-values -const-gather-protocols-list /Users/admin/builder/spi-builder-workspace/.derivedData/Build/Intermediates.noindex/LocationRadiusPicker.build/Debug-xros/LocationRadiusPicker-t.build/Objects-normal/arm64/LocationRadiusPicker_const_extract_protocols.json -Xcc -I/Users/admin/builder/spi-builder-workspace/.derivedData/Build/Products/Debug-xros/include -Xcc -I/Users/admin/builder/spi-builder-workspace/.derivedData/Build/Intermediates.noindex/LocationRadiusPicker.build/Debug-xros/LocationRadiusPicker-t.build/DerivedSources-normal/arm64 -Xcc -I/Users/admin/builder/spi-builder-workspace/.derivedData/Build/Intermediates.noindex/LocationRadiusPicker.build/Debug-xros/LocationRadiusPicker-t.build/DerivedSources/arm64 -Xcc -I/Users/admin/builder/spi-builder-workspace/.derivedData/Build/Intermediates.noindex/LocationRadiusPicker.build/Debug-xros/LocationRadiusPicker-t.build/DerivedSources -Xcc -DSWIFT_PACKAGE -Xcc -DDEBUG\=1 -emit-objc-header -emit-objc-header-path /Users/admin/builder/spi-builder-workspace/.derivedData/Build/Intermediates.noindex/LocationRadiusPicker.build/Debug-xros/LocationRadiusPicker-t.build/Objects-normal/arm64/LocationRadiusPicker-Swift.h -working-directory /Users/admin/builder/spi-builder-workspace/.swiftpm/xcode -experimental-emit-module-separately -disable-cmo
SwiftDriverJobDiscovery normal arm64 Compiling UnitSystemType.swift (in target 'LocationRadiusPicker' from project 'LocationRadiusPicker')
SwiftMergeGeneratedHeaders /Users/admin/builder/spi-builder-workspace/.derivedData/Build/Intermediates.noindex/GeneratedModuleMaps-xros/LocationRadiusPicker-Swift.h /Users/admin/builder/spi-builder-workspace/.derivedData/Build/Intermediates.noindex/LocationRadiusPicker.build/Debug-xros/LocationRadiusPicker-t.build/Objects-normal/arm64/LocationRadiusPicker-Swift.h (in target 'LocationRadiusPicker' from project 'LocationRadiusPicker')
cd /Users/admin/builder/spi-builder-workspace
builtin-swiftHeaderTool -arch arm64 /Users/admin/builder/spi-builder-workspace/.derivedData/Build/Intermediates.noindex/LocationRadiusPicker.build/Debug-xros/LocationRadiusPicker-t.build/Objects-normal/arm64/LocationRadiusPicker-Swift.h -o /Users/admin/builder/spi-builder-workspace/.derivedData/Build/Intermediates.noindex/GeneratedModuleMaps-xros/LocationRadiusPicker-Swift.h
Copy /Users/admin/builder/spi-builder-workspace/.derivedData/Build/Products/Debug-xros/LocationRadiusPicker.swiftmodule/arm64-apple-xros.swiftmodule /Users/admin/builder/spi-builder-workspace/.derivedData/Build/Intermediates.noindex/LocationRadiusPicker.build/Debug-xros/LocationRadiusPicker-t.build/Objects-normal/arm64/LocationRadiusPicker.swiftmodule (in target 'LocationRadiusPicker' from project 'LocationRadiusPicker')
cd /Users/admin/builder/spi-builder-workspace
builtin-copy -exclude .DS_Store -exclude CVS -exclude .svn -exclude .git -exclude .hg -resolve-src-symlinks -rename /Users/admin/builder/spi-builder-workspace/.derivedData/Build/Intermediates.noindex/LocationRadiusPicker.build/Debug-xros/LocationRadiusPicker-t.build/Objects-normal/arm64/LocationRadiusPicker.swiftmodule /Users/admin/builder/spi-builder-workspace/.derivedData/Build/Products/Debug-xros/LocationRadiusPicker.swiftmodule/arm64-apple-xros.swiftmodule
Copy /Users/admin/builder/spi-builder-workspace/.derivedData/Build/Products/Debug-xros/LocationRadiusPicker.swiftmodule/arm64-apple-xros.swiftdoc /Users/admin/builder/spi-builder-workspace/.derivedData/Build/Intermediates.noindex/LocationRadiusPicker.build/Debug-xros/LocationRadiusPicker-t.build/Objects-normal/arm64/LocationRadiusPicker.swiftdoc (in target 'LocationRadiusPicker' from project 'LocationRadiusPicker')
cd /Users/admin/builder/spi-builder-workspace
builtin-copy -exclude .DS_Store -exclude CVS -exclude .svn -exclude .git -exclude .hg -resolve-src-symlinks -rename /Users/admin/builder/spi-builder-workspace/.derivedData/Build/Intermediates.noindex/LocationRadiusPicker.build/Debug-xros/LocationRadiusPicker-t.build/Objects-normal/arm64/LocationRadiusPicker.swiftdoc /Users/admin/builder/spi-builder-workspace/.derivedData/Build/Products/Debug-xros/LocationRadiusPicker.swiftmodule/arm64-apple-xros.swiftdoc
Copy /Users/admin/builder/spi-builder-workspace/.derivedData/Build/Products/Debug-xros/LocationRadiusPicker.swiftmodule/arm64-apple-xros.abi.json /Users/admin/builder/spi-builder-workspace/.derivedData/Build/Intermediates.noindex/LocationRadiusPicker.build/Debug-xros/LocationRadiusPicker-t.build/Objects-normal/arm64/LocationRadiusPicker.abi.json (in target 'LocationRadiusPicker' from project 'LocationRadiusPicker')
cd /Users/admin/builder/spi-builder-workspace
builtin-copy -exclude .DS_Store -exclude CVS -exclude .svn -exclude .git -exclude .hg -resolve-src-symlinks -rename /Users/admin/builder/spi-builder-workspace/.derivedData/Build/Intermediates.noindex/LocationRadiusPicker.build/Debug-xros/LocationRadiusPicker-t.build/Objects-normal/arm64/LocationRadiusPicker.abi.json /Users/admin/builder/spi-builder-workspace/.derivedData/Build/Products/Debug-xros/LocationRadiusPicker.swiftmodule/arm64-apple-xros.abi.json
Copy /Users/admin/builder/spi-builder-workspace/.derivedData/Build/Products/Debug-xros/LocationRadiusPicker.swiftmodule/Project/arm64-apple-xros.swiftsourceinfo /Users/admin/builder/spi-builder-workspace/.derivedData/Build/Intermediates.noindex/LocationRadiusPicker.build/Debug-xros/LocationRadiusPicker-t.build/Objects-normal/arm64/LocationRadiusPicker.swiftsourceinfo (in target 'LocationRadiusPicker' from project 'LocationRadiusPicker')
cd /Users/admin/builder/spi-builder-workspace
builtin-copy -exclude .DS_Store -exclude CVS -exclude .svn -exclude .git -exclude .hg -resolve-src-symlinks -rename /Users/admin/builder/spi-builder-workspace/.derivedData/Build/Intermediates.noindex/LocationRadiusPicker.build/Debug-xros/LocationRadiusPicker-t.build/Objects-normal/arm64/LocationRadiusPicker.swiftsourceinfo /Users/admin/builder/spi-builder-workspace/.derivedData/Build/Products/Debug-xros/LocationRadiusPicker.swiftmodule/Project/arm64-apple-xros.swiftsourceinfo
SwiftDriverJobDiscovery normal arm64 Compiling GeneratedAssetSymbols.swift (in target 'LocationRadiusPicker' from project 'LocationRadiusPicker')
SwiftDriverJobDiscovery normal arm64 Compiling resource_bundle_accessor.swift, UITableView+Extension.swift (in target 'LocationRadiusPicker' from project 'LocationRadiusPicker')
SwiftDriverJobDiscovery normal arm64 Compiling LocationRadiusPickerConfigurationBuilder.swift, LocationRadiusPickerResult.swift (in target 'LocationRadiusPicker' from project 'LocationRadiusPicker')
SwiftDriverJobDiscovery normal arm64 Compiling LocationSearchHistoryManager.swift (in target 'LocationRadiusPicker' from project 'LocationRadiusPicker')
SwiftDriverJobDiscovery normal arm64 Compiling LocationSearchResultCell.swift (in target 'LocationRadiusPicker' from project 'LocationRadiusPicker')
SwiftDriverJobDiscovery normal arm64 Compiling LocationSearchResultsController.swift (in target 'LocationRadiusPicker' from project 'LocationRadiusPicker')
SwiftDriverJobDiscovery normal arm64 Compiling LocationModel.swift, LocationRadiusPickerConfiguration.swift (in target 'LocationRadiusPicker' from project 'LocationRadiusPicker')
PruneExplicitPrecompiledModules /Users/admin/builder/spi-builder-workspace/.derivedData/Build/Intermediates.noindex/SwiftExplicitPrecompiledModules
PruneExplicitPrecompiledModules /Users/admin/builder/spi-builder-workspace/.derivedData/SDKExplicitPrecompiledModules
PruneExplicitPrecompiledModules /Users/admin/builder/spi-builder-workspace/.derivedData/Build/Intermediates.noindex/ExplicitPrecompiledModules
2026-09-21 04:00:39.389 xcodebuild[623:3832] [MT] IDERunDestination: Supported platforms for the buildables in the current scheme is empty.
** BUILD FAILED **
The following build commands failed:
SwiftCompile normal arm64 /Users/admin/builder/spi-builder-workspace/Sources/LocationRadiusPicker/LocationRadiusPickerController.swift (in target 'LocationRadiusPicker' from project 'LocationRadiusPicker')
SwiftCompile normal arm64 Compiling\ LocationRadiusPickerController.swift,\ LocationCoordinates.swift /Users/admin/builder/spi-builder-workspace/Sources/LocationRadiusPicker/LocationRadiusPickerController.swift /Users/admin/builder/spi-builder-workspace/Sources/LocationRadiusPicker/Model/LocationCoordinates.swift (in target 'LocationRadiusPicker' from project 'LocationRadiusPicker')
Building workspace LocationRadiusPicker with scheme LocationRadiusPicker
(3 failures)
Command line invocation:
/Applications/Xcode-27.0.0-Release.Candidate.app/Contents/Developer/usr/bin/xcodebuild -IDEClonedSourcePackagesDirPathOverride=/Users/admin/builder/spi-builder-workspace/.dependencies -resolvePackageDependencies
Resolve Package Graph
Resolved source packages:
LocationRadiusPicker: /Users/admin/builder/spi-builder-workspace
resolved source packages: LocationRadiusPicker
2026-09-21 04:00:51.221 xcodebuild[768:4564] [MT] IDERunDestination: Supported platforms for the buildables in the current scheme is empty.
{
"dependencies" : [
],
"manifest_display_name" : "LocationRadiusPicker",
"name" : "LocationRadiusPicker",
"path" : "/Users/admin/builder/spi-builder-workspace",
"platforms" : [
{
"name" : "ios",
"version" : "15.0"
}
],
"products" : [
{
"name" : "LocationRadiusPicker",
"targets" : [
"LocationRadiusPicker"
],
"type" : {
"library" : [
"automatic"
]
}
}
],
"targets" : [
{
"c99name" : "LocationRadiusPickerTests",
"module_type" : "SwiftTarget",
"name" : "LocationRadiusPickerTests",
"path" : "Tests/LocationRadiusPickerTests",
"sources" : [
"LocationRadiusPickerTests.swift"
],
"target_dependencies" : [
"LocationRadiusPicker"
],
"type" : "test"
},
{
"c99name" : "LocationRadiusPicker",
"module_type" : "SwiftTarget",
"name" : "LocationRadiusPicker",
"path" : "Sources/LocationRadiusPicker",
"product_memberships" : [
"LocationRadiusPicker"
],
"sources" : [
"Extension/UITableView+Extension.swift",
"LocationRadiusPickerController.swift",
"Model/LocationCoordinates.swift",
"Model/LocationModel.swift",
"Model/LocationRadiusPickerConfiguration.swift",
"Model/LocationRadiusPickerConfigurationBuilder.swift",
"Model/LocationRadiusPickerResult.swift",
"Model/UnitSystemType.swift",
"Search & History/LocationSearchHistoryManager.swift",
"Search & History/LocationSearchResultCell.swift",
"Search & History/LocationSearchResultsController.swift",
"View/CustomMapPinAnnotationView.swift"
],
"type" : "library"
}
],
"tools_version" : "5.10"
}
{
"workspace" : {
"name" : "LocationRadiusPicker",
"schemes" : [
"LocationRadiusPicker"
]
}
}
2026-09-21 04:00:52.425 xcodebuild[776:4631] [MT] IDERunDestination: Supported platforms for the buildables in the current scheme is empty.
Running build ...
env DEVELOPER_DIR=/Applications/Xcode-27.0.0-Release.Candidate.app xcrun xcodebuild -IDEClonedSourcePackagesDirPathOverride=$PWD/.dependencies -skipMacroValidation -skipPackagePluginValidation -derivedDataPath $PWD/.derivedData build -scheme LocationRadiusPicker -destination generic/platform=xrOS
Command line invocation:
/Applications/Xcode-27.0.0-Release.Candidate.app/Contents/Developer/usr/bin/xcodebuild -IDEClonedSourcePackagesDirPathOverride=/Users/admin/builder/spi-builder-workspace/.dependencies -skipMacroValidation -skipPackagePluginValidation -derivedDataPath /Users/admin/builder/spi-builder-workspace/.derivedData build -scheme LocationRadiusPicker -destination generic/platform=xrOS
Resolve Package Graph
Resolved source packages:
LocationRadiusPicker: /Users/admin/builder/spi-builder-workspace
ComputePackagePrebuildTargetDependencyGraph
Prepare packages
CreateBuildRequest
SendProjectDescription
CreateBuildOperation
ComputeTargetDependencyGraph
note: Building targets in dependency order
note: Target dependency graph (3 targets)
Target 'LocationRadiusPicker-product' in project 'LocationRadiusPicker'
➜ Explicit dependency on target 'LocationRadiusPicker' in project 'LocationRadiusPicker'
➜ Explicit dependency on target 'LocationRadiusPicker_LocationRadiusPicker' in project 'LocationRadiusPicker'
Target 'LocationRadiusPicker' in project 'LocationRadiusPicker'
➜ Explicit dependency on target 'LocationRadiusPicker_LocationRadiusPicker' in project 'LocationRadiusPicker'
Target 'LocationRadiusPicker_LocationRadiusPicker' in project 'LocationRadiusPicker' (no dependencies)
GatherProvisioningInputs
CreateBuildDescription
ClangStatCache /Applications/Xcode-27.0.0-Release.Candidate.app/Contents/Developer/Toolchains/XcodeDefault.xctoolchain/usr/bin/clang-stat-cache /Applications/Xcode-27.0.0-Release.Candidate.app/Contents/Developer/Platforms/XROS.platform/Developer/SDKs/XROS27.0.sdk /Users/admin/builder/spi-builder-workspace/.derivedData/SDKStatCaches.noindex/xros27.0-24M361-e829b21a6f8c9b70876ba0858053c044735bd543db762f57723cac368afd1ce4.sdkstatcache
cd /Users/admin/builder/spi-builder-workspace/.swiftpm/xcode
/Applications/Xcode-27.0.0-Release.Candidate.app/Contents/Developer/Toolchains/XcodeDefault.xctoolchain/usr/bin/clang-stat-cache /Applications/Xcode-27.0.0-Release.Candidate.app/Contents/Developer/Platforms/XROS.platform/Developer/SDKs/XROS27.0.sdk -o /Users/admin/builder/spi-builder-workspace/.derivedData/SDKStatCaches.noindex/xros27.0-24M361-e829b21a6f8c9b70876ba0858053c044735bd543db762f57723cac368afd1ce4.sdkstatcache
SwiftDriver LocationRadiusPicker normal arm64 com.apple.xcode.tools.swift.compiler (in target 'LocationRadiusPicker' from project 'LocationRadiusPicker')
cd /Users/admin/builder/spi-builder-workspace/.swiftpm/xcode
builtin-SwiftDriver -- /Applications/Xcode-27.0.0-Release.Candidate.app/Contents/Developer/Toolchains/XcodeDefault.xctoolchain/usr/bin/swiftc -parse-as-library -module-name LocationRadiusPicker -Onone @/Users/admin/builder/spi-builder-workspace/.derivedData/Build/Intermediates.noindex/LocationRadiusPicker.build/Debug-xros/LocationRadiusPicker-t.build/Objects-normal/arm64/LocationRadiusPicker.SwiftFileList -DSWIFT_PACKAGE -DDEBUG -DSWIFT_MODULE_RESOURCE_BUNDLE_AVAILABLE -DXcode -plugin-path /Applications/Xcode-27.0.0-Release.Candidate.app/Contents/Developer/Toolchains/XcodeDefault.xctoolchain/usr/lib/swift/host/plugins/testing -enable-experimental-feature DebugDescriptionMacro -sdk /Applications/Xcode-27.0.0-Release.Candidate.app/Contents/Developer/Platforms/XROS.platform/Developer/SDKs/XROS27.0.sdk -target arm64-apple-xros1.0 -g -module-cache-path /Users/admin/builder/spi-builder-workspace/.derivedData/ModuleCache.noindex -Xfrontend -serialize-debugging-options -profile-coverage-mapping -profile-generate -enable-testing -index-store-path /Users/admin/builder/spi-builder-workspace/.derivedData/Index.noindex/DataStore -Xcc -D_LIBCPP_HARDENING_MODE\=_LIBCPP_HARDENING_MODE_DEBUG -swift-version 5 -I /Users/admin/builder/spi-builder-workspace/.derivedData/Build/Products/Debug-xros -Isystem /Applications/Xcode-27.0.0-Release.Candidate.app/Contents/Developer/Platforms/XROS.platform/Developer/usr/lib -F /Users/admin/builder/spi-builder-workspace/.derivedData/Build/Products/Debug-xros -F /Applications/Xcode-27.0.0-Release.Candidate.app/Contents/Developer/Platforms/XROS.platform/Developer/Library/Frameworks -F /Applications/Xcode-27.0.0-Release.Candidate.app/Contents/Developer/Platforms/XROS.platform/Developer/SDKs/XROS27.0.sdk/Developer/Library/Frameworks -c -j10 -enable-batch-mode -incremental -Xcc -ivfsstatcache -Xcc /Users/admin/builder/spi-builder-workspace/.derivedData/SDKStatCaches.noindex/xros27.0-24M361-e829b21a6f8c9b70876ba0858053c044735bd543db762f57723cac368afd1ce4.sdkstatcache -output-file-map /Users/admin/builder/spi-builder-workspace/.derivedData/Build/Intermediates.noindex/LocationRadiusPicker.build/Debug-xros/LocationRadiusPicker-t.build/Objects-normal/arm64/LocationRadiusPicker-OutputFileMap.json -save-temps -no-color-diagnostics -explicit-module-build -module-cache-path /Users/admin/builder/spi-builder-workspace/.derivedData/Build/Intermediates.noindex/SwiftExplicitPrecompiledModules -clang-scanner-module-cache-path /Users/admin/builder/spi-builder-workspace/.derivedData/ModuleCache.noindex -sdk-module-cache-path /Users/admin/builder/spi-builder-workspace/.derivedData/SDKExplicitPrecompiledModules -emit-dependencies -emit-module -emit-module-path /Users/admin/builder/spi-builder-workspace/.derivedData/Build/Intermediates.noindex/LocationRadiusPicker.build/Debug-xros/LocationRadiusPicker-t.build/Objects-normal/arm64/LocationRadiusPicker.swiftmodule -serialize-diagnostics -dependency-scan-serialize-diagnostics-path /Users/admin/builder/spi-builder-workspace/.derivedData/Build/Intermediates.noindex/LocationRadiusPicker.build/Debug-xros/LocationRadiusPicker-t.build/Objects-normal/arm64/LocationRadiusPicker-dependency-scan.dia -validate-clang-modules-once -clang-build-session-file /Users/admin/builder/spi-builder-workspace/.derivedData/ModuleCache.noindex/Session.modulevalidation -Xcc -fmodules-prune-interval\=86400 -Xcc -fmodules-prune-after\=345600 -package-name spi_builder_workspace -emit-const-values -const-gather-protocols-list /Users/admin/builder/spi-builder-workspace/.derivedData/Build/Intermediates.noindex/LocationRadiusPicker.build/Debug-xros/LocationRadiusPicker-t.build/Objects-normal/arm64/LocationRadiusPicker_const_extract_protocols.json -Xcc -I/Users/admin/builder/spi-builder-workspace/.derivedData/Build/Products/Debug-xros/include -Xcc -I/Users/admin/builder/spi-builder-workspace/.derivedData/Build/Intermediates.noindex/LocationRadiusPicker.build/Debug-xros/LocationRadiusPicker-t.build/DerivedSources-normal/arm64 -Xcc -I/Users/admin/builder/spi-builder-workspace/.derivedData/Build/Intermediates.noindex/LocationRadiusPicker.build/Debug-xros/LocationRadiusPicker-t.build/DerivedSources/arm64 -Xcc -I/Users/admin/builder/spi-builder-workspace/.derivedData/Build/Intermediates.noindex/LocationRadiusPicker.build/Debug-xros/LocationRadiusPicker-t.build/DerivedSources -Xcc -DSWIFT_PACKAGE -Xcc -DDEBUG\=1 -emit-objc-header -emit-objc-header-path /Users/admin/builder/spi-builder-workspace/.derivedData/Build/Intermediates.noindex/LocationRadiusPicker.build/Debug-xros/LocationRadiusPicker-t.build/Objects-normal/arm64/LocationRadiusPicker-Swift.h -working-directory /Users/admin/builder/spi-builder-workspace/.swiftpm/xcode -experimental-emit-module-separately -disable-cmo
SwiftCompile normal arm64 Compiling\ LocationRadiusPickerController.swift /Users/admin/builder/spi-builder-workspace/Sources/LocationRadiusPicker/LocationRadiusPickerController.swift (in target 'LocationRadiusPicker' from project 'LocationRadiusPicker')
/Users/admin/builder/spi-builder-workspace/Sources/LocationRadiusPicker/LocationRadiusPickerController.swift:492:17: error: 'UIImpactFeedbackGenerator' is unavailable in visionOS
490 | if configuration.vibrateOnResize, newRadius.truncatingRemainder(dividingBy: 3).rounded() == 0 {
491 | // vibrate on pan
492 | UIImpactFeedbackGenerator(style: .light).impactOccurred()
| `- error: 'UIImpactFeedbackGenerator' is unavailable in visionOS
493 | }
494 | }
/Applications/Xcode-27.0.0-Release.Candidate.app/Contents/Developer/Platforms/XROS.platform/Developer/SDKs/XROS27.0.sdk/System/Library/Frameworks/UIKit.framework/Headers/UIImpactFeedbackGenerator.h:25:12: note: 'UIImpactFeedbackGenerator' has been explicitly marked unavailable here
23 | // UIImpactFeedbackGenerator is used to give user feedback when an impact between UI elements occurs
24 | UIKIT_EXTERN API_AVAILABLE(ios(10.0)) API_UNAVAILABLE(visionos, tvos) API_UNAVAILABLE(watchos) NS_SWIFT_UI_ACTOR
25 | @interface UIImpactFeedbackGenerator : UIFeedbackGenerator
| `- note: 'UIImpactFeedbackGenerator' has been explicitly marked unavailable here
26 |
27 | /// set a style on the feedback generator and attach it to the provided view as an interaction.
Failed frontend command:
SwiftCompile normal arm64 /Users/admin/builder/spi-builder-workspace/Sources/LocationRadiusPicker/LocationRadiusPickerController.swift (in target 'LocationRadiusPicker' from project 'LocationRadiusPicker')
cd /Users/admin/builder/spi-builder-workspace/.swiftpm/xcode
builtin-SwiftPerFileCompile LocationRadiusPickerController.swift
/Applications/Xcode-27.0.0-Release.Candidate.app/Contents/Developer/Toolchains/XcodeDefault.xctoolchain/usr/bin/swift-frontend -frontend -c /Users/admin/builder/spi-builder-workspace/.derivedData/Build/Intermediates.noindex/LocationRadiusPicker.build/Debug-xros/LocationRadiusPicker-t.build/DerivedSources/resource_bundle_accessor.swift /Users/admin/builder/spi-builder-workspace/Sources/LocationRadiusPicker/Extension/UITableView+Extension.swift -primary-file /Users/admin/builder/spi-builder-workspace/Sources/LocationRadiusPicker/LocationRadiusPickerController.swift /Users/admin/builder/spi-builder-workspace/Sources/LocationRadiusPicker/Model/LocationCoordinates.swift /Users/admin/builder/spi-builder-workspace/Sources/LocationRadiusPicker/Model/LocationModel.swift /Users/admin/builder/spi-builder-workspace/Sources/LocationRadiusPicker/Model/LocationRadiusPickerConfiguration.swift /Users/admin/builder/spi-builder-workspace/Sources/LocationRadiusPicker/Model/LocationRadiusPickerConfigurationBuilder.swift /Users/admin/builder/spi-builder-workspace/Sources/LocationRadiusPicker/Model/LocationRadiusPickerResult.swift /Users/admin/builder/spi-builder-workspace/Sources/LocationRadiusPicker/Model/UnitSystemType.swift /Users/admin/builder/spi-builder-workspace/Sources/LocationRadiusPicker/Search\ \&\ History/LocationSearchHistoryManager.swift /Users/admin/builder/spi-builder-workspace/Sources/LocationRadiusPicker/Search\ \&\ History/LocationSearchResultCell.swift /Users/admin/builder/spi-builder-workspace/Sources/LocationRadiusPicker/Search\ \&\ History/LocationSearchResultsController.swift /Users/admin/builder/spi-builder-workspace/Sources/LocationRadiusPicker/View/CustomMapPinAnnotationView.swift /Users/admin/builder/spi-builder-workspace/.derivedData/Build/Intermediates.noindex/LocationRadiusPicker.build/Debug-xros/LocationRadiusPicker-t.build/DerivedSources/GeneratedAssetSymbols.swift -emit-dependencies-path /Users/admin/builder/spi-builder-workspace/.derivedData/Build/Intermediates.noindex/LocationRadiusPicker.build/Debug-xros/LocationRadiusPicker-t.build/Objects-normal/arm64/LocationRadiusPickerController.d -emit-const-values-path /Users/admin/builder/spi-builder-workspace/.derivedData/Build/Intermediates.noindex/LocationRadiusPicker.build/Debug-xros/LocationRadiusPicker-t.build/Objects-normal/arm64/LocationRadiusPickerController.swiftconstvalues -emit-reference-dependencies-path /Users/admin/builder/spi-builder-workspace/.derivedData/Build/Intermediates.noindex/LocationRadiusPicker.build/Debug-xros/LocationRadiusPicker-t.build/Objects-normal/arm64/LocationRadiusPickerController.swiftdeps -serialize-diagnostics-path /Users/admin/builder/spi-builder-workspace/.derivedData/Build/Intermediates.noindex/LocationRadiusPicker.build/Debug-xros/LocationRadiusPicker-t.build/Objects-normal/arm64/LocationRadiusPickerController.dia -target arm64-apple-xros1.0 -module-can-import-version DeveloperToolsSupport 24.0.24 24.0.24 -disable-cross-import-overlay-search -swift-module-cross-import Contacts /Applications/Xcode-27.0.0-Release.Candidate.app/Contents/Developer/Platforms/XROS.platform/Developer/SDKs/XROS.sdk/System/Library/Frameworks/Contacts.framework/Modules/Contacts.swiftcrossimport/AppIntents.swiftoverlay -swift-module-cross-import Contacts /Applications/Xcode-27.0.0-Release.Candidate.app/Contents/Developer/Platforms/XROS.platform/Developer/SDKs/XROS27.0.sdk/System/Library/Frameworks/Contacts.framework/Modules/Contacts.swiftcrossimport/AppIntents.swiftoverlay -swift-module-cross-import MapKit /Applications/Xcode-27.0.0-Release.Candidate.app/Contents/Developer/Platforms/XROS.platform/Developer/SDKs/XROS.sdk/System/Library/Frameworks/MapKit.framework/Modules/MapKit.swiftcrossimport/SwiftUI.swiftoverlay -swift-module-cross-import MapKit /Applications/Xcode-27.0.0-Release.Candidate.app/Contents/Developer/Platforms/XROS.platform/Developer/SDKs/XROS27.0.sdk/System/Library/Frameworks/MapKit.framework/Modules/MapKit.swiftcrossimport/SwiftUI.swiftoverlay -load-resolved-plugin /Applications/Xcode-27.0.0-Release.Candidate.app/Contents/Developer/Platforms/XROS.platform/Developer/usr/lib/swift/host/plugins/libFoundationMacros.dylib\#/Applications/Xcode-27.0.0-Release.Candidate.app/Contents/Developer/Platforms/XROS.platform/Developer/usr/bin/swift-plugin-server\#FoundationMacros -load-resolved-plugin /Applications/Xcode-27.0.0-Release.Candidate.app/Contents/Developer/Platforms/XROS.platform/Developer/usr/lib/swift/host/plugins/libObservationMacros.dylib\#/Applications/Xcode-27.0.0-Release.Candidate.app/Contents/Developer/Platforms/XROS.platform/Developer/usr/bin/swift-plugin-server\#ObservationMacros -load-resolved-plugin /Applications/Xcode-27.0.0-Release.Candidate.app/Contents/Developer/Platforms/XROS.platform/Developer/usr/lib/swift/host/plugins/libPreviewsMacros.dylib\#/Applications/Xcode-27.0.0-Release.Candidate.app/Contents/Developer/Platforms/XROS.platform/Developer/usr/bin/swift-plugin-server\#PreviewsMacros -load-resolved-plugin /Applications/Xcode-27.0.0-Release.Candidate.app/Contents/Developer/Platforms/XROS.platform/Developer/usr/lib/swift/host/plugins/libSwiftMacros.dylib\#/Applications/Xcode-27.0.0-Release.Candidate.app/Contents/Developer/Platforms/XROS.platform/Developer/usr/bin/swift-plugin-server\#SwiftMacros -load-resolved-plugin /Applications/Xcode-27.0.0-Release.Candidate.app/Contents/Developer/Platforms/XROS.platform/Developer/usr/lib/swift/host/plugins/libSwiftUIMacros.dylib\#/Applications/Xcode-27.0.0-Release.Candidate.app/Contents/Developer/Platforms/XROS.platform/Developer/usr/bin/swift-plugin-server\#SwiftUIMacros -disable-implicit-swift-modules -Xcc -fno-implicit-modules -Xcc -fno-implicit-module-maps -explicit-swift-module-map-file /Users/admin/builder/spi-builder-workspace/.derivedData/Build/Intermediates.noindex/LocationRadiusPicker.build/Debug-xros/LocationRadiusPicker-t.build/Objects-normal/arm64/LocationRadiusPicker-dependencies-1.json -Xllvm -aarch64-use-tbi -enable-objc-interop -stack-check -sdk /Applications/Xcode-27.0.0-Release.Candidate.app/Contents/Developer/Platforms/XROS.platform/Developer/SDKs/XROS27.0.sdk -I /Users/admin/builder/spi-builder-workspace/.derivedData/Build/Products/Debug-xros -Isystem /Applications/Xcode-27.0.0-Release.Candidate.app/Contents/Developer/Platforms/XROS.platform/Developer/usr/lib -F /Users/admin/builder/spi-builder-workspace/.derivedData/Build/Products/Debug-xros -F /Applications/Xcode-27.0.0-Release.Candidate.app/Contents/Developer/Platforms/XROS.platform/Developer/Library/Frameworks -F /Applications/Xcode-27.0.0-Release.Candidate.app/Contents/Developer/Platforms/XROS.platform/Developer/SDKs/XROS27.0.sdk/Developer/Library/Frameworks -module-cache-path /Users/admin/builder/spi-builder-workspace/.derivedData/Build/Intermediates.noindex/SwiftExplicitPrecompiledModules -no-color-diagnostics -Xcc -fno-color-diagnostics -enable-testing -g -debug-info-format\=dwarf -dwarf-version\=4 -profile-generate -profile-coverage-mapping -swift-version 5 -Onone -D SWIFT_PACKAGE -D DEBUG -D SWIFT_MODULE_RESOURCE_BUNDLE_AVAILABLE -D Xcode -serialize-debugging-options -enable-experimental-feature DebugDescriptionMacro -empty-abi-descriptor -validate-clang-modules-once -clang-build-session-file /Users/admin/builder/spi-builder-workspace/.derivedData/ModuleCache.noindex/Session.modulevalidation -Xcc -working-directory -Xcc /Users/admin/builder/spi-builder-workspace/.swiftpm/xcode -enable-anonymous-context-mangled-names -file-compilation-dir /Users/admin/builder/spi-builder-workspace/.swiftpm/xcode -Xcc -D_LIBCPP_HARDENING_MODE\=_LIBCPP_HARDENING_MODE_DEBUG -Xcc -ivfsstatcache -Xcc /Users/admin/builder/spi-builder-workspace/.derivedData/SDKStatCaches.noindex/xros27.0-24M361-e829b21a6f8c9b70876ba0858053c044735bd543db762f57723cac368afd1ce4.sdkstatcache -Xcc -fmodules-prune-interval\=86400 -Xcc -fmodules-prune-after\=345600 -Xcc -I/Users/admin/builder/spi-builder-workspace/.derivedData/Build/Products/Debug-xros/include -Xcc -I/Users/admin/builder/spi-builder-workspace/.derivedData/Build/Intermediates.noindex/LocationRadiusPicker.build/Debug-xros/LocationRadiusPicker-t.build/DerivedSources-normal/arm64 -Xcc -I/Users/admin/builder/spi-builder-workspace/.derivedData/Build/Intermediates.noindex/LocationRadiusPicker.build/Debug-xros/LocationRadiusPicker-t.build/DerivedSources/arm64 -Xcc -I/Users/admin/builder/spi-builder-workspace/.derivedData/Build/Intermediates.noindex/LocationRadiusPicker.build/Debug-xros/LocationRadiusPicker-t.build/DerivedSources -Xcc -DSWIFT_PACKAGE -Xcc -DDEBUG\=1 -no-auto-bridging-header-chaining -module-name LocationRadiusPicker -package-name spi_builder_workspace -const-gather-protocols-file /Users/admin/builder/spi-builder-workspace/.derivedData/Build/Intermediates.noindex/LocationRadiusPicker.build/Debug-xros/LocationRadiusPicker-t.build/Objects-normal/arm64/LocationRadiusPicker_const_extract_protocols.json -disable-clang-spi -clang-target arm64-apple-xros27.0 -target-sdk-version 27.0 -target-sdk-name xros27.0 -in-process-plugin-server-path /Applications/Xcode-27.0.0-Release.Candidate.app/Contents/Developer/Toolchains/XcodeDefault.xctoolchain/usr/lib/swift/host/libSwiftInProcPluginServer.dylib -parse-as-library -o /Users/admin/builder/spi-builder-workspace/.derivedData/Build/Intermediates.noindex/LocationRadiusPicker.build/Debug-xros/LocationRadiusPicker-t.build/Objects-normal/arm64/LocationRadiusPickerController.o -debug-module-path /Users/admin/builder/spi-builder-workspace/.derivedData/Build/Intermediates.noindex/LocationRadiusPicker.build/Debug-xros/LocationRadiusPicker-t.build/Objects-normal/arm64/LocationRadiusPicker.swiftmodule -index-unit-output-path /LocationRadiusPicker.build/Debug-xros/LocationRadiusPicker-t.build/Objects-normal/arm64/LocationRadiusPickerController.o -index-store-path /Users/admin/builder/spi-builder-workspace/.derivedData/Index.noindex/DataStore -index-system-modules
SwiftEmitModule normal arm64 Emitting\ module\ for\ LocationRadiusPicker (in target 'LocationRadiusPicker' from project 'LocationRadiusPicker')
SwiftCompile normal arm64 (in target 'LocationRadiusPicker' from project 'LocationRadiusPicker')
cd /Users/admin/builder/spi-builder-workspace/.swiftpm/xcode
SwiftCompile normal arm64 Compiling\ CustomMapPinAnnotationView.swift /Users/admin/builder/spi-builder-workspace/Sources/LocationRadiusPicker/View/CustomMapPinAnnotationView.swift (in target 'LocationRadiusPicker' from project 'LocationRadiusPicker')
SwiftCompile normal arm64 /Users/admin/builder/spi-builder-workspace/Sources/LocationRadiusPicker/View/CustomMapPinAnnotationView.swift (in target 'LocationRadiusPicker' from project 'LocationRadiusPicker')
cd /Users/admin/builder/spi-builder-workspace/.swiftpm/xcode
builtin-SwiftPerFileCompile CustomMapPinAnnotationView.swift
SwiftCompile normal arm64 Compiling\ LocationCoordinates.swift /Users/admin/builder/spi-builder-workspace/Sources/LocationRadiusPicker/Model/LocationCoordinates.swift (in target 'LocationRadiusPicker' from project 'LocationRadiusPicker')
SwiftCompile normal arm64 /Users/admin/builder/spi-builder-workspace/Sources/LocationRadiusPicker/Model/LocationCoordinates.swift (in target 'LocationRadiusPicker' from project 'LocationRadiusPicker')
cd /Users/admin/builder/spi-builder-workspace/.swiftpm/xcode
builtin-SwiftPerFileCompile LocationCoordinates.swift
SwiftDriverJobDiscovery normal arm64 Compiling CustomMapPinAnnotationView.swift (in target 'LocationRadiusPicker' from project 'LocationRadiusPicker')
SwiftDriverJobDiscovery normal arm64 Compiling LocationCoordinates.swift (in target 'LocationRadiusPicker' from project 'LocationRadiusPicker')
SwiftCompile normal arm64 Compiling\ LocationRadiusPickerResult.swift /Users/admin/builder/spi-builder-workspace/Sources/LocationRadiusPicker/Model/LocationRadiusPickerResult.swift (in target 'LocationRadiusPicker' from project 'LocationRadiusPicker')
SwiftCompile normal arm64 /Users/admin/builder/spi-builder-workspace/Sources/LocationRadiusPicker/Model/LocationRadiusPickerResult.swift (in target 'LocationRadiusPicker' from project 'LocationRadiusPicker')
cd /Users/admin/builder/spi-builder-workspace/.swiftpm/xcode
builtin-SwiftPerFileCompile LocationRadiusPickerResult.swift
SwiftCompile normal arm64 Compiling\ LocationModel.swift /Users/admin/builder/spi-builder-workspace/Sources/LocationRadiusPicker/Model/LocationModel.swift (in target 'LocationRadiusPicker' from project 'LocationRadiusPicker')
SwiftCompile normal arm64 /Users/admin/builder/spi-builder-workspace/Sources/LocationRadiusPicker/Model/LocationModel.swift (in target 'LocationRadiusPicker' from project 'LocationRadiusPicker')
cd /Users/admin/builder/spi-builder-workspace/.swiftpm/xcode
builtin-SwiftPerFileCompile LocationModel.swift
SwiftCompile normal arm64 Compiling\ LocationRadiusPickerConfigurationBuilder.swift /Users/admin/builder/spi-builder-workspace/Sources/LocationRadiusPicker/Model/LocationRadiusPickerConfigurationBuilder.swift (in target 'LocationRadiusPicker' from project 'LocationRadiusPicker')
SwiftCompile normal arm64 /Users/admin/builder/spi-builder-workspace/Sources/LocationRadiusPicker/Model/LocationRadiusPickerConfigurationBuilder.swift (in target 'LocationRadiusPicker' from project 'LocationRadiusPicker')
cd /Users/admin/builder/spi-builder-workspace/.swiftpm/xcode
builtin-SwiftPerFileCompile LocationRadiusPickerConfigurationBuilder.swift
SwiftCompile normal arm64 Compiling\ LocationRadiusPickerConfiguration.swift /Users/admin/builder/spi-builder-workspace/Sources/LocationRadiusPicker/Model/LocationRadiusPickerConfiguration.swift (in target 'LocationRadiusPicker' from project 'LocationRadiusPicker')
SwiftCompile normal arm64 /Users/admin/builder/spi-builder-workspace/Sources/LocationRadiusPicker/Model/LocationRadiusPickerConfiguration.swift (in target 'LocationRadiusPicker' from project 'LocationRadiusPicker')
cd /Users/admin/builder/spi-builder-workspace/.swiftpm/xcode
builtin-SwiftPerFileCompile LocationRadiusPickerConfiguration.swift
SwiftCompile normal arm64 Compiling\ LocationSearchHistoryManager.swift /Users/admin/builder/spi-builder-workspace/Sources/LocationRadiusPicker/Search\ &\ History/LocationSearchHistoryManager.swift (in target 'LocationRadiusPicker' from project 'LocationRadiusPicker')
SwiftCompile normal arm64 /Users/admin/builder/spi-builder-workspace/Sources/LocationRadiusPicker/Search\ &\ History/LocationSearchHistoryManager.swift (in target 'LocationRadiusPicker' from project 'LocationRadiusPicker')
cd /Users/admin/builder/spi-builder-workspace/.swiftpm/xcode
builtin-SwiftPerFileCompile LocationSearchHistoryManager.swift
SwiftCompile normal arm64 Compiling\ LocationSearchResultsController.swift /Users/admin/builder/spi-builder-workspace/Sources/LocationRadiusPicker/Search\ &\ History/LocationSearchResultsController.swift (in target 'LocationRadiusPicker' from project 'LocationRadiusPicker')
SwiftCompile normal arm64 /Users/admin/builder/spi-builder-workspace/Sources/LocationRadiusPicker/Search\ &\ History/LocationSearchResultsController.swift (in target 'LocationRadiusPicker' from project 'LocationRadiusPicker')
cd /Users/admin/builder/spi-builder-workspace/.swiftpm/xcode
builtin-SwiftPerFileCompile LocationSearchResultsController.swift
SwiftDriverJobDiscovery normal arm64 Compiling LocationRadiusPickerResult.swift (in target 'LocationRadiusPicker' from project 'LocationRadiusPicker')
SwiftDriverJobDiscovery normal arm64 Compiling LocationRadiusPickerConfiguration.swift (in target 'LocationRadiusPicker' from project 'LocationRadiusPicker')
SwiftDriverJobDiscovery normal arm64 Compiling LocationRadiusPickerConfigurationBuilder.swift (in target 'LocationRadiusPicker' from project 'LocationRadiusPicker')
SwiftDriverJobDiscovery normal arm64 Compiling LocationModel.swift (in target 'LocationRadiusPicker' from project 'LocationRadiusPicker')
SwiftDriverJobDiscovery normal arm64 Compiling LocationSearchHistoryManager.swift (in target 'LocationRadiusPicker' from project 'LocationRadiusPicker')
SwiftDriverJobDiscovery normal arm64 Compiling LocationSearchResultsController.swift (in target 'LocationRadiusPicker' from project 'LocationRadiusPicker')
PruneExplicitPrecompiledModules /Users/admin/builder/spi-builder-workspace/.derivedData/Build/Intermediates.noindex/ExplicitPrecompiledModules
PruneExplicitPrecompiledModules /Users/admin/builder/spi-builder-workspace/.derivedData/Build/Intermediates.noindex/SwiftExplicitPrecompiledModules
PruneExplicitPrecompiledModules /Users/admin/builder/spi-builder-workspace/.derivedData/SDKExplicitPrecompiledModules
2026-09-21 04:00:53.373 xcodebuild[777:4654] [MT] IDERunDestination: Supported platforms for the buildables in the current scheme is empty.
** BUILD FAILED **
The following build commands failed:
SwiftCompile normal arm64 /Users/admin/builder/spi-builder-workspace/Sources/LocationRadiusPicker/LocationRadiusPickerController.swift (in target 'LocationRadiusPicker' from project 'LocationRadiusPicker')
SwiftCompile normal arm64 Compiling\ LocationRadiusPickerController.swift /Users/admin/builder/spi-builder-workspace/Sources/LocationRadiusPicker/LocationRadiusPickerController.swift (in target 'LocationRadiusPicker' from project 'LocationRadiusPicker')
Building workspace LocationRadiusPicker with scheme LocationRadiusPicker
(3 failures)
BUILD FAILURE 6.4 visionOS