Build Information
Failed to build PutioKit, reference 1.0.0 (e94233), with Swift 6.4 for tvOS using Xcode 27.0 on 15 Sep 2026 22:41:29 UTC.
Build Command
env DEVELOPER_DIR=/Applications/Xcode-27.0.0-Release.Candidate.app xcrun xcodebuild -IDEClonedSourcePackagesDirPathOverride=$PWD/.dependencies -skipMacroValidation -skipPackagePluginValidation -derivedDataPath $PWD/.derivedData build -scheme PutioKit-Package -destination generic/platform=tvOSBuild Log
========================================
RunAll
========================================
Builder version: 5.1.0
Interrupt handler set up.
========================================
Checkout
========================================
Clone URL: https://github.com/ipavlidakis/PutioKit.git
Reference: 1.0.0
Initialized empty Git repository in /Users/admin/builder/spi-builder-workspace/.git/
From https://github.com/ipavlidakis/PutioKit
* tag 1.0.0 -> FETCH_HEAD
HEAD is now at e94233a Update README.md
Cloned https://github.com/ipavlidakis/PutioKit.git
Revision (git rev-parse @):
e94233a4152b045e3ef24820e1dd3a3977cc2047
SUCCESS checkout https://github.com/ipavlidakis/PutioKit.git at 1.0.0
========================================
Build
========================================
Selected platform: tvOS
Swift version: 6.4
Building package at path: $PWD
https://github.com/ipavlidakis/PutioKit.git
Command line invocation:
/Applications/Xcode-27.0.0-Release.Candidate.app/Contents/Developer/usr/bin/xcodebuild -IDEClonedSourcePackagesDirPathOverride=/Users/admin/builder/spi-builder-workspace/.dependencies -resolvePackageDependencies
resolved source packages:
{
"dependencies" : [
],
"manifest_display_name" : "PutioKit",
"name" : "PutioKit",
"path" : "/Users/admin/builder/spi-builder-workspace",
"platforms" : [
{
"name" : "ios",
"version" : "13.0"
},
{
"name" : "macos",
"version" : "10.15"
},
{
"name" : "tvos",
"version" : "13.0"
},
{
"name" : "watchos",
"version" : "6.0"
}
],
"products" : [
{
"name" : "PutioKit",
"targets" : [
"PutioKit"
],
"type" : {
"library" : [
"automatic"
]
}
}
],
"targets" : [
{
"c99name" : "PutioKitTests",
"module_type" : "SwiftTarget",
"name" : "PutioKitTests",
"path" : "Tests/PutioKitTests",
"sources" : [
"XCTestManifests.swift"
],
"target_dependencies" : [
"PutioKit"
],
"type" : "test"
},
{
"c99name" : "PutioKit",
"module_type" : "SwiftTarget",
"name" : "PutioKit",
"path" : "Sources/PutioKit",
"product_memberships" : [
"PutioKit"
],
"sources" : [
"Extensions/Data+MimeType.swift",
"Extensions/Data+MultipartForm.swift",
"Extensions/Decodable+GenericInit.swift",
"Extensions/JSONDecoder+PutioKit.swift",
"External/Swime/MimeType.swift",
"External/Swime/Swime.swift",
"Models/ErrorModel.swift",
"Models/SuccessModel.swift",
"Protocols/CredentialsStoring.swift",
"Protocols/FileOrTransferProtocol.swift",
"Protocols/URLQueryItemConvertible.swift",
"Services/Account/AccountService.swift",
"Services/Account/Models/AccountService+Model.swift",
"Services/Authentication/AuthenticationService.swift",
"Services/Authentication/Models/AuthenticationService+Models.swift",
"Services/Config/ConfigService.swift",
"Services/Events/EventsService.swift",
"Services/Events/Models/EventsService+Models.swift",
"Services/Files/FilesService.swift",
"Services/Files/Models/FilesService+Model.swift",
"Services/Files/Subservices/FilesService+CRUD.swift",
"Services/Files/Subservices/FilesService+Listing.swift",
"Services/Files/Subservices/FilesService+Searching.swift",
"Services/Files/Subservices/FilesService+VideoOperations.swift",
"Services/Friends/FriendsService.swift",
"Services/Friends/Models/FriendsService+Model.swift",
"Services/RSS/Models/RSSService+Models.swift",
"Services/RSS/RSSService.swift",
"Services/Shares/Models/SharesService+Model.swift",
"Services/Shares/SharesService.swift",
"Services/Transfers/Models/TransfersService+Model.swift",
"Services/Transfers/TransfersService.swift",
"Services/Zip/Models/ZipService+Models.swift",
"Services/Zip/ZipService.swift",
"Utilities/ApiClientModel.swift",
"Utilities/CompletionTypes.swift",
"Utilities/Constants.swift",
"Utilities/CreatedAndUpdatedDateFormatter.swift",
"Utilities/HTTPMethod.swift",
"Utilities/Helpers.swift",
"Utilities/NetworkHandler.swift",
"Utilities/PutIOKitError.swift",
"Utilities/URLRequest/URLRequest+HeaderPair.swift",
"Utilities/URLRequest/URLRequest+PutIOKit.swift",
"Utilities/URLRequest/URLRequest+QueryItemEncoder.swift"
],
"type" : "library"
}
],
"tools_version" : "5.1"
}
{
"project" : {
"configurations" : [
"Debug",
"Release"
],
"name" : "PutioKit",
"schemes" : [
"PutioKit-Package"
],
"targets" : [
"PutioKit",
"PutioKitPackageDescription",
"PutioKitPackageTests",
"PutioKitTests"
]
}
}
Running build ...
env DEVELOPER_DIR=/Applications/Xcode-27.0.0-Release.Candidate.app xcrun xcodebuild -IDEClonedSourcePackagesDirPathOverride=$PWD/.dependencies -skipMacroValidation -skipPackagePluginValidation -derivedDataPath $PWD/.derivedData build -scheme PutioKit-Package -destination generic/platform=tvOS
Command line invocation:
/Applications/Xcode-27.0.0-Release.Candidate.app/Contents/Developer/usr/bin/xcodebuild -IDEClonedSourcePackagesDirPathOverride=/Users/admin/builder/spi-builder-workspace/.dependencies -skipMacroValidation -skipPackagePluginValidation -derivedDataPath /Users/admin/builder/spi-builder-workspace/.derivedData build -scheme PutioKit-Package -destination generic/platform=tvOS
ComputePackagePrebuildTargetDependencyGraph
Prepare packages
CreateBuildRequest
SendProjectDescription
CreateBuildOperation
ComputeTargetDependencyGraph
note: Building targets in dependency order
note: Target dependency graph (1 target)
Target 'PutioKit' in project 'PutioKit' (no dependencies)
GatherProvisioningInputs
CreateBuildDescription
ExecuteExternalTool /Applications/Xcode-27.0.0-Release.Candidate.app/Contents/Developer/Toolchains/XcodeDefault.xctoolchain/usr/bin/clang -v -E -dM -isysroot /Applications/Xcode-27.0.0-Release.Candidate.app/Contents/Developer/Platforms/AppleTVOS.platform/Developer/SDKs/AppleTVOS27.0.sdk -x c -c /dev/null
ExecuteExternalTool /Applications/Xcode-27.0.0-Release.Candidate.app/Contents/Developer/Toolchains/XcodeDefault.xctoolchain/usr/bin/swiftc --version
ExecuteExternalTool /Applications/Xcode-27.0.0-Release.Candidate.app/Contents/Developer/Toolchains/XcodeDefault.xctoolchain/usr/bin/ld -version_details
Build description signature: 0370d7895988384a539f4d0ce0858818
Build description path: /Users/admin/builder/spi-builder-workspace/.derivedData/Build/Intermediates.noindex/XCBuildData/0370d7895988384a539f4d0ce0858818.xcbuilddata
/Users/admin/builder/spi-builder-workspace/PutioKit.xcodeproj: error: The tvOS deployment target 'TVOS_DEPLOYMENT_TARGET' is set to 13.0, but the range of supported deployment target versions is 15.0 to 27.0.x. (in target 'PutioKit' from project 'PutioKit')
** BUILD FAILED **
The following build commands failed:
Building project PutioKit with scheme PutioKit-Package
(1 failure)
Command line invocation:
/Applications/Xcode-27.0.0-Release.Candidate.app/Contents/Developer/usr/bin/xcodebuild -IDEClonedSourcePackagesDirPathOverride=/Users/admin/builder/spi-builder-workspace/.dependencies -resolvePackageDependencies
resolved source packages:
{
"dependencies" : [
],
"manifest_display_name" : "PutioKit",
"name" : "PutioKit",
"path" : "/Users/admin/builder/spi-builder-workspace",
"platforms" : [
{
"name" : "ios",
"version" : "13.0"
},
{
"name" : "macos",
"version" : "10.15"
},
{
"name" : "tvos",
"version" : "13.0"
},
{
"name" : "watchos",
"version" : "6.0"
}
],
"products" : [
{
"name" : "PutioKit",
"targets" : [
"PutioKit"
],
"type" : {
"library" : [
"automatic"
]
}
}
],
"targets" : [
{
"c99name" : "PutioKitTests",
"module_type" : "SwiftTarget",
"name" : "PutioKitTests",
"path" : "Tests/PutioKitTests",
"sources" : [
"XCTestManifests.swift"
],
"target_dependencies" : [
"PutioKit"
],
"type" : "test"
},
{
"c99name" : "PutioKit",
"module_type" : "SwiftTarget",
"name" : "PutioKit",
"path" : "Sources/PutioKit",
"product_memberships" : [
"PutioKit"
],
"sources" : [
"Extensions/Data+MimeType.swift",
"Extensions/Data+MultipartForm.swift",
"Extensions/Decodable+GenericInit.swift",
"Extensions/JSONDecoder+PutioKit.swift",
"External/Swime/MimeType.swift",
"External/Swime/Swime.swift",
"Models/ErrorModel.swift",
"Models/SuccessModel.swift",
"Protocols/CredentialsStoring.swift",
"Protocols/FileOrTransferProtocol.swift",
"Protocols/URLQueryItemConvertible.swift",
"Services/Account/AccountService.swift",
"Services/Account/Models/AccountService+Model.swift",
"Services/Authentication/AuthenticationService.swift",
"Services/Authentication/Models/AuthenticationService+Models.swift",
"Services/Config/ConfigService.swift",
"Services/Events/EventsService.swift",
"Services/Events/Models/EventsService+Models.swift",
"Services/Files/FilesService.swift",
"Services/Files/Models/FilesService+Model.swift",
"Services/Files/Subservices/FilesService+CRUD.swift",
"Services/Files/Subservices/FilesService+Listing.swift",
"Services/Files/Subservices/FilesService+Searching.swift",
"Services/Files/Subservices/FilesService+VideoOperations.swift",
"Services/Friends/FriendsService.swift",
"Services/Friends/Models/FriendsService+Model.swift",
"Services/RSS/Models/RSSService+Models.swift",
"Services/RSS/RSSService.swift",
"Services/Shares/Models/SharesService+Model.swift",
"Services/Shares/SharesService.swift",
"Services/Transfers/Models/TransfersService+Model.swift",
"Services/Transfers/TransfersService.swift",
"Services/Zip/Models/ZipService+Models.swift",
"Services/Zip/ZipService.swift",
"Utilities/ApiClientModel.swift",
"Utilities/CompletionTypes.swift",
"Utilities/Constants.swift",
"Utilities/CreatedAndUpdatedDateFormatter.swift",
"Utilities/HTTPMethod.swift",
"Utilities/Helpers.swift",
"Utilities/NetworkHandler.swift",
"Utilities/PutIOKitError.swift",
"Utilities/URLRequest/URLRequest+HeaderPair.swift",
"Utilities/URLRequest/URLRequest+PutIOKit.swift",
"Utilities/URLRequest/URLRequest+QueryItemEncoder.swift"
],
"type" : "library"
}
],
"tools_version" : "5.1"
}
{
"project" : {
"configurations" : [
"Debug",
"Release"
],
"name" : "PutioKit",
"schemes" : [
"PutioKit-Package"
],
"targets" : [
"PutioKit",
"PutioKitPackageDescription",
"PutioKitPackageTests",
"PutioKitTests"
]
}
}
Running build ...
env DEVELOPER_DIR=/Applications/Xcode-27.0.0-Release.Candidate.app xcrun xcodebuild -IDEClonedSourcePackagesDirPathOverride=$PWD/.dependencies -skipMacroValidation -skipPackagePluginValidation -derivedDataPath $PWD/.derivedData build -scheme PutioKit-Package -destination generic/platform=tvOS
Command line invocation:
/Applications/Xcode-27.0.0-Release.Candidate.app/Contents/Developer/usr/bin/xcodebuild -IDEClonedSourcePackagesDirPathOverride=/Users/admin/builder/spi-builder-workspace/.dependencies -skipMacroValidation -skipPackagePluginValidation -derivedDataPath /Users/admin/builder/spi-builder-workspace/.derivedData build -scheme PutioKit-Package -destination generic/platform=tvOS
ComputePackagePrebuildTargetDependencyGraph
Prepare packages
CreateBuildRequest
SendProjectDescription
CreateBuildOperation
ComputeTargetDependencyGraph
note: Building targets in dependency order
note: Target dependency graph (1 target)
Target 'PutioKit' in project 'PutioKit' (no dependencies)
GatherProvisioningInputs
CreateBuildDescription
/Users/admin/builder/spi-builder-workspace/PutioKit.xcodeproj: error: The tvOS deployment target 'TVOS_DEPLOYMENT_TARGET' is set to 13.0, but the range of supported deployment target versions is 15.0 to 27.0.x. (in target 'PutioKit' from project 'PutioKit')
** BUILD FAILED **
The following build commands failed:
Building project PutioKit with scheme PutioKit-Package
(1 failure)
BUILD FAILURE 6.4 tvOS