The Swift Package Index logo.Swift Package Index

Build Information

Failed to build GoogleCloudBeyondCorpAppConnectionsV1, reference 0.5.0 (aaa7d5), with Swift 6.2 for Android on 10 Oct 2026 19:51:36 UTC.

Build Command

bash -c docker run --pull=always --rm -v "checkouts-53886768-0":/host -w "$PWD" -e JAVA_HOME="/root/.sdkman/candidates/java/current" -e SPI_BUILD="1" -e SPI_PROCESSING="1" registry.gitlab.com/saguaro1/spi-images:android-6.2-latest swift build --swift-sdk aarch64-unknown-linux-android28 2>&1

Build Log

========================================
RunAll
========================================
Builder version: 5.1.1
Interrupt handler set up.
========================================
Checkout
========================================
Clone URL: https://github.com/googleapis/swift-google-cloud-beyondcorp-appconnections-v1.git
Reference: 0.5.0
Initialized empty Git repository in /host/spi-builder-workspace/.git/
hint: Using 'master' as the name for the initial branch. This default branch name
hint: is subject to change. To configure the initial branch name to use in all
hint: of your new repositories, which will suppress this warning, call:
hint:
hint: 	git config --global init.defaultBranch <name>
hint:
hint: Names commonly chosen instead of 'master' are 'main', 'trunk' and
hint: 'development'. The just-created branch can be renamed via this command:
hint:
hint: 	git branch -m <name>
From https://github.com/googleapis/swift-google-cloud-beyondcorp-appconnections-v1
 * tag               0.5.0      -> FETCH_HEAD
HEAD is now at aaa7d52 chore: release circa 2026-10-07 (#1382)
Cloned https://github.com/googleapis/swift-google-cloud-beyondcorp-appconnections-v1.git
Revision (git rev-parse @):
aaa7d52d1348b426582ec1e75f1826f74fe91979
SPI manifest file found: $PWD/.spi.yml
SUCCESS checkout https://github.com/googleapis/swift-google-cloud-beyondcorp-appconnections-v1.git at 0.5.0
========================================
Build
========================================
Selected platform:         android
Swift version:             6.2
Building package at path:  $PWD
https://github.com/googleapis/swift-google-cloud-beyondcorp-appconnections-v1.git
Running build ...
bash -c docker run --pull=always --rm -v "checkouts-53886768-0":/host -w "$PWD" -e JAVA_HOME="/root/.sdkman/candidates/java/current" -e SPI_BUILD="1" -e SPI_PROCESSING="1" registry.gitlab.com/saguaro1/spi-images:android-6.2-latest swift build --swift-sdk aarch64-unknown-linux-android28 2>&1
android-6.2-latest: Pulling from saguaro1/spi-images
Digest: sha256:a839c9ce201f1dacc8eb056626ec7ab0a1c6d53d7b77c83feda395f4507c51be
Status: Image is up to date for registry.gitlab.com/saguaro1/spi-images:android-6.2-latest
Fetching https://github.com/apple/swift-log
Fetching https://github.com/googleapis/swift-google-wkt
Fetching https://github.com/googleapis/swift-google-gax
Fetching https://github.com/googleapis/swift-google-longrunning
Fetching https://github.com/googleapis/swift-google-auth
[1/1023] Fetching swift-google-auth
[12/2046] Fetching swift-google-auth, swift-google-wkt
[881/3794] Fetching swift-google-auth, swift-google-wkt, swift-google-gax
[1529/4413] Fetching swift-google-auth, swift-google-wkt, swift-google-gax, swift-google-longrunning
[4327/12670] Fetching swift-google-auth, swift-google-wkt, swift-google-gax, swift-google-longrunning, swift-log
Fetched https://github.com/googleapis/swift-google-longrunning from cache (0.57s)
[4868/12051] Fetching swift-google-auth, swift-google-wkt, swift-google-gax, swift-log
Fetched https://github.com/googleapis/swift-google-auth from cache (0.57s)
[4010/11028] Fetching swift-google-wkt, swift-google-gax, swift-log
Fetching https://github.com/googleapis/swift-google-cloud-location
Fetched https://github.com/googleapis/swift-google-gax from cache (0.60s)
[3170/9280] Fetching swift-google-wkt, swift-log
Fetching https://github.com/googleapis/swift-google-rpc
Fetched https://github.com/googleapis/swift-google-wkt from cache (0.84s)
Fetched https://github.com/apple/swift-log from cache (0.84s)
[1/552] Fetching swift-google-cloud-location
Fetching https://github.com/googleapis/swift-google-iam-v1
Fetched https://github.com/googleapis/swift-google-cloud-location from cache (0.43s)
[5/422] Fetching swift-google-rpc
Fetched https://github.com/googleapis/swift-google-rpc from cache (0.41s)
[1/706] Fetching swift-google-iam-v1
Fetched https://github.com/googleapis/swift-google-iam-v1 from cache (0.46s)
Computing version for https://github.com/googleapis/swift-google-wkt
Computed https://github.com/googleapis/swift-google-wkt at 0.5.0 (1.76s)
Fetching https://github.com/swift-extras/swift-extras-base64
[1/954] Fetching swift-extras-base64
Fetched https://github.com/swift-extras/swift-extras-base64 from cache (0.41s)
Computing version for https://github.com/googleapis/swift-google-rpc
Computed https://github.com/googleapis/swift-google-rpc at 0.5.0 (0.76s)
Computing version for https://github.com/googleapis/swift-google-longrunning
Computed https://github.com/googleapis/swift-google-longrunning at 0.5.0 (0.33s)
Computing version for https://github.com/googleapis/swift-google-iam-v1
Computed https://github.com/googleapis/swift-google-iam-v1 at 0.5.0 (0.28s)
Fetching https://github.com/googleapis/swift-google-type
[5/437] Fetching swift-google-type
Fetched https://github.com/googleapis/swift-google-type from cache (0.40s)
Computing version for https://github.com/googleapis/swift-google-gax
Computed https://github.com/googleapis/swift-google-gax at 0.5.0 (0.80s)
Fetching https://github.com/swift-server/async-http-client.git
Fetching https://github.com/apple/swift-nio
[1/16464] Fetching async-http-client
[16465/102838] Fetching async-http-client, swift-nio
Fetched https://github.com/swift-server/async-http-client.git from cache (5.77s)
Fetched https://github.com/apple/swift-nio from cache (5.82s)
Computing version for https://github.com/googleapis/swift-google-cloud-location
Computed https://github.com/googleapis/swift-google-cloud-location at 0.5.0 (6.13s)
Computing version for https://github.com/googleapis/swift-google-auth
Computed https://github.com/googleapis/swift-google-auth at 0.5.0 (0.34s)
Fetching https://github.com/vapor/jwt-kit.git
[1/10254] Fetching jwt-kit
Fetching https://github.com/apple/swift-system.git
Fetched https://github.com/vapor/jwt-kit.git from cache (1.16s)
[1/7241] Fetching swift-system
Fetched https://github.com/apple/swift-system.git from cache (0.77s)
Computing version for https://github.com/googleapis/swift-google-type
Computed https://github.com/googleapis/swift-google-type at 0.5.0 (2.21s)
Computing version for https://github.com/swift-extras/swift-extras-base64
Computed https://github.com/swift-extras/swift-extras-base64 at 1.2.0 (0.30s)
Computing version for https://github.com/swift-server/async-http-client.git
Computed https://github.com/swift-server/async-http-client.git at 1.36.2 (0.39s)
Fetching https://github.com/apple/swift-algorithms.git
Fetching https://github.com/apple/swift-nio-extras.git
Fetching https://github.com/apple/swift-nio-transport-services.git
Fetching https://github.com/apple/swift-configuration.git
Fetching https://github.com/apple/swift-service-context.git
[1/1500] Fetching swift-service-context
[271/4367] Fetching swift-service-context, swift-nio-transport-services
[287/8295] Fetching swift-service-context, swift-nio-transport-services, swift-configuration
[4763/14459] Fetching swift-service-context, swift-nio-transport-services, swift-configuration, swift-algorithms
[6681/21162] Fetching swift-service-context, swift-nio-transport-services, swift-configuration, swift-algorithms, swift-nio-extras
Fetched https://github.com/apple/swift-nio-transport-services.git from cache (0.61s)
[12122/18295] Fetching swift-service-context, swift-configuration, swift-algorithms, swift-nio-extras
Fetching https://github.com/apple/swift-nio-http2.git
Fetched https://github.com/apple/swift-service-context.git from cache (0.69s)
[15522/16795] Fetching swift-configuration, swift-algorithms, swift-nio-extras
Fetched https://github.com/apple/swift-configuration.git from cache (0.70s)
[11728/12867] Fetching swift-algorithms, swift-nio-extras
Fetching https://github.com/apple/swift-nio-ssl.git
Fetching https://github.com/apple/swift-distributed-tracing.git
Fetching https://github.com/apple/swift-atomics.git
Fetched https://github.com/apple/swift-algorithms.git from cache (0.92s)
Fetched https://github.com/apple/swift-nio-extras.git from cache (0.92s)
[1/16861] Fetching swift-nio-ssl
[170/23412] Fetching swift-nio-ssl, swift-distributed-tracing
[340/35706] Fetching swift-nio-ssl, swift-distributed-tracing, swift-nio-http2
[2544/37595] Fetching swift-nio-ssl, swift-distributed-tracing, swift-nio-http2, swift-atomics
Fetched https://github.com/apple/swift-distributed-tracing.git from cache (0.90s)
[7370/31044] Fetching swift-nio-ssl, swift-nio-http2, swift-atomics
Fetched https://github.com/apple/swift-atomics.git from cache (0.72s)
[5772/29155] Fetching swift-nio-ssl, swift-nio-http2
Fetched https://github.com/apple/swift-nio-http2.git from cache (2.07s)
Fetched https://github.com/apple/swift-nio-ssl.git from cache (2.55s)
Computing version for https://github.com/apple/swift-service-context.git
Computed https://github.com/apple/swift-service-context.git at 1.3.0 (3.55s)
Computing version for https://github.com/apple/swift-algorithms.git
Computed https://github.com/apple/swift-algorithms.git at 1.2.1 (1.51s)
Fetching https://github.com/apple/swift-numerics.git
[1/6728] Fetching swift-numerics
Fetched https://github.com/apple/swift-numerics.git from cache (0.69s)
Computing version for https://github.com/apple/swift-log
Computed https://github.com/apple/swift-log at 1.16.1 (1.00s)
Computing version for https://github.com/apple/swift-distributed-tracing.git
Computed https://github.com/apple/swift-distributed-tracing.git at 1.5.0 (0.34s)
Computing version for https://github.com/apple/swift-atomics.git
Computed https://github.com/apple/swift-atomics.git at 1.3.1 (0.33s)
Computing version for https://github.com/apple/swift-numerics.git
Computed https://github.com/apple/swift-numerics.git at 1.1.1 (0.30s)
Computing version for https://github.com/apple/swift-nio
Computed https://github.com/apple/swift-nio at 2.104.0 (0.62s)
Fetching https://github.com/apple/swift-collections.git
[1/28703] Fetching swift-collections
Fetched https://github.com/apple/swift-collections.git from cache (1.58s)
Computing version for https://github.com/apple/swift-configuration.git
Computed https://github.com/apple/swift-configuration.git at 1.2.2 (2.95s)
Fetching https://github.com/swift-server/swift-service-lifecycle
[1/2867] Fetching swift-service-lifecycle
Fetched https://github.com/swift-server/swift-service-lifecycle from cache (0.50s)
Computing version for https://github.com/apple/swift-nio-transport-services.git
Computed https://github.com/apple/swift-nio-transport-services.git at 1.28.0 (0.87s)
Computing version for https://github.com/swift-server/swift-service-lifecycle
Computed https://github.com/swift-server/swift-service-lifecycle at 2.12.1 (0.27s)
Fetching https://github.com/apple/swift-async-algorithms.git
[1/6820] Fetching swift-async-algorithms
Fetched https://github.com/apple/swift-async-algorithms.git from cache (0.67s)
Computing version for https://github.com/apple/swift-async-algorithms.git
Computed https://github.com/apple/swift-async-algorithms.git at 1.1.7 (1.06s)
Computing version for https://github.com/apple/swift-collections.git
Computed https://github.com/apple/swift-collections.git at 1.7.2 (0.45s)
Computing version for https://github.com/apple/swift-nio-http2.git
Computed https://github.com/apple/swift-nio-http2.git at 1.46.0 (0.42s)
Computing version for https://github.com/vapor/jwt-kit.git
Computed https://github.com/vapor/jwt-kit.git at 5.7.1 (0.33s)
Fetching https://github.com/apple/swift-certificates.git
Fetching https://github.com/apple/swift-crypto.git
[1/18629] Fetching swift-crypto
[374/26238] Fetching swift-crypto, swift-certificates
Fetched https://github.com/apple/swift-certificates.git from cache (0.75s)
[2050/18629] Fetching swift-crypto
Fetched https://github.com/apple/swift-crypto.git from cache (2.15s)
Computing version for https://github.com/apple/swift-crypto.git
Computed https://github.com/apple/swift-crypto.git at 4.5.2 (4.02s)
Fetching https://github.com/apple/swift-asn1.git
[1/2009] Fetching swift-asn1
Fetched https://github.com/apple/swift-asn1.git from cache (0.96s)
Computing version for https://github.com/apple/swift-asn1.git
Computed https://github.com/apple/swift-asn1.git at 1.7.3 (1.30s)
Computing version for https://github.com/apple/swift-certificates.git
Computed https://github.com/apple/swift-certificates.git at 1.21.0 (0.36s)
Computing version for https://github.com/apple/swift-nio-ssl.git
Computed https://github.com/apple/swift-nio-ssl.git at 2.37.5 (0.36s)
Computing version for https://github.com/apple/swift-system.git
Computed https://github.com/apple/swift-system.git at 1.8.1 (0.30s)
Computing version for https://github.com/apple/swift-nio-extras.git
Computed https://github.com/apple/swift-nio-extras.git at 1.35.1 (0.46s)
Fetching https://github.com/apple/swift-http-structured-headers.git
[1/1253] Fetching swift-http-structured-headers
Fetching https://github.com/apple/swift-http-types.git
Fetched https://github.com/apple/swift-http-structured-headers.git from cache (0.43s)
[1/1939] Fetching swift-http-types
Fetched https://github.com/apple/swift-http-types.git from cache (0.44s)
Computing version for https://github.com/apple/swift-http-structured-headers.git
Computed https://github.com/apple/swift-http-structured-headers.git at 1.7.0 (1.09s)
Computing version for https://github.com/apple/swift-http-types.git
Computed https://github.com/apple/swift-http-types.git at 1.8.0 (0.37s)
Creating working copy for https://github.com/apple/swift-asn1.git
Working copy of https://github.com/apple/swift-asn1.git resolved at 1.7.3
Creating working copy for https://github.com/apple/swift-service-context.git
Working copy of https://github.com/apple/swift-service-context.git resolved at 1.3.0
Creating working copy for https://github.com/apple/swift-algorithms.git
Working copy of https://github.com/apple/swift-algorithms.git resolved at 1.2.1
Creating working copy for https://github.com/apple/swift-collections.git
Working copy of https://github.com/apple/swift-collections.git resolved at 1.7.2
Creating working copy for https://github.com/apple/swift-distributed-tracing.git
Working copy of https://github.com/apple/swift-distributed-tracing.git resolved at 1.5.0
Creating working copy for https://github.com/apple/swift-http-structured-headers.git
Working copy of https://github.com/apple/swift-http-structured-headers.git resolved at 1.7.0
Creating working copy for https://github.com/apple/swift-nio-ssl.git
Working copy of https://github.com/apple/swift-nio-ssl.git resolved at 2.37.5
Creating working copy for https://github.com/apple/swift-nio-transport-services.git
Working copy of https://github.com/apple/swift-nio-transport-services.git resolved at 1.28.0
Creating working copy for https://github.com/apple/swift-system.git
Working copy of https://github.com/apple/swift-system.git resolved at 1.8.1
Creating working copy for https://github.com/apple/swift-async-algorithms.git
Working copy of https://github.com/apple/swift-async-algorithms.git resolved at 1.1.7
Creating working copy for https://github.com/apple/swift-nio-extras.git
Working copy of https://github.com/apple/swift-nio-extras.git resolved at 1.35.1
Creating working copy for https://github.com/vapor/jwt-kit.git
Working copy of https://github.com/vapor/jwt-kit.git resolved at 5.7.1
Creating working copy for https://github.com/swift-server/async-http-client.git
Working copy of https://github.com/swift-server/async-http-client.git resolved at 1.36.2
Creating working copy for https://github.com/googleapis/swift-google-longrunning
Working copy of https://github.com/googleapis/swift-google-longrunning resolved at 0.5.0
Creating working copy for https://github.com/apple/swift-http-types.git
Working copy of https://github.com/apple/swift-http-types.git resolved at 1.8.0
Creating working copy for https://github.com/googleapis/swift-google-cloud-location
Working copy of https://github.com/googleapis/swift-google-cloud-location resolved at 0.5.0
Creating working copy for https://github.com/apple/swift-nio-http2.git
Working copy of https://github.com/apple/swift-nio-http2.git resolved at 1.46.0
Creating working copy for https://github.com/googleapis/swift-google-gax
Working copy of https://github.com/googleapis/swift-google-gax resolved at 0.5.0
Creating working copy for https://github.com/googleapis/swift-google-iam-v1
Working copy of https://github.com/googleapis/swift-google-iam-v1 resolved at 0.5.0
Creating working copy for https://github.com/googleapis/swift-google-type
Working copy of https://github.com/googleapis/swift-google-type resolved at 0.5.0
Creating working copy for https://github.com/googleapis/swift-google-wkt
Working copy of https://github.com/googleapis/swift-google-wkt resolved at 0.5.0
Creating working copy for https://github.com/apple/swift-certificates.git
Working copy of https://github.com/apple/swift-certificates.git resolved at 1.21.0
Creating working copy for https://github.com/googleapis/swift-google-rpc
Working copy of https://github.com/googleapis/swift-google-rpc resolved at 0.5.0
Creating working copy for https://github.com/apple/swift-configuration.git
Working copy of https://github.com/apple/swift-configuration.git resolved at 1.2.2
Creating working copy for https://github.com/apple/swift-crypto.git
Working copy of https://github.com/apple/swift-crypto.git resolved at 4.5.2
Creating working copy for https://github.com/apple/swift-nio
Working copy of https://github.com/apple/swift-nio resolved at 2.104.0
Creating working copy for https://github.com/apple/swift-numerics.git
Working copy of https://github.com/apple/swift-numerics.git resolved at 1.1.1
Creating working copy for https://github.com/googleapis/swift-google-auth
Working copy of https://github.com/googleapis/swift-google-auth resolved at 0.5.0
Creating working copy for https://github.com/apple/swift-log
Working copy of https://github.com/apple/swift-log resolved at 1.16.1
Creating working copy for https://github.com/swift-extras/swift-extras-base64
Working copy of https://github.com/swift-extras/swift-extras-base64 resolved at 1.2.0
Creating working copy for https://github.com/apple/swift-atomics.git
Working copy of https://github.com/apple/swift-atomics.git resolved at 1.3.1
Creating working copy for https://github.com/swift-server/swift-service-lifecycle
Working copy of https://github.com/swift-server/swift-service-lifecycle resolved at 2.12.1
Building for debugging...
[0/954] Compiling rsa_print.cc
[1/954] Compiling sha1.cc
[2/954] Write swift-version--11D90AFD9DD3AB2.txt
[2/954] Write sources
[7/954] Compiling _NumericsShims _NumericsShims.c
[8/954] Compiling _AtomicsShims.c
[9/954] Compiling rsa_extra.cc
[10/960] Compiling a_octet.cc
[10/960] Write sources
[40/979] Compiling rsa_crypt.cc
[41/982] Compiling a_bitstr.cc
[42/993] Compiling a_bool.cc
[43/1004] Compiling rsa_asn1.cc
[45/1032] Emitting module Logging
[46/1033] Emitting module InternalCollectionsUtilities
[47/1036] Compiling InternalCollectionsUtilities UnsafeMutablePointer+Extras.swift
[48/1036] Compiling InternalCollectionsUtilities UnsafeMutableRawBufferPointer+Extras.swift
[49/1036] Compiling InternalCollectionsUtilities UnsafePointer+Extras.swift
[50/1036] Compiling InternalCollectionsUtilities BorrowingIteratorProtocol+Equality.swift
[51/1036] Compiling InternalCollectionsUtilities BorrowingIteratorProtocol+Extras.swift
[52/1036] Compiling InternalCollectionsUtilities UnsafeRawBufferPointer+Extras.swift
[53/1036] Compiling InternalCollectionsUtilities _SortedCollection.swift
[54/1036] Compiling InternalCollectionsUtilities _UniqueCollection.swift
[55/1037] Compiling InternalCollectionsUtilities Strideable+LimitHelpers.swift
[56/1037] Compiling InternalCollectionsUtilities String+Padding.swift
[57/1037] Compiling InternalCollectionsUtilities TemporaryAllocation.swift
[58/1037] Compiling InternalCollectionsUtilities _UnsafeBitSet+Index.swift
[59/1037] Compiling InternalCollectionsUtilities FixedWidthInteger+roundUpToPowerOfTwo.swift
[60/1037] Compiling InternalCollectionsUtilities Integer rank.swift
[61/1037] Compiling RealModule Float16+Real.swift
[64/1037] Compiling InternalCollectionsUtilities UInt+first and last set bit.swift
[65/1037] Compiling InternalCollectionsUtilities UInt+reversed.swift
[66/1037] Compiling InternalCollectionsUtilities Iterable+CopyContents.swift
[67/1037] Compiling InternalCollectionsUtilities Iterable+Equality.swift
[68/1037] Compiling InternalCollectionsUtilities LifetimeOverride.swift
[69/1037] Compiling InternalCollectionsUtilities MutableRef.swift
[70/1037] Emitting module _NIOBase64
[71/1037] Compiling _NIOBase64 Base64.swift
[72/1037] Compiling InternalCollectionsUtilities MutableSpan+Extras.swift
[73/1037] Compiling InternalCollectionsUtilities OutputSpan+Extras.swift
[74/1037] Compiling InternalCollectionsUtilities RandomAccessCollection+Offsets.swift
[75/1037] Compiling InternalCollectionsUtilities Span+Extras.swift
[78/1038] Compiling InternalCollectionsUtilities Debugging.swift
[79/1038] Compiling InternalCollectionsUtilities Descriptions.swift
[80/1038] Compiling RealModule Float80+Real.swift
[81/1038] Compiling RealModule Real.swift
[82/1038] Compiling RealModule RealFunctions.swift
[90/1040] Compiling ServiceContextModule ServiceContextKey.swift
[91/1040] Compiling InternalCollectionsUtilities _UnsafeBitSet+_Word.swift
[92/1040] Compiling InternalCollectionsUtilities _UnsafeBitSet.swift
[93/1040] Compiling InternalCollectionsUtilities UnsafeBufferPointer+Extras.swift
[94/1040] Compiling InternalCollectionsUtilities UnsafeMutableBufferPointer+Extras.swift
[96/1040] Emitting module RealModule
[99/1040] Compiling RealModule RelaxedArithmetic.swift
[99/1042] Write sources
[103/1042] Compiling ServiceContextModule ServiceContext.swift
[104/1042] Emitting module ServiceContextModule
[104/1042] Wrapping AST for _NIOBase64 for debugging
[104/1042] Write sources
[115/1043] Compiling CXKCPShims shims.c
[117/1043] Compiling Logging LoggingSystem.swift
[118/1043] Compiling _CertificateInternals _TinyArray.swift
[119/1043] Emitting module _CertificateInternals
[120/1044] Compiling SimpleFIPS202.c
[122/1053] Wrapping AST for InternalCollectionsUtilities for debugging
[123/1053] Wrapping AST for RealModule for debugging
[125/1053] Compiling _NIODataStructures PriorityQueue.swift
[126/1053] Compiling _NIODataStructures _TinyArray.swift
[127/1053] Compiling _NIODataStructures Heap.swift
[128/1053] Emitting module _NIODataStructures
[129/1054] Compiling SpanPreview InputSpan.swift
[130/1054] Compiling SpanPreview MutableSpan+InputSpanHelpers.swift
[131/1054] Compiling SpanPreview OutputSpan+InputSpanHelpers.swift
[132/1054] Emitting module SpanPreview
[132/1054] Wrapping AST for ServiceContextModule for debugging
[134/1061] Wrapping AST for _CertificateInternals for debugging
[136/1061] Compiling KeccakSponge.c
[138/1061] Compiling Logging Logger.swift
[139/1061] Compiling Logging Logger+Attributes.swift
[140/1061] Compiling Logging Logger+With.swift
[140/1061] Compiling KeccakHash.c
[144/1061] Compiling Instrumentation NoOpInstrument.swift
[145/1061] Emitting module Instrumentation
[145/1061] Wrapping AST for _NIODataStructures for debugging
[146/1061] Compiling CSystem shims.c
[147/1061] Wrapping AST for SpanPreview for debugging
[148/1061] Compiling CNIOWindows shim.c
[149/1061] Compiling CNIOWindows WSAStartup.c
[151/1061] Compiling Instrumentation MultiplexInstrument.swift
[151/1088] Compiling CNIOWASI CNIOWASI.c
[152/1120] Compiling CNIOPosix event_loop_id.c
[154/1130] Compiling Instrumentation Instrument.swift
[154/1140] Compiling CNIOOpenBSD shim.c
[155/1140] Compiling CNIOLinux shim.c
[156/1140] Compiling CNIOLinux liburing_shims.c
[158/1140] Compiling DequeModule RigidDeque+Initializers.swift
[159/1140] Compiling DequeModule RigidDeque+Insertions.swift
[160/1140] Compiling DequeModule RigidDeque+Iterable.swift
[161/1140] Compiling DequeModule RigidDeque+Prepend.swift
[162/1140] Compiling DequeModule RigidDeque+Removals.swift
[162/1145] Compiling KeccakP-1600-opt64.c
[163/1145] Compiling CNIOLLHTTP c_nio_http.c
[165/1145] Compiling SystemPackage SystemString.swift
[166/1145] Compiling SystemPackage Util+StringArray.swift
[167/1145] Compiling SystemPackage Util.swift
[168/1145] Compiling SystemPackage UtilConsumers.swift
[169/1145] Compiling SystemPackage WinSDK+Overlay.swift
[170/1145] Compiling DequeModule UniqueDeque+Consumption.swift
[171/1145] Compiling DequeModule UniqueDeque+ContainerOperations.swift
[172/1145] Compiling DequeModule UniqueDeque+Deprecations.swift
[173/1145] Compiling DequeModule UniqueDeque+Descriptions.swift
[174/1145] Compiling DequeModule UniqueDeque+Equatable.swift
[175/1145] Compiling DequeModule UniqueDeque+Hashable.swift
[175/1150] Compiling CNIOLLHTTP c_nio_llhttp.c
[176/1150] Compiling CNIOFreeBSD shim.c
[177/1150] Compiling CNIOLLHTTP c_nio_api.c
[179/1150] Compiling DequeModule RigidDeque+Descriptions.swift
[180/1150] Compiling DequeModule RigidDeque+Equatable.swift
[181/1150] Compiling DequeModule RigidDeque+Hashable.swift
[187/1150] Compiling DequeModule RigidDeque+Replacements.swift
[188/1150] Compiling DequeModule RigidDeque+Testing.swift
[189/1150] Compiling DequeModule RigidDeque.swift
[190/1150] Compiling DequeModule UniqueDeque+Append.swift
[191/1150] Compiling DequeModule _DequeBuffer.swift
[192/1150] Compiling DequeModule _DequeBufferHeader.swift
[193/1150] Compiling DequeModule RigidDeque+Append.swift
[194/1150] Compiling DequeModule RigidDeque+Consumption.swift
[195/1150] Compiling DequeModule RigidDeque+ContainerOperations.swift
[196/1150] Compiling DequeModule RigidDeque+Deprecations.swift
[196/1150] Compiling CNIOExtrasZlib zutil.c
[197/1150] Compiling CNIOExtrasZlib trees.c
[198/1150] Compiling CNIOExtrasZlib inftrees.c
[199/1150] Compiling CNIOExtrasZlib inffast.c
[202/1150] Compiling CNIOExtrasZlib inflate.c
[203/1150] Compiling CNIOExtrasZlib crc32.c
[204/1150] Compiling CNIOExtrasZlib deflate.c
[205/1150] Compiling CNIOExtrasZlib adler32.c
[206/1150] Compiling CNIODarwin shim.c
[208/1150] Emitting module SwiftASN1
[208/1150] Compiling fiat_p256_adx_sqr.S
[209/1150] Compiling fiat_p256_adx_mul.S
[210/1150] Compiling fiat_curve25519_adx_square.S
[211/1150] Compiling fiat_curve25519_adx_mul.S
[213/1150] Compiling ExtrasBase64 Base32.swift
[213/1150] Compiling CNIOBoringSSLShims shims.c
[225/1150] Compiling DequeModule Deque+Codable.swift
[226/1150] Compiling DequeModule Deque+Collection.swift
[232/1150] Compiling Instrumentation InstrumentationSystem.swift
[233/1150] Compiling Instrumentation Locks.swift
[234/1151] Compiling DequeModule Deque+Hashable.swift
[235/1151] Compiling DequeModule Deque+Testing.swift
[236/1151] Compiling DequeModule Deque._Storage.swift
[239/1151] Compiling DequeModule Deque._UnsafeHandle.swift
[240/1151] Compiling DequeModule Deque.swift
[241/1151] Compiling Logging MetadataProvider.swift
[244/1151] Compiling DequeModule Deque+CustomReflectable.swift
[245/1151] Compiling DequeModule Deque+Descriptions.swift
[246/1151] Compiling DequeModule Deque+Extras.swift
[256/1151] Compiling DequeModule Deque+Equatable.swift
[257/1151] Compiling DequeModule Deque+ExpressibleByArrayLiteral.swift
[265/1161] Wrapping AST for Logging for debugging
[266/1161] Wrapping AST for SwiftASN1 for debugging
[272/1161] Wrapping AST for Instrumentation for debugging
[274/1161] Compiling Tracing TracingTime.swift
[275/1162] Compiling Tracing TracerProtocol.swift
[276/1162] Compiling Tracing Tracer.swift
[277/1162] Compiling Tracing WithTracer.swift
[278/1162] Compiling Tracing TracerProtocol+Legacy.swift
[290/1162] Emitting module SystemPackage
[291/1163] Wrapping AST for SystemPackage for debugging
[293/1163] Compiling Tracing NoOpTracer.swift
[294/1163] Compiling Tracing InstrumentationSystem+Tracing.swift
[295/1163] Emitting module Tracing
[296/1163] Compiling Tracing SpanProtocol.swift
[297/1164] Compiling tls_record.cc
[298/1164] Wrapping AST for Tracing for debugging
[299/1164] Compiling tls_method.cc
[300/1164] Compiling tls13_enc.cc
[301/1164] Compiling tls13_server.cc
[303/1164] Compiling DequeModule UniqueDeque+Replacements.swift
[304/1164] Compiling DequeModule UniqueDeque.swift
[305/1164] Compiling DequeModule _DequeSlot.swift
[306/1164] Compiling DequeModule _UnsafeDequeHandle.swift
[307/1164] Compiling DequeModule _UnsafeDequeSegments.swift
[308/1164] Emitting module DequeModule
[308/1165] Compiling tls13_client.cc
[310/1165] Compiling ssl_versions.cc
[311/1165] Compiling tls13_both.cc
[312/1208] Wrapping AST for DequeModule for debugging
[313/1208] Compiling t1_enc.cc
[314/1208] Compiling ssl_transcript.cc
[315/1208] Compiling ssl_x509.cc
[317/1208] Compiling Configuration EnvironmentKeyEncoder.swift
[318/1208] Compiling Configuration EnvironmentVariablesProvider.swift
[319/1208] Compiling Configuration CommonProviderFileSystem.swift
[320/1208] Compiling Configuration DirectoryFilesProvider.swift
[321/1208] Compiling Configuration FileProvider.swift
[322/1208] Compiling Configuration FileProviderSnapshot.swift
[322/1213] Compiling ssl_stat.cc
[323/1213] Compiling ssl_privkey.cc
[325/1213] Emitting module ExtrasBase64
[326/1213] Compiling ExtrasBase64 Base32+Span.swift
[326/1213] Compiling ssl_session.cc
[327/1213] Compiling ssl_file.cc
[328/1213] Compiling ssl_lib.cc
[329/1213] Compiling ssl_key_share.cc
[331/1213] Compiling ExtrasBase64 Base64+Span.swift
[332/1213] Compiling ExtrasBase64 Base64.swift
[333/1214] Compiling ssl_credential.cc
[335/1245] Compiling GoogleWKT WKTBoolValue.swift
[336/1245] Compiling GoogleWKT WKTBytesValue.swift
[337/1245] Compiling GoogleWKT WKTStringValue.swift
[338/1245] Compiling GoogleWKT WKTTimestamp.swift
[339/1245] Compiling GoogleWKT WKTUInt32Value.swift
[340/1245] Compiling GoogleWKT WKTUInt64Value.swift
[341/1245] Compiling Configuration JSONSnapshot.swift
[342/1245] Compiling Configuration PropertyListSnapshot.swift
[343/1245] Compiling Configuration ReloadingFileProvider.swift
[344/1245] Compiling Configuration ReloadingFileProviderMetrics.swift
[345/1245] Compiling Configuration YAMLSnapshot.swift
[346/1245] Compiling Configuration InMemoryProvider.swift
[347/1245] Compiling GoogleWKT WKTInt64Value.swift
[348/1245] Compiling GoogleWKT WKTRecursive.swift
[349/1245] Compiling GoogleWKT WKTField.swift
[350/1245] Compiling GoogleWKT WKTMethod.swift
[351/1245] Compiling GoogleWKT WKTMixin.swift
[352/1245] Compiling GoogleWKT WKTOption.swift
[353/1245] Compiling Configuration SeparatorKeyEncoder.swift
[354/1245] Compiling Configuration MultiProvider.swift
[355/1245] Compiling Configuration CLIArgumentParser.swift
[356/1245] Compiling Configuration CLISnapshot.swift
[357/1245] Compiling Configuration CommandLineArgumentsProvider.swift
[358/1245] Compiling Configuration EnvironmentFileParser.swift
[359/1245] Compiling Configuration CombineLatestManyStorage.swift
[360/1245] Compiling Configuration AsyncSequences.swift
[361/1245] Compiling Configuration FoundationExtensions.swift
[362/1245] Compiling Configuration Span.swift
[363/1245] Compiling Configuration ConfigBytesFromStringDecoder.swift
[363/1245] Compiling ssl_cipher.cc
[364/1245] Wrapping AST for ExtrasBase64 for debugging
[365/1245] Compiling ssl_cert.cc
[366/1245] Compiling ssl_aead_ctx.cc
[367/1245] Compiling ssl_buffer.cc
[368/1245] Compiling ssl_asn1.cc
[369/1245] Compiling s3_pkt.cc
[379/1249] Compiling GoogleWKT WKTDoubleValue.swift
[380/1249] Compiling GoogleWKT WKTDuration.swift
[381/1249] Compiling GoogleWKT WKTEmpty.swift
[382/1249] Compiling GoogleWKT WKTFieldMask.swift
[383/1249] Compiling GoogleWKT UnknownFields.swift
[384/1249] Compiling GoogleWKT WKTAny.swift
[385/1249] Compiling GoogleWKT WKTAnyError.swift
[387/1249] Compiling s3_lib.cc
[389/1249] Compiling GoogleWKT WKTFloatValue.swift
[390/1249] Compiling GoogleWKT WKTInt32Value.swift
[393/1249] Compiling GoogleWKT WKTValue.swift
[394/1249] Compiling GoogleWKT WKTApi.swift
[395/1249] Compiling GoogleWKT WKTEnum.swift
[396/1249] Compiling GoogleWKT WKTEnumValue.swift
[397/1249] Emitting module GoogleWKT
[398/1249] Compiling GoogleWKT AnyPackable.swift
[399/1249] Compiling GoogleWKT DecodeToDefault.swift
[400/1249] Compiling GoogleWKT DiscoveryBase64.swift
[401/1249] Compiling GoogleWKT ProtoJSONDecoder.swift
[402/1249] Compiling GoogleWKT ProtoJSONEncoder.swift
[415/1249] Emitting module Configuration
[417/1250] Compiling GoogleWKT WKTSourceContext.swift
[418/1250] Compiling GoogleWKT WKTSyntax.swift
[419/1250] Compiling GoogleWKT WKTType.swift
[420/1250] Compiling GoogleWKT PackageVersion.swift
[420/1251] Compiling s3_both.cc
[422/1251] Wrapping AST for Configuration for debugging
[423/1251] Compiling handshake.cc
[424/1251] Compiling handshake_server.cc
[425/1251] Compiling handoff.cc
[426/1284] Compiling handshake_client.cc
[426/1284] Wrapping AST for GoogleWKT for debugging
[429/1284] Compiling GoogleRpc LocalizedMessage.swift
[430/1284] Compiling GoogleType CalendarPeriod.swift
[430/1286] Compiling extensions.cc
[432/1286] Emitting module GoogleType
[433/1288] Compiling GoogleRpc RequestInfo.swift
[434/1288] Compiling GoogleType PostalAddress.swift
[435/1288] Compiling GoogleRpc Help.swift
[436/1288] Compiling GoogleRpc HttpHeader.swift
[437/1288] Compiling GoogleRpc HttpRequest.swift
[438/1288] Compiling GoogleRpc HttpResponse.swift
[439/1288] Compiling GoogleRpc DebugInfo.swift
[440/1288] Compiling GoogleRpc ErrorInfo.swift
[445/1288] Compiling GoogleRpc RetryInfo.swift
[448/1288] Emitting module GoogleRpc
[449/1288] Compiling GoogleType Money.swift
[450/1288] Compiling GoogleType Month.swift
[451/1288] Compiling GoogleRpc Status.swift
[452/1288] Compiling GoogleType PhoneNumber.swift
[456/1288] Compiling encrypted_client_hello.cc
[458/1288] Compiling GoogleType DateTime.swift
[459/1288] Compiling GoogleType DayOfWeek.swift
[459/1288] Compiling dtls_method.cc
[461/1289] Compiling dtls_record.cc
[462/1289] Compiling md5-x86_64-linux.S
[464/1289] Compiling GoogleType TimeOfDay.swift
[465/1289] Compiling GoogleType TimeZone.swift
[465/1289] Wrapping AST for GoogleRpc for debugging
[472/1290] Compiling md5-x86_64-apple.S
[473/1290] Compiling md5-586-linux.S
[475/1290] Compiling md5-586-apple.S
[476/1290] Compiling chacha20_poly1305_x86_64-linux.S
[477/1290] Compiling chacha20_poly1305_x86_64-apple.S
[478/1290] Compiling chacha20_poly1305_armv8-win.S
[479/1290] Wrapping AST for GoogleType for debugging
[480/1290] Compiling chacha20_poly1305_armv8-apple.S
[481/1290] Compiling chacha20_poly1305_armv8-linux.S
[482/1290] Compiling chacha-x86_64-linux.S
[483/1290] Compiling chacha-x86-linux.S
[484/1290] Compiling chacha-x86_64-apple.S
[485/1290] Compiling chacha-x86-apple.S
[486/1290] Compiling chacha-armv8-linux.S
[487/1290] Compiling chacha-armv8-win.S
[488/1290] Compiling chacha-armv4-linux.S
[489/1290] Compiling chacha-armv8-apple.S
[490/1290] Compiling aes128gcmsiv-x86_64-linux.S
[491/1290] Compiling x86_64-mont5-linux.S
[492/1290] Compiling aes128gcmsiv-x86_64-apple.S
[493/1290] Compiling x86_64-mont5-apple.S
[494/1290] Compiling x86_64-mont-linux.S
[495/1290] Compiling x86_64-mont-apple.S
[496/1290] Compiling x86-mont-linux.S
[497/1290] Compiling x86-mont-apple.S
[498/1290] Compiling vpaes-x86_64-linux.S
[499/1290] Compiling vpaes-x86_64-apple.S
[500/1290] Compiling vpaes-x86-linux.S
[501/1290] Compiling vpaes-x86-apple.S
[502/1290] Compiling bio_ssl.cc
[503/1290] Compiling vpaes-armv8-win.S
[504/1290] Compiling vpaes-armv8-linux.S
[505/1290] Compiling vpaes-armv8-apple.S
[506/1290] Compiling vpaes-armv7-linux.S
[507/1290] Compiling sha512-x86_64-linux.S
[508/1290] Compiling sha512-x86_64-apple.S
[509/1290] Compiling sha512-armv8-win.S
[510/1290] Compiling sha512-armv8-apple.S
[511/1290] Compiling sha512-armv8-linux.S
[512/1290] Compiling sha512-armv4-linux.S
[513/1290] Compiling sha512-586-linux.S
[514/1290] Compiling sha512-586-apple.S
[515/1290] Compiling sha256-x86_64-linux.S
[516/1290] Compiling sha256-x86_64-apple.S
[517/1290] Compiling err_data.cc
[518/1290] Compiling sha256-armv8-win.S
[519/1290] Compiling sha256-armv8-linux.S
[520/1290] Compiling sha256-armv8-apple.S
[521/1290] Compiling sha1-x86_64-linux.S
[522/1290] Compiling sha256-armv4-linux.S
[523/1290] Compiling sha256-586-apple.S
[524/1290] Compiling d1_srtp.cc
[525/1290] Compiling sha1-armv8-win.S
[526/1290] Compiling d1_pkt.cc
[527/1290] Compiling sha1-x86_64-apple.S
[528/1290] Compiling sha256-586-linux.S
[529/1290] Compiling sha1-armv8-apple.S
[530/1290] Compiling sha1-armv4-large-linux.S
[531/1290] Compiling sha1-586-linux.S
[532/1290] Compiling sha1-armv8-linux.S
[533/1290] Compiling rsaz-avx2-linux.S
[534/1290] Compiling sha1-586-apple.S
[535/1290] Compiling rdrand-x86_64-linux.S
[536/1290] Compiling rsaz-avx2-apple.S
[537/1290] Compiling rdrand-x86_64-apple.S
[538/1290] Compiling p256_beeu-x86_64-asm-apple.S
[539/1290] Compiling p256_beeu-armv8-asm-win.S
[540/1290] Compiling p256_beeu-x86_64-asm-linux.S
[541/1290] Compiling p256_beeu-armv8-asm-linux.S
[542/1290] Compiling p256-x86_64-asm-linux.S
[543/1290] Compiling p256_beeu-armv8-asm-apple.S
[544/1290] Compiling p256-armv8-asm-win.S
[545/1290] Compiling p256-armv8-asm-apple.S
[546/1290] Compiling p256-x86_64-asm-apple.S
[547/1290] Compiling ghashv8-armv8-apple.S
[548/1290] Compiling p256-armv8-asm-linux.S
[549/1290] Compiling ghashv8-armv8-linux.S
[550/1290] Compiling ghashv8-armv7-linux.S
[551/1290] Compiling ghashv8-armv8-win.S
[552/1290] Compiling ghash-x86_64-apple.S
[553/1290] Compiling ghash-x86-linux.S
[554/1290] Compiling ghash-ssse3-x86_64-linux.S
[555/1290] Compiling ghash-ssse3-x86_64-apple.S
[556/1290] Compiling ghash-x86-apple.S
[557/1290] Compiling ghash-neon-armv8-win.S
[558/1290] Compiling ghash-ssse3-x86-linux.S
[559/1290] Compiling ghash-ssse3-x86-apple.S
[560/1290] Compiling ghash-x86_64-linux.S
[561/1290] Compiling ghash-neon-armv8-apple.S
[562/1290] Compiling ghash-armv4-linux.S
[563/1290] Compiling ghash-neon-armv8-linux.S
[564/1290] Compiling bsaes-armv7-linux.S
[565/1290] Compiling co-586-apple.S
[566/1290] Compiling bn-armv8-win.S
[567/1290] Compiling bn-armv8-linux.S
[568/1290] Compiling co-586-linux.S
[569/1290] Compiling bn-armv8-apple.S
[570/1290] Compiling armv8-mont-win.S
[571/1290] Compiling bn-586-apple.S
[572/1290] Compiling bn-586-linux.S
[573/1290] Compiling aesv8-gcm-armv8-win.S
[574/1290] Compiling armv4-mont-linux.S
[575/1290] Compiling armv8-mont-apple.S
[576/1290] Compiling aesv8-gcm-armv8-linux.S
[577/1290] Compiling armv8-mont-linux.S
[578/1290] Compiling aesv8-armv8-win.S
[578/1290] Compiling aesv8-gcm-armv8-apple.S
[580/1290] Compiling aesv8-armv8-linux.S
[581/1290] Compiling aesv8-armv8-apple.S
[582/1290] Compiling aesv8-armv7-linux.S
[583/1290] Compiling aesni-x86_64-linux.S
[584/1290] Compiling aesni-x86-apple.S
[585/1290] Compiling aesni-x86_64-apple.S
[586/1290] Compiling aes-gcm-avx2-x86_64-linux.S
[587/1290] Compiling aesni-x86-linux.S
[588/1290] Compiling d1_lib.cc
[589/1290] Compiling aesni-gcm-x86_64-linux.S
[590/1290] Compiling aes-gcm-avx10-x86_64-linux.S
[591/1290] Compiling aesni-gcm-x86_64-apple.S
[592/1290] Compiling aes-gcm-avx2-x86_64-apple.S
[593/1290] Compiling aes-gcm-avx10-x86_64-apple.S
[594/1290] Compiling d1_both.cc
[595/1290] Compiling x_x509a.cc
[596/1290] Compiling x_sig.cc
[597/1290] Compiling x_x509.cc
[598/1290] Compiling x_pubkey.cc
[599/1290] Compiling x_name.cc
[600/1290] Compiling x_spki.cc
[601/1290] Compiling x_val.cc
[602/1290] Compiling x_req.cc
[603/1290] Compiling x_exten.cc
[604/1290] Compiling x_algor.cc
[605/1290] Compiling x_attrib.cc
[606/1290] Compiling x_crl.cc
[607/1290] Compiling x_all.cc
[608/1290] Compiling x509rset.cc
[609/1290] Compiling x509name.cc
[610/1290] Compiling x509spki.cc
[611/1290] Compiling x509cset.cc
[612/1290] Compiling x509_vpm.cc
[613/1290] Compiling x509_txt.cc
[614/1290] Compiling x509_vfy.cc
[615/1290] Compiling x509_v3.cc
[616/1290] Compiling x509_trs.cc
[617/1290] Compiling x509_req.cc
[618/1290] Compiling x509_set.cc
[619/1290] Compiling x509_obj.cc
[620/1290] Compiling x509_d2.cc
[621/1290] Compiling x509_def.cc
[622/1290] Compiling x509_lu.cc
[623/1290] Compiling x509_ext.cc
[624/1290] Compiling x509_cmp.cc
[625/1290] Compiling x509.cc
[626/1290] Compiling x509_att.cc
[627/1290] Compiling v3_utl.cc
[628/1290] Compiling v3_skey.cc
[629/1290] Compiling v3_purp.cc
[630/1290] Compiling v3_pmaps.cc
[631/1290] Compiling v3_prn.cc
[632/1290] Compiling v3_pcons.cc
[633/1290] Compiling v3_lib.cc
[634/1290] Compiling v3_ncons.cc
[635/1290] Compiling v3_ocsp.cc
[636/1290] Compiling v3_int.cc
[637/1290] Compiling v3_ia5.cc
[638/1290] Compiling v3_genn.cc
[639/1290] Compiling v3_info.cc
[640/1290] Compiling v3_extku.cc
[641/1290] Compiling v3_enum.cc
[642/1290] Compiling v3_conf.cc
[643/1290] Compiling v3_crld.cc
[644/1290] Compiling v3_cpols.cc
[645/1290] Compiling v3_bitst.cc
[646/1290] Compiling v3_alt.cc
[647/1290] Compiling v3_bcons.cc
[648/1290] Compiling v3_akeya.cc
[649/1290] Compiling t_x509.cc
[650/1290] Compiling v3_akey.cc
[651/1290] Compiling t_x509a.cc
[652/1290] Compiling t_req.cc
[653/1290] Compiling t_crl.cc
[654/1290] Compiling rsa_pss.cc
[655/1290] Compiling policy.cc
[656/1290] Compiling i2d_pr.cc
[657/1290] Compiling name_print.cc
[658/1290] Compiling by_file.cc
[659/1290] Compiling by_dir.cc
[660/1290] Compiling asn1_gen.cc
[661/1290] Compiling algorithm.cc
[662/1290] Compiling a_verify.cc
[663/1290] Compiling a_sign.cc
[664/1290] Compiling a_digest.cc
[665/1290] Compiling trust_token.cc
[666/1290] Compiling voprf.cc
[667/1290] Compiling thread_win.cc
[668/1290] Compiling thread_pthread.cc
[669/1290] Compiling pmbtoken.cc
[670/1290] Compiling thread_none.cc
[671/1290] Compiling stack.cc
[672/1290] Compiling thread.cc
[673/1290] Compiling siphash.cc
[674/1290] Compiling sha256.cc
[675/1290] Compiling sha512.cc
[676/1290] Compiling spake2plus.cc
[677/1290] Compiling rsa_print.cc
[678/1290] Compiling slhdsa.cc
[679/1290] Compiling rsa_extra.cc
[680/1290] Compiling sha1.cc
[681/1290] Compiling rsa_crypt.cc
[682/1290] Compiling refcount.cc
[683/1290] Compiling rc4.cc
[684/1290] Compiling trusty.cc
[685/1290] Compiling ios.cc
[686/1290] Compiling rsa_asn1.cc
[687/1290] Compiling windows.cc
[688/1290] Compiling urandom.cc
[689/1290] Compiling rand.cc
[690/1290] Compiling poly1305_arm_asm.S
[691/1290] Compiling passive.cc
[692/1290] Compiling getentropy.cc
[693/1290] Compiling poly1305_vec.cc
[694/1290] Compiling deterministic.cc
[695/1290] Compiling forkunsafe.cc
[696/1290] Compiling fork_detect.cc
[697/1290] Compiling poly1305.cc
[698/1290] Compiling poly1305_arm.cc
[699/1290] Compiling pool.cc
[700/1290] Compiling pkcs7_x509.cc
[701/1290] Compiling pkcs8_x509.cc
[702/1290] Compiling pkcs8.cc
[703/1290] Compiling p5_pbev2.cc
[704/1290] Compiling pkcs7.cc
[705/1290] Compiling pem_x509.cc
[706/1290] Compiling pem_pk8.cc
[707/1290] Compiling pem_xaux.cc
[708/1290] Compiling pem_pkey.cc
[709/1290] Compiling pem_oth.cc
[710/1290] Compiling mlkem.cc
[711/1290] Compiling pem_all.cc
[712/1290] Compiling mem.cc
[713/1290] Compiling obj_xref.cc
[714/1290] Compiling pem_info.cc
[715/1290] Compiling mldsa.cc
[716/1290] Compiling pem_lib.cc
[717/1290] Compiling poly_rq_mul.S
[718/1290] Compiling fips_shared_support.cc
[719/1290] Compiling obj.cc
[720/1290] Compiling md4.cc
[721/1290] Compiling md5.cc
[722/1290] Compiling lhash.cc
[723/1290] Compiling ex_data.cc
[724/1290] Compiling kyber.cc
[725/1290] Compiling sign.cc
[726/1290] Compiling hpke.cc
[727/1290] Compiling scrypt.cc
[728/1290] Compiling hrss.cc
[729/1290] Compiling print.cc
[730/1290] Compiling pbkdf.cc
[731/1290] Compiling p_x25519_asn1.cc
[732/1290] Compiling p_x25519.cc
[733/1290] Compiling p_rsa.cc
[734/1290] Compiling p_rsa_asn1.cc
[735/1290] Compiling p_ed25519_asn1.cc
[736/1290] Compiling p_ed25519.cc
[737/1290] Compiling p_hkdf.cc
[738/1290] Compiling p_ec.cc
[739/1290] Compiling p_dsa_asn1.cc
[740/1290] Compiling evp_ctx.cc
[741/1290] Compiling p_dh_asn1.cc
[742/1290] Compiling p_ec_asn1.cc
[743/1290] Compiling p_dh.cc
[744/1290] Compiling err.cc
[745/1290] Compiling evp.cc
[746/1290] Compiling ecdsa_asn1.cc
[747/1290] Compiling engine.cc
[748/1290] Compiling evp_asn1.cc
[749/1290] Compiling ec_derive.cc
[750/1290] Compiling ecdh.cc
[751/1290] Compiling hash_to_curve.cc
[752/1290] Compiling dsa.cc
[753/1290] Compiling params.cc
[754/1290] Compiling ec_asn1.cc
[755/1290] Compiling digest_extra.cc
[756/1290] Compiling x25519-asm-arm.S
[757/1290] Compiling dsa_asn1.cc
[758/1290] Compiling spake25519.cc
[759/1290] Compiling curve25519_64_adx.cc
[760/1290] Compiling des.cc
[761/1290] Compiling bcm.cc
[762/1290] Compiling cpu_intel.cc
[763/1290] Compiling dh_asn1.cc
[764/1290] Compiling cpu_arm_linux.cc
[765/1290] Compiling crypto.cc
[766/1290] Compiling curve25519.cc
[767/1290] Compiling cpu_aarch64_fuchsia.cc
[768/1290] Compiling cpu_arm_freebsd.cc
[769/1290] Compiling cpu_aarch64_sysreg.cc
[770/1290] Compiling cpu_aarch64_win.cc
[771/1290] Compiling cpu_aarch64_openbsd.cc
[772/1290] Compiling cpu_aarch64_linux.cc
[773/1290] Compiling cpu_aarch64_apple.cc
[774/1290] Compiling tls_cbc.cc
[775/1290] Compiling get_cipher.cc
[776/1290] Compiling conf.cc
[777/1290] Compiling e_des.cc
[778/1290] Compiling e_chacha20poly1305.cc
[779/1290] Compiling e_tls.cc
[780/1290] Compiling e_rc4.cc
[781/1290] Compiling e_rc2.cc
[782/1290] Compiling e_aesgcmsiv.cc
[783/1290] Compiling e_null.cc
[784/1290] Compiling chacha.cc
[785/1290] Compiling unicode.cc
[786/1290] Compiling e_aesctrhmac.cc
[787/1290] Compiling derive_key.cc
[788/1290] Compiling blake2.cc
[789/1290] Compiling buf.cc
[790/1290] Compiling cbb.cc
[791/1290] Compiling asn1_compat.cc
[792/1290] Compiling socket_helper.cc
[793/1290] Compiling convert.cc
[794/1290] Compiling ber.cc
[795/1290] Compiling cbs.cc
[796/1290] Compiling bn_asn1.cc
[797/1290] Compiling hexdump.cc
[798/1290] Compiling pair.cc
[799/1290] Compiling printf.cc
[800/1290] Compiling socket.cc
[801/1290] Compiling connect.cc
[802/1290] Compiling file.cc
[803/1290] Compiling fd.cc
[804/1290] Compiling errno.cc
[805/1290] Compiling bio.cc
[806/1290] Compiling bio_mem.cc
[807/1290] Compiling base64.cc
[808/1290] Compiling tasn_new.cc
[809/1290] Compiling tasn_fre.cc
[810/1290] Compiling tasn_typ.cc
[811/1290] Compiling tasn_enc.cc
[812/1290] Compiling tasn_utl.cc
[813/1290] Compiling posix_time.cc
[814/1290] Compiling f_string.cc
[815/1290] Compiling asn1_lib.cc
[816/1290] Compiling asn1_par.cc
[817/1290] Compiling tasn_dec.cc
[818/1290] Compiling f_int.cc
[819/1290] Compiling asn_pack.cc
[820/1290] Compiling a_utctm.cc
[821/1290] Compiling a_type.cc
[822/1290] Compiling a_time.cc
[823/1290] Compiling a_strnid.cc
[824/1290] Compiling a_octet.cc
[825/1290] Compiling a_strex.cc
[826/1290] Compiling a_i2d_fp.cc
[827/1290] Compiling a_object.cc
[828/1290] Compiling a_int.cc
[829/1290] Compiling a_mbstr.cc
[830/1290] Compiling CGoogleGaxCRC32C CGoogleGaxCRC32C.c
[831/1290] Compiling a_dup.cc
[832/1290] Compiling fiat_p256_adx_sqr.S
[833/1290] Compiling a_d2i_fp.cc
[834/1290] Compiling fiat_p256_adx_mul.S
[835/1290] Compiling fiat_curve25519_adx_square.S
[836/1290] Compiling md5-x86_64-linux.S
[837/1290] Compiling fiat_curve25519_adx_mul.S
[838/1290] Compiling md5-x86_64-apple.S
[839/1290] Compiling CCryptoBoringSSLShims shims.c
[840/1290] Compiling md5-586-linux.S
[841/1290] Compiling md5-586-apple.S
[842/1290] Compiling a_gentm.cc
[843/1290] Compiling a_bool.cc
[844/1290] Compiling a_bitstr.cc
[844/1290] Compiling chacha20_poly1305_x86_64-apple.S
[846/1290] Compiling chacha20_poly1305_x86_64-linux.S
[847/1290] Compiling chacha20_poly1305_armv8-win.S
[848/1290] Compiling chacha20_poly1305_armv8-apple.S
[848/1290] Compiling chacha-x86_64-apple.S
[850/1290] Compiling chacha-x86_64-linux.S
[851/1290] Compiling chacha-x86-linux.S
[852/1290] Compiling chacha20_poly1305_armv8-linux.S
[853/1290] Compiling chacha-x86-apple.S
[854/1290] Compiling chacha-armv8-win.S
[855/1290] Compiling chacha-armv4-linux.S
[856/1290] Compiling chacha-armv8-linux.S
[857/1290] Compiling chacha-armv8-apple.S
[858/1290] Compiling aes128gcmsiv-x86_64-linux.S
[859/1290] Compiling aes128gcmsiv-x86_64-apple.S
[860/1290] Compiling x86_64-mont5-linux.S
[861/1290] Compiling x86_64-mont5-apple.S
[862/1290] Compiling x86_64-mont-linux.S
[863/1290] Compiling x86_64-mont-apple.S
[864/1290] Compiling vpaes-x86_64-apple.S
[865/1290] Compiling x86-mont-linux.S
[866/1290] Compiling x86-mont-apple.S
[867/1290] Compiling vpaes-x86_64-linux.S
[868/1290] Compiling vpaes-x86-linux.S
[869/1290] Compiling vpaes-x86-apple.S
[870/1290] Compiling vpaes-armv8-win.S
[871/1290] Compiling vpaes-armv8-apple.S
[872/1290] Compiling vpaes-armv8-linux.S
[873/1290] Compiling sha512-x86_64-linux.S
[874/1290] Compiling vpaes-armv7-linux.S
[875/1290] Compiling sha512-x86_64-apple.S
[876/1290] Compiling sha512-armv8-win.S
[877/1290] Compiling sha512-armv4-linux.S
[877/1290] Compiling sha512-armv8-apple.S
[879/1290] Compiling sha512-armv8-linux.S
[880/1290] Compiling sha512-586-linux.S
[881/1290] Compiling sha512-586-apple.S
[882/1290] Compiling sha256-x86_64-apple.S
[883/1290] Compiling sha256-x86_64-linux.S
[884/1290] Compiling sha256-586-linux.S
[885/1290] Compiling sha256-armv8-win.S
[886/1290] Compiling sha256-armv8-linux.S
[887/1290] Compiling sha256-armv4-linux.S
[888/1290] Compiling sha256-armv8-apple.S
[889/1290] Compiling sha256-586-apple.S
[890/1290] Compiling sha1-x86_64-linux.S
[891/1290] Compiling sha1-armv8-win.S
[892/1290] Compiling err_data.cc
[893/1290] Compiling sha1-x86_64-apple.S
[894/1290] Compiling sha1-armv8-apple.S
[895/1290] Compiling sha1-armv4-large-linux.S
[896/1290] Compiling sha1-armv8-linux.S
[897/1290] Compiling sha1-586-linux.S
[898/1290] Compiling sha1-586-apple.S
[899/1290] Compiling rsaz-avx2-linux.S
[900/1290] Compiling rdrand-x86_64-linux.S
[901/1290] Compiling rsaz-avx2-apple.S
[902/1290] Compiling rdrand-x86_64-apple.S
[903/1290] Compiling p256_beeu-x86_64-asm-linux.S
[904/1290] Compiling p256_beeu-armv8-asm-win.S
[905/1290] Compiling p256_beeu-armv8-asm-linux.S
[906/1290] Compiling p256-x86_64-asm-apple.S
[907/1290] Compiling p256_beeu-x86_64-asm-apple.S
[908/1290] Compiling p256_beeu-armv8-asm-apple.S
[909/1290] Compiling p256-x86_64-asm-linux.S
[910/1290] Compiling p256-armv8-asm-win.S
[911/1290] Compiling p256-armv8-asm-apple.S
[912/1290] Compiling p256-armv8-asm-linux.S
[913/1290] Compiling ghashv8-armv8-linux.S
[914/1290] Compiling ghashv8-armv8-win.S
[915/1290] Compiling ghashv8-armv8-apple.S
[916/1290] Compiling ghash-x86_64-linux.S
[917/1290] Compiling ghashv8-armv7-linux.S
[918/1290] Compiling ghash-x86_64-apple.S
[919/1290] Compiling ghash-x86-linux.S
[920/1290] Compiling ghash-ssse3-x86_64-apple.S
[921/1290] Compiling ghash-ssse3-x86_64-linux.S
[922/1290] Compiling ghash-x86-apple.S
[923/1290] Compiling ghash-ssse3-x86-apple.S
[924/1290] Compiling ghash-ssse3-x86-linux.S
[925/1290] Compiling co-586-linux.S
[926/1290] Compiling ghash-neon-armv8-win.S
[926/1290] Compiling ghash-neon-armv8-apple.S
[928/1290] Compiling ghash-neon-armv8-linux.S
[929/1290] Compiling ghash-armv4-linux.S
[930/1290] Compiling co-586-apple.S
[931/1290] Compiling bsaes-armv7-linux.S
[932/1290] Compiling bn-armv8-win.S
[933/1290] Compiling bn-armv8-apple.S
[934/1290] Compiling bn-armv8-linux.S
[935/1290] Compiling bn-586-linux.S
[936/1290] Compiling bn-586-apple.S
[937/1290] Compiling armv8-mont-win.S
[938/1290] Compiling armv8-mont-linux.S
[939/1290] Compiling armv4-mont-linux.S
[940/1290] Compiling armv8-mont-apple.S
[941/1290] Compiling aesv8-gcm-armv8-win.S
[942/1290] Compiling aesv8-armv8-win.S
[943/1290] Compiling aesv8-armv8-linux.S
[944/1290] Compiling aesv8-gcm-armv8-apple.S
[945/1290] Compiling aesv8-gcm-armv8-linux.S
[946/1290] Compiling aesv8-armv8-apple.S
[947/1290] Compiling aesni-x86-apple.S
[948/1290] Compiling aesni-x86_64-linux.S
[949/1290] Compiling aesv8-armv7-linux.S
[950/1290] Compiling aesni-x86-linux.S
[951/1290] Compiling aesni-x86_64-apple.S
[952/1290] Compiling aes-gcm-avx512-x86_64-linux.S
[953/1290] Compiling aesni-gcm-x86_64-apple.S
[954/1290] Compiling aesni-gcm-x86_64-linux.S
[955/1290] Compiling aes-gcm-avx2-x86_64-linux.S
[956/1290] Compiling aes-gcm-avx512-x86_64-apple.S
[957/1290] Compiling aes-gcm-avx2-x86_64-apple.S
[958/1290] Compiling x_spki.cc
[959/1290] Compiling xwing.cc
[960/1290] Compiling x_x509a.cc
[961/1290] Compiling x_req.cc
[962/1290] Compiling x_sig.cc
[963/1290] Compiling x_x509.cc
[964/1290] Compiling c-nioatomics.c
[965/1290] Compiling x_exten.cc
[966/1290] Compiling x_name.cc
[967/1290] Compiling x_pubkey.cc
[968/1290] Compiling x_attrib.cc
[969/1290] Compiling x_crl.cc
[970/1290] Compiling x_all.cc
[971/1290] Compiling c-atomics.c
[972/1290] Compiling x_algor.cc
[974/1297] Compiling NIOConcurrencyHelpers NIOLock.swift
[974/1297] Compiling x509name.cc
[975/1297] Compiling x509rset.cc
[976/1297] Compiling x509spki.cc
[977/1297] Compiling x509_v3.cc
[978/1297] Compiling x509cset.cc
[980/1297] Compiling NIOConcurrencyHelpers NIOLockedValueBox.swift
[980/1297] Compiling x509_vpm.cc
[982/1297] Emitting module NIOConcurrencyHelpers
[983/1297] Compiling NIOConcurrencyHelpers NIOThreadPoolWorkAvailable.swift
[984/1297] Compiling NIOConcurrencyHelpers atomics.swift
[985/1297] Compiling NIOConcurrencyHelpers lock.swift
[986/1297] Compiling NIOConcurrencyHelpers NIOAtomic.swift
[987/1298] Compiling x509_vfy.cc
[988/1298] Wrapping AST for NIOConcurrencyHelpers for debugging
[989/1298] Compiling x509_set.cc
[990/1298] Compiling x509_txt.cc
[991/1298] Compiling x509_req.cc
[992/1298] Compiling x509_obj.cc
[993/1298] Compiling x509_lu.cc
[994/1298] Compiling x509_trs.cc
[995/1298] Compiling x509_def.cc
[996/1298] Compiling x509_ext.cc
[997/1298] Compiling x509.cc
[998/1298] Compiling x509_d2.cc
[999/1298] Compiling x509_att.cc
[1000/1298] Compiling v3_utl.cc
[1001/1298] Compiling v3_skey.cc
[1002/1298] Compiling x509_cmp.cc
[1003/1298] Compiling v3_prn.cc
[1004/1298] Compiling v3_purp.cc
[1005/1298] Compiling v3_ocsp.cc
[1006/1298] Compiling v3_lib.cc
[1007/1298] Compiling v3_ncons.cc
[1008/1298] Compiling v3_pmaps.cc
[1009/1298] Compiling v3_pcons.cc
[1010/1298] Compiling v3_int.cc
[1011/1298] Compiling v3_info.cc
[1012/1298] Compiling v3_ia5.cc
[1013/1298] Compiling v3_genn.cc
[1014/1298] Compiling v3_enum.cc
[1015/1298] Compiling v3_extku.cc
[1016/1298] Compiling v3_crld.cc
[1017/1298] Compiling v3_cpols.cc
[1018/1298] Compiling v3_bitst.cc
[1019/1298] Compiling v3_bcons.cc
[1020/1298] Compiling v3_conf.cc
[1021/1298] Compiling t_x509a.cc
[1022/1298] Compiling t_x509.cc
[1023/1298] Compiling v3_alt.cc
[1024/1298] Compiling v3_akeya.cc
[1025/1298] Compiling v3_akey.cc
[1026/1298] Compiling t_crl.cc
[1027/1298] Compiling rsa_pss.cc
[1028/1298] Compiling t_req.cc
[1029/1298] Compiling i2d_pr.cc
[1030/1298] Compiling name_print.cc
[1031/1298] Compiling policy.cc
[1032/1298] Compiling by_dir.cc
[1033/1298] Compiling by_file.cc
[1034/1298] Compiling asn1_gen.cc
[1035/1298] Compiling a_verify.cc
[1036/1298] Compiling algorithm.cc
[1037/1298] Compiling a_sign.cc
[1038/1298] Compiling thread_win.cc
[1039/1298] Compiling thread_pthread.cc
[1040/1298] Compiling thread_none.cc
[1041/1298] Compiling trust_token.cc
[1042/1298] Compiling pmbtoken.cc
[1043/1298] Compiling voprf.cc
[1044/1298] Compiling thread.cc
[1045/1298] Compiling stack.cc
[1046/1298] Compiling a_digest.cc
[1047/1298] Compiling rc4.cc
[1048/1298] Compiling sha512.cc
[1049/1298] Compiling siphash.cc
[1050/1298] Compiling refcount.cc
[1051/1298] Compiling spake2plus.cc
[1052/1298] Compiling sha256.cc
[1053/1298] Compiling windows.cc
[1054/1298] Compiling slhdsa.cc
[1055/1298] Compiling urandom.cc
[1056/1298] Compiling forkunsafe.cc
[1057/1298] Compiling passive.cc
[1058/1298] Compiling rand.cc
[1059/1298] Compiling poly1305_arm_asm.S
[1060/1298] Compiling trusty.cc
[1061/1298] Compiling ios.cc
[1062/1298] Compiling getentropy.cc
[1063/1298] Compiling deterministic.cc
[1064/1298] Compiling fork_detect.cc
[1065/1298] Compiling poly1305_vec.cc
[1066/1298] Compiling poly1305.cc
[1067/1298] Compiling poly1305_arm.cc
[1068/1298] Compiling pool.cc
[1069/1298] Compiling pkcs7.cc
[1070/1298] Compiling pkcs8.cc
[1071/1298] Compiling pkcs8_x509.cc
[1072/1298] Compiling p5_pbev2.cc
[1073/1298] Compiling pem_pkey.cc
[1074/1298] Compiling pkcs7_x509.cc
[1075/1298] Compiling pem_xaux.cc
[1076/1298] Compiling pem_x509.cc
[1077/1298] Compiling mlkem.cc
[1078/1298] Compiling pem_oth.cc
[1079/1298] Compiling pem_pk8.cc
[1080/1298] Compiling obj_xref.cc
[1081/1298] Compiling obj.cc
[1082/1298] Compiling pem_info.cc
[1083/1298] Compiling pem_lib.cc
[1084/1298] Compiling pem_all.cc
[1085/1298] Compiling poly_rq_mul.S
[1086/1298] Compiling mem.cc
[1087/1298] Compiling mldsa.cc
[1088/1298] Compiling fips_shared_support.cc
[1089/1298] Compiling md4.cc
[1090/1298] Compiling fuzzer_mode.cc
[1091/1298] Compiling lhash.cc
[1092/1298] Compiling md5.cc
[1093/1298] Compiling kyber.cc
[1094/1298] Compiling ex_data.cc
[1095/1298] Compiling hrss.cc
[1096/1298] Compiling scrypt.cc
[1097/1298] Compiling hpke.cc
[1098/1298] Compiling sign.cc
[1099/1298] Compiling pbkdf.cc
[1100/1298] Compiling print.cc
[1101/1298] Compiling p_x25519_asn1.cc
[1102/1298] Compiling p_x25519.cc
[1103/1298] Compiling p_hkdf.cc
[1104/1298] Compiling p_rsa_asn1.cc
[1105/1298] Compiling p_ed25519_asn1.cc
[1106/1298] Compiling p_rsa.cc
[1107/1298] Compiling p_ed25519.cc
[1108/1298] Compiling p_dh_asn1.cc
[1109/1298] Compiling p_ec_asn1.cc
[1110/1298] Compiling p_ec.cc
[1111/1298] Compiling evp_ctx.cc
[1112/1298] Compiling p_dsa_asn1.cc
[1113/1298] Compiling evp.cc
[1114/1298] Compiling p_dh.cc
[1115/1298] Compiling ecdsa_p1363.cc
[1116/1298] Compiling evp_asn1.cc
[1117/1298] Compiling engine.cc
[1118/1298] Compiling err.cc
[1119/1298] Compiling ecdh.cc
[1120/1298] Compiling ecdsa_asn1.cc
[1121/1298] Compiling hash_to_curve.cc
[1122/1298] Compiling ec_derive.cc
[1123/1298] Compiling dsa.cc
[1124/1298] Compiling dsa_asn1.cc
[1125/1298] Compiling ec_asn1.cc
[1126/1298] Compiling params.cc
[1127/1298] Compiling des.cc
[1128/1298] Compiling x25519-asm-arm.S
[1129/1298] Compiling digest_extra.cc
[1130/1298] Compiling dh_asn1.cc
[1131/1298] Compiling curve25519_64_adx.cc
[1132/1298] Compiling spake25519.cc
[1133/1298] Compiling cpu_intel.cc
[1134/1298] Compiling crypto.cc
[1135/1298] Compiling curve25519.cc
[1136/1298] Compiling cpu_arm_linux.cc
[1137/1298] Compiling cpu_aarch64_sysreg.cc
[1138/1298] Compiling cpu_aarch64_win.cc
[1139/1298] Compiling cpu_arm_freebsd.cc
[1140/1298] Compiling cpu_aarch64_openbsd.cc
[1141/1298] Compiling cpu_aarch64_linux.cc
[1142/1298] Compiling cpu_aarch64_fuchsia.cc
[1143/1298] Compiling cpu_aarch64_apple.cc
[1144/1298] Compiling conf.cc
[1145/1298] Compiling get_cipher.cc
[1146/1298] Compiling tls_cbc.cc
[1147/1298] Compiling e_tls.cc
[1148/1298] Compiling cms.cc
[1149/1298] Compiling e_rc4.cc
[1150/1298] Compiling e_rc2.cc
[1151/1298] Compiling e_null.cc
[1152/1298] Compiling e_aesgcmsiv.cc
[1153/1298] Compiling e_des.cc
[1154/1298] Compiling e_chacha20poly1305.cc
[1155/1298] Compiling e_aesctrhmac.cc
[1156/1298] Compiling e_aeseax.cc
[1157/1298] Compiling derive_key.cc
[1158/1298] Compiling chacha.cc
[1159/1298] Compiling unicode.cc
[1160/1298] Compiling buf.cc
[1161/1298] Compiling ber.cc
[1162/1298] Compiling exponentiation.cc
[1163/1298] Compiling sqrt.cc
[1164/1298] Compiling asn1_compat.cc
[1165/1298] Compiling cbs.cc
[1166/1298] Compiling cbb.cc
[1167/1298] Compiling convert.cc
[1168/1298] Compiling div.cc
[1169/1298] Compiling blake2.cc
[1170/1298] Compiling printf.cc
[1171/1298] Compiling hexdump.cc
[1172/1298] Compiling pair.cc
[1173/1298] Compiling bn_asn1.cc
[1174/1298] Compiling file.cc
[1175/1298] Compiling fd.cc
[1176/1298] Compiling errno.cc
[1177/1298] Compiling bio_mem.cc
[1178/1298] Compiling bio.cc
[1179/1298] Compiling base64.cc
[1180/1298] Compiling bcm.cc
[1181/1298] Compiling tasn_typ.cc
[1182/1298] Compiling tasn_fre.cc
[1183/1298] Compiling tasn_utl.cc
[1184/1298] Compiling tasn_enc.cc
[1185/1298] Compiling tasn_new.cc
[1186/1298] Compiling f_string.cc
[1187/1298] Compiling posix_time.cc
[1188/1298] Compiling asn1_par.cc
[1189/1298] Compiling asn_pack.cc
[1190/1298] Compiling f_int.cc
[1191/1298] Compiling tasn_dec.cc
[1192/1298] Compiling a_strex.cc
[1193/1298] Compiling a_utctm.cc
[1194/1298] Compiling a_strnid.cc
[1195/1298] Compiling asn1_lib.cc
[1196/1298] Compiling a_time.cc
[1197/1298] Compiling a_type.cc
[1198/1298] Compiling a_object.cc
[1199/1298] Compiling a_mbstr.cc
[1199/1298] Write sources
[1218/1298] Compiling CAsyncHTTPClient CAsyncHTTPClient.c
[1219/1316] Compiling a_i2d_fp.cc
[1220/1341] Compiling a_dup.cc
[1221/1341] Compiling a_gentm.cc
[1222/1341] Compiling a_d2i_fp.cc
[1224/1341] Compiling Algorithms Partition.swift
[1225/1341] Compiling Algorithms Permutations.swift
[1226/1341] Compiling Algorithms Combinations.swift
[1227/1341] Compiling Algorithms Joined.swift
[1228/1341] Compiling Algorithms Keyed.swift
[1229/1341] Compiling Algorithms MinMax.swift
[1229/1343] Compiling a_int.cc
[1230/1343] Compiling aes.cc
[1232/1343] Compiling Algorithms Chain.swift
[1233/1343] Compiling Algorithms Chunked.swift
[1234/1343] Compiling Atomics IntegerOperations.swift
[1235/1343] Compiling Atomics Unmanaged extensions.swift
[1236/1351] Compiling Algorithms Indexed.swift
[1237/1351] Compiling Algorithms Intersperse.swift
[1238/1351] Compiling Algorithms AdjacentPairs.swift
[1239/1351] Compiling Algorithms Compacted.swift
[1240/1351] Compiling Algorithms Cycle.swift
[1241/1351] Compiling Algorithms EitherSequence.swift
[1243/1351] Compiling Algorithms Reductions.swift
[1244/1351] Compiling Algorithms Rotate.swift
[1245/1351] Compiling Algorithms Split.swift
[1246/1351] Compiling Algorithms Stride.swift
[1247/1351] Compiling Algorithms Suffix.swift
[1251/1354] Compiling Algorithms FirstNonNil.swift
[1252/1354] Compiling Algorithms FlattenCollection.swift
[1253/1354] Compiling Algorithms Grouped.swift
[1262/1354] Compiling CryptoBoringWrapper FiniteFieldArithmeticContext.swift
[1263/1354] Compiling CryptoBoringWrapper RandomBytes.swift
[1264/1354] Compiling Algorithms Trim.swift
[1265/1354] Compiling Algorithms Unique.swift
[1266/1354] Compiling Algorithms Windows.swift
[1271/1354] Emitting module Atomics
[1272/1354] Compiling CryptoBoringWrapper CryptoKitErrors_boring.swift
[1273/1354] Compiling CryptoBoringWrapper BoringSSLAEAD.swift
[1274/1354] Compiling CryptoBoringWrapper ArbitraryPrecisionInteger.swift
[1275/1354] Compiling CryptoBoringWrapper EllipticCurve.swift
[1276/1354] Emitting module CryptoBoringWrapper
[1277/1354] Compiling CryptoBoringWrapper EllipticCurvePoint.swift
[1278/1355] Wrapping AST for CryptoBoringWrapper for debugging
[1280/1439] Compiling Crypto ChaChaPoly.swift
[1281/1439] Compiling Crypto Cipher.swift
[1282/1439] Compiling Crypto Nonces.swift
[1283/1440] Wrapping AST for Atomics for debugging
[1285/1504] Emitting module Algorithms
[1286/1505] Wrapping AST for Algorithms for debugging
[1288/1505] Compiling NIOCore NIOCoreSendableMetatype.swift
[1289/1505] Compiling NIOCore NIODecodedAsyncSequence.swift
[1290/1505] Compiling NIOCore NIOLoopBound.swift
[1291/1505] Compiling NIOCore NIOPooledRecvBufferAllocator.swift
[1292/1505] Compiling NIOCore NIOScheduledCallback.swift
[1293/1505] Compiling NIOCore NIOSendable.swift
[1294/1505] Compiling NIOCore NIOSplitLinesMessageDecoder.swift
[1295/1505] Compiling NIOCore NIOTransportAccessibleChannelCore.swift
[1296/1505] Compiling NIOCore RecvByteBufferAllocator.swift
[1297/1513] Emitting module Crypto
[1298/1524] Compiling NIOCore AddressedEnvelope.swift
[1299/1524] Compiling NIOCore AsyncAwaitSupport.swift
[1300/1524] Compiling NIOCore AsyncChannel.swift
[1301/1524] Compiling NIOCore AsyncChannelHandler.swift
[1302/1524] Compiling NIOCore AsyncChannelInboundStream.swift
[1303/1524] Compiling NIOCore AsyncChannelOutboundWriter.swift
[1304/1524] Compiling NIOCore NIOAsyncSequenceProducer.swift
[1305/1524] Compiling NIOCore NIOAsyncSequenceProducerStrategies.swift
[1306/1524] Compiling NIOCore NIOAsyncWriter.swift
[1307/1524] Compiling NIOCore IPProtocol.swift
[1308/1524] Compiling NIOCore IntegerBitPacking.swift
[1309/1524] Compiling NIOCore IntegerTypes.swift
[1310/1524] Compiling NIOCore Interfaces.swift
[1311/1524] Compiling NIOCore Linux.swift
[1312/1524] Compiling NIOCore MarkedCircularBuffer.swift
[1313/1524] Compiling NIOCore MulticastChannel.swift
[1314/1524] Compiling NIOCore NIOAny.swift
[1315/1524] Compiling NIOCore NIOCloseOnErrorHandler.swift
[1316/1524] Compiling NIOCore ByteBuffer-multi-int.swift
[1317/1524] Compiling NIOCore ByteBuffer-quicBinaryEncodingStrategy.swift
[1318/1524] Compiling NIOCore ByteBuffer-views.swift
[1319/1524] Compiling NIOCore Channel.swift
[1320/1524] Compiling NIOCore ChannelHandler.swift
[1321/1524] Compiling NIOCore ChannelHandlers.swift
[1322/1524] Compiling Crypto Signature.swift
[1323/1524] Compiling Crypto CryptoKitErrors_boring.swift
[1324/1524] Compiling Crypto Optional+withUnsafeBytes_boring.swift
[1325/1524] Compiling Crypto RNG_boring.swift
[1326/1524] Compiling Crypto SafeCompare_boring.swift
[1327/1524] Compiling Crypto Zeroization_boring.swift
[1328/1524] Compiling Crypto _CryptoModuleAnchor.swift
[1329/1524] Compiling Crypto PrettyBytes.swift
[1330/1524] Compiling Crypto SafeCompare.swift
[1331/1524] Compiling Crypto SecureBytes.swift
[1332/1524] Compiling Crypto Zeroization.swift
[1333/1524] Compiling NIOCore EventLoopFuture+Deprecated.swift
[1334/1524] Compiling NIOCore EventLoopFuture+WithEventLoop.swift
[1335/1524] Compiling NIOCore EventLoopFuture.swift
[1336/1524] Compiling NIOCore FileDescriptor.swift
[1337/1524] Compiling NIOCore FileHandle.swift
[1338/1524] Compiling NIOCore FileRegion.swift
[1339/1524] Compiling NIOCore GlobalSingletons.swift
[1340/1524] Compiling NIOCore IO.swift
[1341/1524] Compiling NIOCore IOData.swift
[1342/1524] Compiling NIOCore CircularBuffer.swift
[1343/1524] Compiling NIOCore Codec.swift
[1344/1524] Compiling NIOCore ConvenienceOptionSupport.swift
[1345/1524] Compiling NIOCore DeadChannel.swift
[1346/1524] Compiling NIOCore DispatchQueue+WithFuture.swift
[1347/1524] Compiling NIOCore EventLoop+Deprecated.swift
[1348/1524] Compiling NIOCore EventLoop+SerialExecutor.swift
[1349/1524] Compiling NIOCore EventLoop.swift
[1350/1524] Compiling NIOCore EventLoopFuture+AssumeIsolated.swift
[1351/1524] Compiling NIOCore SingleStepByteToMessageDecoder.swift
[1352/1524] Compiling NIOCore SocketAddresses.swift
[1353/1524] Compiling NIOCore SocketOptionProvider.swift
[1354/1524] Compiling NIOCore SystemCallHelpers.swift
[1355/1524] Compiling NIOCore TimeAmount+Duration.swift
[1356/1524] Compiling NIOCore TypeAssistedChannelHandler.swift
[1357/1524] Compiling NIOCore UniversalBootstrapSupport.swift
[1358/1524] Compiling NIOCore Utilities.swift
[1359/1524] Compiling Crypto MACFunctions.swift
[1360/1524] Compiling Crypto MessageAuthenticationCode.swift
[1361/1524] Compiling Crypto AES.swift
[1362/1524] Compiling Crypto ECDSASignature_boring.swift
[1363/1524] Compiling Crypto ECDSA_boring.swift
[1364/1524] Compiling Crypto EdDSA_boring.swift
[1365/1524] Compiling Crypto MLDSA_boring.swift
[1366/1524] Compiling Crypto MLDSA_wrapper.swift
[1367/1524] Compiling Crypto ECDSA.swift
[1368/1524] Compiling Crypto Ed25519.swift
[1369/1524] Compiling Crypto MLDSA.swift
[1381/1524] Compiling Crypto HMAC.swift
[1382/1524] Compiling NIOCore ChannelInvoker.swift
[1383/1524] Compiling NIOCore ChannelOption.swift
[1384/1524] Compiling NIOCore ChannelPipeline.swift
[1394/1524] Compiling NIOCore ByteBuffer-binaryEncodedLengthPrefix.swift
[1395/1524] Compiling NIOCore ByteBuffer-conversions.swift
[1396/1524] Compiling NIOCore ByteBuffer-core.swift
[1397/1524] Compiling NIOCore ByteBuffer-hex.swift
[1398/1524] Compiling NIOCore ByteBuffer-int.swift
[1399/1524] Compiling NIOCore ByteBuffer-lengthPrefix.swift
[1415/1524] Compiling NIOCore NIOThrowingAsyncSequenceProducer.swift
[1416/1524] Compiling NIOCore BSDSocketAPI.swift
[1417/1524] Compiling NIOCore ByteBuffer-aux.swift
[1418/1525] Wrapping AST for Crypto for debugging
[1420/1587] Compiling CryptoExtras CMAC.swift
[1421/1587] Compiling CryptoExtras ARC+API.swift
[1422/1587] Compiling CryptoExtras ARC.swift
[1423/1587] Compiling CryptoExtras ARCCredential.swift
[1424/1587] Compiling CryptoExtras ARCEncoding.swift
[1425/1587] Compiling CryptoExtras ARCPrecredential.swift
[1426/1587] Compiling CryptoExtras ARCPresentation.swift
[1427/1587] Compiling CryptoExtras ARCRequest.swift
[1428/1587] Compiling CryptoExtras ARCResponse.swift
[1429/1587] Emitting module CryptoExtras
[1430/1595] Compiling CryptoExtras ARCServer.swift
[1431/1595] Compiling CryptoExtras ChaCha20CTR_boring.swift
[1432/1595] Compiling CryptoExtras ChaCha20CTR.swift
[1433/1595] Compiling CryptoExtras BoringSSLSHA512256Context.swift
[1434/1595] Compiling CryptoExtras BoringSSLSHA512256HashFunction.swift
[1435/1595] Compiling CryptoExtras SHA512256.swift
[1436/1595] Compiling CryptoExtras SHA512256Digest.swift
[1437/1595] Compiling CryptoExtras Curve25519+PEM.swift
[1438/1595] Compiling CryptoExtras ObjectIdentifier.swift
[1439/1595] Compiling CryptoExtras Data+Extensions.swift
[1440/1595] Compiling CryptoExtras DigestType.swift
[1441/1595] Compiling CryptoExtras Error.swift
[1442/1595] Compiling CryptoExtras I2OSP.swift
[1443/1595] Compiling CryptoExtras IntegerEncoding.swift
[1444/1595] Compiling CryptoExtras PEMDocument.swift
[1445/1595] Compiling CryptoExtras PrettyBytes.swift
[1446/1595] Compiling CryptoExtras SubjectPublicKeyInfo.swift
[1447/1595] Compiling CryptoExtras ThreadOps.swift
[1448/1595] Compiling CryptoExtras ThreadPosix.swift
[1449/1595] Compiling CryptoExtras ThreadSpecific.swift
[1450/1595] Compiling CryptoExtras ThreadWindows.swift
[1451/1595] Compiling CryptoExtras DLEQ.swift
[1452/1595] Compiling CryptoExtras Prover.swift
[1453/1595] Compiling CryptoExtras Verifier.swift
[1454/1595] Compiling CryptoExtras ZKPToolbox.swift
[1464/1595] Compiling CryptoExtras AES_CBC.swift
[1465/1595] Compiling CryptoExtras AES_CFB.swift
[1466/1595] Compiling CryptoExtras AES_CTR.swift
[1467/1595] Compiling CryptoExtras AES_GCM_SIV.swift
[1468/1595] Compiling CryptoExtras Block Function.swift
[1469/1595] Compiling CryptoExtras AES_CBC_boring.swift
[1470/1595] Compiling CryptoExtras AES_CFB_boring.swift
[1471/1595] Compiling CryptoExtras AES_CTR_boring.swift
[1472/1595] Compiling CryptoExtras AES_GCM_SIV_boring.swift
[1473/1595] Compiling CryptoExtras PBKDF2.swift
[1474/1595] Compiling CryptoExtras Scrypt_boring.swift
[1475/1595] Compiling CryptoExtras Scrypt.swift
[1476/1595] Compiling CryptoExtras OPRF.swift
[1477/1595] Compiling CryptoExtras OPRFClient.swift
[1478/1595] Compiling CryptoExtras OPRFServer.swift
[1479/1595] Compiling CryptoExtras VOPRF+API.swift
[1480/1595] Compiling CryptoExtras VOPRFClient.swift
[1481/1595] Compiling CryptoExtras VOPRFServer.swift
[1482/1595] Compiling CryptoExtras BoringSSLPassphraseCallbackManager.swift
[1483/1595] Compiling CryptoExtras RSA+BlindSigning.swift
[1484/1595] Compiling CryptoExtras RSA.swift
[1485/1595] Compiling CryptoExtras RSA_boring.swift
[1486/1595] Compiling CryptoExtras Reexport.swift
[1487/1595] Compiling CryptoExtras Zeroization_boring.swift
[1488/1595] Compiling CryptoExtras BoringSSLHelpers.swift
[1489/1595] Compiling CryptoExtras CryptoKitErrors_boring.swift
[1490/1595] Compiling CryptoExtras PKCS8DERRepresentation.swift
[1491/1595] Compiling CryptoExtras PKCS8PrivateKey.swift
[1492/1595] Compiling CryptoExtras RFC8410AlgorithmIdentifier.swift
[1493/1595] Compiling CryptoExtras ECToolbox_boring.swift
[1494/1595] Compiling CryptoExtras ECToolbox.swift
[1495/1595] Compiling CryptoExtras HashToField.swift
[1496/1595] Compiling CryptoExtras KDF.swift
[1497/1595] Compiling CryptoExtras PBKDF2_boring.swift
[1498/1595] Compiling CryptoExtras PBKDF2_commoncrypto.swift
[1499/1597] Wrapping AST for CryptoExtras for debugging
[1501/1598] Emitting module _CryptoExtras
[1502/1598] Compiling _CryptoExtras Exports.swift
[1503/1599] Wrapping AST for _CryptoExtras for debugging
[1505/1694] Compiling X509 OCSPRequest.swift
[1506/1694] Compiling X509 OCSPResponse.swift
[1507/1694] Compiling X509 OCSPResponseBytes.swift
[1508/1694] Compiling X509 OCSPResponseData.swift
[1509/1694] Compiling X509 OCSPResponseStatus.swift
[1510/1694] Compiling X509 OCSPSignature.swift
[1511/1694] Compiling X509 OCSPSingleRequest.swift
[1512/1694] Compiling X509 OCSPSingleResponse.swift
[1513/1694] Compiling X509 OCSPTBSRequest.swift
[1514/1694] Compiling X509 CMSSignerIdentifier.swift
[1515/1694] Compiling X509 CMSSignerInfo.swift
[1516/1694] Compiling X509 CMSVersion.swift
[1517/1694] Compiling X509 Curve25519+DER.swift
[1518/1694] Compiling X509 CustomPrivateKey.swift
[1519/1694] Compiling X509 Digests.swift
[1520/1694] Compiling X509 DistinguishedName.swift
[1521/1694] Compiling X509 CommonName.swift
[1522/1694] Compiling X509 CountryName.swift
[1523/1694] Compiling X509 CertificateSerialNumber.swift
[1524/1694] Compiling X509 CertificateVersion.swift
[1525/1694] Compiling X509 CMSAttribute.swift
[1526/1694] Compiling X509 CMSContentInfo.swift
[1527/1694] Compiling X509 CMSEncapsulatedContentInfo.swift
[1528/1694] Compiling X509 CMSIssuerAndSerialNumber.swift
[1529/1694] Compiling X509 CMSOperations.swift
[1530/1694] Compiling X509 CMSSignature.swift
[1531/1694] Compiling X509 CMSSignedData.swift
[1532/1694] Emitting module NIOCore
[1533/1705] Wrapping AST for NIOCore for debugging
[1535/1752] Compiling NIOFoundationEssentialsCompat Codable+ByteBuffer.swift
[1536/1752] Compiling NIOFoundationEssentialsCompat ByteBuffer-foundation.swift
[1537/1752] Emitting module NIOFoundationEssentialsCompat
[1538/1753] Compiling NIOEmbedded AsyncTestingChannel.swift
[1540/1753] Emitting module NIOEmbedded
[1540/1753] Wrapping AST for NIOFoundationEssentialsCompat for debugging
[1542/1753] Compiling NIOEmbedded AsyncTestingEventLoop.swift
[1543/1753] Compiling NIOEmbedded Embedded.swift
[1544/1754] Compiling NIOPosix HappyEyeballs.swift
[1545/1754] Compiling NIOPosix IO.swift
[1546/1754] Compiling NIOPosix IntegerBitPacking.swift
[1547/1754] Compiling NIOPosix IntegerTypes.swift
[1548/1754] Compiling NIOPosix Linux.swift
[1549/1754] Compiling NIOPosix LinuxCPUSet.swift
[1550/1754] Compiling NIOPosix LinuxUring.swift
[1551/1761] Wrapping AST for NIOEmbedded for debugging
[1553/1761] Compiling NIOPosix Selectable.swift
[1554/1761] Compiling NIOPosix SelectableChannel.swift
[1555/1761] Compiling NIOPosix SelectableEventLoop.swift
[1556/1761] Compiling NIOPosix SelectorEpoll.swift
[1557/1761] Compiling NIOPosix SelectorGeneric.swift
[1558/1761] Compiling NIOPosix SelectorKqueue.swift
[1559/1761] Compiling NIOPosix SelectorUring.swift
[1560/1761] Compiling NIOPosix SelectorWSAPoll.swift
[1561/1761] Compiling NIOPosix ServerSocket.swift
[1562/1761] Compiling NIOPosix Socket.swift
[1563/1761] Compiling NIOPosix SocketChannel.swift
[1564/1761] Compiling NIOPosix SocketProtocols.swift
[1565/1761] Compiling NIOPosix StructuredConcurrencyHelpers.swift
[1566/1761] Compiling NIOPosix System.swift
[1567/1774] Compiling NIOPosix PipeChannel.swift
[1568/1774] Compiling NIOPosix PipePair.swift
[1569/1774] Compiling NIOPosix Pool.swift
[1570/1774] Compiling NIOPosix PosixSingletons+ConcurrencyTakeOver.swift
[1571/1774] Compiling NIOPosix PosixSingletons.swift
[1572/1774] Compiling NIOPosix RawSocketBootstrap.swift
[1573/1774] Compiling NIOPosix Resolver.swift
[1574/1774] Compiling NIOPosix MultiThreadedEventLoopGroup.swift
[1575/1774] Compiling NIOPosix NIOPosixSendableMetatype.swift
[1576/1774] Compiling NIOPosix NIORandomizedDNSResolver.swift
[1577/1774] Compiling NIOPosix NIOThreadPool.swift
[1578/1774] Compiling NIOPosix NonBlockingFileIO.swift
[1579/1774] Compiling NIOPosix PendingDatagramWritesManager.swift
[1580/1774] Compiling NIOPosix PendingWritesManager.swift
[1588/1774] Compiling NIOPosix BSDSocketAPICommon.swift
[1589/1774] Compiling NIOPosix BSDSocketAPIPosix.swift
[1590/1774] Compiling NIOPosix BSDSocketAPIWindows.swift
[1591/1774] Compiling NIOPosix BaseSocket.swift
[1592/1774] Compiling NIOPosix BaseSocketChannel+AccessibleTransport.swift
[1593/1774] Compiling NIOPosix BaseSocketChannel+SocketOptionProvider.swift
[1594/1774] Compiling NIOPosix BaseSocketChannel.swift
[1595/1774] Compiling NIOPosix BaseStreamSocketChannel.swift
[1596/1774] Compiling NIOPosix Bootstrap.swift
[1597/1774] Compiling NIOPosix ControlMessage.swift
[1598/1774] Compiling NIOPosix DatagramVectorReadManager.swift
[1599/1774] Compiling NIOPosix Errors+Any.swift
[1600/1774] Compiling NIOPosix FileDescriptor.swift
[1601/1774] Compiling NIOPosix GetaddrinfoResolver.swift
[1602/1774] Compiling X509 PKCS8PrivateKey.swift
[1603/1774] Compiling X509 PromiseAndFuture.swift
[1604/1774] Compiling X509 RDNAttribute.swift
[1605/1774] Compiling X509 RandomNumberGenerator+bytes.swift
[1606/1774] Compiling X509 RelativeDistinguishedName.swift
[1607/1774] Compiling X509 SEC1PrivateKey.swift
[1608/1774] Compiling X509 SecKeyWrapper.swift
[1609/1774] Compiling X509 Signature.swift
[1610/1774] Compiling X509 SignatureAlgorithm.swift
[1611/1774] Compiling X509 AllOfPolicies.swift
[1612/1774] Compiling X509 AnyPolicy.swift
[1613/1774] Compiling X509 CertificateStore.swift
[1614/1774] Compiling X509 CustomCertificateStore.swift
[1615/1774] Compiling X509 OneOfPolicies.swift
[1616/1774] Compiling X509 PolicyBuilder.swift
[1617/1774] Compiling X509 BasicConstraintsPolicy.swift
[1618/1774] Compiling X509 DNSNames.swift
[1619/1774] Compiling X509 ExpiryPolicy.swift
[1620/1774] Compiling X509 IPConstraints.swift
[1621/1774] Compiling X509 NameConstraintsPolicy.swift
[1622/1774] Compiling X509 RFC5280Policy.swift
[1623/1774] Compiling X509 URIConstraints.swift
[1624/1774] Compiling X509 VersionPolicy.swift
[1625/1774] Compiling X509 ServerIdentityPolicy.swift
[1626/1774] Compiling X509 TrustRootLoading.swift
[1627/1774] Compiling X509 UnverifiedChain.swift
[1635/1774] Compiling NIOPosix Thread.swift
[1636/1774] Compiling NIOPosix ThreadPosix.swift
[1637/1774] Compiling NIOPosix ThreadWindows.swift
[1638/1774] Compiling NIOPosix Utilities.swift
[1639/1774] Compiling NIOPosix VsockAddress.swift
[1640/1774] Compiling NIOPosix VsockChannelEvents.swift
[1641/1774] Compiling NIOPosix Windows.swift
[1642/1774] Compiling X509 SubjectAlternativeName.swift
[1643/1774] Compiling X509 SubjectKeyIdentifier.swift
[1644/1774] Compiling X509 Extension.swift
[1645/1774] Compiling X509 Extensions.swift
[1646/1774] Compiling X509 ExtensionsBuilder.swift
[1647/1774] Compiling X509 GeneralName.swift
[1648/1774] Compiling X509 Lock.swift
[1649/1774] Compiling X509 LockedValueBox.swift
[1650/1774] Compiling X509 BasicOCSPResponse.swift
[1651/1774] Compiling X509 DirectoryString.swift
[1652/1774] Compiling X509 OCSPCertID.swift
[1653/1774] Compiling X509 OCSPCertStatus.swift
[1661/1774] Emitting module NIOPosix
[1683/1774] Emitting module X509
[1698/1777] Wrapping AST for NIOPosix for debugging
[1700/1777] Compiling NIO Exports.swift
[1701/1777] Emitting module NIO
[1702/1778] Wrapping AST for NIO for debugging
[1704/1817] Compiling X509 ValidatedCertificateChain.swift
[1705/1817] Compiling X509 VerificationDiagnostic.swift
[1706/1817] Compiling X509 Verifier.swift
[1707/1817] Compiling X509 VerifierPolicy.swift
[1708/1817] Compiling X509 AlgorithmIdentifier.swift
[1709/1817] Compiling X509 ECDSASignature.swift
[1710/1817] Compiling X509 RSAPKCS1PublicKey.swift
[1711/1817] Compiling X509 SubjectPublicKeyInfo.swift
[1712/1817] Compiling X509 TBSCertificate.swift
[1713/1817] Compiling X509 Time.swift
[1714/1817] Compiling X509 TimeCalculations.swift
[1715/1817] Compiling X509 Validity.swift
[1716/1817] Compiling X509 X509SendableMetatype.swift
[1717/1817] Compiling NIOTLS NIOTypedApplicationProtocolNegotiationHandler.swift
[1718/1817] Compiling NIOFoundationCompat JSONSerialization+ByteBuffer.swift
[1719/1818] Compiling NIOTLS TLSEvents.swift
[1721/1818] Compiling NIOSOCKS SelectedAuthenticationMethod.swift
[1722/1818] Compiling NIOTLS ApplicationProtocolNegotiationHandler.swift
[1723/1818] Emitting module NIOTLS
[1724/1819] Compiling NIOSOCKS SOCKSResponse.swift
[1725/1819] Emitting module NIOFoundationCompat
[1726/1819] Compiling NIOFoundationCompat Exports.swift
[1727/1819] Compiling NIOFoundationCompat WaitSpinningRunLoop.swift
[1728/1820] Emitting module NIOHTTP1
[1729/1820] Compiling NIOSOCKS Errors.swift
[1730/1820] Compiling NIOSOCKS Helpers.swift
[1731/1827] Wrapping AST for X509 for debugging
[1733/1843] Compiling NIOSOCKS ClientStateMachine.swift
[1733/1862] Wrapping AST for NIOFoundationCompat for debugging
[1735/1889] Compiling JWTKit SubjectClaim.swift
[1736/1889] Compiling JWTKit TenantIDClaim.swift
[1737/1889] Compiling JWTKit LocaleClaim.swift
[1738/1889] Compiling JWTKit NotBeforeClaim.swift
[1739/1889] Emitting module NIOSOCKS
[1740/1889] Compiling NIOSOCKS ServerStateMachine.swift
[1741/1889] Compiling NIOTLS ProtocolNegotiationHandlerStateMachine.swift
[1742/1889] Compiling NIOTLS SNIHandler.swift
[1744/1890] Compiling JWTKit ECDSACurveType.swift
[1745/1890] Compiling JWTKit ECDSAError.swift
[1748/1891] Wrapping AST for NIOTLS for debugging
[1749/1908] Wrapping AST for NIOSOCKS for debugging
[1751/1921] Compiling NIOSSL LinuxCABundle.swift
[1752/1921] Compiling NIOSSL NIOSSLClientHandler.swift
[1753/1921] Compiling NIOSSL NIOSSLHandler+Configuration.swift
[1754/1921] Compiling NIOSSL ObjectIdentifier.swift
[1755/1921] Compiling NIOSSL PosixPort.swift
[1756/1921] Compiling NIOSSL SSLConnection.swift
[1757/1921] Compiling NIOSSL NIOSSLServerHandler.swift
[1758/1921] Compiling NIOSSL SSLCallbacks.swift
[1759/1921] Compiling NIOSSL SSLContext.swift
[1760/1921] Compiling JWTKit JWTSerializer.swift
[1761/1921] Compiling JWTKit JWTSigner.swift
[1762/1921] Compiling JWTKit JWTKeyCollection+MLDSA.swift
[1763/1921] Compiling JWTKit MLDSA.swift
[1764/1921] Compiling JWTKit MLDSA65+MLDSAKey.swift
[1765/1921] Compiling JWTKit MLDSA87+MLDSAKey.swift
[1766/1921] Compiling JWTKit MLDSAError.swift
[1767/1921] Compiling JWTKit MLDSAKey.swift
[1768/1921] Compiling JWTKit MLDSASigner.swift
[1769/1921] Compiling JWTKit MLDSAType.swift
[1770/1921] Compiling JWTKit JWTKeyCollection+UnsecuredNone.swift
[1771/1921] Compiling JWTKit UnsecuredNoneSigner.swift
[1772/1921] Compiling JWTKit JWTKeyCollection+RSA.swift
[1773/1921] Compiling JWTKit RSA.swift
[1774/1921] Compiling JWTKit RSAError.swift
[1775/1921] Compiling JWTKit RSASigner.swift
[1776/1921] Compiling JWTKit Base64URL.swift
[1777/1921] Compiling JWTKit CryptoSigner.swift
[1778/1930] Emitting module JWTKit
[1779/1930] Compiling NIOSSL SSLPKCS12Bundle.swift
[1780/1930] Compiling NIOSSL SSLPrivateKey.swift
[1781/1930] Compiling NIOSSL SSLPublicKey.swift
[1782/1930] Compiling NIOSSL SecurityFrameworkCertificateVerification.swift
[1783/1930] Compiling NIOSSL String+unsafeUninitializedCapacity.swift
[1784/1930] Compiling NIOSSL SubjectAlternativeName.swift
[1785/1930] Compiling NIOSSL NIOSSLSecureBytes.swift
[1786/1930] Compiling NIOSSL RNG.swift
[1787/1930] Compiling NIOSSL SafeCompare.swift
[1788/1930] Compiling JWTKit JWTKeyCollection+EdDSA.swift
[1789/1930] Compiling NIOSSL AndroidCABundle.swift
[1790/1930] Compiling NIOSSL ByteBufferBIO.swift
[1791/1930] Compiling NIOSSL CustomPrivateKey.swift
[1792/1930] Compiling NIOSSL FreeBSDCABundle.swift
[1793/1930] Compiling NIOSSL IdentityVerification.swift
[1797/1930] Compiling NIOSSL NIOSSLHandler.swift
[1798/1930] Compiling NIOSSL SSLCertificate.swift
[1799/1930] Compiling NIOSSL SSLCertificateExtensions.swift
[1800/1930] Compiling NIOSSL SSLCertificateName.swift
[1807/1930] Compiling NIOSSL SSLErrors.swift
[1808/1930] Compiling NIOSSL SSLInit.swift
[1817/1931] Compiling JWTKit HMAC.swift
[1818/1931] Compiling JWTKit HMACError.swift
[1819/1931] Compiling JWTKit HMACSigner.swift
[1820/1931] Compiling JWTKit JWTKeyCollection+HMAC.swift
[1821/1931] Compiling JWTKit Insecure.swift
[1822/1931] Compiling JWTKit JWK.swift
[1823/1931] Compiling JWTKit JWKIdentifier.swift
[1824/1931] Compiling JWTKit JWKS.swift
[1825/1931] Compiling JWTKit JWKSigner.swift
[1826/1931] Compiling JWTKit JWTAlgorithm.swift
[1827/1931] Compiling JWTKit JWTError.swift
[1828/1931] Compiling JWTKit JWTHeader+CommonFields.swift
[1829/1931] Compiling JWTKit JWTHeader.swift
[1830/1931] Compiling JWTKit JWTHeaderField.swift
[1831/1931] Compiling JWTKit JWTKeyCollection.swift
[1832/1931] Compiling JWTKit JWTParser+MandatoryVerificationFields.swift
[1833/1931] Compiling JWTKit JWTParser.swift
[1834/1931] Compiling JWTKit JWTPayload.swift
[1835/1931] Emitting module NIOSSL
[1835/1935] Wrapping AST for NIOHTTP1 for debugging
[1837/1952] Compiling NIOHPACK IndexedHeaderTable.swift
[1838/1953] Compiling NIOHPACK IntegerCoding.swift
[1839/1953] Compiling NIOHTTPCompression HTTPDecompressor.swift
[1844/1953] Compiling NIOHTTPCompression HTTPCompression.swift
[1845/1953] Compiling NIOHPACK HuffmanTables.swift
[1846/1953] Emitting module NIOHTTPCompression
[1847/1953] Compiling NIOHTTPCompression HTTPDecompression.swift
[1848/1953] Compiling NIOHPACK HuffmanCoding.swift
[1849/1953] Compiling NIOHTTPCompression HTTPResponseCompressor.swift
[1850/1953] Compiling NIOHTTPCompression HTTPRequestCompressor.swift
[1852/1954] Compiling NIOHPACK DynamicHeaderTable.swift
[1853/1954] Compiling NIOHPACK HPACKDecoder.swift
[1854/1954] Compiling NIOHPACK StaticHeaderTable.swift
[1854/1954] Wrapping AST for NIOHTTPCompression for debugging
[1856/1954] Compiling NIOHPACK HeaderTables.swift
[1860/1954] Compiling NIOHPACK HPACKHeader.swift
[1862/1954] Emitting module NIOHPACK
[1863/1954] Compiling NIOHPACK HPACKEncoder.swift
[1864/1954] Compiling NIOHPACK HPACKErrors.swift
[1869/1955] Compiling JWTKit CustomizedJSONCoders.swift
[1870/1955] Compiling JWTKit Utilities.swift
[1871/1955] Compiling JWTKit AppleIdentityToken.swift
[1872/1955] Compiling JWTKit FirebaseAuthIdentityToken.swift
[1873/1955] Compiling JWTKit GoogleIdentityToken.swift
[1875/1955] Compiling JWTKit MicrosoftIdentityToken.swift
[1876/1955] Compiling JWTKit EmptyPolicy.swift
[1877/1955] Compiling JWTKit ValidationTimePayload.swift
[1878/1955] Compiling JWTKit X5CVerifier.swift
[1896/1956] Wrapping AST for NIOHPACK for debugging
[1897/2019] Wrapping AST for JWTKit for debugging
[1899/2019] Compiling NIOHTTP2 HTTP2UserEvents.swift
[1900/2019] Compiling NIOHTTP2 InboundEventBuffer.swift
[1901/2019] Compiling NIOHTTP2 InboundWindowManager.swift
[1902/2019] Compiling NIOHTTP2 MultiplexerAbstractChannel.swift
[1903/2020] Wrapping AST for NIOSSL for debugging
[1905/2020] Compiling NIOHTTP2 MaySendFrames.swift
[1906/2020] Compiling NIOHTTP2 SendingDataState.swift
[1907/2020] Compiling NIOHTTP2 SendingGoawayState.swift
[1908/2020] Compiling NIOHTTP2 SendingHeadersState.swift
[1909/2020] Compiling NIOHTTP2 SendingPushPromiseState.swift
[1910/2020] Compiling NIOHTTP2 SendingRstStreamState.swift
[1911/2020] Compiling NIOHTTP2 SendingWindowUpdateState.swift
[1912/2020] Compiling NIOHTTP2 HTTP2SettingsState.swift
[1913/2020] Compiling NIOHTTP2 HasExtendedConnectSettings.swift
[1914/2028] Compiling NIOHTTP2 HTTP2StreamMultiplexer.swift
[1915/2028] Compiling NIOHTTP2 HTTP2ToHTTP1Codec.swift
[1920/2028] Compiling NIOHTTP2 NIOHTTP2FrameDelegate.swift
[1921/2028] Compiling NIOHTTP2 NIOHTTP2ServerConnectionManagementHandler+StateMachine.swift
[1922/2028] Emitting module NIOHTTP2
[1923/2028] Compiling NIOHTTP2 ConnectionStateMachine.swift
[1924/2028] Compiling NIOHTTP2 ConnectionStreamsState.swift
[1925/2028] Compiling NIOHTTP2 MayReceiveFrames.swift
[1926/2028] Compiling NIOHTTP2 ReceivingDataState.swift
[1927/2028] Compiling NIOHTTP2 ReceivingGoAwayState.swift
[1928/2028] Compiling NIOHTTP2 ReceivingHeadersState.swift
[1929/2028] Compiling NIOHTTP2 ReceivingPushPromiseState.swift
[1930/2028] Compiling NIOHTTP2 ReceivingRstStreamState.swift
[1931/2028] Compiling NIOHTTP2 ReceivingWindowUpdateState.swift
[1932/2028] Compiling NIOHTTP2 HasFlowControlWindows.swift
[1933/2028] Compiling NIOHTTP2 HasLocalSettings.swift
[1934/2028] Compiling NIOHTTP2 HasRemoteSettings.swift
[1935/2028] Compiling NIOHTTP2 LocallyQuiescingState.swift
[1936/2028] Compiling NIOHTTP2 QuiescingState.swift
[1937/2028] Compiling NIOHTTP2 RemotelyQuiescingState.swift
[1938/2028] Compiling NIOHTTP2 SendAndReceiveGoawayState.swift
[1939/2028] Compiling NIOHTTP2 StateMachineResult.swift
[1940/2028] Compiling NIOHTTP2 ContentLengthVerifier.swift
[1941/2028] Compiling NIOHTTP2 NIOHTTP2ServerConnectionManagementHandler.swift
[1942/2028] Compiling NIOHTTP2 StreamChannelFlowController.swift
[1943/2028] Compiling NIOHTTP2 StreamChannelList.swift
[1944/2028] Compiling NIOHTTP2 StreamMap.swift
[1945/2028] Compiling NIOHTTP2 StreamStateMachine.swift
[1946/2028] Compiling NIOHTTP2 Timer.swift
[1947/2028] Compiling NIOHTTP2 UnsafeTransfer.swift
[1948/2028] Compiling NIOHTTP2 WatermarkedFlowController.swift
[1949/2028] Compiling NIOHTTP2 DOSHeuristics.swift
[1950/2028] Compiling NIOHTTP2 Error+Any.swift
[1951/2028] Compiling NIOHTTP2 ConcurrentStreamBuffer.swift
[1952/2028] Compiling NIOHTTP2 ControlFrameBuffer.swift
[1953/2028] Compiling NIOHTTP2 OutboundFlowControlBuffer.swift
[1954/2028] Compiling NIOHTTP2 OutboundFrameBuffer.swift
[1955/2028] Compiling NIOHTTP2 GlitchesMonitor.swift
[1956/2028] Compiling NIOHTTP2 HPACKHeaders+Validation.swift
[1957/2028] Compiling NIOHTTP2 HTTP2ChannelHandler+InboundStreamMultiplexer.swift
[1958/2028] Compiling NIOHTTP2 HTTP2FrameParser.swift
[1959/2028] Compiling NIOHTTP2 HTTP2PingData.swift
[1960/2028] Compiling NIOHTTP2 HTTP2PipelineHelpers.swift
[1961/2028] Compiling NIOHTTP2 HTTP2Settings.swift
[1962/2028] Compiling NIOHTTP2 HTTP2Stream.swift
[1963/2028] Compiling NIOHTTP2 HTTP2StreamChannel+OutboundStreamMultiplexer.swift
[1964/2028] Compiling NIOHTTP2 HTTP2StreamChannel.swift
[1965/2028] Compiling NIOHTTP2 HTTP2StreamDelegate.swift
[1966/2028] Compiling NIOHTTP2 HTTP2StreamID.swift
[1967/2028] Compiling NIOHTTP2 HTTP2ChannelHandler+InlineStreamMultiplexer.swift
[1968/2028] Compiling NIOHTTP2 HTTP2ChannelHandler.swift
[1969/2028] Compiling NIOHTTP2 HTTP2CommonInboundStreamMultiplexer.swift
[1970/2028] Compiling NIOHTTP2 HTTP2ConnectionStateChange.swift
[1971/2028] Compiling NIOHTTP2 HTTP2Error.swift
[1972/2028] Compiling NIOHTTP2 HTTP2ErrorCode.swift
[1973/2028] Compiling NIOHTTP2 HTTP2FlowControlWindow.swift
[1974/2028] Compiling NIOHTTP2 HTTP2Frame.swift
[1975/2028] Compiling NIOHTTP2 HTTP2FrameEncoder.swift
[1976/2029] Wrapping AST for NIOHTTP2 for debugging
[1978/2093] Emitting module AsyncHTTPClient
[1979/2101] Compiling AsyncHTTPClient AnyAsyncSequence.swift
[1980/2101] Compiling AsyncHTTPClient AnyAsyncSequenceProucerDelete.swift
[1981/2101] Compiling AsyncHTTPClient AsyncLazySequence.swift
[1982/2101] Compiling AsyncHTTPClient HTTPClient+execute.swift
[1983/2101] Compiling AsyncHTTPClient HTTPClient+shutdown.swift
[1984/2101] Compiling AsyncHTTPClient HTTPClient+tracing.swift
[1985/2101] Compiling AsyncHTTPClient HTTPClientRequest+Prepared.swift
[1986/2101] Compiling AsyncHTTPClient HTTPClientRequest+auth.swift
[1987/2101] Compiling AsyncHTTPClient HTTPClientRequest.swift
[1988/2101] Compiling AsyncHTTPClient HTTPClientResponse.swift
[1989/2101] Compiling AsyncHTTPClient SingleIteratorPrecondition.swift
[1990/2101] Compiling AsyncHTTPClient Transaction+StateMachine.swift
[1991/2101] Compiling AsyncHTTPClient Transaction.swift
[1992/2101] Compiling AsyncHTTPClient Base64.swift
[1993/2101] Compiling AsyncHTTPClient BasicAuth.swift
[1994/2101] Compiling AsyncHTTPClient BestEffortHashableTLSConfiguration.swift
[1995/2101] Compiling AsyncHTTPClient Configuration+BrowserLike.swift
[1996/2101] Compiling AsyncHTTPClient ConnectionPool.swift
[1997/2101] Compiling AsyncHTTPClient RequestValidation.swift
[1998/2101] Compiling AsyncHTTPClient SSLContextCache.swift
[1999/2101] Compiling AsyncHTTPClient Scheme.swift
[2000/2101] Compiling AsyncHTTPClient Singleton.swift
[2001/2101] Compiling AsyncHTTPClient StringConvertibleInstances.swift
[2002/2101] Compiling AsyncHTTPClient StructuredConcurrencyHelpers.swift
[2003/2101] Compiling AsyncHTTPClient TracingSupport.swift
[2004/2101] Compiling AsyncHTTPClient Utils.swift
[2005/2101] Compiling AsyncHTTPClient HTTPConnectionEvent.swift
[2006/2101] Compiling AsyncHTTPClient HTTPConnectionPool+Factory.swift
[2007/2101] Compiling AsyncHTTPClient HTTPConnectionPool+Manager.swift
[2008/2101] Compiling AsyncHTTPClient HTTPConnectionPool.swift
[2009/2101] Compiling AsyncHTTPClient HTTPExecutableRequest.swift
[2010/2101] Compiling AsyncHTTPClient HTTPRequestStateMachine+Demand.swift
[2011/2101] Compiling AsyncHTTPClient HTTPRequestStateMachine.swift
[2012/2101] Compiling AsyncHTTPClient RequestBodyLength.swift
[2013/2101] Compiling AsyncHTTPClient RequestFramingMetadata.swift
[2014/2101] Compiling AsyncHTTPClient LRUCache.swift
[2015/2101] Compiling AsyncHTTPClient NIOLoopBound+Execute.swift
[2016/2101] Compiling AsyncHTTPClient NWErrorHandler.swift
[2017/2101] Compiling AsyncHTTPClient NWWaitingHandler.swift
[2018/2101] Compiling AsyncHTTPClient TLSConfiguration.swift
[2019/2101] Compiling AsyncHTTPClient RedirectState.swift
[2020/2101] Compiling AsyncHTTPClient RequestBag+StateMachine.swift
[2021/2101] Compiling AsyncHTTPClient RequestBag+Tracing.swift
[2022/2101] Compiling AsyncHTTPClient RequestBag.swift
[2023/2101] Compiling AsyncHTTPClient RequestOptions.swift
[2024/2101] Compiling AsyncHTTPClient HTTPConnectionPool+Backoff.swift
[2025/2101] Compiling AsyncHTTPClient HTTPConnectionPool+HTTP1Connections.swift
[2026/2101] Compiling AsyncHTTPClient HTTPConnectionPool+HTTP1StateMachine.swift
[2027/2101] Compiling AsyncHTTPClient HTTPConnectionPool+HTTP2Connections.swift
[2028/2101] Compiling AsyncHTTPClient HTTPConnectionPool+HTTP2StateMachine.swift
[2029/2101] Compiling AsyncHTTPClient HTTPConnectionPool+RequestQueue.swift
[2030/2101] Compiling AsyncHTTPClient HTTPConnectionPool+StateMachine.swift
[2031/2101] Compiling AsyncHTTPClient ConnectionTarget.swift
[2032/2101] Compiling AsyncHTTPClient HTTP1ProxyConnectHandler.swift
[2033/2101] Compiling AsyncHTTPClient SOCKSEventsHandler.swift
[2034/2101] Compiling AsyncHTTPClient TLSEventsHandler.swift
[2035/2101] Compiling AsyncHTTPClient HTTP1ClientChannelHandler.swift
[2036/2101] Compiling AsyncHTTPClient HTTP1Connection.swift
[2037/2101] Compiling AsyncHTTPClient HTTP1ConnectionStateMachine.swift
[2038/2101] Compiling AsyncHTTPClient HTTP2ClientRequestHandler.swift
[2039/2101] Compiling AsyncHTTPClient HTTP2Connection.swift
[2040/2101] Compiling AsyncHTTPClient HTTP2IdleHandler.swift
[2041/2101] Compiling AsyncHTTPClient DeconstructedURL.swift
[2042/2101] Compiling AsyncHTTPClient FileDownloadDelegate.swift
[2043/2101] Compiling AsyncHTTPClient FoundationExtensions.swift
[2044/2101] Compiling AsyncHTTPClient HTTPClient+HTTPCookie.swift
[2045/2101] Compiling AsyncHTTPClient HTTPClient+Proxy.swift
[2046/2101] Compiling AsyncHTTPClient HTTPClient+StructuredConcurrency.swift
[2047/2101] Compiling AsyncHTTPClient HTTPClient.swift
[2048/2101] Compiling AsyncHTTPClient HTTPClientConfiguration+SwiftConfiguration.swift
[2049/2101] Compiling AsyncHTTPClient HTTPHandler.swift
[2050/2102] Wrapping AST for AsyncHTTPClient for debugging
[2052/2125] Emitting module GoogleAuth
[2053/2128] Compiling GoogleAuth ADC.swift
[2054/2128] Compiling GoogleAuth ADCPath.swift
[2055/2128] Compiling GoogleAuth ADCResolver.swift
[2056/2128] Compiling GoogleAuth AuthHeaders.swift
[2057/2128] Compiling GoogleAuth ServiceAccountCredentials.swift
[2058/2128] Compiling GoogleAuth ServiceAccountData.swift
[2059/2128] Compiling GoogleAuth ServiceAccountTokenProvider.swift
[2060/2128] Compiling GoogleAuth AuthHTTPClient.swift
[2061/2128] Compiling GoogleAuth AuthHTTPError.swift
[2062/2128] Compiling GoogleAuth RetryEngine.swift
[2063/2128] Compiling GoogleAuth AnonymousCredentials.swift
[2064/2128] Compiling GoogleAuth ApiKeyCredentials.swift
[2065/2128] Compiling GoogleAuth ExternalAccountCredentials.swift
[2066/2128] Compiling GoogleAuth UserAccountData.swift
[2067/2128] Compiling GoogleAuth UserAccountTokenProvider.swift
[2068/2128] Compiling GoogleAuth UserCredentials.swift
[2069/2128] Compiling GoogleAuth CredentialParserRegistry.swift
[2070/2128] Compiling GoogleAuth Credentials.swift
[2071/2128] Compiling GoogleAuth CredentialsError.swift
[2072/2128] Compiling GoogleAuth SubjectTokenProvider.swift
[2073/2128] Compiling GoogleAuth MDSAccessTokenProvider.swift
[2074/2128] Compiling GoogleAuth MDSCredentials.swift
[2075/2128] Compiling GoogleAuth STSHandler.swift
[2076/2128] Compiling GoogleAuth TokenCache.swift
[2077/2128] Compiling GoogleAuth PackageVersion.swift
[2078/2129] Wrapping AST for GoogleAuth for debugging
[2080/2187] Emitting module GoogleGax
[2081/2195] Compiling GoogleGax AIP194+PollingErrorPolicy.swift
[2082/2195] Compiling GoogleGax AIP194+RetryPolicy.swift
[2083/2195] Compiling GoogleGax AIP194.swift
[2084/2195] Compiling GoogleGax AdaptiveThrottler.swift
[2085/2195] Compiling GoogleGax AlwaysPoll.swift
[2086/2195] Compiling GoogleGax AlwaysRetry.swift
[2087/2195] Compiling GoogleGax ApiClientHeader.swift
[2088/2195] Compiling GoogleGax BackoffPolicy.swift
[2089/2195] Compiling GoogleGax BasePollingErrorPolicy.swift
[2090/2195] Compiling GoogleGax LimitedAttemptCount+PollingErrorPolicy.swift
[2091/2195] Compiling GoogleGax LimitedAttemptCount+RetryPolicy.swift
[2092/2195] Compiling GoogleGax LimitedAttemptCount.swift
[2093/2195] Compiling GoogleGax LimitedElapsedTime+PollingErrorPolicy.swift
[2094/2195] Compiling GoogleGax LimitedElapsedTime+RetryPolicy.swift
[2095/2195] Compiling GoogleGax LimitedElapsedTime.swift
[2096/2195] Compiling GoogleGax LongRunningOperations.swift
[2097/2195] Compiling GoogleGax NeverRetry.swift
[2098/2195] Compiling GoogleGax HTTPClientProtocol.swift
[2099/2195] Compiling GoogleGax HTTPClientRequest.swift
[2100/2195] Compiling GoogleGax HTTPClientResponse.swift
[2101/2195] Compiling GoogleGax HTTPHeaders.swift
[2102/2195] Compiling GoogleGax HTTPResponseBody.swift
[2103/2195] Compiling GoogleGax HeaderNames.swift
[2104/2195] Compiling GoogleGax Host.swift
[2105/2195] Compiling GoogleGax InProgressResult.swift
[2106/2195] Compiling GoogleGax RequestOptions.swift
[2107/2195] Compiling GoogleGax RetryLoop.swift
[2108/2195] Compiling GoogleGax RetryPolicy.swift
[2109/2195] Compiling GoogleGax RetryResult.swift
[2110/2195] Compiling GoogleGax RetryState.swift
[2111/2195] Compiling GoogleGax RetryThrottler.swift
[2112/2195] Compiling GoogleGax RetryThrottlerError.swift
[2113/2195] Compiling GoogleGax RoutingMatcher.swift
[2114/2195] Compiling GoogleGax Pagination.swift
/host/spi-builder-workspace/.build/checkouts/swift-google-gax/Sources/GoogleGax/Pagination.swift:44:22: error: cannot convert '@Sendable (String) async throws -> (response: ResponseType, items: [Item], nextToken: String)' to 'nonisolated(nonsending) @Sendable (String) async throws -> (response: ResponseType, items: [Item], nextToken: String)' because crossing of an isolation boundary requires parameter and result types to conform to 'Sendable' protocol
 42 |   ) where ResponseType: _PaginatedResponse<Item> {
 43 |     self.initialPageToken = initialPageToken ?? ""
 44 |     self.fetchPage = { token in
    |                      |- error: cannot convert '@Sendable (String) async throws -> (response: ResponseType, items: [Item], nextToken: String)' to 'nonisolated(nonsending) @Sendable (String) async throws -> (response: ResponseType, items: [Item], nextToken: String)' because crossing of an isolation boundary requires parameter and result types to conform to 'Sendable' protocol
    |                      `- note: type 'Item' does not conform to 'Sendable' protocol
 45 |       let response = try await listRpc(token)
 46 |       return (response, response._getPaginatedItems(), response._nextPageToken())
[2115/2195] Compiling GoogleGax PollingBackoffPolicy.swift
/host/spi-builder-workspace/.build/checkouts/swift-google-gax/Sources/GoogleGax/Pagination.swift:44:22: error: cannot convert '@Sendable (String) async throws -> (response: ResponseType, items: [Item], nextToken: String)' to 'nonisolated(nonsending) @Sendable (String) async throws -> (response: ResponseType, items: [Item], nextToken: String)' because crossing of an isolation boundary requires parameter and result types to conform to 'Sendable' protocol
 42 |   ) where ResponseType: _PaginatedResponse<Item> {
 43 |     self.initialPageToken = initialPageToken ?? ""
 44 |     self.fetchPage = { token in
    |                      |- error: cannot convert '@Sendable (String) async throws -> (response: ResponseType, items: [Item], nextToken: String)' to 'nonisolated(nonsending) @Sendable (String) async throws -> (response: ResponseType, items: [Item], nextToken: String)' because crossing of an isolation boundary requires parameter and result types to conform to 'Sendable' protocol
    |                      `- note: type 'Item' does not conform to 'Sendable' protocol
 45 |       let response = try await listRpc(token)
 46 |       return (response, response._getPaginatedItems(), response._nextPageToken())
[2116/2195] Compiling GoogleGax PollingErrorPolicy.swift
/host/spi-builder-workspace/.build/checkouts/swift-google-gax/Sources/GoogleGax/Pagination.swift:44:22: error: cannot convert '@Sendable (String) async throws -> (response: ResponseType, items: [Item], nextToken: String)' to 'nonisolated(nonsending) @Sendable (String) async throws -> (response: ResponseType, items: [Item], nextToken: String)' because crossing of an isolation boundary requires parameter and result types to conform to 'Sendable' protocol
 42 |   ) where ResponseType: _PaginatedResponse<Item> {
 43 |     self.initialPageToken = initialPageToken ?? ""
 44 |     self.fetchPage = { token in
    |                      |- error: cannot convert '@Sendable (String) async throws -> (response: ResponseType, items: [Item], nextToken: String)' to 'nonisolated(nonsending) @Sendable (String) async throws -> (response: ResponseType, items: [Item], nextToken: String)' because crossing of an isolation boundary requires parameter and result types to conform to 'Sendable' protocol
    |                      `- note: type 'Item' does not conform to 'Sendable' protocol
 45 |       let response = try await listRpc(token)
 46 |       return (response, response._getPaginatedItems(), response._nextPageToken())
[2117/2195] Compiling GoogleGax PollingResult.swift
/host/spi-builder-workspace/.build/checkouts/swift-google-gax/Sources/GoogleGax/Pagination.swift:44:22: error: cannot convert '@Sendable (String) async throws -> (response: ResponseType, items: [Item], nextToken: String)' to 'nonisolated(nonsending) @Sendable (String) async throws -> (response: ResponseType, items: [Item], nextToken: String)' because crossing of an isolation boundary requires parameter and result types to conform to 'Sendable' protocol
 42 |   ) where ResponseType: _PaginatedResponse<Item> {
 43 |     self.initialPageToken = initialPageToken ?? ""
 44 |     self.fetchPage = { token in
    |                      |- error: cannot convert '@Sendable (String) async throws -> (response: ResponseType, items: [Item], nextToken: String)' to 'nonisolated(nonsending) @Sendable (String) async throws -> (response: ResponseType, items: [Item], nextToken: String)' because crossing of an isolation boundary requires parameter and result types to conform to 'Sendable' protocol
    |                      `- note: type 'Item' does not conform to 'Sendable' protocol
 45 |       let response = try await listRpc(token)
 46 |       return (response, response._getPaginatedItems(), response._nextPageToken())
[2118/2195] Compiling GoogleGax PollingState.swift
/host/spi-builder-workspace/.build/checkouts/swift-google-gax/Sources/GoogleGax/Pagination.swift:44:22: error: cannot convert '@Sendable (String) async throws -> (response: ResponseType, items: [Item], nextToken: String)' to 'nonisolated(nonsending) @Sendable (String) async throws -> (response: ResponseType, items: [Item], nextToken: String)' because crossing of an isolation boundary requires parameter and result types to conform to 'Sendable' protocol
 42 |   ) where ResponseType: _PaginatedResponse<Item> {
 43 |     self.initialPageToken = initialPageToken ?? ""
 44 |     self.fetchPage = { token in
    |                      |- error: cannot convert '@Sendable (String) async throws -> (response: ResponseType, items: [Item], nextToken: String)' to 'nonisolated(nonsending) @Sendable (String) async throws -> (response: ResponseType, items: [Item], nextToken: String)' because crossing of an isolation boundary requires parameter and result types to conform to 'Sendable' protocol
    |                      `- note: type 'Item' does not conform to 'Sendable' protocol
 45 |       let response = try await listRpc(token)
 46 |       return (response, response._getPaginatedItems(), response._nextPageToken())
[2119/2195] Compiling GoogleGax ProtobufConversionError.swift
/host/spi-builder-workspace/.build/checkouts/swift-google-gax/Sources/GoogleGax/Pagination.swift:44:22: error: cannot convert '@Sendable (String) async throws -> (response: ResponseType, items: [Item], nextToken: String)' to 'nonisolated(nonsending) @Sendable (String) async throws -> (response: ResponseType, items: [Item], nextToken: String)' because crossing of an isolation boundary requires parameter and result types to conform to 'Sendable' protocol
 42 |   ) where ResponseType: _PaginatedResponse<Item> {
 43 |     self.initialPageToken = initialPageToken ?? ""
 44 |     self.fetchPage = { token in
    |                      |- error: cannot convert '@Sendable (String) async throws -> (response: ResponseType, items: [Item], nextToken: String)' to 'nonisolated(nonsending) @Sendable (String) async throws -> (response: ResponseType, items: [Item], nextToken: String)' because crossing of an isolation boundary requires parameter and result types to conform to 'Sendable' protocol
    |                      `- note: type 'Item' does not conform to 'Sendable' protocol
 45 |       let response = try await listRpc(token)
 46 |       return (response, response._getPaginatedItems(), response._nextPageToken())
[2120/2195] Compiling GoogleGax QueryParameter.swift
/host/spi-builder-workspace/.build/checkouts/swift-google-gax/Sources/GoogleGax/Pagination.swift:44:22: error: cannot convert '@Sendable (String) async throws -> (response: ResponseType, items: [Item], nextToken: String)' to 'nonisolated(nonsending) @Sendable (String) async throws -> (response: ResponseType, items: [Item], nextToken: String)' because crossing of an isolation boundary requires parameter and result types to conform to 'Sendable' protocol
 42 |   ) where ResponseType: _PaginatedResponse<Item> {
 43 |     self.initialPageToken = initialPageToken ?? ""
 44 |     self.fetchPage = { token in
    |                      |- error: cannot convert '@Sendable (String) async throws -> (response: ResponseType, items: [Item], nextToken: String)' to 'nonisolated(nonsending) @Sendable (String) async throws -> (response: ResponseType, items: [Item], nextToken: String)' because crossing of an isolation boundary requires parameter and result types to conform to 'Sendable' protocol
    |                      `- note: type 'Item' does not conform to 'Sendable' protocol
 45 |       let response = try await listRpc(token)
 46 |       return (response, response._getPaginatedItems(), response._nextPageToken())
[2121/2195] Compiling GoogleGax RequestError.swift
/host/spi-builder-workspace/.build/checkouts/swift-google-gax/Sources/GoogleGax/Pagination.swift:44:22: error: cannot convert '@Sendable (String) async throws -> (response: ResponseType, items: [Item], nextToken: String)' to 'nonisolated(nonsending) @Sendable (String) async throws -> (response: ResponseType, items: [Item], nextToken: String)' because crossing of an isolation boundary requires parameter and result types to conform to 'Sendable' protocol
 42 |   ) where ResponseType: _PaginatedResponse<Item> {
 43 |     self.initialPageToken = initialPageToken ?? ""
 44 |     self.fetchPage = { token in
    |                      |- error: cannot convert '@Sendable (String) async throws -> (response: ResponseType, items: [Item], nextToken: String)' to 'nonisolated(nonsending) @Sendable (String) async throws -> (response: ResponseType, items: [Item], nextToken: String)' because crossing of an isolation boundary requires parameter and result types to conform to 'Sendable' protocol
    |                      `- note: type 'Item' does not conform to 'Sendable' protocol
 45 |       let response = try await listRpc(token)
 46 |       return (response, response._getPaginatedItems(), response._nextPageToken())
[2122/2195] Compiling GoogleGax BaseRetryPolicy.swift
[2123/2195] Compiling GoogleGax BindingError.swift
[2124/2195] Compiling GoogleGax CRC32C.swift
[2125/2195] Compiling GoogleGax CircuitBreaker.swift
[2126/2195] Compiling GoogleGax ClientError.swift
[2127/2195] Compiling GoogleGax ClientOptions.swift
[2128/2195] Compiling GoogleGax ContinueOnIO+PollingErrorPolicy.swift
[2129/2195] Compiling GoogleGax ContinueOnIO+RetryPolicy.swift
[2130/2195] Compiling GoogleGax ContinueOnIO.swift
[2131/2195] Compiling GoogleGax CredentialsProtocol.swift
[2132/2195] Compiling GoogleGax ErrorWrapper.swift
[2133/2195] Compiling GoogleGax ExponentialBackoff+BackoffPolicy.swift
[2134/2195] Compiling GoogleGax ExponentialBackoff+PollingBackoffPolicy.swift
[2135/2195] Compiling GoogleGax ExponentialBackoff.swift
[2136/2195] Compiling GoogleGax HTTPClient.swift
[2137/2195] Compiling GoogleGax HTTPClientHolder.swift
[2138/2195] Compiling GoogleGax ServiceError.swift
[2139/2195] Compiling GoogleGax StatusDetail.swift
[2140/2195] Compiling GoogleGax StrictIdempotency.swift
[2141/2195] Compiling GoogleGax ThrottleResult.swift
[2142/2195] Compiling GoogleGax TooManyRequests+PollingErrorPolicy.swift
[2143/2195] Compiling GoogleGax TooManyRequests+RetryPolicy.swift
[2144/2195] Compiling GoogleGax TooManyRequests.swift
[2145/2195] Compiling GoogleGax PackageVersion.swift
BUILD FAILURE 6.2 android