Build Information
Failed to build MintegralAdSDK, reference main (71e78d), with Swift 6.4 for tvOS using Xcode 27.0 on 27 Sep 2026 08:12:55 UTC.
Build Command
env DEVELOPER_DIR=/Applications/Xcode-27.0.0-Release.Candidate.app xcrun xcodebuild -IDEClonedSourcePackagesDirPathOverride=$PWD/.dependencies -skipMacroValidation -skipPackagePluginValidation -derivedDataPath $PWD/.derivedData build -scheme MintegralAdSDK -destination generic/platform=tvOSBuild Log
========================================
RunAll
========================================
Builder version: 5.1.0
Interrupt handler set up.
========================================
Checkout
========================================
Clone URL: https://github.com/Mintegral-official/MintegralAdSDK-Swift-Package.git
Reference: main
Initialized empty Git repository in /Users/admin/builder/spi-builder-workspace/.git/
From https://github.com/Mintegral-official/MintegralAdSDK-Swift-Package
* branch main -> FETCH_HEAD
* [new branch] main -> origin/main
HEAD is now at 71e78da bump version to 8.1.7
Cloned https://github.com/Mintegral-official/MintegralAdSDK-Swift-Package.git
Revision (git rev-parse @):
71e78da3d6070792c2216fef333daa652411f3a7
SUCCESS checkout https://github.com/Mintegral-official/MintegralAdSDK-Swift-Package.git at main
========================================
Build
========================================
Selected platform: tvOS
Swift version: 6.4
Building package at path: $PWD
https://github.com/Mintegral-official/MintegralAdSDK-Swift-Package.git
Command line invocation:
/Applications/Xcode-27.0.0-Release.Candidate.app/Contents/Developer/usr/bin/xcodebuild -IDEClonedSourcePackagesDirPathOverride=/Users/admin/builder/spi-builder-workspace/.dependencies -resolvePackageDependencies
Resolve Package Graph
Resolve Package Graph
Resolved source packages:
MintegralAdSDK: /Users/admin/builder/spi-builder-workspace
resolved source packages: MintegralAdSDK
2026-09-27 04:12:17.291 xcodebuild[528:3049] [MT] IDERunDestination: Supported platforms for the buildables in the current scheme is empty.
{
"dependencies" : [
],
"manifest_display_name" : "MintegralAdSDK",
"name" : "MintegralAdSDK",
"path" : "/Users/admin/builder/spi-builder-workspace",
"platforms" : [
],
"products" : [
{
"name" : "MintegralAdSDK",
"targets" : [
"MintegralAdSDK"
],
"type" : {
"library" : [
"automatic"
]
}
}
],
"targets" : [
{
"c99name" : "MintegralAdSDKTests",
"module_type" : "SwiftTarget",
"name" : "MintegralAdSDKTests",
"path" : "Tests/MintegralAdSDKTests",
"sources" : [
"MintegralAdSDKTests.swift"
],
"target_dependencies" : [
"MintegralAdSDK"
],
"type" : "test"
},
{
"c99name" : "MintegralAdSDK",
"module_type" : "SwiftTarget",
"name" : "MintegralAdSDK",
"path" : "Sources/MintegralAdSDK",
"product_memberships" : [
"MintegralAdSDK"
],
"resources" : [
{
"path" : "/Users/admin/builder/spi-builder-workspace/Sources/MintegralAdSDK/Resources/MTGResources.bundle",
"rule" : {
"copy" : {
}
}
}
],
"sources" : [
"MintegralAdSDK.swift"
],
"target_dependencies" : [
"MTGSDK",
"MTGSDKBanner",
"MTGSDKBidding",
"MTGSDKNewInterstitial",
"MTGSDKInterstitialVideo",
"MTGSDKReward",
"MTGSDKSplash",
"MTGSDKNativeAdvanced"
],
"type" : "library"
},
{
"c99name" : "MTGSDKSplash",
"module_type" : "BinaryTarget",
"name" : "MTGSDKSplash",
"path" : "remote/archive/MTGSDKSplash.xcframework.zip",
"product_memberships" : [
"MintegralAdSDK"
],
"sources" : [
],
"type" : "binary"
},
{
"c99name" : "MTGSDKReward",
"module_type" : "BinaryTarget",
"name" : "MTGSDKReward",
"path" : "remote/archive/MTGSDKReward.xcframework.zip",
"product_memberships" : [
"MintegralAdSDK"
],
"sources" : [
],
"type" : "binary"
},
{
"c99name" : "MTGSDKNewInterstitial",
"module_type" : "BinaryTarget",
"name" : "MTGSDKNewInterstitial",
"path" : "remote/archive/MTGSDKNewInterstitial.xcframework.zip",
"product_memberships" : [
"MintegralAdSDK"
],
"sources" : [
],
"type" : "binary"
},
{
"c99name" : "MTGSDKNativeAdvanced",
"module_type" : "BinaryTarget",
"name" : "MTGSDKNativeAdvanced",
"path" : "remote/archive/MTGSDKNativeAdvanced.xcframework.zip",
"product_memberships" : [
"MintegralAdSDK"
],
"sources" : [
],
"type" : "binary"
},
{
"c99name" : "MTGSDKInterstitialVideo",
"module_type" : "BinaryTarget",
"name" : "MTGSDKInterstitialVideo",
"path" : "remote/archive/MTGSDKInterstitialVideo.xcframework.zip",
"product_memberships" : [
"MintegralAdSDK"
],
"sources" : [
],
"type" : "binary"
},
{
"c99name" : "MTGSDKBidding",
"module_type" : "BinaryTarget",
"name" : "MTGSDKBidding",
"path" : "remote/archive/MTGSDKBidding.xcframework.zip",
"product_memberships" : [
"MintegralAdSDK"
],
"sources" : [
],
"type" : "binary"
},
{
"c99name" : "MTGSDKBanner",
"module_type" : "BinaryTarget",
"name" : "MTGSDKBanner",
"path" : "remote/archive/MTGSDKBanner.xcframework.zip",
"product_memberships" : [
"MintegralAdSDK"
],
"sources" : [
],
"type" : "binary"
},
{
"c99name" : "MTGSDK",
"module_type" : "BinaryTarget",
"name" : "MTGSDK",
"path" : "remote/archive/MTGSDK.xcframework.zip",
"product_memberships" : [
"MintegralAdSDK"
],
"sources" : [
],
"type" : "binary"
}
],
"tools_version" : "5.9"
}
{
"workspace" : {
"name" : "MintegralAdSDK",
"schemes" : [
"MintegralAdSDK"
]
}
}
2026-09-27 04:12:49.671 xcodebuild[721:3999] [MT] IDERunDestination: Supported platforms for the buildables in the current scheme is empty.
Running build ...
env DEVELOPER_DIR=/Applications/Xcode-27.0.0-Release.Candidate.app xcrun xcodebuild -IDEClonedSourcePackagesDirPathOverride=$PWD/.dependencies -skipMacroValidation -skipPackagePluginValidation -derivedDataPath $PWD/.derivedData build -scheme MintegralAdSDK -destination generic/platform=tvOS
Command line invocation:
/Applications/Xcode-27.0.0-Release.Candidate.app/Contents/Developer/usr/bin/xcodebuild -IDEClonedSourcePackagesDirPathOverride=/Users/admin/builder/spi-builder-workspace/.dependencies -skipMacroValidation -skipPackagePluginValidation -derivedDataPath /Users/admin/builder/spi-builder-workspace/.derivedData build -scheme MintegralAdSDK -destination generic/platform=tvOS
Resolve Package Graph
Resolved source packages:
MintegralAdSDK: /Users/admin/builder/spi-builder-workspace
ComputePackagePrebuildTargetDependencyGraph
Prepare packages
CreateBuildRequest
SendProjectDescription
CreateBuildOperation
ComputeTargetDependencyGraph
note: Building targets in dependency order
note: Target dependency graph (3 targets)
Target 'MintegralAdSDK-product' in project 'MintegralAdSDK'
➜ Explicit dependency on target 'MintegralAdSDK' in project 'MintegralAdSDK'
➜ Explicit dependency on target 'MintegralAdSDK_MintegralAdSDK' in project 'MintegralAdSDK'
Target 'MintegralAdSDK' in project 'MintegralAdSDK'
➜ Explicit dependency on target 'MintegralAdSDK_MintegralAdSDK' in project 'MintegralAdSDK'
Target 'MintegralAdSDK_MintegralAdSDK' in project 'MintegralAdSDK' (no dependencies)
GatherProvisioningInputs
CreateBuildDescription
ExecuteExternalTool /Applications/Xcode-27.0.0-Release.Candidate.app/Contents/Developer/Toolchains/XcodeDefault.xctoolchain/usr/bin/clang -v -E -dM -isysroot /Applications/Xcode-27.0.0-Release.Candidate.app/Contents/Developer/Platforms/AppleTVOS.platform/Developer/SDKs/AppleTVOS27.0.sdk -x c -c /dev/null
ExecuteExternalTool /Applications/Xcode-27.0.0-Release.Candidate.app/Contents/Developer/Toolchains/XcodeDefault.xctoolchain/usr/bin/swiftc --version
ExecuteExternalTool /Applications/Xcode-27.0.0-Release.Candidate.app/Contents/Developer/Toolchains/XcodeDefault.xctoolchain/usr/bin/ld -version_details
Build description signature: a085b7f9eb80f094dd1d21e35bc80a38
Build description path: /Users/admin/builder/spi-builder-workspace/.derivedData/Build/Intermediates.noindex/XCBuildData/a085b7f9eb80f094dd1d21e35bc80a38.xcbuilddata
/Users/admin/builder/spi-builder-workspace/.dependencies/artifacts/spi-builder-workspace/MTGSDK/MTGSDK.xcframework:1:1: error: While building for tvOS, no library for this platform was found in '/Users/admin/builder/spi-builder-workspace/.dependencies/artifacts/spi-builder-workspace/MTGSDK/MTGSDK.xcframework'. (in target 'MintegralAdSDK-product' from project 'MintegralAdSDK')
/Users/admin/builder/spi-builder-workspace/.dependencies/artifacts/spi-builder-workspace/MTGSDKBanner/MTGSDKBanner.xcframework:1:1: error: While building for tvOS, no library for this platform was found in '/Users/admin/builder/spi-builder-workspace/.dependencies/artifacts/spi-builder-workspace/MTGSDKBanner/MTGSDKBanner.xcframework'. (in target 'MintegralAdSDK-product' from project 'MintegralAdSDK')
/Users/admin/builder/spi-builder-workspace/.dependencies/artifacts/spi-builder-workspace/MTGSDKBidding/MTGSDKBidding.xcframework:1:1: error: While building for tvOS, no library for this platform was found in '/Users/admin/builder/spi-builder-workspace/.dependencies/artifacts/spi-builder-workspace/MTGSDKBidding/MTGSDKBidding.xcframework'. (in target 'MintegralAdSDK-product' from project 'MintegralAdSDK')
/Users/admin/builder/spi-builder-workspace/.dependencies/artifacts/spi-builder-workspace/MTGSDKNewInterstitial/MTGSDKNewInterstitial.xcframework:1:1: error: While building for tvOS, no library for this platform was found in '/Users/admin/builder/spi-builder-workspace/.dependencies/artifacts/spi-builder-workspace/MTGSDKNewInterstitial/MTGSDKNewInterstitial.xcframework'. (in target 'MintegralAdSDK-product' from project 'MintegralAdSDK')
/Users/admin/builder/spi-builder-workspace/.dependencies/artifacts/spi-builder-workspace/MTGSDKInterstitialVideo/MTGSDKInterstitialVideo.xcframework:1:1: error: While building for tvOS, no library for this platform was found in '/Users/admin/builder/spi-builder-workspace/.dependencies/artifacts/spi-builder-workspace/MTGSDKInterstitialVideo/MTGSDKInterstitialVideo.xcframework'. (in target 'MintegralAdSDK-product' from project 'MintegralAdSDK')
/Users/admin/builder/spi-builder-workspace/.dependencies/artifacts/spi-builder-workspace/MTGSDKReward/MTGSDKReward.xcframework:1:1: error: While building for tvOS, no library for this platform was found in '/Users/admin/builder/spi-builder-workspace/.dependencies/artifacts/spi-builder-workspace/MTGSDKReward/MTGSDKReward.xcframework'. (in target 'MintegralAdSDK-product' from project 'MintegralAdSDK')
/Users/admin/builder/spi-builder-workspace/.dependencies/artifacts/spi-builder-workspace/MTGSDKSplash/MTGSDKSplash.xcframework:1:1: error: While building for tvOS, no library for this platform was found in '/Users/admin/builder/spi-builder-workspace/.dependencies/artifacts/spi-builder-workspace/MTGSDKSplash/MTGSDKSplash.xcframework'. (in target 'MintegralAdSDK-product' from project 'MintegralAdSDK')
/Users/admin/builder/spi-builder-workspace/.dependencies/artifacts/spi-builder-workspace/MTGSDKNativeAdvanced/MTGSDKNativeAdvanced.xcframework:1:1: error: While building for tvOS, no library for this platform was found in '/Users/admin/builder/spi-builder-workspace/.dependencies/artifacts/spi-builder-workspace/MTGSDKNativeAdvanced/MTGSDKNativeAdvanced.xcframework'. (in target 'MintegralAdSDK-product' from project 'MintegralAdSDK')
/Users/admin/builder/spi-builder-workspace/.dependencies/artifacts/spi-builder-workspace/MTGSDK/MTGSDK.xcframework:1:1: error: While building for tvOS, no library for this platform was found in '/Users/admin/builder/spi-builder-workspace/.dependencies/artifacts/spi-builder-workspace/MTGSDK/MTGSDK.xcframework'. (in target 'MintegralAdSDK' from project 'MintegralAdSDK')
/Users/admin/builder/spi-builder-workspace/.dependencies/artifacts/spi-builder-workspace/MTGSDKBanner/MTGSDKBanner.xcframework:1:1: error: While building for tvOS, no library for this platform was found in '/Users/admin/builder/spi-builder-workspace/.dependencies/artifacts/spi-builder-workspace/MTGSDKBanner/MTGSDKBanner.xcframework'. (in target 'MintegralAdSDK' from project 'MintegralAdSDK')
/Users/admin/builder/spi-builder-workspace/.dependencies/artifacts/spi-builder-workspace/MTGSDKBidding/MTGSDKBidding.xcframework:1:1: error: While building for tvOS, no library for this platform was found in '/Users/admin/builder/spi-builder-workspace/.dependencies/artifacts/spi-builder-workspace/MTGSDKBidding/MTGSDKBidding.xcframework'. (in target 'MintegralAdSDK' from project 'MintegralAdSDK')
/Users/admin/builder/spi-builder-workspace/.dependencies/artifacts/spi-builder-workspace/MTGSDKNewInterstitial/MTGSDKNewInterstitial.xcframework:1:1: error: While building for tvOS, no library for this platform was found in '/Users/admin/builder/spi-builder-workspace/.dependencies/artifacts/spi-builder-workspace/MTGSDKNewInterstitial/MTGSDKNewInterstitial.xcframework'. (in target 'MintegralAdSDK' from project 'MintegralAdSDK')
/Users/admin/builder/spi-builder-workspace/.dependencies/artifacts/spi-builder-workspace/MTGSDKInterstitialVideo/MTGSDKInterstitialVideo.xcframework:1:1: error: While building for tvOS, no library for this platform was found in '/Users/admin/builder/spi-builder-workspace/.dependencies/artifacts/spi-builder-workspace/MTGSDKInterstitialVideo/MTGSDKInterstitialVideo.xcframework'. (in target 'MintegralAdSDK' from project 'MintegralAdSDK')
/Users/admin/builder/spi-builder-workspace/.dependencies/artifacts/spi-builder-workspace/MTGSDKReward/MTGSDKReward.xcframework:1:1: error: While building for tvOS, no library for this platform was found in '/Users/admin/builder/spi-builder-workspace/.dependencies/artifacts/spi-builder-workspace/MTGSDKReward/MTGSDKReward.xcframework'. (in target 'MintegralAdSDK' from project 'MintegralAdSDK')
/Users/admin/builder/spi-builder-workspace/.dependencies/artifacts/spi-builder-workspace/MTGSDKSplash/MTGSDKSplash.xcframework:1:1: error: While building for tvOS, no library for this platform was found in '/Users/admin/builder/spi-builder-workspace/.dependencies/artifacts/spi-builder-workspace/MTGSDKSplash/MTGSDKSplash.xcframework'. (in target 'MintegralAdSDK' from project 'MintegralAdSDK')
/Users/admin/builder/spi-builder-workspace/.dependencies/artifacts/spi-builder-workspace/MTGSDKNativeAdvanced/MTGSDKNativeAdvanced.xcframework:1:1: error: While building for tvOS, no library for this platform was found in '/Users/admin/builder/spi-builder-workspace/.dependencies/artifacts/spi-builder-workspace/MTGSDKNativeAdvanced/MTGSDKNativeAdvanced.xcframework'. (in target 'MintegralAdSDK' from project 'MintegralAdSDK')
2026-09-27 04:12:51.205 xcodebuild[722:4042] [MT] IDERunDestination: Supported platforms for the buildables in the current scheme is empty.
** BUILD FAILED **
The following build commands failed:
Building workspace MintegralAdSDK with scheme MintegralAdSDK
(1 failure)
Command line invocation:
/Applications/Xcode-27.0.0-Release.Candidate.app/Contents/Developer/usr/bin/xcodebuild -IDEClonedSourcePackagesDirPathOverride=/Users/admin/builder/spi-builder-workspace/.dependencies -resolvePackageDependencies
Resolve Package Graph
Resolved source packages:
MintegralAdSDK: /Users/admin/builder/spi-builder-workspace
resolved source packages: MintegralAdSDK
2026-09-27 04:12:53.135 xcodebuild[756:4293] [MT] IDERunDestination: Supported platforms for the buildables in the current scheme is empty.
{
"dependencies" : [
],
"manifest_display_name" : "MintegralAdSDK",
"name" : "MintegralAdSDK",
"path" : "/Users/admin/builder/spi-builder-workspace",
"platforms" : [
],
"products" : [
{
"name" : "MintegralAdSDK",
"targets" : [
"MintegralAdSDK"
],
"type" : {
"library" : [
"automatic"
]
}
}
],
"targets" : [
{
"c99name" : "MintegralAdSDKTests",
"module_type" : "SwiftTarget",
"name" : "MintegralAdSDKTests",
"path" : "Tests/MintegralAdSDKTests",
"sources" : [
"MintegralAdSDKTests.swift"
],
"target_dependencies" : [
"MintegralAdSDK"
],
"type" : "test"
},
{
"c99name" : "MintegralAdSDK",
"module_type" : "SwiftTarget",
"name" : "MintegralAdSDK",
"path" : "Sources/MintegralAdSDK",
"product_memberships" : [
"MintegralAdSDK"
],
"resources" : [
{
"path" : "/Users/admin/builder/spi-builder-workspace/Sources/MintegralAdSDK/Resources/MTGResources.bundle",
"rule" : {
"copy" : {
}
}
}
],
"sources" : [
"MintegralAdSDK.swift"
],
"target_dependencies" : [
"MTGSDK",
"MTGSDKBanner",
"MTGSDKBidding",
"MTGSDKNewInterstitial",
"MTGSDKInterstitialVideo",
"MTGSDKReward",
"MTGSDKSplash",
"MTGSDKNativeAdvanced"
],
"type" : "library"
},
{
"c99name" : "MTGSDKSplash",
"module_type" : "BinaryTarget",
"name" : "MTGSDKSplash",
"path" : "remote/archive/MTGSDKSplash.xcframework.zip",
"product_memberships" : [
"MintegralAdSDK"
],
"sources" : [
],
"type" : "binary"
},
{
"c99name" : "MTGSDKReward",
"module_type" : "BinaryTarget",
"name" : "MTGSDKReward",
"path" : "remote/archive/MTGSDKReward.xcframework.zip",
"product_memberships" : [
"MintegralAdSDK"
],
"sources" : [
],
"type" : "binary"
},
{
"c99name" : "MTGSDKNewInterstitial",
"module_type" : "BinaryTarget",
"name" : "MTGSDKNewInterstitial",
"path" : "remote/archive/MTGSDKNewInterstitial.xcframework.zip",
"product_memberships" : [
"MintegralAdSDK"
],
"sources" : [
],
"type" : "binary"
},
{
"c99name" : "MTGSDKNativeAdvanced",
"module_type" : "BinaryTarget",
"name" : "MTGSDKNativeAdvanced",
"path" : "remote/archive/MTGSDKNativeAdvanced.xcframework.zip",
"product_memberships" : [
"MintegralAdSDK"
],
"sources" : [
],
"type" : "binary"
},
{
"c99name" : "MTGSDKInterstitialVideo",
"module_type" : "BinaryTarget",
"name" : "MTGSDKInterstitialVideo",
"path" : "remote/archive/MTGSDKInterstitialVideo.xcframework.zip",
"product_memberships" : [
"MintegralAdSDK"
],
"sources" : [
],
"type" : "binary"
},
{
"c99name" : "MTGSDKBidding",
"module_type" : "BinaryTarget",
"name" : "MTGSDKBidding",
"path" : "remote/archive/MTGSDKBidding.xcframework.zip",
"product_memberships" : [
"MintegralAdSDK"
],
"sources" : [
],
"type" : "binary"
},
{
"c99name" : "MTGSDKBanner",
"module_type" : "BinaryTarget",
"name" : "MTGSDKBanner",
"path" : "remote/archive/MTGSDKBanner.xcframework.zip",
"product_memberships" : [
"MintegralAdSDK"
],
"sources" : [
],
"type" : "binary"
},
{
"c99name" : "MTGSDK",
"module_type" : "BinaryTarget",
"name" : "MTGSDK",
"path" : "remote/archive/MTGSDK.xcframework.zip",
"product_memberships" : [
"MintegralAdSDK"
],
"sources" : [
],
"type" : "binary"
}
],
"tools_version" : "5.9"
}
{
"workspace" : {
"name" : "MintegralAdSDK",
"schemes" : [
"MintegralAdSDK"
]
}
}
2026-09-27 04:12:54.395 xcodebuild[765:4376] [MT] IDERunDestination: Supported platforms for the buildables in the current scheme is empty.
Running build ...
env DEVELOPER_DIR=/Applications/Xcode-27.0.0-Release.Candidate.app xcrun xcodebuild -IDEClonedSourcePackagesDirPathOverride=$PWD/.dependencies -skipMacroValidation -skipPackagePluginValidation -derivedDataPath $PWD/.derivedData build -scheme MintegralAdSDK -destination generic/platform=tvOS
Command line invocation:
/Applications/Xcode-27.0.0-Release.Candidate.app/Contents/Developer/usr/bin/xcodebuild -IDEClonedSourcePackagesDirPathOverride=/Users/admin/builder/spi-builder-workspace/.dependencies -skipMacroValidation -skipPackagePluginValidation -derivedDataPath /Users/admin/builder/spi-builder-workspace/.derivedData build -scheme MintegralAdSDK -destination generic/platform=tvOS
Resolve Package Graph
Resolved source packages:
MintegralAdSDK: /Users/admin/builder/spi-builder-workspace
ComputePackagePrebuildTargetDependencyGraph
Prepare packages
CreateBuildRequest
SendProjectDescription
CreateBuildOperation
ComputeTargetDependencyGraph
note: Building targets in dependency order
note: Target dependency graph (3 targets)
Target 'MintegralAdSDK-product' in project 'MintegralAdSDK'
➜ Explicit dependency on target 'MintegralAdSDK' in project 'MintegralAdSDK'
➜ Explicit dependency on target 'MintegralAdSDK_MintegralAdSDK' in project 'MintegralAdSDK'
Target 'MintegralAdSDK' in project 'MintegralAdSDK'
➜ Explicit dependency on target 'MintegralAdSDK_MintegralAdSDK' in project 'MintegralAdSDK'
Target 'MintegralAdSDK_MintegralAdSDK' in project 'MintegralAdSDK' (no dependencies)
GatherProvisioningInputs
CreateBuildDescription
/Users/admin/builder/spi-builder-workspace/.dependencies/artifacts/spi-builder-workspace/MTGSDK/MTGSDK.xcframework:1:1: error: While building for tvOS, no library for this platform was found in '/Users/admin/builder/spi-builder-workspace/.dependencies/artifacts/spi-builder-workspace/MTGSDK/MTGSDK.xcframework'. (in target 'MintegralAdSDK' from project 'MintegralAdSDK')
/Users/admin/builder/spi-builder-workspace/.dependencies/artifacts/spi-builder-workspace/MTGSDKBanner/MTGSDKBanner.xcframework:1:1: error: While building for tvOS, no library for this platform was found in '/Users/admin/builder/spi-builder-workspace/.dependencies/artifacts/spi-builder-workspace/MTGSDKBanner/MTGSDKBanner.xcframework'. (in target 'MintegralAdSDK' from project 'MintegralAdSDK')
/Users/admin/builder/spi-builder-workspace/.dependencies/artifacts/spi-builder-workspace/MTGSDKBidding/MTGSDKBidding.xcframework:1:1: error: While building for tvOS, no library for this platform was found in '/Users/admin/builder/spi-builder-workspace/.dependencies/artifacts/spi-builder-workspace/MTGSDKBidding/MTGSDKBidding.xcframework'. (in target 'MintegralAdSDK' from project 'MintegralAdSDK')
/Users/admin/builder/spi-builder-workspace/.dependencies/artifacts/spi-builder-workspace/MTGSDKInterstitialVideo/MTGSDKInterstitialVideo.xcframework:1:1: error: While building for tvOS, no library for this platform was found in '/Users/admin/builder/spi-builder-workspace/.dependencies/artifacts/spi-builder-workspace/MTGSDKInterstitialVideo/MTGSDKInterstitialVideo.xcframework'. (in target 'MintegralAdSDK' from project 'MintegralAdSDK')
/Users/admin/builder/spi-builder-workspace/.dependencies/artifacts/spi-builder-workspace/MTGSDKNativeAdvanced/MTGSDKNativeAdvanced.xcframework:1:1: error: While building for tvOS, no library for this platform was found in '/Users/admin/builder/spi-builder-workspace/.dependencies/artifacts/spi-builder-workspace/MTGSDKNativeAdvanced/MTGSDKNativeAdvanced.xcframework'. (in target 'MintegralAdSDK' from project 'MintegralAdSDK')
/Users/admin/builder/spi-builder-workspace/.dependencies/artifacts/spi-builder-workspace/MTGSDKNewInterstitial/MTGSDKNewInterstitial.xcframework:1:1: error: While building for tvOS, no library for this platform was found in '/Users/admin/builder/spi-builder-workspace/.dependencies/artifacts/spi-builder-workspace/MTGSDKNewInterstitial/MTGSDKNewInterstitial.xcframework'. (in target 'MintegralAdSDK' from project 'MintegralAdSDK')
/Users/admin/builder/spi-builder-workspace/.dependencies/artifacts/spi-builder-workspace/MTGSDKReward/MTGSDKReward.xcframework:1:1: error: While building for tvOS, no library for this platform was found in '/Users/admin/builder/spi-builder-workspace/.dependencies/artifacts/spi-builder-workspace/MTGSDKReward/MTGSDKReward.xcframework'. (in target 'MintegralAdSDK' from project 'MintegralAdSDK')
/Users/admin/builder/spi-builder-workspace/.dependencies/artifacts/spi-builder-workspace/MTGSDKSplash/MTGSDKSplash.xcframework:1:1: error: While building for tvOS, no library for this platform was found in '/Users/admin/builder/spi-builder-workspace/.dependencies/artifacts/spi-builder-workspace/MTGSDKSplash/MTGSDKSplash.xcframework'. (in target 'MintegralAdSDK' from project 'MintegralAdSDK')
/Users/admin/builder/spi-builder-workspace/.dependencies/artifacts/spi-builder-workspace/MTGSDK/MTGSDK.xcframework:1:1: error: While building for tvOS, no library for this platform was found in '/Users/admin/builder/spi-builder-workspace/.dependencies/artifacts/spi-builder-workspace/MTGSDK/MTGSDK.xcframework'. (in target 'MintegralAdSDK-product' from project 'MintegralAdSDK')
/Users/admin/builder/spi-builder-workspace/.dependencies/artifacts/spi-builder-workspace/MTGSDKBanner/MTGSDKBanner.xcframework:1:1: error: While building for tvOS, no library for this platform was found in '/Users/admin/builder/spi-builder-workspace/.dependencies/artifacts/spi-builder-workspace/MTGSDKBanner/MTGSDKBanner.xcframework'. (in target 'MintegralAdSDK-product' from project 'MintegralAdSDK')
/Users/admin/builder/spi-builder-workspace/.dependencies/artifacts/spi-builder-workspace/MTGSDKBidding/MTGSDKBidding.xcframework:1:1: error: While building for tvOS, no library for this platform was found in '/Users/admin/builder/spi-builder-workspace/.dependencies/artifacts/spi-builder-workspace/MTGSDKBidding/MTGSDKBidding.xcframework'. (in target 'MintegralAdSDK-product' from project 'MintegralAdSDK')
/Users/admin/builder/spi-builder-workspace/.dependencies/artifacts/spi-builder-workspace/MTGSDKInterstitialVideo/MTGSDKInterstitialVideo.xcframework:1:1: error: While building for tvOS, no library for this platform was found in '/Users/admin/builder/spi-builder-workspace/.dependencies/artifacts/spi-builder-workspace/MTGSDKInterstitialVideo/MTGSDKInterstitialVideo.xcframework'. (in target 'MintegralAdSDK-product' from project 'MintegralAdSDK')
/Users/admin/builder/spi-builder-workspace/.dependencies/artifacts/spi-builder-workspace/MTGSDKNativeAdvanced/MTGSDKNativeAdvanced.xcframework:1:1: error: While building for tvOS, no library for this platform was found in '/Users/admin/builder/spi-builder-workspace/.dependencies/artifacts/spi-builder-workspace/MTGSDKNativeAdvanced/MTGSDKNativeAdvanced.xcframework'. (in target 'MintegralAdSDK-product' from project 'MintegralAdSDK')
/Users/admin/builder/spi-builder-workspace/.dependencies/artifacts/spi-builder-workspace/MTGSDKNewInterstitial/MTGSDKNewInterstitial.xcframework:1:1: error: While building for tvOS, no library for this platform was found in '/Users/admin/builder/spi-builder-workspace/.dependencies/artifacts/spi-builder-workspace/MTGSDKNewInterstitial/MTGSDKNewInterstitial.xcframework'. (in target 'MintegralAdSDK-product' from project 'MintegralAdSDK')
/Users/admin/builder/spi-builder-workspace/.dependencies/artifacts/spi-builder-workspace/MTGSDKReward/MTGSDKReward.xcframework:1:1: error: While building for tvOS, no library for this platform was found in '/Users/admin/builder/spi-builder-workspace/.dependencies/artifacts/spi-builder-workspace/MTGSDKReward/MTGSDKReward.xcframework'. (in target 'MintegralAdSDK-product' from project 'MintegralAdSDK')
/Users/admin/builder/spi-builder-workspace/.dependencies/artifacts/spi-builder-workspace/MTGSDKSplash/MTGSDKSplash.xcframework:1:1: error: While building for tvOS, no library for this platform was found in '/Users/admin/builder/spi-builder-workspace/.dependencies/artifacts/spi-builder-workspace/MTGSDKSplash/MTGSDKSplash.xcframework'. (in target 'MintegralAdSDK-product' from project 'MintegralAdSDK')
2026-09-27 04:12:55.445 xcodebuild[766:4401] [MT] IDERunDestination: Supported platforms for the buildables in the current scheme is empty.
** BUILD FAILED **
The following build commands failed:
Building workspace MintegralAdSDK with scheme MintegralAdSDK
(1 failure)
BUILD FAILURE 6.4 tvOS