Build Information
Failed to build ContributorUI, reference v1.0.1 (6aff70), with Swift 6.4 for watchOS using Xcode 27.0 on 19 Sep 2026 02:59:15 UTC.
Build Command
env DEVELOPER_DIR=/Applications/Xcode-27.0.0-Release.Candidate.app xcrun xcodebuild -IDEClonedSourcePackagesDirPathOverride=$PWD/.dependencies -skipMacroValidation -skipPackagePluginValidation -derivedDataPath $PWD/.derivedData build -scheme ContributorUI -destination generic/platform=watchOSBuild Log
SwiftExplicitDependencyGeneratePcm arm64_32 /Users/admin/builder/spi-builder-workspace/.derivedData/SDKExplicitPrecompiledModules/DataDetection-U9BF7WHFVA6BZGFXXXP272PS.pcm
SwiftExplicitDependencyGeneratePcm arm64_32 /Users/admin/builder/spi-builder-workspace/.derivedData/SDKExplicitPrecompiledModules/UIUtilities-9YFVNIMRC5HRVOIARNWHP1E3H.pcm
SwiftExplicitDependencyGeneratePcm arm64 /Users/admin/builder/spi-builder-workspace/.derivedData/SDKExplicitPrecompiledModules/SceneKit-5HZKIL7XETTTD8TOHYPN8JKRJ.pcm
SwiftExplicitDependencyGeneratePcm arm64 /Users/admin/builder/spi-builder-workspace/.derivedData/SDKExplicitPrecompiledModules/QuartzCore-94KFMWNOU7ZLUZNB4T5DLZC9D.pcm
SwiftExplicitDependencyGeneratePcm arm64 /Users/admin/builder/spi-builder-workspace/.derivedData/SDKExplicitPrecompiledModules/OSLog-B7VGO357Y3GJG35TST7DKDSI3.pcm
SwiftExplicitDependencyGeneratePcm arm64 /Users/admin/builder/spi-builder-workspace/.derivedData/SDKExplicitPrecompiledModules/UserNotifications-ARAH8MEQ0C2L0FBO39HITJMAO.pcm
SwiftExplicitDependencyGeneratePcm arm64 /Users/admin/builder/spi-builder-workspace/.derivedData/SDKExplicitPrecompiledModules/UIUtilities-IR7RNW23VAUKYI9MLCS9NL9A.pcm
SwiftExplicitDependencyGeneratePcm arm64 /Users/admin/builder/spi-builder-workspace/.derivedData/SDKExplicitPrecompiledModules/Symbols-3EFABTJ9L5PQDJ7RQCYQWEJMM.pcm
SwiftExplicitDependencyGeneratePcm arm64 /Users/admin/builder/spi-builder-workspace/.derivedData/SDKExplicitPrecompiledModules/CoreTransferable-9PPG3SLJ55T4LITIFYX2M0NOZ.pcm
SwiftExplicitDependencyGeneratePcm arm64_32 /Users/admin/builder/spi-builder-workspace/.derivedData/SDKExplicitPrecompiledModules/SwiftUICore-3Q7WLRD8MR9R3NGIPUBQCP6F6.pcm
SwiftExplicitDependencyGeneratePcm arm64 /Users/admin/builder/spi-builder-workspace/.derivedData/SDKExplicitPrecompiledModules/Accessibility-27QMG6ZQ1NKYTNBYFPM1XKNFC.pcm
SwiftExplicitDependencyGeneratePcm arm64 /Users/admin/builder/spi-builder-workspace/.derivedData/SDKExplicitPrecompiledModules/CoreData-9JFJC4UET8BAO5IPV2JU6W9V8.pcm
SwiftExplicitDependencyGeneratePcm arm64 /Users/admin/builder/spi-builder-workspace/.derivedData/SDKExplicitPrecompiledModules/_LocationEssentials-5ZZDGDXB6HLQUC72SJW7YJ7MK.pcm
SwiftExplicitDependencyGeneratePcm arm64 /Users/admin/builder/spi-builder-workspace/.derivedData/SDKExplicitPrecompiledModules/DataDetection-7BNVI1SZW5ISQL5SX4WL2X7I5.pcm
SwiftExplicitDependencyGeneratePcm arm64_32 /Users/admin/builder/spi-builder-workspace/.derivedData/SDKExplicitPrecompiledModules/SceneKit-DKNLHKM5FJBQ79LSNMSSMBUBR.pcm
SwiftExplicitDependencyGeneratePcm arm64 /Users/admin/builder/spi-builder-workspace/.derivedData/SDKExplicitPrecompiledModules/SwiftUICore-C1DST1IX2Z0PTH5SJJZ1IULRB.pcm
SwiftExplicitDependencyGeneratePcm arm64_32 /Users/admin/builder/spi-builder-workspace/.derivedData/SDKExplicitPrecompiledModules/UserNotifications-6TBN8TEAKO014N1T2QD926XED.pcm
SwiftExplicitDependencyGeneratePcm arm64_32 /Users/admin/builder/spi-builder-workspace/.derivedData/SDKExplicitPrecompiledModules/UniformTypeIdentifiers-CJZ3NTHPSBH4XWX5EVOG56UZS.pcm
SwiftExplicitDependencyGeneratePcm arm64 /Users/admin/builder/spi-builder-workspace/.derivedData/SDKExplicitPrecompiledModules/UniformTypeIdentifiers-8L08Q8DQJV8C4AW84YVGFGTRN.pcm
SwiftExplicitDependencyGeneratePcm arm64 /Users/admin/builder/spi-builder-workspace/.derivedData/SDKExplicitPrecompiledModules/CoreLocation-ACKJ9K7ABI14F97Y46Y6SRR17.pcm
SwiftExplicitDependencyGeneratePcm arm64_32 /Users/admin/builder/spi-builder-workspace/.derivedData/SDKExplicitPrecompiledModules/CoreTransferable-5D4IR6X37682FPHJ5CBPTKQV6.pcm
SwiftExplicitDependencyGeneratePcm arm64_32 /Users/admin/builder/spi-builder-workspace/.derivedData/SDKExplicitPrecompiledModules/CoreLocation-8XU5YMYM4P11RQMYCQAG65ITK.pcm
SwiftExplicitDependencyGeneratePcm arm64 /Users/admin/builder/spi-builder-workspace/.derivedData/SDKExplicitPrecompiledModules/CoreMotion-6RD5K48QT1F4L9CATNFD2O7YB.pcm
SwiftExplicitDependencyGeneratePcm arm64_32 /Users/admin/builder/spi-builder-workspace/.derivedData/SDKExplicitPrecompiledModules/CoreMotion-1XGTVTE5PP32UHME8AC63TL6.pcm
SwiftExplicitDependencyGeneratePcm arm64 /Users/admin/builder/spi-builder-workspace/.derivedData/SDKExplicitPrecompiledModules/UIKit-27R3P1YMV4C6JLDT661G3MRIA.pcm
SwiftExplicitDependencyGeneratePcm arm64_32 /Users/admin/builder/spi-builder-workspace/.derivedData/SDKExplicitPrecompiledModules/UIKit-6PPV7YPZ89CZPHYAP072QH8B6.pcm
SwiftExplicitDependencyGeneratePcm arm64 /Users/admin/builder/spi-builder-workspace/.derivedData/SDKExplicitPrecompiledModules/HomeKit-DTS1N4AWILAL1URZ5IOXV5221.pcm
SwiftExplicitDependencyGeneratePcm arm64 /Users/admin/builder/spi-builder-workspace/.derivedData/SDKExplicitPrecompiledModules/MapKit-EJJWC7IL56MPLQMI93GJRE5OG.pcm
SwiftExplicitDependencyGeneratePcm arm64_32 /Users/admin/builder/spi-builder-workspace/.derivedData/SDKExplicitPrecompiledModules/HomeKit-DUDZOMSN3UK8GNTNBNMPIWJRN.pcm
SwiftExplicitDependencyGeneratePcm arm64_32 /Users/admin/builder/spi-builder-workspace/.derivedData/SDKExplicitPrecompiledModules/MapKit-CWGB4YMP1VX1NYQN5FULFD5DR.pcm
SwiftExplicitDependencyGeneratePcm arm64 /Users/admin/builder/spi-builder-workspace/.derivedData/SDKExplicitPrecompiledModules/WatchKit-3VT3K8YON6FJ6OWSUFJMFMP8J.pcm
SwiftExplicitDependencyGeneratePcm arm64_32 /Users/admin/builder/spi-builder-workspace/.derivedData/SDKExplicitPrecompiledModules/WatchKit-FHF6WTKLC2APGK3LA2XJ6516.pcm
SwiftExplicitDependencyGeneratePcm arm64 /Users/admin/builder/spi-builder-workspace/.derivedData/SDKExplicitPrecompiledModules/SwiftUI-APXDH8ULYLM6FD17YRA73TULO.pcm
SwiftExplicitDependencyGeneratePcm arm64_32 /Users/admin/builder/spi-builder-workspace/.derivedData/SDKExplicitPrecompiledModules/SwiftUI-9AYG9OCT5VOJK7V4MX1WYR86T.pcm
SwiftEmitModule normal arm64 Emitting\ module\ for\ Kingfisher (in target 'Kingfisher' from project 'Kingfisher')
SwiftCompile normal arm64 (in target 'Kingfisher' from project 'Kingfisher')
cd /Users/admin/builder/spi-builder-workspace/.swiftpm/xcode
SwiftCompile normal arm64 Compiling\ Placeholder.swift,\ AuthenticationChallengeResponsable.swift,\ ImageDataProcessor.swift,\ ImageDownloader.swift,\ ImageDownloaderDelegate.swift,\ ImageModifier.swift /Users/admin/builder/spi-builder-workspace/.dependencies/checkouts/Kingfisher/Sources/Image/Placeholder.swift /Users/admin/builder/spi-builder-workspace/.dependencies/checkouts/Kingfisher/Sources/Networking/AuthenticationChallengeResponsable.swift /Users/admin/builder/spi-builder-workspace/.dependencies/checkouts/Kingfisher/Sources/Networking/ImageDataProcessor.swift /Users/admin/builder/spi-builder-workspace/.dependencies/checkouts/Kingfisher/Sources/Networking/ImageDownloader.swift /Users/admin/builder/spi-builder-workspace/.dependencies/checkouts/Kingfisher/Sources/Networking/ImageDownloaderDelegate.swift /Users/admin/builder/spi-builder-workspace/.dependencies/checkouts/Kingfisher/Sources/Networking/ImageModifier.swift (in target 'Kingfisher' from project 'Kingfisher')
SwiftCompile normal arm64 /Users/admin/builder/spi-builder-workspace/.dependencies/checkouts/Kingfisher/Sources/Image/Placeholder.swift (in target 'Kingfisher' from project 'Kingfisher')
cd /Users/admin/builder/spi-builder-workspace/.swiftpm/xcode
builtin-SwiftPerFileCompile Placeholder.swift
SwiftCompile normal arm64 /Users/admin/builder/spi-builder-workspace/.dependencies/checkouts/Kingfisher/Sources/Networking/AuthenticationChallengeResponsable.swift (in target 'Kingfisher' from project 'Kingfisher')
cd /Users/admin/builder/spi-builder-workspace/.swiftpm/xcode
builtin-SwiftPerFileCompile AuthenticationChallengeResponsable.swift
SwiftCompile normal arm64 /Users/admin/builder/spi-builder-workspace/.dependencies/checkouts/Kingfisher/Sources/Networking/ImageDataProcessor.swift (in target 'Kingfisher' from project 'Kingfisher')
cd /Users/admin/builder/spi-builder-workspace/.swiftpm/xcode
builtin-SwiftPerFileCompile ImageDataProcessor.swift
SwiftCompile normal arm64 /Users/admin/builder/spi-builder-workspace/.dependencies/checkouts/Kingfisher/Sources/Networking/ImageDownloader.swift (in target 'Kingfisher' from project 'Kingfisher')
cd /Users/admin/builder/spi-builder-workspace/.swiftpm/xcode
builtin-SwiftPerFileCompile ImageDownloader.swift
SwiftCompile normal arm64 /Users/admin/builder/spi-builder-workspace/.dependencies/checkouts/Kingfisher/Sources/Networking/ImageDownloaderDelegate.swift (in target 'Kingfisher' from project 'Kingfisher')
cd /Users/admin/builder/spi-builder-workspace/.swiftpm/xcode
builtin-SwiftPerFileCompile ImageDownloaderDelegate.swift
SwiftCompile normal arm64 /Users/admin/builder/spi-builder-workspace/.dependencies/checkouts/Kingfisher/Sources/Networking/ImageModifier.swift (in target 'Kingfisher' from project 'Kingfisher')
cd /Users/admin/builder/spi-builder-workspace/.swiftpm/xcode
builtin-SwiftPerFileCompile ImageModifier.swift
SwiftCompile normal arm64 Compiling\ KFImageRenderer.swift,\ Box.swift,\ CallbackQueue.swift,\ Delegate.swift,\ DisplayLink.swift,\ ExtensionHelpers.swift /Users/admin/builder/spi-builder-workspace/.dependencies/checkouts/Kingfisher/Sources/SwiftUI/KFImageRenderer.swift /Users/admin/builder/spi-builder-workspace/.dependencies/checkouts/Kingfisher/Sources/Utility/Box.swift /Users/admin/builder/spi-builder-workspace/.dependencies/checkouts/Kingfisher/Sources/Utility/CallbackQueue.swift /Users/admin/builder/spi-builder-workspace/.dependencies/checkouts/Kingfisher/Sources/Utility/Delegate.swift /Users/admin/builder/spi-builder-workspace/.dependencies/checkouts/Kingfisher/Sources/Utility/DisplayLink.swift /Users/admin/builder/spi-builder-workspace/.dependencies/checkouts/Kingfisher/Sources/Utility/ExtensionHelpers.swift (in target 'Kingfisher' from project 'Kingfisher')
SwiftCompile normal arm64 /Users/admin/builder/spi-builder-workspace/.dependencies/checkouts/Kingfisher/Sources/SwiftUI/KFImageRenderer.swift (in target 'Kingfisher' from project 'Kingfisher')
cd /Users/admin/builder/spi-builder-workspace/.swiftpm/xcode
builtin-SwiftPerFileCompile KFImageRenderer.swift
SwiftCompile normal arm64 /Users/admin/builder/spi-builder-workspace/.dependencies/checkouts/Kingfisher/Sources/Utility/Box.swift (in target 'Kingfisher' from project 'Kingfisher')
cd /Users/admin/builder/spi-builder-workspace/.swiftpm/xcode
builtin-SwiftPerFileCompile Box.swift
SwiftCompile normal arm64 /Users/admin/builder/spi-builder-workspace/.dependencies/checkouts/Kingfisher/Sources/Utility/CallbackQueue.swift (in target 'Kingfisher' from project 'Kingfisher')
cd /Users/admin/builder/spi-builder-workspace/.swiftpm/xcode
builtin-SwiftPerFileCompile CallbackQueue.swift
SwiftCompile normal arm64 /Users/admin/builder/spi-builder-workspace/.dependencies/checkouts/Kingfisher/Sources/Utility/Delegate.swift (in target 'Kingfisher' from project 'Kingfisher')
cd /Users/admin/builder/spi-builder-workspace/.swiftpm/xcode
builtin-SwiftPerFileCompile Delegate.swift
SwiftCompile normal arm64 /Users/admin/builder/spi-builder-workspace/.dependencies/checkouts/Kingfisher/Sources/Utility/DisplayLink.swift (in target 'Kingfisher' from project 'Kingfisher')
cd /Users/admin/builder/spi-builder-workspace/.swiftpm/xcode
builtin-SwiftPerFileCompile DisplayLink.swift
SwiftCompile normal arm64 /Users/admin/builder/spi-builder-workspace/.dependencies/checkouts/Kingfisher/Sources/Utility/ExtensionHelpers.swift (in target 'Kingfisher' from project 'Kingfisher')
cd /Users/admin/builder/spi-builder-workspace/.swiftpm/xcode
builtin-SwiftPerFileCompile ExtensionHelpers.swift
SwiftCompile normal arm64 Compiling\ ImageBinder.swift,\ ImageContext.swift,\ KFAnimatedImage.swift,\ KFImage.swift,\ KFImageOptions.swift,\ KFImageProtocol.swift /Users/admin/builder/spi-builder-workspace/.dependencies/checkouts/Kingfisher/Sources/SwiftUI/ImageBinder.swift /Users/admin/builder/spi-builder-workspace/.dependencies/checkouts/Kingfisher/Sources/SwiftUI/ImageContext.swift /Users/admin/builder/spi-builder-workspace/.dependencies/checkouts/Kingfisher/Sources/SwiftUI/KFAnimatedImage.swift /Users/admin/builder/spi-builder-workspace/.dependencies/checkouts/Kingfisher/Sources/SwiftUI/KFImage.swift /Users/admin/builder/spi-builder-workspace/.dependencies/checkouts/Kingfisher/Sources/SwiftUI/KFImageOptions.swift /Users/admin/builder/spi-builder-workspace/.dependencies/checkouts/Kingfisher/Sources/SwiftUI/KFImageProtocol.swift (in target 'Kingfisher' from project 'Kingfisher')
SwiftCompile normal arm64 /Users/admin/builder/spi-builder-workspace/.dependencies/checkouts/Kingfisher/Sources/SwiftUI/ImageBinder.swift (in target 'Kingfisher' from project 'Kingfisher')
cd /Users/admin/builder/spi-builder-workspace/.swiftpm/xcode
builtin-SwiftPerFileCompile ImageBinder.swift
SwiftCompile normal arm64 /Users/admin/builder/spi-builder-workspace/.dependencies/checkouts/Kingfisher/Sources/SwiftUI/ImageContext.swift (in target 'Kingfisher' from project 'Kingfisher')
cd /Users/admin/builder/spi-builder-workspace/.swiftpm/xcode
builtin-SwiftPerFileCompile ImageContext.swift
SwiftCompile normal arm64 /Users/admin/builder/spi-builder-workspace/.dependencies/checkouts/Kingfisher/Sources/SwiftUI/KFAnimatedImage.swift (in target 'Kingfisher' from project 'Kingfisher')
cd /Users/admin/builder/spi-builder-workspace/.swiftpm/xcode
builtin-SwiftPerFileCompile KFAnimatedImage.swift
SwiftCompile normal arm64 /Users/admin/builder/spi-builder-workspace/.dependencies/checkouts/Kingfisher/Sources/SwiftUI/KFImage.swift (in target 'Kingfisher' from project 'Kingfisher')
cd /Users/admin/builder/spi-builder-workspace/.swiftpm/xcode
builtin-SwiftPerFileCompile KFImage.swift
SwiftCompile normal arm64 /Users/admin/builder/spi-builder-workspace/.dependencies/checkouts/Kingfisher/Sources/SwiftUI/KFImageOptions.swift (in target 'Kingfisher' from project 'Kingfisher')
cd /Users/admin/builder/spi-builder-workspace/.swiftpm/xcode
builtin-SwiftPerFileCompile KFImageOptions.swift
SwiftCompile normal arm64 /Users/admin/builder/spi-builder-workspace/.dependencies/checkouts/Kingfisher/Sources/SwiftUI/KFImageProtocol.swift (in target 'Kingfisher' from project 'Kingfisher')
cd /Users/admin/builder/spi-builder-workspace/.swiftpm/xcode
builtin-SwiftPerFileCompile KFImageProtocol.swift
SwiftCompile normal arm64 Compiling\ ImagePrefetcher.swift,\ RedirectHandler.swift,\ RequestModifier.swift,\ RetryStrategy.swift,\ SessionDataTask.swift,\ SessionDelegate.swift /Users/admin/builder/spi-builder-workspace/.dependencies/checkouts/Kingfisher/Sources/Networking/ImagePrefetcher.swift /Users/admin/builder/spi-builder-workspace/.dependencies/checkouts/Kingfisher/Sources/Networking/RedirectHandler.swift /Users/admin/builder/spi-builder-workspace/.dependencies/checkouts/Kingfisher/Sources/Networking/RequestModifier.swift /Users/admin/builder/spi-builder-workspace/.dependencies/checkouts/Kingfisher/Sources/Networking/RetryStrategy.swift /Users/admin/builder/spi-builder-workspace/.dependencies/checkouts/Kingfisher/Sources/Networking/SessionDataTask.swift /Users/admin/builder/spi-builder-workspace/.dependencies/checkouts/Kingfisher/Sources/Networking/SessionDelegate.swift (in target 'Kingfisher' from project 'Kingfisher')
SwiftCompile normal arm64 /Users/admin/builder/spi-builder-workspace/.dependencies/checkouts/Kingfisher/Sources/Networking/ImagePrefetcher.swift (in target 'Kingfisher' from project 'Kingfisher')
cd /Users/admin/builder/spi-builder-workspace/.swiftpm/xcode
builtin-SwiftPerFileCompile ImagePrefetcher.swift
SwiftCompile normal arm64 /Users/admin/builder/spi-builder-workspace/.dependencies/checkouts/Kingfisher/Sources/Networking/RedirectHandler.swift (in target 'Kingfisher' from project 'Kingfisher')
cd /Users/admin/builder/spi-builder-workspace/.swiftpm/xcode
builtin-SwiftPerFileCompile RedirectHandler.swift
SwiftCompile normal arm64 /Users/admin/builder/spi-builder-workspace/.dependencies/checkouts/Kingfisher/Sources/Networking/RequestModifier.swift (in target 'Kingfisher' from project 'Kingfisher')
cd /Users/admin/builder/spi-builder-workspace/.swiftpm/xcode
builtin-SwiftPerFileCompile RequestModifier.swift
SwiftCompile normal arm64 /Users/admin/builder/spi-builder-workspace/.dependencies/checkouts/Kingfisher/Sources/Networking/RetryStrategy.swift (in target 'Kingfisher' from project 'Kingfisher')
cd /Users/admin/builder/spi-builder-workspace/.swiftpm/xcode
builtin-SwiftPerFileCompile RetryStrategy.swift
SwiftCompile normal arm64 /Users/admin/builder/spi-builder-workspace/.dependencies/checkouts/Kingfisher/Sources/Networking/SessionDataTask.swift (in target 'Kingfisher' from project 'Kingfisher')
cd /Users/admin/builder/spi-builder-workspace/.swiftpm/xcode
builtin-SwiftPerFileCompile SessionDataTask.swift
SwiftCompile normal arm64 /Users/admin/builder/spi-builder-workspace/.dependencies/checkouts/Kingfisher/Sources/Networking/SessionDelegate.swift (in target 'Kingfisher' from project 'Kingfisher')
cd /Users/admin/builder/spi-builder-workspace/.swiftpm/xcode
builtin-SwiftPerFileCompile SessionDelegate.swift
SwiftCompile normal arm64 Compiling\ Image.swift,\ ImageDrawing.swift,\ ImageFormat.swift,\ ImageProcessor.swift,\ ImageProgressive.swift,\ ImageTransition.swift /Users/admin/builder/spi-builder-workspace/.dependencies/checkouts/Kingfisher/Sources/Image/Image.swift /Users/admin/builder/spi-builder-workspace/.dependencies/checkouts/Kingfisher/Sources/Image/ImageDrawing.swift /Users/admin/builder/spi-builder-workspace/.dependencies/checkouts/Kingfisher/Sources/Image/ImageFormat.swift /Users/admin/builder/spi-builder-workspace/.dependencies/checkouts/Kingfisher/Sources/Image/ImageProcessor.swift /Users/admin/builder/spi-builder-workspace/.dependencies/checkouts/Kingfisher/Sources/Image/ImageProgressive.swift /Users/admin/builder/spi-builder-workspace/.dependencies/checkouts/Kingfisher/Sources/Image/ImageTransition.swift (in target 'Kingfisher' from project 'Kingfisher')
SwiftCompile normal arm64 /Users/admin/builder/spi-builder-workspace/.dependencies/checkouts/Kingfisher/Sources/Image/Image.swift (in target 'Kingfisher' from project 'Kingfisher')
cd /Users/admin/builder/spi-builder-workspace/.swiftpm/xcode
builtin-SwiftPerFileCompile Image.swift
SwiftCompile normal arm64 /Users/admin/builder/spi-builder-workspace/.dependencies/checkouts/Kingfisher/Sources/Image/ImageDrawing.swift (in target 'Kingfisher' from project 'Kingfisher')
cd /Users/admin/builder/spi-builder-workspace/.swiftpm/xcode
builtin-SwiftPerFileCompile ImageDrawing.swift
SwiftCompile normal arm64 /Users/admin/builder/spi-builder-workspace/.dependencies/checkouts/Kingfisher/Sources/Image/ImageFormat.swift (in target 'Kingfisher' from project 'Kingfisher')
cd /Users/admin/builder/spi-builder-workspace/.swiftpm/xcode
builtin-SwiftPerFileCompile ImageFormat.swift
SwiftCompile normal arm64 /Users/admin/builder/spi-builder-workspace/.dependencies/checkouts/Kingfisher/Sources/Image/ImageProcessor.swift (in target 'Kingfisher' from project 'Kingfisher')
cd /Users/admin/builder/spi-builder-workspace/.swiftpm/xcode
builtin-SwiftPerFileCompile ImageProcessor.swift
SwiftCompile normal arm64 /Users/admin/builder/spi-builder-workspace/.dependencies/checkouts/Kingfisher/Sources/Image/ImageProgressive.swift (in target 'Kingfisher' from project 'Kingfisher')
cd /Users/admin/builder/spi-builder-workspace/.swiftpm/xcode
builtin-SwiftPerFileCompile ImageProgressive.swift
SwiftCompile normal arm64 /Users/admin/builder/spi-builder-workspace/.dependencies/checkouts/Kingfisher/Sources/Image/ImageTransition.swift (in target 'Kingfisher' from project 'Kingfisher')
cd /Users/admin/builder/spi-builder-workspace/.swiftpm/xcode
builtin-SwiftPerFileCompile ImageTransition.swift
SwiftCompile normal arm64 Compiling\ Result.swift,\ Runtime.swift,\ SizeExtensions.swift,\ String+MD5.swift,\ AnimatedImageView.swift,\ Indicator.swift /Users/admin/builder/spi-builder-workspace/.dependencies/checkouts/Kingfisher/Sources/Utility/Result.swift /Users/admin/builder/spi-builder-workspace/.dependencies/checkouts/Kingfisher/Sources/Utility/Runtime.swift /Users/admin/builder/spi-builder-workspace/.dependencies/checkouts/Kingfisher/Sources/Utility/SizeExtensions.swift /Users/admin/builder/spi-builder-workspace/.dependencies/checkouts/Kingfisher/Sources/Utility/String+MD5.swift /Users/admin/builder/spi-builder-workspace/.dependencies/checkouts/Kingfisher/Sources/Views/AnimatedImageView.swift /Users/admin/builder/spi-builder-workspace/.dependencies/checkouts/Kingfisher/Sources/Views/Indicator.swift (in target 'Kingfisher' from project 'Kingfisher')
SwiftCompile normal arm64 /Users/admin/builder/spi-builder-workspace/.dependencies/checkouts/Kingfisher/Sources/Utility/Result.swift (in target 'Kingfisher' from project 'Kingfisher')
cd /Users/admin/builder/spi-builder-workspace/.swiftpm/xcode
builtin-SwiftPerFileCompile Result.swift
SwiftCompile normal arm64 /Users/admin/builder/spi-builder-workspace/.dependencies/checkouts/Kingfisher/Sources/Utility/Runtime.swift (in target 'Kingfisher' from project 'Kingfisher')
cd /Users/admin/builder/spi-builder-workspace/.swiftpm/xcode
builtin-SwiftPerFileCompile Runtime.swift
SwiftCompile normal arm64 /Users/admin/builder/spi-builder-workspace/.dependencies/checkouts/Kingfisher/Sources/Utility/SizeExtensions.swift (in target 'Kingfisher' from project 'Kingfisher')
cd /Users/admin/builder/spi-builder-workspace/.swiftpm/xcode
builtin-SwiftPerFileCompile SizeExtensions.swift
SwiftCompile normal arm64 /Users/admin/builder/spi-builder-workspace/.dependencies/checkouts/Kingfisher/Sources/Utility/String+MD5.swift (in target 'Kingfisher' from project 'Kingfisher')
cd /Users/admin/builder/spi-builder-workspace/.swiftpm/xcode
builtin-SwiftPerFileCompile String+MD5.swift
SwiftCompile normal arm64 /Users/admin/builder/spi-builder-workspace/.dependencies/checkouts/Kingfisher/Sources/Views/AnimatedImageView.swift (in target 'Kingfisher' from project 'Kingfisher')
cd /Users/admin/builder/spi-builder-workspace/.swiftpm/xcode
builtin-SwiftPerFileCompile AnimatedImageView.swift
SwiftCompile normal arm64 /Users/admin/builder/spi-builder-workspace/.dependencies/checkouts/Kingfisher/Sources/Views/Indicator.swift (in target 'Kingfisher' from project 'Kingfisher')
cd /Users/admin/builder/spi-builder-workspace/.swiftpm/xcode
builtin-SwiftPerFileCompile Indicator.swift
SwiftCompile normal arm64 Compiling\ Kingfisher.swift,\ KingfisherError.swift,\ KingfisherManager.swift,\ KingfisherOptionsInfo.swift,\ Filter.swift,\ GIFAnimatedImage.swift,\ GraphicsContext.swift /Users/admin/builder/spi-builder-workspace/.dependencies/checkouts/Kingfisher/Sources/General/Kingfisher.swift /Users/admin/builder/spi-builder-workspace/.dependencies/checkouts/Kingfisher/Sources/General/KingfisherError.swift /Users/admin/builder/spi-builder-workspace/.dependencies/checkouts/Kingfisher/Sources/General/KingfisherManager.swift /Users/admin/builder/spi-builder-workspace/.dependencies/checkouts/Kingfisher/Sources/General/KingfisherOptionsInfo.swift /Users/admin/builder/spi-builder-workspace/.dependencies/checkouts/Kingfisher/Sources/Image/Filter.swift /Users/admin/builder/spi-builder-workspace/.dependencies/checkouts/Kingfisher/Sources/Image/GIFAnimatedImage.swift /Users/admin/builder/spi-builder-workspace/.dependencies/checkouts/Kingfisher/Sources/Image/GraphicsContext.swift (in target 'Kingfisher' from project 'Kingfisher')
SwiftCompile normal arm64 /Users/admin/builder/spi-builder-workspace/.dependencies/checkouts/Kingfisher/Sources/General/Kingfisher.swift (in target 'Kingfisher' from project 'Kingfisher')
cd /Users/admin/builder/spi-builder-workspace/.swiftpm/xcode
builtin-SwiftPerFileCompile Kingfisher.swift
SwiftCompile normal arm64 /Users/admin/builder/spi-builder-workspace/.dependencies/checkouts/Kingfisher/Sources/General/KingfisherError.swift (in target 'Kingfisher' from project 'Kingfisher')
cd /Users/admin/builder/spi-builder-workspace/.swiftpm/xcode
builtin-SwiftPerFileCompile KingfisherError.swift
SwiftCompile normal arm64 /Users/admin/builder/spi-builder-workspace/.dependencies/checkouts/Kingfisher/Sources/General/KingfisherManager.swift (in target 'Kingfisher' from project 'Kingfisher')
cd /Users/admin/builder/spi-builder-workspace/.swiftpm/xcode
builtin-SwiftPerFileCompile KingfisherManager.swift
SwiftCompile normal arm64 /Users/admin/builder/spi-builder-workspace/.dependencies/checkouts/Kingfisher/Sources/General/KingfisherOptionsInfo.swift (in target 'Kingfisher' from project 'Kingfisher')
cd /Users/admin/builder/spi-builder-workspace/.swiftpm/xcode
builtin-SwiftPerFileCompile KingfisherOptionsInfo.swift
SwiftCompile normal arm64 /Users/admin/builder/spi-builder-workspace/.dependencies/checkouts/Kingfisher/Sources/Image/Filter.swift (in target 'Kingfisher' from project 'Kingfisher')
cd /Users/admin/builder/spi-builder-workspace/.swiftpm/xcode
builtin-SwiftPerFileCompile Filter.swift
SwiftCompile normal arm64 /Users/admin/builder/spi-builder-workspace/.dependencies/checkouts/Kingfisher/Sources/Image/GIFAnimatedImage.swift (in target 'Kingfisher' from project 'Kingfisher')
cd /Users/admin/builder/spi-builder-workspace/.swiftpm/xcode
builtin-SwiftPerFileCompile GIFAnimatedImage.swift
SwiftCompile normal arm64 /Users/admin/builder/spi-builder-workspace/.dependencies/checkouts/Kingfisher/Sources/Image/GraphicsContext.swift (in target 'Kingfisher' from project 'Kingfisher')
cd /Users/admin/builder/spi-builder-workspace/.swiftpm/xcode
builtin-SwiftPerFileCompile GraphicsContext.swift
SwiftCompile normal arm64 Compiling\ AVAssetImageDataProvider.swift,\ ImageDataProvider.swift,\ PHPickerResultImageDataProvider.swift,\ Resource.swift,\ Source.swift,\ KF.swift,\ KFOptionsSetter.swift /Users/admin/builder/spi-builder-workspace/.dependencies/checkouts/Kingfisher/Sources/General/ImageSource/AVAssetImageDataProvider.swift /Users/admin/builder/spi-builder-workspace/.dependencies/checkouts/Kingfisher/Sources/General/ImageSource/ImageDataProvider.swift /Users/admin/builder/spi-builder-workspace/.dependencies/checkouts/Kingfisher/Sources/General/ImageSource/PHPickerResultImageDataProvider.swift /Users/admin/builder/spi-builder-workspace/.dependencies/checkouts/Kingfisher/Sources/General/ImageSource/Resource.swift /Users/admin/builder/spi-builder-workspace/.dependencies/checkouts/Kingfisher/Sources/General/ImageSource/Source.swift /Users/admin/builder/spi-builder-workspace/.dependencies/checkouts/Kingfisher/Sources/General/KF.swift /Users/admin/builder/spi-builder-workspace/.dependencies/checkouts/Kingfisher/Sources/General/KFOptionsSetter.swift (in target 'Kingfisher' from project 'Kingfisher')
SwiftCompile normal arm64 /Users/admin/builder/spi-builder-workspace/.dependencies/checkouts/Kingfisher/Sources/General/ImageSource/AVAssetImageDataProvider.swift (in target 'Kingfisher' from project 'Kingfisher')
cd /Users/admin/builder/spi-builder-workspace/.swiftpm/xcode
builtin-SwiftPerFileCompile AVAssetImageDataProvider.swift
SwiftCompile normal arm64 /Users/admin/builder/spi-builder-workspace/.dependencies/checkouts/Kingfisher/Sources/General/ImageSource/ImageDataProvider.swift (in target 'Kingfisher' from project 'Kingfisher')
cd /Users/admin/builder/spi-builder-workspace/.swiftpm/xcode
builtin-SwiftPerFileCompile ImageDataProvider.swift
SwiftCompile normal arm64 /Users/admin/builder/spi-builder-workspace/.dependencies/checkouts/Kingfisher/Sources/General/ImageSource/PHPickerResultImageDataProvider.swift (in target 'Kingfisher' from project 'Kingfisher')
cd /Users/admin/builder/spi-builder-workspace/.swiftpm/xcode
builtin-SwiftPerFileCompile PHPickerResultImageDataProvider.swift
SwiftCompile normal arm64 /Users/admin/builder/spi-builder-workspace/.dependencies/checkouts/Kingfisher/Sources/General/ImageSource/Resource.swift (in target 'Kingfisher' from project 'Kingfisher')
cd /Users/admin/builder/spi-builder-workspace/.swiftpm/xcode
builtin-SwiftPerFileCompile Resource.swift
SwiftCompile normal arm64 /Users/admin/builder/spi-builder-workspace/.dependencies/checkouts/Kingfisher/Sources/General/ImageSource/Source.swift (in target 'Kingfisher' from project 'Kingfisher')
cd /Users/admin/builder/spi-builder-workspace/.swiftpm/xcode
builtin-SwiftPerFileCompile Source.swift
SwiftCompile normal arm64 /Users/admin/builder/spi-builder-workspace/.dependencies/checkouts/Kingfisher/Sources/General/KF.swift (in target 'Kingfisher' from project 'Kingfisher')
cd /Users/admin/builder/spi-builder-workspace/.swiftpm/xcode
builtin-SwiftPerFileCompile KF.swift
SwiftCompile normal arm64 /Users/admin/builder/spi-builder-workspace/.dependencies/checkouts/Kingfisher/Sources/General/KFOptionsSetter.swift (in target 'Kingfisher' from project 'Kingfisher')
cd /Users/admin/builder/spi-builder-workspace/.swiftpm/xcode
builtin-SwiftPerFileCompile KFOptionsSetter.swift
SwiftCompile normal arm64 Compiling\ CPListItem+Kingfisher.swift,\ ImageView+Kingfisher.swift,\ NSButton+Kingfisher.swift,\ NSTextAttachment+Kingfisher.swift,\ TVMonogramView+Kingfisher.swift,\ UIButton+Kingfisher.swift,\ WKInterfaceImage+Kingfisher.swift /Users/admin/builder/spi-builder-workspace/.dependencies/checkouts/Kingfisher/Sources/Extensions/CPListItem+Kingfisher.swift /Users/admin/builder/spi-builder-workspace/.dependencies/checkouts/Kingfisher/Sources/Extensions/ImageView+Kingfisher.swift /Users/admin/builder/spi-builder-workspace/.dependencies/checkouts/Kingfisher/Sources/Extensions/NSButton+Kingfisher.swift /Users/admin/builder/spi-builder-workspace/.dependencies/checkouts/Kingfisher/Sources/Extensions/NSTextAttachment+Kingfisher.swift /Users/admin/builder/spi-builder-workspace/.dependencies/checkouts/Kingfisher/Sources/Extensions/TVMonogramView+Kingfisher.swift /Users/admin/builder/spi-builder-workspace/.dependencies/checkouts/Kingfisher/Sources/Extensions/UIButton+Kingfisher.swift /Users/admin/builder/spi-builder-workspace/.dependencies/checkouts/Kingfisher/Sources/Extensions/WKInterfaceImage+Kingfisher.swift (in target 'Kingfisher' from project 'Kingfisher')
SwiftCompile normal arm64 /Users/admin/builder/spi-builder-workspace/.dependencies/checkouts/Kingfisher/Sources/Extensions/CPListItem+Kingfisher.swift (in target 'Kingfisher' from project 'Kingfisher')
cd /Users/admin/builder/spi-builder-workspace/.swiftpm/xcode
builtin-SwiftPerFileCompile CPListItem+Kingfisher.swift
SwiftCompile normal arm64 /Users/admin/builder/spi-builder-workspace/.dependencies/checkouts/Kingfisher/Sources/Extensions/ImageView+Kingfisher.swift (in target 'Kingfisher' from project 'Kingfisher')
cd /Users/admin/builder/spi-builder-workspace/.swiftpm/xcode
builtin-SwiftPerFileCompile ImageView+Kingfisher.swift
SwiftCompile normal arm64 /Users/admin/builder/spi-builder-workspace/.dependencies/checkouts/Kingfisher/Sources/Extensions/NSButton+Kingfisher.swift (in target 'Kingfisher' from project 'Kingfisher')
cd /Users/admin/builder/spi-builder-workspace/.swiftpm/xcode
builtin-SwiftPerFileCompile NSButton+Kingfisher.swift
SwiftCompile normal arm64 /Users/admin/builder/spi-builder-workspace/.dependencies/checkouts/Kingfisher/Sources/Extensions/NSTextAttachment+Kingfisher.swift (in target 'Kingfisher' from project 'Kingfisher')
cd /Users/admin/builder/spi-builder-workspace/.swiftpm/xcode
builtin-SwiftPerFileCompile NSTextAttachment+Kingfisher.swift
SwiftCompile normal arm64 /Users/admin/builder/spi-builder-workspace/.dependencies/checkouts/Kingfisher/Sources/Extensions/TVMonogramView+Kingfisher.swift (in target 'Kingfisher' from project 'Kingfisher')
cd /Users/admin/builder/spi-builder-workspace/.swiftpm/xcode
builtin-SwiftPerFileCompile TVMonogramView+Kingfisher.swift
SwiftCompile normal arm64 /Users/admin/builder/spi-builder-workspace/.dependencies/checkouts/Kingfisher/Sources/Extensions/UIButton+Kingfisher.swift (in target 'Kingfisher' from project 'Kingfisher')
cd /Users/admin/builder/spi-builder-workspace/.swiftpm/xcode
builtin-SwiftPerFileCompile UIButton+Kingfisher.swift
SwiftCompile normal arm64 /Users/admin/builder/spi-builder-workspace/.dependencies/checkouts/Kingfisher/Sources/Extensions/WKInterfaceImage+Kingfisher.swift (in target 'Kingfisher' from project 'Kingfisher')
cd /Users/admin/builder/spi-builder-workspace/.swiftpm/xcode
builtin-SwiftPerFileCompile WKInterfaceImage+Kingfisher.swift
SwiftEmitModule normal arm64_32 Emitting\ module\ for\ Kingfisher (in target 'Kingfisher' from project 'Kingfisher')
SwiftCompile normal arm64_32 (in target 'Kingfisher' from project 'Kingfisher')
cd /Users/admin/builder/spi-builder-workspace/.swiftpm/xcode
SwiftDriverJobDiscovery normal arm64 Emitting module for Kingfisher (in target 'Kingfisher' from project 'Kingfisher')
SwiftDriver\ Compilation\ Requirements Kingfisher normal arm64 com.apple.xcode.tools.swift.compiler (in target 'Kingfisher' from project 'Kingfisher')
cd /Users/admin/builder/spi-builder-workspace/.swiftpm/xcode
builtin-Swift-Compilation-Requirements -- /Applications/Xcode-27.0.0-Release.Candidate.app/Contents/Developer/Toolchains/XcodeDefault.xctoolchain/usr/bin/swiftc -parse-as-library -module-name Kingfisher -Onone @/Users/admin/builder/spi-builder-workspace/.derivedData/Build/Intermediates.noindex/Kingfisher.build/Debug-watchos/Kingfisher-t.build/Objects-normal/arm64/Kingfisher.SwiftFileList -DSWIFT_PACKAGE -DDEBUG -DSWIFT_MODULE_RESOURCE_BUNDLE_AVAILABLE -DXcode -plugin-path /Applications/Xcode-27.0.0-Release.Candidate.app/Contents/Developer/Toolchains/XcodeDefault.xctoolchain/usr/lib/swift/host/plugins/testing -enable-experimental-feature DebugDescriptionMacro -sdk /Applications/Xcode-27.0.0-Release.Candidate.app/Contents/Developer/Platforms/WatchOS.platform/Developer/SDKs/WatchOS27.0.sdk -target arm64-apple-watchos9.0 -g -module-cache-path /Users/admin/builder/spi-builder-workspace/.derivedData/ModuleCache.noindex -Xfrontend -serialize-debugging-options -profile-coverage-mapping -profile-generate -enable-testing -suppress-warnings -index-store-path /Users/admin/builder/spi-builder-workspace/.derivedData/Index.noindex/DataStore -Xcc -D_LIBCPP_HARDENING_MODE\=_LIBCPP_HARDENING_MODE_DEBUG -swift-version 5 -I /Users/admin/builder/spi-builder-workspace/.derivedData/Build/Products/Debug-watchos -Isystem /Applications/Xcode-27.0.0-Release.Candidate.app/Contents/Developer/Platforms/WatchOS.platform/Developer/usr/lib -F /Users/admin/builder/spi-builder-workspace/.derivedData/Build/Products/Debug-watchos -F /Applications/Xcode-27.0.0-Release.Candidate.app/Contents/Developer/Platforms/WatchOS.platform/Developer/Library/Frameworks -F /Applications/Xcode-27.0.0-Release.Candidate.app/Contents/Developer/Platforms/WatchOS.platform/Developer/SDKs/WatchOS27.0.sdk/Developer/Library/Frameworks -c -j10 -enable-batch-mode -incremental -Xcc -ivfsstatcache -Xcc /Users/admin/builder/spi-builder-workspace/.derivedData/SDKStatCaches.noindex/watchos27.0-24R360-e829b21a6f8c9b70876ba0858053c04477534ef55a1706bf4c1112bbb242f0a2.sdkstatcache -output-file-map /Users/admin/builder/spi-builder-workspace/.derivedData/Build/Intermediates.noindex/Kingfisher.build/Debug-watchos/Kingfisher-t.build/Objects-normal/arm64/Kingfisher-OutputFileMap.json -save-temps -no-color-diagnostics -explicit-module-build -module-cache-path /Users/admin/builder/spi-builder-workspace/.derivedData/Build/Intermediates.noindex/SwiftExplicitPrecompiledModules -clang-scanner-module-cache-path /Users/admin/builder/spi-builder-workspace/.derivedData/ModuleCache.noindex -sdk-module-cache-path /Users/admin/builder/spi-builder-workspace/.derivedData/SDKExplicitPrecompiledModules -emit-dependencies -emit-module -emit-module-path /Users/admin/builder/spi-builder-workspace/.derivedData/Build/Intermediates.noindex/Kingfisher.build/Debug-watchos/Kingfisher-t.build/Objects-normal/arm64/Kingfisher.swiftmodule -serialize-diagnostics -dependency-scan-serialize-diagnostics-path /Users/admin/builder/spi-builder-workspace/.derivedData/Build/Intermediates.noindex/Kingfisher.build/Debug-watchos/Kingfisher-t.build/Objects-normal/arm64/Kingfisher-dependency-scan.dia -validate-clang-modules-once -clang-build-session-file /Users/admin/builder/spi-builder-workspace/.derivedData/ModuleCache.noindex/Session.modulevalidation -Xcc -fmodules-prune-interval\=86400 -Xcc -fmodules-prune-after\=345600 -package-name kingfisher -emit-const-values -const-gather-protocols-list /Users/admin/builder/spi-builder-workspace/.derivedData/Build/Intermediates.noindex/Kingfisher.build/Debug-watchos/Kingfisher-t.build/Objects-normal/arm64/Kingfisher_const_extract_protocols.json -Xcc -I/Users/admin/builder/spi-builder-workspace/.derivedData/Build/Products/Debug-watchos/include -Xcc -I/Users/admin/builder/spi-builder-workspace/.derivedData/Build/Intermediates.noindex/Kingfisher.build/Debug-watchos/Kingfisher-t.build/DerivedSources-normal/arm64 -Xcc -I/Users/admin/builder/spi-builder-workspace/.derivedData/Build/Intermediates.noindex/Kingfisher.build/Debug-watchos/Kingfisher-t.build/DerivedSources/arm64 -Xcc -I/Users/admin/builder/spi-builder-workspace/.derivedData/Build/Intermediates.noindex/Kingfisher.build/Debug-watchos/Kingfisher-t.build/DerivedSources -Xcc -DSWIFT_PACKAGE -Xcc -DDEBUG\=1 -emit-objc-header -emit-objc-header-path /Users/admin/builder/spi-builder-workspace/.derivedData/Build/Intermediates.noindex/Kingfisher.build/Debug-watchos/Kingfisher-t.build/Objects-normal/arm64/Kingfisher-Swift.h -working-directory /Users/admin/builder/spi-builder-workspace/.swiftpm/xcode -experimental-emit-module-separately -disable-cmo
SwiftDriverJobDiscovery normal arm64_32 Emitting module for Kingfisher (in target 'Kingfisher' from project 'Kingfisher')
SwiftDriver\ Compilation\ Requirements Kingfisher normal arm64_32 com.apple.xcode.tools.swift.compiler (in target 'Kingfisher' from project 'Kingfisher')
cd /Users/admin/builder/spi-builder-workspace/.swiftpm/xcode
builtin-Swift-Compilation-Requirements -- /Applications/Xcode-27.0.0-Release.Candidate.app/Contents/Developer/Toolchains/XcodeDefault.xctoolchain/usr/bin/swiftc -parse-as-library -module-name Kingfisher -Onone @/Users/admin/builder/spi-builder-workspace/.derivedData/Build/Intermediates.noindex/Kingfisher.build/Debug-watchos/Kingfisher-t.build/Objects-normal/arm64_32/Kingfisher.SwiftFileList -DSWIFT_PACKAGE -DDEBUG -DSWIFT_MODULE_RESOURCE_BUNDLE_AVAILABLE -DXcode -plugin-path /Applications/Xcode-27.0.0-Release.Candidate.app/Contents/Developer/Toolchains/XcodeDefault.xctoolchain/usr/lib/swift/host/plugins/testing -enable-experimental-feature DebugDescriptionMacro -sdk /Applications/Xcode-27.0.0-Release.Candidate.app/Contents/Developer/Platforms/WatchOS.platform/Developer/SDKs/WatchOS27.0.sdk -target arm64_32-apple-watchos9.0 -g -module-cache-path /Users/admin/builder/spi-builder-workspace/.derivedData/ModuleCache.noindex -Xfrontend -serialize-debugging-options -profile-coverage-mapping -profile-generate -enable-testing -suppress-warnings -index-store-path /Users/admin/builder/spi-builder-workspace/.derivedData/Index.noindex/DataStore -Xcc -D_LIBCPP_HARDENING_MODE\=_LIBCPP_HARDENING_MODE_DEBUG -swift-version 5 -I /Users/admin/builder/spi-builder-workspace/.derivedData/Build/Products/Debug-watchos -Isystem /Applications/Xcode-27.0.0-Release.Candidate.app/Contents/Developer/Platforms/WatchOS.platform/Developer/usr/lib -F /Users/admin/builder/spi-builder-workspace/.derivedData/Build/Products/Debug-watchos -F /Applications/Xcode-27.0.0-Release.Candidate.app/Contents/Developer/Platforms/WatchOS.platform/Developer/Library/Frameworks -F /Applications/Xcode-27.0.0-Release.Candidate.app/Contents/Developer/Platforms/WatchOS.platform/Developer/SDKs/WatchOS27.0.sdk/Developer/Library/Frameworks -c -j10 -enable-batch-mode -incremental -Xcc -ivfsstatcache -Xcc /Users/admin/builder/spi-builder-workspace/.derivedData/SDKStatCaches.noindex/watchos27.0-24R360-e829b21a6f8c9b70876ba0858053c04477534ef55a1706bf4c1112bbb242f0a2.sdkstatcache -output-file-map /Users/admin/builder/spi-builder-workspace/.derivedData/Build/Intermediates.noindex/Kingfisher.build/Debug-watchos/Kingfisher-t.build/Objects-normal/arm64_32/Kingfisher-OutputFileMap.json -save-temps -no-color-diagnostics -explicit-module-build -module-cache-path /Users/admin/builder/spi-builder-workspace/.derivedData/Build/Intermediates.noindex/SwiftExplicitPrecompiledModules -clang-scanner-module-cache-path /Users/admin/builder/spi-builder-workspace/.derivedData/ModuleCache.noindex -sdk-module-cache-path /Users/admin/builder/spi-builder-workspace/.derivedData/SDKExplicitPrecompiledModules -emit-dependencies -emit-module -emit-module-path /Users/admin/builder/spi-builder-workspace/.derivedData/Build/Intermediates.noindex/Kingfisher.build/Debug-watchos/Kingfisher-t.build/Objects-normal/arm64_32/Kingfisher.swiftmodule -serialize-diagnostics -dependency-scan-serialize-diagnostics-path /Users/admin/builder/spi-builder-workspace/.derivedData/Build/Intermediates.noindex/Kingfisher.build/Debug-watchos/Kingfisher-t.build/Objects-normal/arm64_32/Kingfisher-dependency-scan.dia -validate-clang-modules-once -clang-build-session-file /Users/admin/builder/spi-builder-workspace/.derivedData/ModuleCache.noindex/Session.modulevalidation -Xcc -fmodules-prune-interval\=86400 -Xcc -fmodules-prune-after\=345600 -package-name kingfisher -emit-const-values -const-gather-protocols-list /Users/admin/builder/spi-builder-workspace/.derivedData/Build/Intermediates.noindex/Kingfisher.build/Debug-watchos/Kingfisher-t.build/Objects-normal/arm64_32/Kingfisher_const_extract_protocols.json -Xcc -I/Users/admin/builder/spi-builder-workspace/.derivedData/Build/Products/Debug-watchos/include -Xcc -I/Users/admin/builder/spi-builder-workspace/.derivedData/Build/Intermediates.noindex/Kingfisher.build/Debug-watchos/Kingfisher-t.build/DerivedSources-normal/arm64_32 -Xcc -I/Users/admin/builder/spi-builder-workspace/.derivedData/Build/Intermediates.noindex/Kingfisher.build/Debug-watchos/Kingfisher-t.build/DerivedSources/arm64_32 -Xcc -I/Users/admin/builder/spi-builder-workspace/.derivedData/Build/Intermediates.noindex/Kingfisher.build/Debug-watchos/Kingfisher-t.build/DerivedSources -Xcc -DSWIFT_PACKAGE -Xcc -DDEBUG\=1 -emit-objc-header -emit-objc-header-path /Users/admin/builder/spi-builder-workspace/.derivedData/Build/Intermediates.noindex/Kingfisher.build/Debug-watchos/Kingfisher-t.build/Objects-normal/arm64_32/Kingfisher-Swift.h -working-directory /Users/admin/builder/spi-builder-workspace/.swiftpm/xcode -experimental-emit-module-separately -disable-cmo
SwiftCompile normal arm64_32 Compiling\ Kingfisher.swift,\ KingfisherError.swift,\ KingfisherManager.swift,\ KingfisherOptionsInfo.swift,\ Filter.swift,\ GIFAnimatedImage.swift,\ GraphicsContext.swift /Users/admin/builder/spi-builder-workspace/.dependencies/checkouts/Kingfisher/Sources/General/Kingfisher.swift /Users/admin/builder/spi-builder-workspace/.dependencies/checkouts/Kingfisher/Sources/General/KingfisherError.swift /Users/admin/builder/spi-builder-workspace/.dependencies/checkouts/Kingfisher/Sources/General/KingfisherManager.swift /Users/admin/builder/spi-builder-workspace/.dependencies/checkouts/Kingfisher/Sources/General/KingfisherOptionsInfo.swift /Users/admin/builder/spi-builder-workspace/.dependencies/checkouts/Kingfisher/Sources/Image/Filter.swift /Users/admin/builder/spi-builder-workspace/.dependencies/checkouts/Kingfisher/Sources/Image/GIFAnimatedImage.swift /Users/admin/builder/spi-builder-workspace/.dependencies/checkouts/Kingfisher/Sources/Image/GraphicsContext.swift (in target 'Kingfisher' from project 'Kingfisher')
SwiftCompile normal arm64_32 /Users/admin/builder/spi-builder-workspace/.dependencies/checkouts/Kingfisher/Sources/General/Kingfisher.swift (in target 'Kingfisher' from project 'Kingfisher')
cd /Users/admin/builder/spi-builder-workspace/.swiftpm/xcode
builtin-SwiftPerFileCompile Kingfisher.swift
SwiftCompile normal arm64_32 /Users/admin/builder/spi-builder-workspace/.dependencies/checkouts/Kingfisher/Sources/General/KingfisherError.swift (in target 'Kingfisher' from project 'Kingfisher')
cd /Users/admin/builder/spi-builder-workspace/.swiftpm/xcode
builtin-SwiftPerFileCompile KingfisherError.swift
SwiftCompile normal arm64_32 /Users/admin/builder/spi-builder-workspace/.dependencies/checkouts/Kingfisher/Sources/General/KingfisherManager.swift (in target 'Kingfisher' from project 'Kingfisher')
cd /Users/admin/builder/spi-builder-workspace/.swiftpm/xcode
builtin-SwiftPerFileCompile KingfisherManager.swift
SwiftCompile normal arm64_32 /Users/admin/builder/spi-builder-workspace/.dependencies/checkouts/Kingfisher/Sources/General/KingfisherOptionsInfo.swift (in target 'Kingfisher' from project 'Kingfisher')
cd /Users/admin/builder/spi-builder-workspace/.swiftpm/xcode
builtin-SwiftPerFileCompile KingfisherOptionsInfo.swift
SwiftCompile normal arm64_32 /Users/admin/builder/spi-builder-workspace/.dependencies/checkouts/Kingfisher/Sources/Image/Filter.swift (in target 'Kingfisher' from project 'Kingfisher')
cd /Users/admin/builder/spi-builder-workspace/.swiftpm/xcode
builtin-SwiftPerFileCompile Filter.swift
SwiftCompile normal arm64_32 /Users/admin/builder/spi-builder-workspace/.dependencies/checkouts/Kingfisher/Sources/Image/GIFAnimatedImage.swift (in target 'Kingfisher' from project 'Kingfisher')
cd /Users/admin/builder/spi-builder-workspace/.swiftpm/xcode
builtin-SwiftPerFileCompile GIFAnimatedImage.swift
SwiftCompile normal arm64_32 /Users/admin/builder/spi-builder-workspace/.dependencies/checkouts/Kingfisher/Sources/Image/GraphicsContext.swift (in target 'Kingfisher' from project 'Kingfisher')
cd /Users/admin/builder/spi-builder-workspace/.swiftpm/xcode
builtin-SwiftPerFileCompile GraphicsContext.swift
SwiftMergeGeneratedHeaders /Users/admin/builder/spi-builder-workspace/.derivedData/Build/Intermediates.noindex/GeneratedModuleMaps-watchos/Kingfisher-Swift.h /Users/admin/builder/spi-builder-workspace/.derivedData/Build/Intermediates.noindex/Kingfisher.build/Debug-watchos/Kingfisher-t.build/Objects-normal/arm64/Kingfisher-Swift.h /Users/admin/builder/spi-builder-workspace/.derivedData/Build/Intermediates.noindex/Kingfisher.build/Debug-watchos/Kingfisher-t.build/Objects-normal/arm64_32/Kingfisher-Swift.h (in target 'Kingfisher' from project 'Kingfisher')
cd /Users/admin/builder/spi-builder-workspace/.dependencies/checkouts/Kingfisher
builtin-swiftHeaderTool -arch arm64 /Users/admin/builder/spi-builder-workspace/.derivedData/Build/Intermediates.noindex/Kingfisher.build/Debug-watchos/Kingfisher-t.build/Objects-normal/arm64/Kingfisher-Swift.h -arch arm64_32 /Users/admin/builder/spi-builder-workspace/.derivedData/Build/Intermediates.noindex/Kingfisher.build/Debug-watchos/Kingfisher-t.build/Objects-normal/arm64_32/Kingfisher-Swift.h -o /Users/admin/builder/spi-builder-workspace/.derivedData/Build/Intermediates.noindex/GeneratedModuleMaps-watchos/Kingfisher-Swift.h
SwiftDriverJobDiscovery normal arm64 Compiling Result.swift, Runtime.swift, SizeExtensions.swift, String+MD5.swift, AnimatedImageView.swift, Indicator.swift (in target 'Kingfisher' from project 'Kingfisher')
Copy /Users/admin/builder/spi-builder-workspace/.derivedData/Build/Products/Debug-watchos/Kingfisher.swiftmodule/arm64_32-apple-watchos.swiftmodule /Users/admin/builder/spi-builder-workspace/.derivedData/Build/Intermediates.noindex/Kingfisher.build/Debug-watchos/Kingfisher-t.build/Objects-normal/arm64_32/Kingfisher.swiftmodule (in target 'Kingfisher' from project 'Kingfisher')
cd /Users/admin/builder/spi-builder-workspace/.dependencies/checkouts/Kingfisher
builtin-copy -exclude .DS_Store -exclude CVS -exclude .svn -exclude .git -exclude .hg -resolve-src-symlinks -rename /Users/admin/builder/spi-builder-workspace/.derivedData/Build/Intermediates.noindex/Kingfisher.build/Debug-watchos/Kingfisher-t.build/Objects-normal/arm64_32/Kingfisher.swiftmodule /Users/admin/builder/spi-builder-workspace/.derivedData/Build/Products/Debug-watchos/Kingfisher.swiftmodule/arm64_32-apple-watchos.swiftmodule
Copy /Users/admin/builder/spi-builder-workspace/.derivedData/Build/Products/Debug-watchos/Kingfisher.swiftmodule/arm64_32-apple-watchos.swiftdoc /Users/admin/builder/spi-builder-workspace/.derivedData/Build/Intermediates.noindex/Kingfisher.build/Debug-watchos/Kingfisher-t.build/Objects-normal/arm64_32/Kingfisher.swiftdoc (in target 'Kingfisher' from project 'Kingfisher')
cd /Users/admin/builder/spi-builder-workspace/.dependencies/checkouts/Kingfisher
builtin-copy -exclude .DS_Store -exclude CVS -exclude .svn -exclude .git -exclude .hg -resolve-src-symlinks -rename /Users/admin/builder/spi-builder-workspace/.derivedData/Build/Intermediates.noindex/Kingfisher.build/Debug-watchos/Kingfisher-t.build/Objects-normal/arm64_32/Kingfisher.swiftdoc /Users/admin/builder/spi-builder-workspace/.derivedData/Build/Products/Debug-watchos/Kingfisher.swiftmodule/arm64_32-apple-watchos.swiftdoc
Copy /Users/admin/builder/spi-builder-workspace/.derivedData/Build/Products/Debug-watchos/Kingfisher.swiftmodule/arm64_32-apple-watchos.abi.json /Users/admin/builder/spi-builder-workspace/.derivedData/Build/Intermediates.noindex/Kingfisher.build/Debug-watchos/Kingfisher-t.build/Objects-normal/arm64_32/Kingfisher.abi.json (in target 'Kingfisher' from project 'Kingfisher')
cd /Users/admin/builder/spi-builder-workspace/.dependencies/checkouts/Kingfisher
builtin-copy -exclude .DS_Store -exclude CVS -exclude .svn -exclude .git -exclude .hg -resolve-src-symlinks -rename /Users/admin/builder/spi-builder-workspace/.derivedData/Build/Intermediates.noindex/Kingfisher.build/Debug-watchos/Kingfisher-t.build/Objects-normal/arm64_32/Kingfisher.abi.json /Users/admin/builder/spi-builder-workspace/.derivedData/Build/Products/Debug-watchos/Kingfisher.swiftmodule/arm64_32-apple-watchos.abi.json
Copy /Users/admin/builder/spi-builder-workspace/.derivedData/Build/Products/Debug-watchos/Kingfisher.swiftmodule/arm64-apple-watchos.swiftmodule /Users/admin/builder/spi-builder-workspace/.derivedData/Build/Intermediates.noindex/Kingfisher.build/Debug-watchos/Kingfisher-t.build/Objects-normal/arm64/Kingfisher.swiftmodule (in target 'Kingfisher' from project 'Kingfisher')
cd /Users/admin/builder/spi-builder-workspace/.dependencies/checkouts/Kingfisher
builtin-copy -exclude .DS_Store -exclude CVS -exclude .svn -exclude .git -exclude .hg -resolve-src-symlinks -rename /Users/admin/builder/spi-builder-workspace/.derivedData/Build/Intermediates.noindex/Kingfisher.build/Debug-watchos/Kingfisher-t.build/Objects-normal/arm64/Kingfisher.swiftmodule /Users/admin/builder/spi-builder-workspace/.derivedData/Build/Products/Debug-watchos/Kingfisher.swiftmodule/arm64-apple-watchos.swiftmodule
Copy /Users/admin/builder/spi-builder-workspace/.derivedData/Build/Products/Debug-watchos/Kingfisher.swiftmodule/arm64-apple-watchos.swiftdoc /Users/admin/builder/spi-builder-workspace/.derivedData/Build/Intermediates.noindex/Kingfisher.build/Debug-watchos/Kingfisher-t.build/Objects-normal/arm64/Kingfisher.swiftdoc (in target 'Kingfisher' from project 'Kingfisher')
cd /Users/admin/builder/spi-builder-workspace/.dependencies/checkouts/Kingfisher
builtin-copy -exclude .DS_Store -exclude CVS -exclude .svn -exclude .git -exclude .hg -resolve-src-symlinks -rename /Users/admin/builder/spi-builder-workspace/.derivedData/Build/Intermediates.noindex/Kingfisher.build/Debug-watchos/Kingfisher-t.build/Objects-normal/arm64/Kingfisher.swiftdoc /Users/admin/builder/spi-builder-workspace/.derivedData/Build/Products/Debug-watchos/Kingfisher.swiftmodule/arm64-apple-watchos.swiftdoc
Copy /Users/admin/builder/spi-builder-workspace/.derivedData/Build/Products/Debug-watchos/Kingfisher.swiftmodule/arm64-apple-watchos.abi.json /Users/admin/builder/spi-builder-workspace/.derivedData/Build/Intermediates.noindex/Kingfisher.build/Debug-watchos/Kingfisher-t.build/Objects-normal/arm64/Kingfisher.abi.json (in target 'Kingfisher' from project 'Kingfisher')
cd /Users/admin/builder/spi-builder-workspace/.dependencies/checkouts/Kingfisher
builtin-copy -exclude .DS_Store -exclude CVS -exclude .svn -exclude .git -exclude .hg -resolve-src-symlinks -rename /Users/admin/builder/spi-builder-workspace/.derivedData/Build/Intermediates.noindex/Kingfisher.build/Debug-watchos/Kingfisher-t.build/Objects-normal/arm64/Kingfisher.abi.json /Users/admin/builder/spi-builder-workspace/.derivedData/Build/Products/Debug-watchos/Kingfisher.swiftmodule/arm64-apple-watchos.abi.json
Copy /Users/admin/builder/spi-builder-workspace/.derivedData/Build/Products/Debug-watchos/Kingfisher.swiftmodule/Project/arm64_32-apple-watchos.swiftsourceinfo /Users/admin/builder/spi-builder-workspace/.derivedData/Build/Intermediates.noindex/Kingfisher.build/Debug-watchos/Kingfisher-t.build/Objects-normal/arm64_32/Kingfisher.swiftsourceinfo (in target 'Kingfisher' from project 'Kingfisher')
cd /Users/admin/builder/spi-builder-workspace/.dependencies/checkouts/Kingfisher
builtin-copy -exclude .DS_Store -exclude CVS -exclude .svn -exclude .git -exclude .hg -resolve-src-symlinks -rename /Users/admin/builder/spi-builder-workspace/.derivedData/Build/Intermediates.noindex/Kingfisher.build/Debug-watchos/Kingfisher-t.build/Objects-normal/arm64_32/Kingfisher.swiftsourceinfo /Users/admin/builder/spi-builder-workspace/.derivedData/Build/Products/Debug-watchos/Kingfisher.swiftmodule/Project/arm64_32-apple-watchos.swiftsourceinfo
Copy /Users/admin/builder/spi-builder-workspace/.derivedData/Build/Products/Debug-watchos/Kingfisher.swiftmodule/Project/arm64-apple-watchos.swiftsourceinfo /Users/admin/builder/spi-builder-workspace/.derivedData/Build/Intermediates.noindex/Kingfisher.build/Debug-watchos/Kingfisher-t.build/Objects-normal/arm64/Kingfisher.swiftsourceinfo (in target 'Kingfisher' from project 'Kingfisher')
cd /Users/admin/builder/spi-builder-workspace/.dependencies/checkouts/Kingfisher
builtin-copy -exclude .DS_Store -exclude CVS -exclude .svn -exclude .git -exclude .hg -resolve-src-symlinks -rename /Users/admin/builder/spi-builder-workspace/.derivedData/Build/Intermediates.noindex/Kingfisher.build/Debug-watchos/Kingfisher-t.build/Objects-normal/arm64/Kingfisher.swiftsourceinfo /Users/admin/builder/spi-builder-workspace/.derivedData/Build/Products/Debug-watchos/Kingfisher.swiftmodule/Project/arm64-apple-watchos.swiftsourceinfo
SwiftCompile normal arm64_32 Compiling\ Image.swift,\ ImageDrawing.swift,\ ImageFormat.swift,\ ImageProcessor.swift,\ ImageProgressive.swift,\ ImageTransition.swift /Users/admin/builder/spi-builder-workspace/.dependencies/checkouts/Kingfisher/Sources/Image/Image.swift /Users/admin/builder/spi-builder-workspace/.dependencies/checkouts/Kingfisher/Sources/Image/ImageDrawing.swift /Users/admin/builder/spi-builder-workspace/.dependencies/checkouts/Kingfisher/Sources/Image/ImageFormat.swift /Users/admin/builder/spi-builder-workspace/.dependencies/checkouts/Kingfisher/Sources/Image/ImageProcessor.swift /Users/admin/builder/spi-builder-workspace/.dependencies/checkouts/Kingfisher/Sources/Image/ImageProgressive.swift /Users/admin/builder/spi-builder-workspace/.dependencies/checkouts/Kingfisher/Sources/Image/ImageTransition.swift (in target 'Kingfisher' from project 'Kingfisher')
SwiftCompile normal arm64_32 /Users/admin/builder/spi-builder-workspace/.dependencies/checkouts/Kingfisher/Sources/Image/Image.swift (in target 'Kingfisher' from project 'Kingfisher')
cd /Users/admin/builder/spi-builder-workspace/.swiftpm/xcode
builtin-SwiftPerFileCompile Image.swift
SwiftCompile normal arm64_32 /Users/admin/builder/spi-builder-workspace/.dependencies/checkouts/Kingfisher/Sources/Image/ImageDrawing.swift (in target 'Kingfisher' from project 'Kingfisher')
cd /Users/admin/builder/spi-builder-workspace/.swiftpm/xcode
builtin-SwiftPerFileCompile ImageDrawing.swift
SwiftCompile normal arm64_32 /Users/admin/builder/spi-builder-workspace/.dependencies/checkouts/Kingfisher/Sources/Image/ImageFormat.swift (in target 'Kingfisher' from project 'Kingfisher')
cd /Users/admin/builder/spi-builder-workspace/.swiftpm/xcode
builtin-SwiftPerFileCompile ImageFormat.swift
SwiftCompile normal arm64_32 /Users/admin/builder/spi-builder-workspace/.dependencies/checkouts/Kingfisher/Sources/Image/ImageProcessor.swift (in target 'Kingfisher' from project 'Kingfisher')
cd /Users/admin/builder/spi-builder-workspace/.swiftpm/xcode
builtin-SwiftPerFileCompile ImageProcessor.swift
SwiftCompile normal arm64_32 /Users/admin/builder/spi-builder-workspace/.dependencies/checkouts/Kingfisher/Sources/Image/ImageProgressive.swift (in target 'Kingfisher' from project 'Kingfisher')
cd /Users/admin/builder/spi-builder-workspace/.swiftpm/xcode
builtin-SwiftPerFileCompile ImageProgressive.swift
SwiftCompile normal arm64_32 /Users/admin/builder/spi-builder-workspace/.dependencies/checkouts/Kingfisher/Sources/Image/ImageTransition.swift (in target 'Kingfisher' from project 'Kingfisher')
cd /Users/admin/builder/spi-builder-workspace/.swiftpm/xcode
builtin-SwiftPerFileCompile ImageTransition.swift
SwiftDriverJobDiscovery normal arm64 Compiling Placeholder.swift, AuthenticationChallengeResponsable.swift, ImageDataProcessor.swift, ImageDownloader.swift, ImageDownloaderDelegate.swift, ImageModifier.swift (in target 'Kingfisher' from project 'Kingfisher')
SwiftCompile normal arm64_32 Compiling\ Placeholder.swift,\ AuthenticationChallengeResponsable.swift,\ ImageDataProcessor.swift,\ ImageDownloader.swift,\ ImageDownloaderDelegate.swift,\ ImageModifier.swift /Users/admin/builder/spi-builder-workspace/.dependencies/checkouts/Kingfisher/Sources/Image/Placeholder.swift /Users/admin/builder/spi-builder-workspace/.dependencies/checkouts/Kingfisher/Sources/Networking/AuthenticationChallengeResponsable.swift /Users/admin/builder/spi-builder-workspace/.dependencies/checkouts/Kingfisher/Sources/Networking/ImageDataProcessor.swift /Users/admin/builder/spi-builder-workspace/.dependencies/checkouts/Kingfisher/Sources/Networking/ImageDownloader.swift /Users/admin/builder/spi-builder-workspace/.dependencies/checkouts/Kingfisher/Sources/Networking/ImageDownloaderDelegate.swift /Users/admin/builder/spi-builder-workspace/.dependencies/checkouts/Kingfisher/Sources/Networking/ImageModifier.swift (in target 'Kingfisher' from project 'Kingfisher')
SwiftCompile normal arm64_32 /Users/admin/builder/spi-builder-workspace/.dependencies/checkouts/Kingfisher/Sources/Image/Placeholder.swift (in target 'Kingfisher' from project 'Kingfisher')
cd /Users/admin/builder/spi-builder-workspace/.swiftpm/xcode
builtin-SwiftPerFileCompile Placeholder.swift
SwiftCompile normal arm64_32 /Users/admin/builder/spi-builder-workspace/.dependencies/checkouts/Kingfisher/Sources/Networking/AuthenticationChallengeResponsable.swift (in target 'Kingfisher' from project 'Kingfisher')
cd /Users/admin/builder/spi-builder-workspace/.swiftpm/xcode
builtin-SwiftPerFileCompile AuthenticationChallengeResponsable.swift
SwiftCompile normal arm64_32 /Users/admin/builder/spi-builder-workspace/.dependencies/checkouts/Kingfisher/Sources/Networking/ImageDataProcessor.swift (in target 'Kingfisher' from project 'Kingfisher')
cd /Users/admin/builder/spi-builder-workspace/.swiftpm/xcode
builtin-SwiftPerFileCompile ImageDataProcessor.swift
SwiftCompile normal arm64_32 /Users/admin/builder/spi-builder-workspace/.dependencies/checkouts/Kingfisher/Sources/Networking/ImageDownloader.swift (in target 'Kingfisher' from project 'Kingfisher')
cd /Users/admin/builder/spi-builder-workspace/.swiftpm/xcode
builtin-SwiftPerFileCompile ImageDownloader.swift
SwiftCompile normal arm64_32 /Users/admin/builder/spi-builder-workspace/.dependencies/checkouts/Kingfisher/Sources/Networking/ImageDownloaderDelegate.swift (in target 'Kingfisher' from project 'Kingfisher')
cd /Users/admin/builder/spi-builder-workspace/.swiftpm/xcode
builtin-SwiftPerFileCompile ImageDownloaderDelegate.swift
SwiftCompile normal arm64_32 /Users/admin/builder/spi-builder-workspace/.dependencies/checkouts/Kingfisher/Sources/Networking/ImageModifier.swift (in target 'Kingfisher' from project 'Kingfisher')
cd /Users/admin/builder/spi-builder-workspace/.swiftpm/xcode
builtin-SwiftPerFileCompile ImageModifier.swift
SwiftDriverJobDiscovery normal arm64 Compiling CPListItem+Kingfisher.swift, ImageView+Kingfisher.swift, NSButton+Kingfisher.swift, NSTextAttachment+Kingfisher.swift, TVMonogramView+Kingfisher.swift, UIButton+Kingfisher.swift, WKInterfaceImage+Kingfisher.swift (in target 'Kingfisher' from project 'Kingfisher')
SwiftCompile normal arm64_32 Compiling\ resource_bundle_accessor.swift,\ CacheSerializer.swift,\ DiskStorage.swift,\ FormatIndicatedCacheSerializer.swift,\ ImageCache.swift,\ MemoryStorage.swift,\ Storage.swift /Users/admin/builder/spi-builder-workspace/.derivedData/Build/Intermediates.noindex/Kingfisher.build/Debug-watchos/Kingfisher-t.build/DerivedSources/resource_bundle_accessor.swift /Users/admin/builder/spi-builder-workspace/.dependencies/checkouts/Kingfisher/Sources/Cache/CacheSerializer.swift /Users/admin/builder/spi-builder-workspace/.dependencies/checkouts/Kingfisher/Sources/Cache/DiskStorage.swift /Users/admin/builder/spi-builder-workspace/.dependencies/checkouts/Kingfisher/Sources/Cache/FormatIndicatedCacheSerializer.swift /Users/admin/builder/spi-builder-workspace/.dependencies/checkouts/Kingfisher/Sources/Cache/ImageCache.swift /Users/admin/builder/spi-builder-workspace/.dependencies/checkouts/Kingfisher/Sources/Cache/MemoryStorage.swift /Users/admin/builder/spi-builder-workspace/.dependencies/checkouts/Kingfisher/Sources/Cache/Storage.swift (in target 'Kingfisher' from project 'Kingfisher')
SwiftCompile normal arm64_32 /Users/admin/builder/spi-builder-workspace/.derivedData/Build/Intermediates.noindex/Kingfisher.build/Debug-watchos/Kingfisher-t.build/DerivedSources/resource_bundle_accessor.swift (in target 'Kingfisher' from project 'Kingfisher')
cd /Users/admin/builder/spi-builder-workspace/.swiftpm/xcode
builtin-SwiftPerFileCompile resource_bundle_accessor.swift
SwiftCompile normal arm64_32 /Users/admin/builder/spi-builder-workspace/.dependencies/checkouts/Kingfisher/Sources/Cache/CacheSerializer.swift (in target 'Kingfisher' from project 'Kingfisher')
cd /Users/admin/builder/spi-builder-workspace/.swiftpm/xcode
builtin-SwiftPerFileCompile CacheSerializer.swift
SwiftCompile normal arm64_32 /Users/admin/builder/spi-builder-workspace/.dependencies/checkouts/Kingfisher/Sources/Cache/DiskStorage.swift (in target 'Kingfisher' from project 'Kingfisher')
cd /Users/admin/builder/spi-builder-workspace/.swiftpm/xcode
builtin-SwiftPerFileCompile DiskStorage.swift
SwiftCompile normal arm64_32 /Users/admin/builder/spi-builder-workspace/.dependencies/checkouts/Kingfisher/Sources/Cache/FormatIndicatedCacheSerializer.swift (in target 'Kingfisher' from project 'Kingfisher')
cd /Users/admin/builder/spi-builder-workspace/.swiftpm/xcode
builtin-SwiftPerFileCompile FormatIndicatedCacheSerializer.swift
SwiftCompile normal arm64_32 /Users/admin/builder/spi-builder-workspace/.dependencies/checkouts/Kingfisher/Sources/Cache/ImageCache.swift (in target 'Kingfisher' from project 'Kingfisher')
cd /Users/admin/builder/spi-builder-workspace/.swiftpm/xcode
builtin-SwiftPerFileCompile ImageCache.swift
SwiftCompile normal arm64_32 /Users/admin/builder/spi-builder-workspace/.dependencies/checkouts/Kingfisher/Sources/Cache/MemoryStorage.swift (in target 'Kingfisher' from project 'Kingfisher')
cd /Users/admin/builder/spi-builder-workspace/.swiftpm/xcode
builtin-SwiftPerFileCompile MemoryStorage.swift
SwiftCompile normal arm64_32 /Users/admin/builder/spi-builder-workspace/.dependencies/checkouts/Kingfisher/Sources/Cache/Storage.swift (in target 'Kingfisher' from project 'Kingfisher')
cd /Users/admin/builder/spi-builder-workspace/.swiftpm/xcode
builtin-SwiftPerFileCompile Storage.swift
SwiftDriverJobDiscovery normal arm64 Compiling ImagePrefetcher.swift, RedirectHandler.swift, RequestModifier.swift, RetryStrategy.swift, SessionDataTask.swift, SessionDelegate.swift (in target 'Kingfisher' from project 'Kingfisher')
SwiftCompile normal arm64_32 Compiling\ ImageBinder.swift,\ ImageContext.swift,\ KFAnimatedImage.swift,\ KFImage.swift,\ KFImageOptions.swift,\ KFImageProtocol.swift /Users/admin/builder/spi-builder-workspace/.dependencies/checkouts/Kingfisher/Sources/SwiftUI/ImageBinder.swift /Users/admin/builder/spi-builder-workspace/.dependencies/checkouts/Kingfisher/Sources/SwiftUI/ImageContext.swift /Users/admin/builder/spi-builder-workspace/.dependencies/checkouts/Kingfisher/Sources/SwiftUI/KFAnimatedImage.swift /Users/admin/builder/spi-builder-workspace/.dependencies/checkouts/Kingfisher/Sources/SwiftUI/KFImage.swift /Users/admin/builder/spi-builder-workspace/.dependencies/checkouts/Kingfisher/Sources/SwiftUI/KFImageOptions.swift /Users/admin/builder/spi-builder-workspace/.dependencies/checkouts/Kingfisher/Sources/SwiftUI/KFImageProtocol.swift (in target 'Kingfisher' from project 'Kingfisher')
SwiftCompile normal arm64_32 /Users/admin/builder/spi-builder-workspace/.dependencies/checkouts/Kingfisher/Sources/SwiftUI/ImageBinder.swift (in target 'Kingfisher' from project 'Kingfisher')
cd /Users/admin/builder/spi-builder-workspace/.swiftpm/xcode
builtin-SwiftPerFileCompile ImageBinder.swift
SwiftCompile normal arm64_32 /Users/admin/builder/spi-builder-workspace/.dependencies/checkouts/Kingfisher/Sources/SwiftUI/ImageContext.swift (in target 'Kingfisher' from project 'Kingfisher')
cd /Users/admin/builder/spi-builder-workspace/.swiftpm/xcode
builtin-SwiftPerFileCompile ImageContext.swift
SwiftCompile normal arm64_32 /Users/admin/builder/spi-builder-workspace/.dependencies/checkouts/Kingfisher/Sources/SwiftUI/KFAnimatedImage.swift (in target 'Kingfisher' from project 'Kingfisher')
cd /Users/admin/builder/spi-builder-workspace/.swiftpm/xcode
builtin-SwiftPerFileCompile KFAnimatedImage.swift
SwiftCompile normal arm64_32 /Users/admin/builder/spi-builder-workspace/.dependencies/checkouts/Kingfisher/Sources/SwiftUI/KFImage.swift (in target 'Kingfisher' from project 'Kingfisher')
cd /Users/admin/builder/spi-builder-workspace/.swiftpm/xcode
builtin-SwiftPerFileCompile KFImage.swift
SwiftCompile normal arm64_32 /Users/admin/builder/spi-builder-workspace/.dependencies/checkouts/Kingfisher/Sources/SwiftUI/KFImageOptions.swift (in target 'Kingfisher' from project 'Kingfisher')
cd /Users/admin/builder/spi-builder-workspace/.swiftpm/xcode
builtin-SwiftPerFileCompile KFImageOptions.swift
SwiftCompile normal arm64_32 /Users/admin/builder/spi-builder-workspace/.dependencies/checkouts/Kingfisher/Sources/SwiftUI/KFImageProtocol.swift (in target 'Kingfisher' from project 'Kingfisher')
cd /Users/admin/builder/spi-builder-workspace/.swiftpm/xcode
builtin-SwiftPerFileCompile KFImageProtocol.swift
SwiftCompile normal arm64_32 Compiling\ CPListItem+Kingfisher.swift,\ ImageView+Kingfisher.swift,\ NSButton+Kingfisher.swift,\ NSTextAttachment+Kingfisher.swift,\ TVMonogramView+Kingfisher.swift,\ UIButton+Kingfisher.swift,\ WKInterfaceImage+Kingfisher.swift /Users/admin/builder/spi-builder-workspace/.dependencies/checkouts/Kingfisher/Sources/Extensions/CPListItem+Kingfisher.swift /Users/admin/builder/spi-builder-workspace/.dependencies/checkouts/Kingfisher/Sources/Extensions/ImageView+Kingfisher.swift /Users/admin/builder/spi-builder-workspace/.dependencies/checkouts/Kingfisher/Sources/Extensions/NSButton+Kingfisher.swift /Users/admin/builder/spi-builder-workspace/.dependencies/checkouts/Kingfisher/Sources/Extensions/NSTextAttachment+Kingfisher.swift /Users/admin/builder/spi-builder-workspace/.dependencies/checkouts/Kingfisher/Sources/Extensions/TVMonogramView+Kingfisher.swift /Users/admin/builder/spi-builder-workspace/.dependencies/checkouts/Kingfisher/Sources/Extensions/UIButton+Kingfisher.swift /Users/admin/builder/spi-builder-workspace/.dependencies/checkouts/Kingfisher/Sources/Extensions/WKInterfaceImage+Kingfisher.swift (in target 'Kingfisher' from project 'Kingfisher')
SwiftCompile normal arm64_32 /Users/admin/builder/spi-builder-workspace/.dependencies/checkouts/Kingfisher/Sources/Extensions/CPListItem+Kingfisher.swift (in target 'Kingfisher' from project 'Kingfisher')
cd /Users/admin/builder/spi-builder-workspace/.swiftpm/xcode
builtin-SwiftPerFileCompile CPListItem+Kingfisher.swift
SwiftCompile normal arm64_32 /Users/admin/builder/spi-builder-workspace/.dependencies/checkouts/Kingfisher/Sources/Extensions/ImageView+Kingfisher.swift (in target 'Kingfisher' from project 'Kingfisher')
cd /Users/admin/builder/spi-builder-workspace/.swiftpm/xcode
builtin-SwiftPerFileCompile ImageView+Kingfisher.swift
SwiftCompile normal arm64_32 /Users/admin/builder/spi-builder-workspace/.dependencies/checkouts/Kingfisher/Sources/Extensions/NSButton+Kingfisher.swift (in target 'Kingfisher' from project 'Kingfisher')
cd /Users/admin/builder/spi-builder-workspace/.swiftpm/xcode
builtin-SwiftPerFileCompile NSButton+Kingfisher.swift
SwiftCompile normal arm64_32 /Users/admin/builder/spi-builder-workspace/.dependencies/checkouts/Kingfisher/Sources/Extensions/NSTextAttachment+Kingfisher.swift (in target 'Kingfisher' from project 'Kingfisher')
cd /Users/admin/builder/spi-builder-workspace/.swiftpm/xcode
builtin-SwiftPerFileCompile NSTextAttachment+Kingfisher.swift
SwiftCompile normal arm64_32 /Users/admin/builder/spi-builder-workspace/.dependencies/checkouts/Kingfisher/Sources/Extensions/TVMonogramView+Kingfisher.swift (in target 'Kingfisher' from project 'Kingfisher')
cd /Users/admin/builder/spi-builder-workspace/.swiftpm/xcode
builtin-SwiftPerFileCompile TVMonogramView+Kingfisher.swift
SwiftCompile normal arm64_32 /Users/admin/builder/spi-builder-workspace/.dependencies/checkouts/Kingfisher/Sources/Extensions/UIButton+Kingfisher.swift (in target 'Kingfisher' from project 'Kingfisher')
cd /Users/admin/builder/spi-builder-workspace/.swiftpm/xcode
builtin-SwiftPerFileCompile UIButton+Kingfisher.swift
SwiftCompile normal arm64_32 /Users/admin/builder/spi-builder-workspace/.dependencies/checkouts/Kingfisher/Sources/Extensions/WKInterfaceImage+Kingfisher.swift (in target 'Kingfisher' from project 'Kingfisher')
cd /Users/admin/builder/spi-builder-workspace/.swiftpm/xcode
builtin-SwiftPerFileCompile WKInterfaceImage+Kingfisher.swift
SwiftDriverJobDiscovery normal arm64 Compiling Kingfisher.swift, KingfisherError.swift, KingfisherManager.swift, KingfisherOptionsInfo.swift, Filter.swift, GIFAnimatedImage.swift, GraphicsContext.swift (in target 'Kingfisher' from project 'Kingfisher')
SwiftCompile normal arm64_32 Compiling\ ImagePrefetcher.swift,\ RedirectHandler.swift,\ RequestModifier.swift,\ RetryStrategy.swift,\ SessionDataTask.swift,\ SessionDelegate.swift /Users/admin/builder/spi-builder-workspace/.dependencies/checkouts/Kingfisher/Sources/Networking/ImagePrefetcher.swift /Users/admin/builder/spi-builder-workspace/.dependencies/checkouts/Kingfisher/Sources/Networking/RedirectHandler.swift /Users/admin/builder/spi-builder-workspace/.dependencies/checkouts/Kingfisher/Sources/Networking/RequestModifier.swift /Users/admin/builder/spi-builder-workspace/.dependencies/checkouts/Kingfisher/Sources/Networking/RetryStrategy.swift /Users/admin/builder/spi-builder-workspace/.dependencies/checkouts/Kingfisher/Sources/Networking/SessionDataTask.swift /Users/admin/builder/spi-builder-workspace/.dependencies/checkouts/Kingfisher/Sources/Networking/SessionDelegate.swift (in target 'Kingfisher' from project 'Kingfisher')
SwiftCompile normal arm64_32 /Users/admin/builder/spi-builder-workspace/.dependencies/checkouts/Kingfisher/Sources/Networking/ImagePrefetcher.swift (in target 'Kingfisher' from project 'Kingfisher')
cd /Users/admin/builder/spi-builder-workspace/.swiftpm/xcode
builtin-SwiftPerFileCompile ImagePrefetcher.swift
SwiftCompile normal arm64_32 /Users/admin/builder/spi-builder-workspace/.dependencies/checkouts/Kingfisher/Sources/Networking/RedirectHandler.swift (in target 'Kingfisher' from project 'Kingfisher')
cd /Users/admin/builder/spi-builder-workspace/.swiftpm/xcode
builtin-SwiftPerFileCompile RedirectHandler.swift
SwiftCompile normal arm64_32 /Users/admin/builder/spi-builder-workspace/.dependencies/checkouts/Kingfisher/Sources/Networking/RequestModifier.swift (in target 'Kingfisher' from project 'Kingfisher')
cd /Users/admin/builder/spi-builder-workspace/.swiftpm/xcode
builtin-SwiftPerFileCompile RequestModifier.swift
SwiftCompile normal arm64_32 /Users/admin/builder/spi-builder-workspace/.dependencies/checkouts/Kingfisher/Sources/Networking/RetryStrategy.swift (in target 'Kingfisher' from project 'Kingfisher')
cd /Users/admin/builder/spi-builder-workspace/.swiftpm/xcode
builtin-SwiftPerFileCompile RetryStrategy.swift
SwiftCompile normal arm64_32 /Users/admin/builder/spi-builder-workspace/.dependencies/checkouts/Kingfisher/Sources/Networking/SessionDataTask.swift (in target 'Kingfisher' from project 'Kingfisher')
cd /Users/admin/builder/spi-builder-workspace/.swiftpm/xcode
builtin-SwiftPerFileCompile SessionDataTask.swift
SwiftCompile normal arm64_32 /Users/admin/builder/spi-builder-workspace/.dependencies/checkouts/Kingfisher/Sources/Networking/SessionDelegate.swift (in target 'Kingfisher' from project 'Kingfisher')
cd /Users/admin/builder/spi-builder-workspace/.swiftpm/xcode
builtin-SwiftPerFileCompile SessionDelegate.swift
SwiftDriverJobDiscovery normal arm64 Compiling AVAssetImageDataProvider.swift, ImageDataProvider.swift, PHPickerResultImageDataProvider.swift, Resource.swift, Source.swift, KF.swift, KFOptionsSetter.swift (in target 'Kingfisher' from project 'Kingfisher')
SwiftDriverJobDiscovery normal arm64 Compiling ImageBinder.swift, ImageContext.swift, KFAnimatedImage.swift, KFImage.swift, KFImageOptions.swift, KFImageProtocol.swift (in target 'Kingfisher' from project 'Kingfisher')
SwiftCompile normal arm64_32 Compiling\ AVAssetImageDataProvider.swift,\ ImageDataProvider.swift,\ PHPickerResultImageDataProvider.swift,\ Resource.swift,\ Source.swift,\ KF.swift,\ KFOptionsSetter.swift /Users/admin/builder/spi-builder-workspace/.dependencies/checkouts/Kingfisher/Sources/General/ImageSource/AVAssetImageDataProvider.swift /Users/admin/builder/spi-builder-workspace/.dependencies/checkouts/Kingfisher/Sources/General/ImageSource/ImageDataProvider.swift /Users/admin/builder/spi-builder-workspace/.dependencies/checkouts/Kingfisher/Sources/General/ImageSource/PHPickerResultImageDataProvider.swift /Users/admin/builder/spi-builder-workspace/.dependencies/checkouts/Kingfisher/Sources/General/ImageSource/Resource.swift /Users/admin/builder/spi-builder-workspace/.dependencies/checkouts/Kingfisher/Sources/General/ImageSource/Source.swift /Users/admin/builder/spi-builder-workspace/.dependencies/checkouts/Kingfisher/Sources/General/KF.swift /Users/admin/builder/spi-builder-workspace/.dependencies/checkouts/Kingfisher/Sources/General/KFOptionsSetter.swift (in target 'Kingfisher' from project 'Kingfisher')
SwiftCompile normal arm64_32 /Users/admin/builder/spi-builder-workspace/.dependencies/checkouts/Kingfisher/Sources/General/ImageSource/AVAssetImageDataProvider.swift (in target 'Kingfisher' from project 'Kingfisher')
cd /Users/admin/builder/spi-builder-workspace/.swiftpm/xcode
builtin-SwiftPerFileCompile AVAssetImageDataProvider.swift
SwiftCompile normal arm64_32 /Users/admin/builder/spi-builder-workspace/.dependencies/checkouts/Kingfisher/Sources/General/ImageSource/ImageDataProvider.swift (in target 'Kingfisher' from project 'Kingfisher')
cd /Users/admin/builder/spi-builder-workspace/.swiftpm/xcode
builtin-SwiftPerFileCompile ImageDataProvider.swift
SwiftCompile normal arm64_32 /Users/admin/builder/spi-builder-workspace/.dependencies/checkouts/Kingfisher/Sources/General/ImageSource/PHPickerResultImageDataProvider.swift (in target 'Kingfisher' from project 'Kingfisher')
cd /Users/admin/builder/spi-builder-workspace/.swiftpm/xcode
builtin-SwiftPerFileCompile PHPickerResultImageDataProvider.swift
SwiftCompile normal arm64_32 /Users/admin/builder/spi-builder-workspace/.dependencies/checkouts/Kingfisher/Sources/General/ImageSource/Resource.swift (in target 'Kingfisher' from project 'Kingfisher')
cd /Users/admin/builder/spi-builder-workspace/.swiftpm/xcode
builtin-SwiftPerFileCompile Resource.swift
SwiftCompile normal arm64_32 /Users/admin/builder/spi-builder-workspace/.dependencies/checkouts/Kingfisher/Sources/General/ImageSource/Source.swift (in target 'Kingfisher' from project 'Kingfisher')
cd /Users/admin/builder/spi-builder-workspace/.swiftpm/xcode
builtin-SwiftPerFileCompile Source.swift
SwiftCompile normal arm64_32 /Users/admin/builder/spi-builder-workspace/.dependencies/checkouts/Kingfisher/Sources/General/KF.swift (in target 'Kingfisher' from project 'Kingfisher')
cd /Users/admin/builder/spi-builder-workspace/.swiftpm/xcode
builtin-SwiftPerFileCompile KF.swift
SwiftCompile normal arm64_32 /Users/admin/builder/spi-builder-workspace/.dependencies/checkouts/Kingfisher/Sources/General/KFOptionsSetter.swift (in target 'Kingfisher' from project 'Kingfisher')
cd /Users/admin/builder/spi-builder-workspace/.swiftpm/xcode
builtin-SwiftPerFileCompile KFOptionsSetter.swift
SwiftCompile normal arm64_32 Compiling\ Result.swift,\ Runtime.swift,\ SizeExtensions.swift,\ String+MD5.swift,\ AnimatedImageView.swift,\ Indicator.swift /Users/admin/builder/spi-builder-workspace/.dependencies/checkouts/Kingfisher/Sources/Utility/Result.swift /Users/admin/builder/spi-builder-workspace/.dependencies/checkouts/Kingfisher/Sources/Utility/Runtime.swift /Users/admin/builder/spi-builder-workspace/.dependencies/checkouts/Kingfisher/Sources/Utility/SizeExtensions.swift /Users/admin/builder/spi-builder-workspace/.dependencies/checkouts/Kingfisher/Sources/Utility/String+MD5.swift /Users/admin/builder/spi-builder-workspace/.dependencies/checkouts/Kingfisher/Sources/Views/AnimatedImageView.swift /Users/admin/builder/spi-builder-workspace/.dependencies/checkouts/Kingfisher/Sources/Views/Indicator.swift (in target 'Kingfisher' from project 'Kingfisher')
SwiftCompile normal arm64_32 /Users/admin/builder/spi-builder-workspace/.dependencies/checkouts/Kingfisher/Sources/Utility/Result.swift (in target 'Kingfisher' from project 'Kingfisher')
cd /Users/admin/builder/spi-builder-workspace/.swiftpm/xcode
builtin-SwiftPerFileCompile Result.swift
SwiftCompile normal arm64_32 /Users/admin/builder/spi-builder-workspace/.dependencies/checkouts/Kingfisher/Sources/Utility/Runtime.swift (in target 'Kingfisher' from project 'Kingfisher')
cd /Users/admin/builder/spi-builder-workspace/.swiftpm/xcode
builtin-SwiftPerFileCompile Runtime.swift
SwiftCompile normal arm64_32 /Users/admin/builder/spi-builder-workspace/.dependencies/checkouts/Kingfisher/Sources/Utility/SizeExtensions.swift (in target 'Kingfisher' from project 'Kingfisher')
cd /Users/admin/builder/spi-builder-workspace/.swiftpm/xcode
builtin-SwiftPerFileCompile SizeExtensions.swift
SwiftCompile normal arm64_32 /Users/admin/builder/spi-builder-workspace/.dependencies/checkouts/Kingfisher/Sources/Utility/String+MD5.swift (in target 'Kingfisher' from project 'Kingfisher')
cd /Users/admin/builder/spi-builder-workspace/.swiftpm/xcode
builtin-SwiftPerFileCompile String+MD5.swift
SwiftCompile normal arm64_32 /Users/admin/builder/spi-builder-workspace/.dependencies/checkouts/Kingfisher/Sources/Views/AnimatedImageView.swift (in target 'Kingfisher' from project 'Kingfisher')
cd /Users/admin/builder/spi-builder-workspace/.swiftpm/xcode
builtin-SwiftPerFileCompile AnimatedImageView.swift
SwiftCompile normal arm64_32 /Users/admin/builder/spi-builder-workspace/.dependencies/checkouts/Kingfisher/Sources/Views/Indicator.swift (in target 'Kingfisher' from project 'Kingfisher')
cd /Users/admin/builder/spi-builder-workspace/.swiftpm/xcode
builtin-SwiftPerFileCompile Indicator.swift
SwiftDriverJobDiscovery normal arm64 Compiling KFImageRenderer.swift, Box.swift, CallbackQueue.swift, Delegate.swift, DisplayLink.swift, ExtensionHelpers.swift (in target 'Kingfisher' from project 'Kingfisher')
SwiftCompile normal arm64_32 Compiling\ KFImageRenderer.swift,\ Box.swift,\ CallbackQueue.swift,\ Delegate.swift,\ DisplayLink.swift,\ ExtensionHelpers.swift /Users/admin/builder/spi-builder-workspace/.dependencies/checkouts/Kingfisher/Sources/SwiftUI/KFImageRenderer.swift /Users/admin/builder/spi-builder-workspace/.dependencies/checkouts/Kingfisher/Sources/Utility/Box.swift /Users/admin/builder/spi-builder-workspace/.dependencies/checkouts/Kingfisher/Sources/Utility/CallbackQueue.swift /Users/admin/builder/spi-builder-workspace/.dependencies/checkouts/Kingfisher/Sources/Utility/Delegate.swift /Users/admin/builder/spi-builder-workspace/.dependencies/checkouts/Kingfisher/Sources/Utility/DisplayLink.swift /Users/admin/builder/spi-builder-workspace/.dependencies/checkouts/Kingfisher/Sources/Utility/ExtensionHelpers.swift (in target 'Kingfisher' from project 'Kingfisher')
SwiftCompile normal arm64_32 /Users/admin/builder/spi-builder-workspace/.dependencies/checkouts/Kingfisher/Sources/SwiftUI/KFImageRenderer.swift (in target 'Kingfisher' from project 'Kingfisher')
cd /Users/admin/builder/spi-builder-workspace/.swiftpm/xcode
builtin-SwiftPerFileCompile KFImageRenderer.swift
SwiftCompile normal arm64_32 /Users/admin/builder/spi-builder-workspace/.dependencies/checkouts/Kingfisher/Sources/Utility/Box.swift (in target 'Kingfisher' from project 'Kingfisher')
cd /Users/admin/builder/spi-builder-workspace/.swiftpm/xcode
builtin-SwiftPerFileCompile Box.swift
SwiftCompile normal arm64_32 /Users/admin/builder/spi-builder-workspace/.dependencies/checkouts/Kingfisher/Sources/Utility/CallbackQueue.swift (in target 'Kingfisher' from project 'Kingfisher')
cd /Users/admin/builder/spi-builder-workspace/.swiftpm/xcode
builtin-SwiftPerFileCompile CallbackQueue.swift
SwiftCompile normal arm64_32 /Users/admin/builder/spi-builder-workspace/.dependencies/checkouts/Kingfisher/Sources/Utility/Delegate.swift (in target 'Kingfisher' from project 'Kingfisher')
cd /Users/admin/builder/spi-builder-workspace/.swiftpm/xcode
builtin-SwiftPerFileCompile Delegate.swift
SwiftCompile normal arm64_32 /Users/admin/builder/spi-builder-workspace/.dependencies/checkouts/Kingfisher/Sources/Utility/DisplayLink.swift (in target 'Kingfisher' from project 'Kingfisher')
cd /Users/admin/builder/spi-builder-workspace/.swiftpm/xcode
builtin-SwiftPerFileCompile DisplayLink.swift
SwiftCompile normal arm64_32 /Users/admin/builder/spi-builder-workspace/.dependencies/checkouts/Kingfisher/Sources/Utility/ExtensionHelpers.swift (in target 'Kingfisher' from project 'Kingfisher')
cd /Users/admin/builder/spi-builder-workspace/.swiftpm/xcode
builtin-SwiftPerFileCompile ExtensionHelpers.swift
SwiftDriverJobDiscovery normal arm64 Compiling Image.swift, ImageDrawing.swift, ImageFormat.swift, ImageProcessor.swift, ImageProgressive.swift, ImageTransition.swift (in target 'Kingfisher' from project 'Kingfisher')
SwiftCompile normal arm64 Compiling\ resource_bundle_accessor.swift,\ CacheSerializer.swift,\ DiskStorage.swift,\ FormatIndicatedCacheSerializer.swift,\ ImageCache.swift,\ MemoryStorage.swift,\ Storage.swift /Users/admin/builder/spi-builder-workspace/.derivedData/Build/Intermediates.noindex/Kingfisher.build/Debug-watchos/Kingfisher-t.build/DerivedSources/resource_bundle_accessor.swift /Users/admin/builder/spi-builder-workspace/.dependencies/checkouts/Kingfisher/Sources/Cache/CacheSerializer.swift /Users/admin/builder/spi-builder-workspace/.dependencies/checkouts/Kingfisher/Sources/Cache/DiskStorage.swift /Users/admin/builder/spi-builder-workspace/.dependencies/checkouts/Kingfisher/Sources/Cache/FormatIndicatedCacheSerializer.swift /Users/admin/builder/spi-builder-workspace/.dependencies/checkouts/Kingfisher/Sources/Cache/ImageCache.swift /Users/admin/builder/spi-builder-workspace/.dependencies/checkouts/Kingfisher/Sources/Cache/MemoryStorage.swift /Users/admin/builder/spi-builder-workspace/.dependencies/checkouts/Kingfisher/Sources/Cache/Storage.swift (in target 'Kingfisher' from project 'Kingfisher')
SwiftCompile normal arm64 /Users/admin/builder/spi-builder-workspace/.derivedData/Build/Intermediates.noindex/Kingfisher.build/Debug-watchos/Kingfisher-t.build/DerivedSources/resource_bundle_accessor.swift (in target 'Kingfisher' from project 'Kingfisher')
cd /Users/admin/builder/spi-builder-workspace/.swiftpm/xcode
builtin-SwiftPerFileCompile resource_bundle_accessor.swift
SwiftCompile normal arm64 /Users/admin/builder/spi-builder-workspace/.dependencies/checkouts/Kingfisher/Sources/Cache/CacheSerializer.swift (in target 'Kingfisher' from project 'Kingfisher')
cd /Users/admin/builder/spi-builder-workspace/.swiftpm/xcode
builtin-SwiftPerFileCompile CacheSerializer.swift
SwiftCompile normal arm64 /Users/admin/builder/spi-builder-workspace/.dependencies/checkouts/Kingfisher/Sources/Cache/DiskStorage.swift (in target 'Kingfisher' from project 'Kingfisher')
cd /Users/admin/builder/spi-builder-workspace/.swiftpm/xcode
builtin-SwiftPerFileCompile DiskStorage.swift
SwiftCompile normal arm64 /Users/admin/builder/spi-builder-workspace/.dependencies/checkouts/Kingfisher/Sources/Cache/FormatIndicatedCacheSerializer.swift (in target 'Kingfisher' from project 'Kingfisher')
cd /Users/admin/builder/spi-builder-workspace/.swiftpm/xcode
builtin-SwiftPerFileCompile FormatIndicatedCacheSerializer.swift
SwiftCompile normal arm64 /Users/admin/builder/spi-builder-workspace/.dependencies/checkouts/Kingfisher/Sources/Cache/ImageCache.swift (in target 'Kingfisher' from project 'Kingfisher')
cd /Users/admin/builder/spi-builder-workspace/.swiftpm/xcode
builtin-SwiftPerFileCompile ImageCache.swift
SwiftCompile normal arm64 /Users/admin/builder/spi-builder-workspace/.dependencies/checkouts/Kingfisher/Sources/Cache/MemoryStorage.swift (in target 'Kingfisher' from project 'Kingfisher')
cd /Users/admin/builder/spi-builder-workspace/.swiftpm/xcode
builtin-SwiftPerFileCompile MemoryStorage.swift
SwiftCompile normal arm64 /Users/admin/builder/spi-builder-workspace/.dependencies/checkouts/Kingfisher/Sources/Cache/Storage.swift (in target 'Kingfisher' from project 'Kingfisher')
cd /Users/admin/builder/spi-builder-workspace/.swiftpm/xcode
builtin-SwiftPerFileCompile Storage.swift
SwiftDriverJobDiscovery normal arm64_32 Compiling Result.swift, Runtime.swift, SizeExtensions.swift, String+MD5.swift, AnimatedImageView.swift, Indicator.swift (in target 'Kingfisher' from project 'Kingfisher')
SwiftDriverJobDiscovery normal arm64_32 Compiling CPListItem+Kingfisher.swift, ImageView+Kingfisher.swift, NSButton+Kingfisher.swift, NSTextAttachment+Kingfisher.swift, TVMonogramView+Kingfisher.swift, UIButton+Kingfisher.swift, WKInterfaceImage+Kingfisher.swift (in target 'Kingfisher' from project 'Kingfisher')
GenerateAssetSymbols /Users/admin/builder/spi-builder-workspace/Sources/ContributorUI/Resources/Icon.xcassets (in target 'ContributorUI' from project 'ContributorUI')
cd /Users/admin/builder/spi-builder-workspace
/Applications/Xcode-27.0.0-Release.Candidate.app/Contents/Developer/usr/bin/actool /Users/admin/builder/spi-builder-workspace/Sources/ContributorUI/Resources/Icon.xcassets --compile /Users/admin/builder/spi-builder-workspace/.derivedData/Build/Products/Debug-watchos --output-format human-readable-text --notices --warnings --export-dependency-info /Users/admin/builder/spi-builder-workspace/.derivedData/Build/Intermediates.noindex/ContributorUI.build/Debug-watchos/ContributorUI-t.build/assetcatalog_dependencies --output-partial-info-plist /Users/admin/builder/spi-builder-workspace/.derivedData/Build/Intermediates.noindex/ContributorUI.build/Debug-watchos/ContributorUI-t.build/assetcatalog_generated_info.plist --compress-pngs --enable-on-demand-resources NO --development-region en --target-device watch --minimum-deployment-target 9.0 --platform watchos --bundle-identifier spi-builder-workspace.ContributorUI --generate-swift-asset-symbol-extensions NO --generate-swift-asset-symbols /Users/admin/builder/spi-builder-workspace/.derivedData/Build/Intermediates.noindex/ContributorUI.build/Debug-watchos/ContributorUI-t.build/DerivedSources/GeneratedAssetSymbols.swift --generate-objc-asset-symbols /Users/admin/builder/spi-builder-workspace/.derivedData/Build/Intermediates.noindex/ContributorUI.build/Debug-watchos/ContributorUI-t.build/DerivedSources/GeneratedAssetSymbols.h --generate-asset-symbol-index /Users/admin/builder/spi-builder-workspace/.derivedData/Build/Intermediates.noindex/ContributorUI.build/Debug-watchos/ContributorUI-t.build/DerivedSources/GeneratedAssetSymbols-Index.plist
/* com.apple.actool.compilation-results */
/Users/admin/builder/spi-builder-workspace/.derivedData/Build/Intermediates.noindex/ContributorUI.build/Debug-watchos/ContributorUI-t.build/DerivedSources/GeneratedAssetSymbols-Index.plist
/Users/admin/builder/spi-builder-workspace/.derivedData/Build/Intermediates.noindex/ContributorUI.build/Debug-watchos/ContributorUI-t.build/DerivedSources/GeneratedAssetSymbols.h
/Users/admin/builder/spi-builder-workspace/.derivedData/Build/Intermediates.noindex/ContributorUI.build/Debug-watchos/ContributorUI-t.build/DerivedSources/GeneratedAssetSymbols.swift
SwiftDriver ContributorUI normal arm64 com.apple.xcode.tools.swift.compiler (in target 'ContributorUI' from project 'ContributorUI')
cd /Users/admin/builder/spi-builder-workspace/.swiftpm/xcode
builtin-SwiftDriver -- /Applications/Xcode-27.0.0-Release.Candidate.app/Contents/Developer/Toolchains/XcodeDefault.xctoolchain/usr/bin/swiftc -parse-as-library -module-name ContributorUI -Onone @/Users/admin/builder/spi-builder-workspace/.derivedData/Build/Intermediates.noindex/ContributorUI.build/Debug-watchos/ContributorUI-t.build/Objects-normal/arm64/ContributorUI.SwiftFileList -DSWIFT_PACKAGE -DDEBUG -DSWIFT_MODULE_RESOURCE_BUNDLE_AVAILABLE -DXcode -plugin-path /Applications/Xcode-27.0.0-Release.Candidate.app/Contents/Developer/Toolchains/XcodeDefault.xctoolchain/usr/lib/swift/host/plugins/testing -enable-experimental-feature DebugDescriptionMacro -sdk /Applications/Xcode-27.0.0-Release.Candidate.app/Contents/Developer/Platforms/WatchOS.platform/Developer/SDKs/WatchOS27.0.sdk -target arm64-apple-watchos9.0 -g -module-cache-path /Users/admin/builder/spi-builder-workspace/.derivedData/ModuleCache.noindex -Xfrontend -serialize-debugging-options -profile-coverage-mapping -profile-generate -enable-testing -index-store-path /Users/admin/builder/spi-builder-workspace/.derivedData/Index.noindex/DataStore -Xcc -D_LIBCPP_HARDENING_MODE\=_LIBCPP_HARDENING_MODE_DEBUG -swift-version 5 -I /Users/admin/builder/spi-builder-workspace/.derivedData/Build/Products/Debug-watchos -Isystem /Applications/Xcode-27.0.0-Release.Candidate.app/Contents/Developer/Platforms/WatchOS.platform/Developer/usr/lib -F /Users/admin/builder/spi-builder-workspace/.derivedData/Build/Products/Debug-watchos/PackageFrameworks -F /Users/admin/builder/spi-builder-workspace/.derivedData/Build/Products/Debug-watchos -F /Applications/Xcode-27.0.0-Release.Candidate.app/Contents/Developer/Platforms/WatchOS.platform/Developer/Library/Frameworks -F /Applications/Xcode-27.0.0-Release.Candidate.app/Contents/Developer/Platforms/WatchOS.platform/Developer/SDKs/WatchOS27.0.sdk/Developer/Library/Frameworks -c -j10 -enable-batch-mode -incremental -Xcc -ivfsstatcache -Xcc /Users/admin/builder/spi-builder-workspace/.derivedData/SDKStatCaches.noindex/watchos27.0-24R360-e829b21a6f8c9b70876ba0858053c04477534ef55a1706bf4c1112bbb242f0a2.sdkstatcache -output-file-map /Users/admin/builder/spi-builder-workspace/.derivedData/Build/Intermediates.noindex/ContributorUI.build/Debug-watchos/ContributorUI-t.build/Objects-normal/arm64/ContributorUI-OutputFileMap.json -save-temps -no-color-diagnostics -explicit-module-build -module-cache-path /Users/admin/builder/spi-builder-workspace/.derivedData/Build/Intermediates.noindex/SwiftExplicitPrecompiledModules -clang-scanner-module-cache-path /Users/admin/builder/spi-builder-workspace/.derivedData/ModuleCache.noindex -sdk-module-cache-path /Users/admin/builder/spi-builder-workspace/.derivedData/SDKExplicitPrecompiledModules -emit-dependencies -emit-module -emit-module-path /Users/admin/builder/spi-builder-workspace/.derivedData/Build/Intermediates.noindex/ContributorUI.build/Debug-watchos/ContributorUI-t.build/Objects-normal/arm64/ContributorUI.swiftmodule -serialize-diagnostics -dependency-scan-serialize-diagnostics-path /Users/admin/builder/spi-builder-workspace/.derivedData/Build/Intermediates.noindex/ContributorUI.build/Debug-watchos/ContributorUI-t.build/Objects-normal/arm64/ContributorUI-dependency-scan.dia -validate-clang-modules-once -clang-build-session-file /Users/admin/builder/spi-builder-workspace/.derivedData/ModuleCache.noindex/Session.modulevalidation -Xcc -fmodules-prune-interval\=86400 -Xcc -fmodules-prune-after\=345600 -emit-const-values -const-gather-protocols-list /Users/admin/builder/spi-builder-workspace/.derivedData/Build/Intermediates.noindex/ContributorUI.build/Debug-watchos/ContributorUI-t.build/Objects-normal/arm64/ContributorUI_const_extract_protocols.json -Xcc -I/Users/admin/builder/spi-builder-workspace/.derivedData/Build/Products/Debug-watchos/include -Xcc -I/Users/admin/builder/spi-builder-workspace/.derivedData/Build/Intermediates.noindex/ContributorUI.build/Debug-watchos/ContributorUI-t.build/DerivedSources-normal/arm64 -Xcc -I/Users/admin/builder/spi-builder-workspace/.derivedData/Build/Intermediates.noindex/ContributorUI.build/Debug-watchos/ContributorUI-t.build/DerivedSources/arm64 -Xcc -I/Users/admin/builder/spi-builder-workspace/.derivedData/Build/Intermediates.noindex/ContributorUI.build/Debug-watchos/ContributorUI-t.build/DerivedSources -Xcc -DSWIFT_PACKAGE -Xcc -DDEBUG\=1 -emit-objc-header -emit-objc-header-path /Users/admin/builder/spi-builder-workspace/.derivedData/Build/Intermediates.noindex/ContributorUI.build/Debug-watchos/ContributorUI-t.build/Objects-normal/arm64/ContributorUI-Swift.h -working-directory /Users/admin/builder/spi-builder-workspace/.swiftpm/xcode -experimental-emit-module-separately -disable-cmo
SwiftDriver ContributorUI normal arm64_32 com.apple.xcode.tools.swift.compiler (in target 'ContributorUI' from project 'ContributorUI')
cd /Users/admin/builder/spi-builder-workspace/.swiftpm/xcode
builtin-SwiftDriver -- /Applications/Xcode-27.0.0-Release.Candidate.app/Contents/Developer/Toolchains/XcodeDefault.xctoolchain/usr/bin/swiftc -parse-as-library -module-name ContributorUI -Onone @/Users/admin/builder/spi-builder-workspace/.derivedData/Build/Intermediates.noindex/ContributorUI.build/Debug-watchos/ContributorUI-t.build/Objects-normal/arm64_32/ContributorUI.SwiftFileList -DSWIFT_PACKAGE -DDEBUG -DSWIFT_MODULE_RESOURCE_BUNDLE_AVAILABLE -DXcode -plugin-path /Applications/Xcode-27.0.0-Release.Candidate.app/Contents/Developer/Toolchains/XcodeDefault.xctoolchain/usr/lib/swift/host/plugins/testing -enable-experimental-feature DebugDescriptionMacro -sdk /Applications/Xcode-27.0.0-Release.Candidate.app/Contents/Developer/Platforms/WatchOS.platform/Developer/SDKs/WatchOS27.0.sdk -target arm64_32-apple-watchos9.0 -g -module-cache-path /Users/admin/builder/spi-builder-workspace/.derivedData/ModuleCache.noindex -Xfrontend -serialize-debugging-options -profile-coverage-mapping -profile-generate -enable-testing -index-store-path /Users/admin/builder/spi-builder-workspace/.derivedData/Index.noindex/DataStore -Xcc -D_LIBCPP_HARDENING_MODE\=_LIBCPP_HARDENING_MODE_DEBUG -swift-version 5 -I /Users/admin/builder/spi-builder-workspace/.derivedData/Build/Products/Debug-watchos -Isystem /Applications/Xcode-27.0.0-Release.Candidate.app/Contents/Developer/Platforms/WatchOS.platform/Developer/usr/lib -F /Users/admin/builder/spi-builder-workspace/.derivedData/Build/Products/Debug-watchos/PackageFrameworks -F /Users/admin/builder/spi-builder-workspace/.derivedData/Build/Products/Debug-watchos -F /Applications/Xcode-27.0.0-Release.Candidate.app/Contents/Developer/Platforms/WatchOS.platform/Developer/Library/Frameworks -F /Applications/Xcode-27.0.0-Release.Candidate.app/Contents/Developer/Platforms/WatchOS.platform/Developer/SDKs/WatchOS27.0.sdk/Developer/Library/Frameworks -c -j10 -enable-batch-mode -incremental -Xcc -ivfsstatcache -Xcc /Users/admin/builder/spi-builder-workspace/.derivedData/SDKStatCaches.noindex/watchos27.0-24R360-e829b21a6f8c9b70876ba0858053c04477534ef55a1706bf4c1112bbb242f0a2.sdkstatcache -output-file-map /Users/admin/builder/spi-builder-workspace/.derivedData/Build/Intermediates.noindex/ContributorUI.build/Debug-watchos/ContributorUI-t.build/Objects-normal/arm64_32/ContributorUI-OutputFileMap.json -save-temps -no-color-diagnostics -explicit-module-build -module-cache-path /Users/admin/builder/spi-builder-workspace/.derivedData/Build/Intermediates.noindex/SwiftExplicitPrecompiledModules -clang-scanner-module-cache-path /Users/admin/builder/spi-builder-workspace/.derivedData/ModuleCache.noindex -sdk-module-cache-path /Users/admin/builder/spi-builder-workspace/.derivedData/SDKExplicitPrecompiledModules -emit-dependencies -emit-module -emit-module-path /Users/admin/builder/spi-builder-workspace/.derivedData/Build/Intermediates.noindex/ContributorUI.build/Debug-watchos/ContributorUI-t.build/Objects-normal/arm64_32/ContributorUI.swiftmodule -serialize-diagnostics -dependency-scan-serialize-diagnostics-path /Users/admin/builder/spi-builder-workspace/.derivedData/Build/Intermediates.noindex/ContributorUI.build/Debug-watchos/ContributorUI-t.build/Objects-normal/arm64_32/ContributorUI-dependency-scan.dia -validate-clang-modules-once -clang-build-session-file /Users/admin/builder/spi-builder-workspace/.derivedData/ModuleCache.noindex/Session.modulevalidation -Xcc -fmodules-prune-interval\=86400 -Xcc -fmodules-prune-after\=345600 -emit-const-values -const-gather-protocols-list /Users/admin/builder/spi-builder-workspace/.derivedData/Build/Intermediates.noindex/ContributorUI.build/Debug-watchos/ContributorUI-t.build/Objects-normal/arm64_32/ContributorUI_const_extract_protocols.json -Xcc -I/Users/admin/builder/spi-builder-workspace/.derivedData/Build/Products/Debug-watchos/include -Xcc -I/Users/admin/builder/spi-builder-workspace/.derivedData/Build/Intermediates.noindex/ContributorUI.build/Debug-watchos/ContributorUI-t.build/DerivedSources-normal/arm64_32 -Xcc -I/Users/admin/builder/spi-builder-workspace/.derivedData/Build/Intermediates.noindex/ContributorUI.build/Debug-watchos/ContributorUI-t.build/DerivedSources/arm64_32 -Xcc -I/Users/admin/builder/spi-builder-workspace/.derivedData/Build/Intermediates.noindex/ContributorUI.build/Debug-watchos/ContributorUI-t.build/DerivedSources -Xcc -DSWIFT_PACKAGE -Xcc -DDEBUG\=1 -emit-objc-header -emit-objc-header-path /Users/admin/builder/spi-builder-workspace/.derivedData/Build/Intermediates.noindex/ContributorUI.build/Debug-watchos/ContributorUI-t.build/Objects-normal/arm64_32/ContributorUI-Swift.h -working-directory /Users/admin/builder/spi-builder-workspace/.swiftpm/xcode -experimental-emit-module-separately -disable-cmo
SwiftDriverJobDiscovery normal arm64_32 Compiling ImagePrefetcher.swift, RedirectHandler.swift, RequestModifier.swift, RetryStrategy.swift, SessionDataTask.swift, SessionDelegate.swift (in target 'Kingfisher' from project 'Kingfisher')
SwiftDriverJobDiscovery normal arm64_32 Compiling Placeholder.swift, AuthenticationChallengeResponsable.swift, ImageDataProcessor.swift, ImageDownloader.swift, ImageDownloaderDelegate.swift, ImageModifier.swift (in target 'Kingfisher' from project 'Kingfisher')
SwiftDriverJobDiscovery normal arm64_32 Compiling Kingfisher.swift, KingfisherError.swift, KingfisherManager.swift, KingfisherOptionsInfo.swift, Filter.swift, GIFAnimatedImage.swift, GraphicsContext.swift (in target 'Kingfisher' from project 'Kingfisher')
SwiftDriverJobDiscovery normal arm64_32 Compiling AVAssetImageDataProvider.swift, ImageDataProvider.swift, PHPickerResultImageDataProvider.swift, Resource.swift, Source.swift, KF.swift, KFOptionsSetter.swift (in target 'Kingfisher' from project 'Kingfisher')
SwiftDriverJobDiscovery normal arm64_32 Compiling resource_bundle_accessor.swift, CacheSerializer.swift, DiskStorage.swift, FormatIndicatedCacheSerializer.swift, ImageCache.swift, MemoryStorage.swift, Storage.swift (in target 'Kingfisher' from project 'Kingfisher')
SwiftDriverJobDiscovery normal arm64_32 Compiling KFImageRenderer.swift, Box.swift, CallbackQueue.swift, Delegate.swift, DisplayLink.swift, ExtensionHelpers.swift (in target 'Kingfisher' from project 'Kingfisher')
SwiftDriverJobDiscovery normal arm64_32 Compiling ImageBinder.swift, ImageContext.swift, KFAnimatedImage.swift, KFImage.swift, KFImageOptions.swift, KFImageProtocol.swift (in target 'Kingfisher' from project 'Kingfisher')
SwiftEmitModule normal arm64 Emitting\ module\ for\ ContributorUI (in target 'ContributorUI' from project 'ContributorUI')
SwiftCompile normal arm64 (in target 'ContributorUI' from project 'ContributorUI')
cd /Users/admin/builder/spi-builder-workspace/.swiftpm/xcode
SwiftCompile normal arm64 Compiling\ BorderStyleModifier.swift,\ HoverModifier.swift,\ ShimmerModifier.swift /Users/admin/builder/spi-builder-workspace/Sources/ContributorUI/Utilities/Modifiers/BorderStyleModifier.swift /Users/admin/builder/spi-builder-workspace/Sources/ContributorUI/Utilities/Modifiers/HoverModifier.swift /Users/admin/builder/spi-builder-workspace/Sources/ContributorUI/Utilities/Modifiers/ShimmerModifier.swift (in target 'ContributorUI' from project 'ContributorUI')
SwiftCompile normal arm64 /Users/admin/builder/spi-builder-workspace/Sources/ContributorUI/Utilities/Modifiers/BorderStyleModifier.swift (in target 'ContributorUI' from project 'ContributorUI')
cd /Users/admin/builder/spi-builder-workspace/.swiftpm/xcode
builtin-SwiftPerFileCompile BorderStyleModifier.swift
SwiftCompile normal arm64 /Users/admin/builder/spi-builder-workspace/Sources/ContributorUI/Utilities/Modifiers/HoverModifier.swift (in target 'ContributorUI' from project 'ContributorUI')
cd /Users/admin/builder/spi-builder-workspace/.swiftpm/xcode
builtin-SwiftPerFileCompile HoverModifier.swift
SwiftCompile normal arm64 /Users/admin/builder/spi-builder-workspace/Sources/ContributorUI/Utilities/Modifiers/ShimmerModifier.swift (in target 'ContributorUI' from project 'ContributorUI')
cd /Users/admin/builder/spi-builder-workspace/.swiftpm/xcode
builtin-SwiftPerFileCompile ShimmerModifier.swift
SwiftCompile normal arm64 Compiling\ ContributorList.swift,\ ContributorListViewModel.swift,\ GridListContainer.swift,\ ListContainer.swift /Users/admin/builder/spi-builder-workspace/Sources/ContributorUI/Components/ContributorList/ContributorList.swift /Users/admin/builder/spi-builder-workspace/Sources/ContributorUI/Components/ContributorList/ContributorListViewModel.swift /Users/admin/builder/spi-builder-workspace/Sources/ContributorUI/Components/ContributorList/ListContainer/GridListContainer.swift /Users/admin/builder/spi-builder-workspace/Sources/ContributorUI/Components/ContributorList/ListContainer/ListContainer.swift (in target 'ContributorUI' from project 'ContributorUI')
/Users/admin/builder/spi-builder-workspace/Sources/ContributorUI/Components/ContributorList/ContributorList.swift:55:37: error: cannot find 'NSCursor' in scope
53 | DispatchQueue.main.async {
54 | if (isHovered) {
55 | NSCursor.pointingHand.push()
| `- error: cannot find 'NSCursor' in scope
56 | } else {
57 | NSCursor.pop()
/Users/admin/builder/spi-builder-workspace/Sources/ContributorUI/Components/ContributorList/ContributorList.swift:57:37: error: cannot find 'NSCursor' in scope
55 | NSCursor.pointingHand.push()
56 | } else {
57 | NSCursor.pop()
| `- error: cannot find 'NSCursor' in scope
58 | }
59 | }
/Users/admin/builder/spi-builder-workspace/Sources/ContributorUI/Components/ContributorList/ContributorList.swift:72:41: error: cannot find 'NSCursor' in scope
70 | DispatchQueue.main.async {
71 | if (isHovered) {
72 | NSCursor.pointingHand.push()
| `- error: cannot find 'NSCursor' in scope
73 | } else {
74 | NSCursor.pop()
SwiftCompile normal arm64 /Users/admin/builder/spi-builder-workspace/Sources/ContributorUI/Components/ContributorList/ContributorList.swift (in target 'ContributorUI' from project 'ContributorUI')
cd /Users/admin/builder/spi-builder-workspace/.swiftpm/xcode
builtin-SwiftPerFileCompile ContributorList.swift
SwiftCompile normal arm64 /Users/admin/builder/spi-builder-workspace/Sources/ContributorUI/Components/ContributorList/ContributorListViewModel.swift (in target 'ContributorUI' from project 'ContributorUI')
cd /Users/admin/builder/spi-builder-workspace/.swiftpm/xcode
builtin-SwiftPerFileCompile ContributorListViewModel.swift
SwiftCompile normal arm64 /Users/admin/builder/spi-builder-workspace/Sources/ContributorUI/Components/ContributorList/ListContainer/GridListContainer.swift (in target 'ContributorUI' from project 'ContributorUI')
cd /Users/admin/builder/spi-builder-workspace/.swiftpm/xcode
builtin-SwiftPerFileCompile GridListContainer.swift
SwiftCompile normal arm64 /Users/admin/builder/spi-builder-workspace/Sources/ContributorUI/Components/ContributorList/ListContainer/ListContainer.swift (in target 'ContributorUI' from project 'ContributorUI')
cd /Users/admin/builder/spi-builder-workspace/.swiftpm/xcode
builtin-SwiftPerFileCompile ListContainer.swift
SwiftCompile normal arm64 Compiling\ resource_bundle_accessor.swift,\ API.swift,\ Endpoint.swift,\ APIError.swift /Users/admin/builder/spi-builder-workspace/.derivedData/Build/Intermediates.noindex/ContributorUI.build/Debug-watchos/ContributorUI-t.build/DerivedSources/resource_bundle_accessor.swift /Users/admin/builder/spi-builder-workspace/Sources/ContributorUI/API/Abstract/API.swift /Users/admin/builder/spi-builder-workspace/Sources/ContributorUI/API/Abstract/Endpoint.swift /Users/admin/builder/spi-builder-workspace/Sources/ContributorUI/API/Error/APIError.swift (in target 'ContributorUI' from project 'ContributorUI')
SwiftCompile normal arm64 /Users/admin/builder/spi-builder-workspace/.derivedData/Build/Intermediates.noindex/ContributorUI.build/Debug-watchos/ContributorUI-t.build/DerivedSources/resource_bundle_accessor.swift (in target 'ContributorUI' from project 'ContributorUI')
cd /Users/admin/builder/spi-builder-workspace/.swiftpm/xcode
builtin-SwiftPerFileCompile resource_bundle_accessor.swift
SwiftCompile normal arm64 /Users/admin/builder/spi-builder-workspace/Sources/ContributorUI/API/Abstract/API.swift (in target 'ContributorUI' from project 'ContributorUI')
cd /Users/admin/builder/spi-builder-workspace/.swiftpm/xcode
builtin-SwiftPerFileCompile API.swift
SwiftCompile normal arm64 /Users/admin/builder/spi-builder-workspace/Sources/ContributorUI/API/Abstract/Endpoint.swift (in target 'ContributorUI' from project 'ContributorUI')
cd /Users/admin/builder/spi-builder-workspace/.swiftpm/xcode
builtin-SwiftPerFileCompile Endpoint.swift
SwiftCompile normal arm64 /Users/admin/builder/spi-builder-workspace/Sources/ContributorUI/API/Error/APIError.swift (in target 'ContributorUI' from project 'ContributorUI')
cd /Users/admin/builder/spi-builder-workspace/.swiftpm/xcode
builtin-SwiftPerFileCompile APIError.swift
SwiftCompile normal arm64 Compiling\ AvatarStyle.swift,\ BorderStyle.swift,\ ContributorListStyle.swift /Users/admin/builder/spi-builder-workspace/Sources/ContributorUI/Utilities/Styles/AvatarStyle.swift /Users/admin/builder/spi-builder-workspace/Sources/ContributorUI/Utilities/Styles/BorderStyle.swift /Users/admin/builder/spi-builder-workspace/Sources/ContributorUI/Utilities/Styles/ContributorListStyle.swift (in target 'ContributorUI' from project 'ContributorUI')
SwiftCompile normal arm64 /Users/admin/builder/spi-builder-workspace/Sources/ContributorUI/Utilities/Styles/AvatarStyle.swift (in target 'ContributorUI' from project 'ContributorUI')
cd /Users/admin/builder/spi-builder-workspace/.swiftpm/xcode
builtin-SwiftPerFileCompile AvatarStyle.swift
SwiftCompile normal arm64 /Users/admin/builder/spi-builder-workspace/Sources/ContributorUI/Utilities/Styles/BorderStyle.swift (in target 'ContributorUI' from project 'ContributorUI')
cd /Users/admin/builder/spi-builder-workspace/.swiftpm/xcode
builtin-SwiftPerFileCompile BorderStyle.swift
SwiftCompile normal arm64 /Users/admin/builder/spi-builder-workspace/Sources/ContributorUI/Utilities/Styles/ContributorListStyle.swift (in target 'ContributorUI' from project 'ContributorUI')
cd /Users/admin/builder/spi-builder-workspace/.swiftpm/xcode
builtin-SwiftPerFileCompile ContributorListStyle.swift
SwiftCompile normal arm64 Compiling\ GitHub.swift,\ GitHubAPI.swift,\ NSContributorCard.swift,\ NSContributorListController.swift /Users/admin/builder/spi-builder-workspace/Sources/ContributorUI/API/GitHub/GitHub.swift /Users/admin/builder/spi-builder-workspace/Sources/ContributorUI/API/GitHub/GitHubAPI.swift /Users/admin/builder/spi-builder-workspace/Sources/ContributorUI/AppKit/NSContributorCard.swift /Users/admin/builder/spi-builder-workspace/Sources/ContributorUI/AppKit/NSContributorListController.swift (in target 'ContributorUI' from project 'ContributorUI')
SwiftCompile normal arm64 /Users/admin/builder/spi-builder-workspace/Sources/ContributorUI/API/GitHub/GitHub.swift (in target 'ContributorUI' from project 'ContributorUI')
cd /Users/admin/builder/spi-builder-workspace/.swiftpm/xcode
builtin-SwiftPerFileCompile GitHub.swift
SwiftCompile normal arm64 /Users/admin/builder/spi-builder-workspace/Sources/ContributorUI/API/GitHub/GitHubAPI.swift (in target 'ContributorUI' from project 'ContributorUI')
cd /Users/admin/builder/spi-builder-workspace/.swiftpm/xcode
builtin-SwiftPerFileCompile GitHubAPI.swift
SwiftCompile normal arm64 /Users/admin/builder/spi-builder-workspace/Sources/ContributorUI/AppKit/NSContributorCard.swift (in target 'ContributorUI' from project 'ContributorUI')
cd /Users/admin/builder/spi-builder-workspace/.swiftpm/xcode
builtin-SwiftPerFileCompile NSContributorCard.swift
SwiftCompile normal arm64 /Users/admin/builder/spi-builder-workspace/Sources/ContributorUI/AppKit/NSContributorListController.swift (in target 'ContributorUI' from project 'ContributorUI')
cd /Users/admin/builder/spi-builder-workspace/.swiftpm/xcode
builtin-SwiftPerFileCompile NSContributorListController.swift
SwiftCompile normal arm64 Compiling\ SizeModifer.swift,\ SizePreferenceKey.swift,\ BubbleBox.swift /Users/admin/builder/spi-builder-workspace/Sources/ContributorUI/Utilities/Modifiers/SizeModifer.swift /Users/admin/builder/spi-builder-workspace/Sources/ContributorUI/Utilities/PreferenceKeys/SizePreferenceKey.swift /Users/admin/builder/spi-builder-workspace/Sources/ContributorUI/Utilities/Shapes/BubbleBox.swift (in target 'ContributorUI' from project 'ContributorUI')
SwiftCompile normal arm64 /Users/admin/builder/spi-builder-workspace/Sources/ContributorUI/Utilities/Modifiers/SizeModifer.swift (in target 'ContributorUI' from project 'ContributorUI')
cd /Users/admin/builder/spi-builder-workspace/.swiftpm/xcode
builtin-SwiftPerFileCompile SizeModifer.swift
SwiftCompile normal arm64 /Users/admin/builder/spi-builder-workspace/Sources/ContributorUI/Utilities/PreferenceKeys/SizePreferenceKey.swift (in target 'ContributorUI' from project 'ContributorUI')
cd /Users/admin/builder/spi-builder-workspace/.swiftpm/xcode
builtin-SwiftPerFileCompile SizePreferenceKey.swift
SwiftCompile normal arm64 /Users/admin/builder/spi-builder-workspace/Sources/ContributorUI/Utilities/Shapes/BubbleBox.swift (in target 'ContributorUI' from project 'ContributorUI')
cd /Users/admin/builder/spi-builder-workspace/.swiftpm/xcode
builtin-SwiftPerFileCompile BubbleBox.swift
SwiftCompile normal arm64 Compiling\ LabelStyle.swift,\ ErrorPrompt.swift,\ GeneratedAssetSymbols.swift /Users/admin/builder/spi-builder-workspace/Sources/ContributorUI/Utilities/Styles/LabelStyle.swift /Users/admin/builder/spi-builder-workspace/Sources/ContributorUI/Utilities/Views/ErrorPrompt.swift /Users/admin/builder/spi-builder-workspace/.derivedData/Build/Intermediates.noindex/ContributorUI.build/Debug-watchos/ContributorUI-t.build/DerivedSources/GeneratedAssetSymbols.swift (in target 'ContributorUI' from project 'ContributorUI')
/Users/admin/builder/spi-builder-workspace/Sources/ContributorUI/Utilities/Styles/LabelStyle.swift:16:103: error: 'regularMaterial' is only available in watchOS 10.0 or newer
9 | import Foundation
10 |
11 | public struct LabelStyle {
| `- note: add '@available' attribute to enclosing struct
12 | let font: Font
13 | let color: Color
14 | let backgroundStyle: AnyShapeStyle
15 |
16 | init<S: ShapeStyle>(font: Font = .caption, color: Color = .primary, backgroundStyle: S = Material.regularMaterial) {
| | `- error: 'regularMaterial' is only available in watchOS 10.0 or newer
| `- note: add '@available' attribute to enclosing initializer
17 | self.font = font
18 | self.color = color
Failed frontend command:
/Applications/Xcode-27.0.0-Release.Candidate.app/Contents/Developer/Toolchains/XcodeDefault.xctoolchain/usr/bin/swift-frontend -frontend -c /Users/admin/builder/spi-builder-workspace/.derivedData/Build/Intermediates.noindex/ContributorUI.build/Debug-watchos/ContributorUI-t.build/DerivedSources/resource_bundle_accessor.swift /Users/admin/builder/spi-builder-workspace/Sources/ContributorUI/API/Abstract/API.swift /Users/admin/builder/spi-builder-workspace/Sources/ContributorUI/API/Abstract/Endpoint.swift /Users/admin/builder/spi-builder-workspace/Sources/ContributorUI/API/Error/APIError.swift /Users/admin/builder/spi-builder-workspace/Sources/ContributorUI/API/GitHub/GitHub.swift /Users/admin/builder/spi-builder-workspace/Sources/ContributorUI/API/GitHub/GitHubAPI.swift /Users/admin/builder/spi-builder-workspace/Sources/ContributorUI/AppKit/NSContributorCard.swift /Users/admin/builder/spi-builder-workspace/Sources/ContributorUI/AppKit/NSContributorListController.swift /Users/admin/builder/spi-builder-workspace/Sources/ContributorUI/Components/ContributorCard/ContributorCard+Configuration.swift /Users/admin/builder/spi-builder-workspace/Sources/ContributorUI/Components/ContributorCard/ContributorCard.swift /Users/admin/builder/spi-builder-workspace/Sources/ContributorUI/Components/ContributorCard/ContributorCardViewModel.swift /Users/admin/builder/spi-builder-workspace/Sources/ContributorUI/Components/ContributorList/ContributorList+Configuration.swift /Users/admin/builder/spi-builder-workspace/Sources/ContributorUI/Components/ContributorList/ContributorList.swift /Users/admin/builder/spi-builder-workspace/Sources/ContributorUI/Components/ContributorList/ContributorListViewModel.swift /Users/admin/builder/spi-builder-workspace/Sources/ContributorUI/Components/ContributorList/ListContainer/GridListContainer.swift /Users/admin/builder/spi-builder-workspace/Sources/ContributorUI/Components/ContributorList/ListContainer/ListContainer.swift /Users/admin/builder/spi-builder-workspace/Sources/ContributorUI/Components/ContributorList/ListContainer/TableListContainer.swift /Users/admin/builder/spi-builder-workspace/Sources/ContributorUI/ContributorUI.swift /Users/admin/builder/spi-builder-workspace/Sources/ContributorUI/Models/Contributor.swift /Users/admin/builder/spi-builder-workspace/Sources/ContributorUI/Services/Networking/Networking.swift /Users/admin/builder/spi-builder-workspace/Sources/ContributorUI/UIKit/UIContributorCard.swift /Users/admin/builder/spi-builder-workspace/Sources/ContributorUI/UIKit/UIContributorListController.swift /Users/admin/builder/spi-builder-workspace/Sources/ContributorUI/Utilities/Inspection/Inspection.swift /Users/admin/builder/spi-builder-workspace/Sources/ContributorUI/Utilities/Modifiers/BorderStyleModifier.swift /Users/admin/builder/spi-builder-workspace/Sources/ContributorUI/Utilities/Modifiers/HoverModifier.swift /Users/admin/builder/spi-builder-workspace/Sources/ContributorUI/Utilities/Modifiers/ShimmerModifier.swift /Users/admin/builder/spi-builder-workspace/Sources/ContributorUI/Utilities/Modifiers/SizeModifer.swift /Users/admin/builder/spi-builder-workspace/Sources/ContributorUI/Utilities/PreferenceKeys/SizePreferenceKey.swift /Users/admin/builder/spi-builder-workspace/Sources/ContributorUI/Utilities/Shapes/BubbleBox.swift /Users/admin/builder/spi-builder-workspace/Sources/ContributorUI/Utilities/Styles/AvatarStyle.swift /Users/admin/builder/spi-builder-workspace/Sources/ContributorUI/Utilities/Styles/BorderStyle.swift /Users/admin/builder/spi-builder-workspace/Sources/ContributorUI/Utilities/Styles/ContributorListStyle.swift -primary-file /Users/admin/builder/spi-builder-workspace/Sources/ContributorUI/Utilities/Styles/LabelStyle.swift -primary-file /Users/admin/builder/spi-builder-workspace/Sources/ContributorUI/Utilities/Views/ErrorPrompt.swift -primary-file /Users/admin/builder/spi-builder-workspace/.derivedData/Build/Intermediates.noindex/ContributorUI.build/Debug-watchos/ContributorUI-t.build/DerivedSources/GeneratedAssetSymbols.swift -supplementary-output-file-map /Users/admin/builder/spi-builder-workspace/.derivedData/Build/Intermediates.noindex/ContributorUI.build/Debug-watchos/ContributorUI-t.build/Objects-normal/arm64/supplementaryOutputs-30 -target arm64-apple-watchos9.0 -module-can-import-version DeveloperToolsSupport 24.0.24 24.0.24 -module-can-import-version SwiftUI 8.0.84.1 8.0.84 -module-can-import-version UIKit 9127.0.84.1 9127.0.84 -module-can-import-version XCTest 25228 0 -disable-cross-import-overlay-search -load-resolved-plugin /Applications/Xcode-27.0.0-Release.Candidate.app/Contents/Developer/Platforms/WatchOS.platform/Developer/usr/lib/swift/host/plugins/libFoundationMacros.dylib\#/Applications/Xcode-27.0.0-Release.Candidate.app/Contents/Developer/Platforms/WatchOS.platform/Developer/usr/bin/swift-plugin-server\#FoundationMacros -load-resolved-plugin /Applications/Xcode-27.0.0-Release.Candidate.app/Contents/Developer/Platforms/WatchOS.platform/Developer/usr/lib/swift/host/plugins/libObservationMacros.dylib\#/Applications/Xcode-27.0.0-Release.Candidate.app/Contents/Developer/Platforms/WatchOS.platform/Developer/usr/bin/swift-plugin-server\#ObservationMacros -load-resolved-plugin /Applications/Xcode-27.0.0-Release.Candidate.app/Contents/Developer/Platforms/WatchOS.platform/Developer/usr/lib/swift/host/plugins/libPreviewsMacros.dylib\#/Applications/Xcode-27.0.0-Release.Candidate.app/Contents/Developer/Platforms/WatchOS.platform/Developer/usr/bin/swift-plugin-server\#PreviewsMacros -load-resolved-plugin /Applications/Xcode-27.0.0-Release.Candidate.app/Contents/Developer/Platforms/WatchOS.platform/Developer/usr/lib/swift/host/plugins/libSwiftMacros.dylib\#/Applications/Xcode-27.0.0-Release.Candidate.app/Contents/Developer/Platforms/WatchOS.platform/Developer/usr/bin/swift-plugin-server\#SwiftMacros -load-resolved-plugin /Applications/Xcode-27.0.0-Release.Candidate.app/Contents/Developer/Platforms/WatchOS.platform/Developer/usr/lib/swift/host/plugins/libSwiftUIMacros.dylib\#/Applications/Xcode-27.0.0-Release.Candidate.app/Contents/Developer/Platforms/WatchOS.platform/Developer/usr/bin/swift-plugin-server\#SwiftUIMacros -disable-implicit-swift-modules -Xcc -fno-implicit-modules -Xcc -fno-implicit-module-maps -explicit-swift-module-map-file /Users/admin/builder/spi-builder-workspace/.derivedData/Build/Intermediates.noindex/ContributorUI.build/Debug-watchos/ContributorUI-t.build/Objects-normal/arm64/ContributorUI-dependencies-1.json -Xllvm -aarch64-use-tbi -enable-objc-interop -stack-check -sdk /Applications/Xcode-27.0.0-Release.Candidate.app/Contents/Developer/Platforms/WatchOS.platform/Developer/SDKs/WatchOS27.0.sdk -I /Users/admin/builder/spi-builder-workspace/.derivedData/Build/Products/Debug-watchos -Isystem /Applications/Xcode-27.0.0-Release.Candidate.app/Contents/Developer/Platforms/WatchOS.platform/Developer/usr/lib -F /Users/admin/builder/spi-builder-workspace/.derivedData/Build/Products/Debug-watchos/PackageFrameworks -F /Users/admin/builder/spi-builder-workspace/.derivedData/Build/Products/Debug-watchos -F /Applications/Xcode-27.0.0-Release.Candidate.app/Contents/Developer/Platforms/WatchOS.platform/Developer/Library/Frameworks -F /Applications/Xcode-27.0.0-Release.Candidate.app/Contents/Developer/Platforms/WatchOS.platform/Developer/SDKs/WatchOS27.0.sdk/Developer/Library/Frameworks -module-cache-path /Users/admin/builder/spi-builder-workspace/.derivedData/Build/Intermediates.noindex/SwiftExplicitPrecompiledModules -no-color-diagnostics -Xcc -fno-color-diagnostics -enable-testing -g -debug-info-format\=dwarf -dwarf-version\=4 -profile-generate -profile-coverage-mapping -swift-version 5 -Onone -D SWIFT_PACKAGE -D DEBUG -D SWIFT_MODULE_RESOURCE_BUNDLE_AVAILABLE -D Xcode -serialize-debugging-options -enable-experimental-feature DebugDescriptionMacro -empty-abi-descriptor -validate-clang-modules-once -clang-build-session-file /Users/admin/builder/spi-builder-workspace/.derivedData/ModuleCache.noindex/Session.modulevalidation -Xcc -working-directory -Xcc /Users/admin/builder/spi-builder-workspace/.swiftpm/xcode -enable-anonymous-context-mangled-names -file-compilation-dir /Users/admin/builder/spi-builder-workspace/.swiftpm/xcode -Xcc -D_LIBCPP_HARDENING_MODE\=_LIBCPP_HARDENING_MODE_DEBUG -Xcc -ivfsstatcache -Xcc /Users/admin/builder/spi-builder-workspace/.derivedData/SDKStatCaches.noindex/watchos27.0-24R360-e829b21a6f8c9b70876ba0858053c04477534ef55a1706bf4c1112bbb242f0a2.sdkstatcache -Xcc -fmodules-prune-interval\=86400 -Xcc -fmodules-prune-after\=345600 -Xcc -I/Users/admin/builder/spi-builder-workspace/.derivedData/Build/Products/Debug-watchos/include -Xcc -I/Users/admin/builder/spi-builder-workspace/.derivedData/Build/Intermediates.noindex/ContributorUI.build/Debug-watchos/ContributorUI-t.build/DerivedSources-normal/arm64 -Xcc -I/Users/admin/builder/spi-builder-workspace/.derivedData/Build/Intermediates.noindex/ContributorUI.build/Debug-watchos/ContributorUI-t.build/DerivedSources/arm64 -Xcc -I/Users/admin/builder/spi-builder-workspace/.derivedData/Build/Intermediates.noindex/ContributorUI.build/Debug-watchos/ContributorUI-t.build/DerivedSources -Xcc -DSWIFT_PACKAGE -Xcc -DDEBUG\=1 -no-auto-bridging-header-chaining -module-name ContributorUI -const-gather-protocols-file /Users/admin/builder/spi-builder-workspace/.derivedData/Build/Intermediates.noindex/ContributorUI.build/Debug-watchos/ContributorUI-t.build/Objects-normal/arm64/ContributorUI_const_extract_protocols.json -disable-clang-spi -clang-target arm64-apple-watchos27.0 -target-sdk-version 27.0 -target-sdk-name watchos27.0 -in-process-plugin-server-path /Applications/Xcode-27.0.0-Release.Candidate.app/Contents/Developer/Toolchains/XcodeDefault.xctoolchain/usr/lib/swift/host/libSwiftInProcPluginServer.dylib -parse-as-library -o /Users/admin/builder/spi-builder-workspace/.derivedData/Build/Intermediates.noindex/ContributorUI.build/Debug-watchos/ContributorUI-t.build/Objects-normal/arm64/LabelStyle.o -o /Users/admin/builder/spi-builder-workspace/.derivedData/Build/Intermediates.noindex/ContributorUI.build/Debug-watchos/ContributorUI-t.build/Objects-normal/arm64/ErrorPrompt.o -o /Users/admin/builder/spi-builder-workspace/.derivedData/Build/Intermediates.noindex/ContributorUI.build/Debug-watchos/ContributorUI-t.build/Objects-normal/arm64/GeneratedAssetSymbols.o -debug-module-path /Users/admin/builder/spi-builder-workspace/.derivedData/Build/Intermediates.noindex/ContributorUI.build/Debug-watchos/ContributorUI-t.build/Objects-normal/arm64/ContributorUI.swiftmodule -index-unit-output-path /ContributorUI.build/Debug-watchos/ContributorUI-t.build/Objects-normal/arm64/LabelStyle.o -index-unit-output-path /ContributorUI.build/Debug-watchos/ContributorUI-t.build/Objects-normal/arm64/ErrorPrompt.o -index-unit-output-path /ContributorUI.build/Debug-watchos/ContributorUI-t.build/Objects-normal/arm64/GeneratedAssetSymbols.o -index-store-path /Users/admin/builder/spi-builder-workspace/.derivedData/Index.noindex/DataStore -index-system-modules
SwiftCompile normal arm64 /Users/admin/builder/spi-builder-workspace/Sources/ContributorUI/Utilities/Styles/LabelStyle.swift (in target 'ContributorUI' from project 'ContributorUI')
cd /Users/admin/builder/spi-builder-workspace/.swiftpm/xcode
builtin-SwiftPerFileCompile LabelStyle.swift
SwiftCompile normal arm64 /Users/admin/builder/spi-builder-workspace/Sources/ContributorUI/Utilities/Views/ErrorPrompt.swift (in target 'ContributorUI' from project 'ContributorUI')
cd /Users/admin/builder/spi-builder-workspace/.swiftpm/xcode
builtin-SwiftPerFileCompile ErrorPrompt.swift
SwiftCompile normal arm64 /Users/admin/builder/spi-builder-workspace/.derivedData/Build/Intermediates.noindex/ContributorUI.build/Debug-watchos/ContributorUI-t.build/DerivedSources/GeneratedAssetSymbols.swift (in target 'ContributorUI' from project 'ContributorUI')
cd /Users/admin/builder/spi-builder-workspace/.swiftpm/xcode
builtin-SwiftPerFileCompile GeneratedAssetSymbols.swift
SwiftDriverJobDiscovery normal arm64_32 Compiling Image.swift, ImageDrawing.swift, ImageFormat.swift, ImageProcessor.swift, ImageProgressive.swift, ImageTransition.swift (in target 'Kingfisher' from project 'Kingfisher')
SwiftDriver\ Compilation Kingfisher normal arm64_32 com.apple.xcode.tools.swift.compiler (in target 'Kingfisher' from project 'Kingfisher')
cd /Users/admin/builder/spi-builder-workspace/.swiftpm/xcode
builtin-Swift-Compilation -- /Applications/Xcode-27.0.0-Release.Candidate.app/Contents/Developer/Toolchains/XcodeDefault.xctoolchain/usr/bin/swiftc -parse-as-library -module-name Kingfisher -Onone @/Users/admin/builder/spi-builder-workspace/.derivedData/Build/Intermediates.noindex/Kingfisher.build/Debug-watchos/Kingfisher-t.build/Objects-normal/arm64_32/Kingfisher.SwiftFileList -DSWIFT_PACKAGE -DDEBUG -DSWIFT_MODULE_RESOURCE_BUNDLE_AVAILABLE -DXcode -plugin-path /Applications/Xcode-27.0.0-Release.Candidate.app/Contents/Developer/Toolchains/XcodeDefault.xctoolchain/usr/lib/swift/host/plugins/testing -enable-experimental-feature DebugDescriptionMacro -sdk /Applications/Xcode-27.0.0-Release.Candidate.app/Contents/Developer/Platforms/WatchOS.platform/Developer/SDKs/WatchOS27.0.sdk -target arm64_32-apple-watchos9.0 -g -module-cache-path /Users/admin/builder/spi-builder-workspace/.derivedData/ModuleCache.noindex -Xfrontend -serialize-debugging-options -profile-coverage-mapping -profile-generate -enable-testing -suppress-warnings -index-store-path /Users/admin/builder/spi-builder-workspace/.derivedData/Index.noindex/DataStore -Xcc -D_LIBCPP_HARDENING_MODE\=_LIBCPP_HARDENING_MODE_DEBUG -swift-version 5 -I /Users/admin/builder/spi-builder-workspace/.derivedData/Build/Products/Debug-watchos -Isystem /Applications/Xcode-27.0.0-Release.Candidate.app/Contents/Developer/Platforms/WatchOS.platform/Developer/usr/lib -F /Users/admin/builder/spi-builder-workspace/.derivedData/Build/Products/Debug-watchos -F /Applications/Xcode-27.0.0-Release.Candidate.app/Contents/Developer/Platforms/WatchOS.platform/Developer/Library/Frameworks -F /Applications/Xcode-27.0.0-Release.Candidate.app/Contents/Developer/Platforms/WatchOS.platform/Developer/SDKs/WatchOS27.0.sdk/Developer/Library/Frameworks -c -j10 -enable-batch-mode -incremental -Xcc -ivfsstatcache -Xcc /Users/admin/builder/spi-builder-workspace/.derivedData/SDKStatCaches.noindex/watchos27.0-24R360-e829b21a6f8c9b70876ba0858053c04477534ef55a1706bf4c1112bbb242f0a2.sdkstatcache -output-file-map /Users/admin/builder/spi-builder-workspace/.derivedData/Build/Intermediates.noindex/Kingfisher.build/Debug-watchos/Kingfisher-t.build/Objects-normal/arm64_32/Kingfisher-OutputFileMap.json -save-temps -no-color-diagnostics -explicit-module-build -module-cache-path /Users/admin/builder/spi-builder-workspace/.derivedData/Build/Intermediates.noindex/SwiftExplicitPrecompiledModules -clang-scanner-module-cache-path /Users/admin/builder/spi-builder-workspace/.derivedData/ModuleCache.noindex -sdk-module-cache-path /Users/admin/builder/spi-builder-workspace/.derivedData/SDKExplicitPrecompiledModules -emit-dependencies -emit-module -emit-module-path /Users/admin/builder/spi-builder-workspace/.derivedData/Build/Intermediates.noindex/Kingfisher.build/Debug-watchos/Kingfisher-t.build/Objects-normal/arm64_32/Kingfisher.swiftmodule -serialize-diagnostics -dependency-scan-serialize-diagnostics-path /Users/admin/builder/spi-builder-workspace/.derivedData/Build/Intermediates.noindex/Kingfisher.build/Debug-watchos/Kingfisher-t.build/Objects-normal/arm64_32/Kingfisher-dependency-scan.dia -validate-clang-modules-once -clang-build-session-file /Users/admin/builder/spi-builder-workspace/.derivedData/ModuleCache.noindex/Session.modulevalidation -Xcc -fmodules-prune-interval\=86400 -Xcc -fmodules-prune-after\=345600 -package-name kingfisher -emit-const-values -const-gather-protocols-list /Users/admin/builder/spi-builder-workspace/.derivedData/Build/Intermediates.noindex/Kingfisher.build/Debug-watchos/Kingfisher-t.build/Objects-normal/arm64_32/Kingfisher_const_extract_protocols.json -Xcc -I/Users/admin/builder/spi-builder-workspace/.derivedData/Build/Products/Debug-watchos/include -Xcc -I/Users/admin/builder/spi-builder-workspace/.derivedData/Build/Intermediates.noindex/Kingfisher.build/Debug-watchos/Kingfisher-t.build/DerivedSources-normal/arm64_32 -Xcc -I/Users/admin/builder/spi-builder-workspace/.derivedData/Build/Intermediates.noindex/Kingfisher.build/Debug-watchos/Kingfisher-t.build/DerivedSources/arm64_32 -Xcc -I/Users/admin/builder/spi-builder-workspace/.derivedData/Build/Intermediates.noindex/Kingfisher.build/Debug-watchos/Kingfisher-t.build/DerivedSources -Xcc -DSWIFT_PACKAGE -Xcc -DDEBUG\=1 -emit-objc-header -emit-objc-header-path /Users/admin/builder/spi-builder-workspace/.derivedData/Build/Intermediates.noindex/Kingfisher.build/Debug-watchos/Kingfisher-t.build/Objects-normal/arm64_32/Kingfisher-Swift.h -working-directory /Users/admin/builder/spi-builder-workspace/.swiftpm/xcode -experimental-emit-module-separately -disable-cmo
SwiftEmitModule normal arm64_32 Emitting\ module\ for\ ContributorUI (in target 'ContributorUI' from project 'ContributorUI')
SwiftCompile normal arm64_32 (in target 'ContributorUI' from project 'ContributorUI')
cd /Users/admin/builder/spi-builder-workspace/.swiftpm/xcode
Ld /Users/admin/builder/spi-builder-workspace/.derivedData/Build/Intermediates.noindex/Kingfisher.build/Debug-watchos/Kingfisher-t.build/Objects-normal/arm64_32/Binary/Kingfisher.o normal arm64_32 (in target 'Kingfisher' from project 'Kingfisher')
cd /Users/admin/builder/spi-builder-workspace/.dependencies/checkouts/Kingfisher
/Applications/Xcode-27.0.0-Release.Candidate.app/Contents/Developer/Toolchains/XcodeDefault.xctoolchain/usr/bin/clang -Xlinker -reproducible -target arm64_32-apple-watchos9.0 -r -isysroot /Applications/Xcode-27.0.0-Release.Candidate.app/Contents/Developer/Platforms/WatchOS.platform/Developer/SDKs/WatchOS27.0.sdk -O0 -w -Xlinker -no_warn_duplicate_libraries -F/Users/admin/builder/spi-builder-workspace/.derivedData/Build/Intermediates.noindex/EagerLinkingTBDs/Debug-watchos -F/Users/admin/builder/spi-builder-workspace/.derivedData/Build/Products/Debug-watchos -iframework /Applications/Xcode-27.0.0-Release.Candidate.app/Contents/Developer/Platforms/WatchOS.platform/Developer/Library/Frameworks -iframework /Applications/Xcode-27.0.0-Release.Candidate.app/Contents/Developer/Platforms/WatchOS.platform/Developer/SDKs/WatchOS27.0.sdk/Developer/Library/Frameworks -filelist /Users/admin/builder/spi-builder-workspace/.derivedData/Build/Intermediates.noindex/Kingfisher.build/Debug-watchos/Kingfisher-t.build/Objects-normal/arm64_32/Kingfisher.LinkFileList -nostdlib -Xlinker -object_path_lto -Xlinker /Users/admin/builder/spi-builder-workspace/.derivedData/Build/Intermediates.noindex/Kingfisher.build/Debug-watchos/Kingfisher-t.build/Objects-normal/arm64_32/Kingfisher_lto.o -Xlinker -no_deduplicate -Xlinker -debug_variant -Xlinker -dependency_info -Xlinker /Users/admin/builder/spi-builder-workspace/.derivedData/Build/Intermediates.noindex/Kingfisher.build/Debug-watchos/Kingfisher-t.build/Objects-normal/arm64_32/Kingfisher_dependency_info.dat -fobjc-link-runtime -L/Applications/Xcode-27.0.0-Release.Candidate.app/Contents/Developer/Toolchains/XcodeDefault.xctoolchain/usr/lib/swift/watchos -L/usr/lib/swift -Xlinker -add_ast_path -Xlinker /Users/admin/builder/spi-builder-workspace/.derivedData/Build/Intermediates.noindex/Kingfisher.build/Debug-watchos/Kingfisher-t.build/Objects-normal/arm64_32/Kingfisher.swiftmodule -o /Users/admin/builder/spi-builder-workspace/.derivedData/Build/Intermediates.noindex/Kingfisher.build/Debug-watchos/Kingfisher-t.build/Objects-normal/arm64_32/Binary/Kingfisher.o
SwiftDriverJobDiscovery normal arm64 Compiling AvatarStyle.swift, BorderStyle.swift, ContributorListStyle.swift (in target 'ContributorUI' from project 'ContributorUI')
SwiftCompile normal arm64_32 Compiling\ GitHub.swift,\ GitHubAPI.swift,\ NSContributorCard.swift,\ NSContributorListController.swift /Users/admin/builder/spi-builder-workspace/Sources/ContributorUI/API/GitHub/GitHub.swift /Users/admin/builder/spi-builder-workspace/Sources/ContributorUI/API/GitHub/GitHubAPI.swift /Users/admin/builder/spi-builder-workspace/Sources/ContributorUI/AppKit/NSContributorCard.swift /Users/admin/builder/spi-builder-workspace/Sources/ContributorUI/AppKit/NSContributorListController.swift (in target 'ContributorUI' from project 'ContributorUI')
SwiftCompile normal arm64_32 /Users/admin/builder/spi-builder-workspace/Sources/ContributorUI/API/GitHub/GitHub.swift (in target 'ContributorUI' from project 'ContributorUI')
cd /Users/admin/builder/spi-builder-workspace/.swiftpm/xcode
builtin-SwiftPerFileCompile GitHub.swift
SwiftCompile normal arm64_32 /Users/admin/builder/spi-builder-workspace/Sources/ContributorUI/API/GitHub/GitHubAPI.swift (in target 'ContributorUI' from project 'ContributorUI')
cd /Users/admin/builder/spi-builder-workspace/.swiftpm/xcode
builtin-SwiftPerFileCompile GitHubAPI.swift
SwiftCompile normal arm64_32 /Users/admin/builder/spi-builder-workspace/Sources/ContributorUI/AppKit/NSContributorCard.swift (in target 'ContributorUI' from project 'ContributorUI')
cd /Users/admin/builder/spi-builder-workspace/.swiftpm/xcode
builtin-SwiftPerFileCompile NSContributorCard.swift
SwiftCompile normal arm64_32 /Users/admin/builder/spi-builder-workspace/Sources/ContributorUI/AppKit/NSContributorListController.swift (in target 'ContributorUI' from project 'ContributorUI')
cd /Users/admin/builder/spi-builder-workspace/.swiftpm/xcode
builtin-SwiftPerFileCompile NSContributorListController.swift
SwiftDriverJobDiscovery normal arm64 Compiling GitHub.swift, GitHubAPI.swift, NSContributorCard.swift, NSContributorListController.swift (in target 'ContributorUI' from project 'ContributorUI')
SwiftCompile normal arm64_32 Compiling\ ContributorList.swift,\ ContributorListViewModel.swift,\ GridListContainer.swift,\ ListContainer.swift /Users/admin/builder/spi-builder-workspace/Sources/ContributorUI/Components/ContributorList/ContributorList.swift /Users/admin/builder/spi-builder-workspace/Sources/ContributorUI/Components/ContributorList/ContributorListViewModel.swift /Users/admin/builder/spi-builder-workspace/Sources/ContributorUI/Components/ContributorList/ListContainer/GridListContainer.swift /Users/admin/builder/spi-builder-workspace/Sources/ContributorUI/Components/ContributorList/ListContainer/ListContainer.swift (in target 'ContributorUI' from project 'ContributorUI')
SwiftCompile normal arm64_32 /Users/admin/builder/spi-builder-workspace/Sources/ContributorUI/Components/ContributorList/ContributorList.swift (in target 'ContributorUI' from project 'ContributorUI')
cd /Users/admin/builder/spi-builder-workspace/.swiftpm/xcode
builtin-SwiftPerFileCompile ContributorList.swift
SwiftCompile normal arm64_32 /Users/admin/builder/spi-builder-workspace/Sources/ContributorUI/Components/ContributorList/ContributorListViewModel.swift (in target 'ContributorUI' from project 'ContributorUI')
cd /Users/admin/builder/spi-builder-workspace/.swiftpm/xcode
builtin-SwiftPerFileCompile ContributorListViewModel.swift
SwiftCompile normal arm64_32 /Users/admin/builder/spi-builder-workspace/Sources/ContributorUI/Components/ContributorList/ListContainer/GridListContainer.swift (in target 'ContributorUI' from project 'ContributorUI')
cd /Users/admin/builder/spi-builder-workspace/.swiftpm/xcode
builtin-SwiftPerFileCompile GridListContainer.swift
SwiftCompile normal arm64_32 /Users/admin/builder/spi-builder-workspace/Sources/ContributorUI/Components/ContributorList/ListContainer/ListContainer.swift (in target 'ContributorUI' from project 'ContributorUI')
cd /Users/admin/builder/spi-builder-workspace/.swiftpm/xcode
builtin-SwiftPerFileCompile ListContainer.swift
PruneExplicitPrecompiledModules /Users/admin/builder/spi-builder-workspace/.derivedData/Build/Intermediates.noindex/SwiftExplicitPrecompiledModules
PruneExplicitPrecompiledModules /Users/admin/builder/spi-builder-workspace/.derivedData/SDKExplicitPrecompiledModules
PruneExplicitPrecompiledModules /Users/admin/builder/spi-builder-workspace/.derivedData/Build/Intermediates.noindex/ExplicitPrecompiledModules
2026-09-18 22:58:57.166 xcodebuild[751:4676] [MT] IDERunDestination: Supported platforms for the buildables in the current scheme is empty.
** BUILD FAILED **
The following build commands failed:
SwiftCompile normal arm64 Compiling\ LabelStyle.swift,\ ErrorPrompt.swift,\ GeneratedAssetSymbols.swift /Users/admin/builder/spi-builder-workspace/Sources/ContributorUI/Utilities/Styles/LabelStyle.swift /Users/admin/builder/spi-builder-workspace/Sources/ContributorUI/Utilities/Views/ErrorPrompt.swift /Users/admin/builder/spi-builder-workspace/.derivedData/Build/Intermediates.noindex/ContributorUI.build/Debug-watchos/ContributorUI-t.build/DerivedSources/GeneratedAssetSymbols.swift (in target 'ContributorUI' from project 'ContributorUI')
SwiftCompile normal arm64 /Users/admin/builder/spi-builder-workspace/Sources/ContributorUI/Utilities/Styles/LabelStyle.swift (in target 'ContributorUI' from project 'ContributorUI')
Building workspace ContributorUI with scheme ContributorUI
(3 failures)
Command line invocation:
/Applications/Xcode-27.0.0-Release.Candidate.app/Contents/Developer/usr/bin/xcodebuild -IDEClonedSourcePackagesDirPathOverride=/Users/admin/builder/spi-builder-workspace/.dependencies -resolvePackageDependencies
Resolve Package Graph
Resolved source packages:
Kingfisher: https://github.com/onevcat/Kingfisher.git @ 7.12.0
ContributorUI: /Users/admin/builder/spi-builder-workspace
ViewInspector: https://github.com/nalexn/ViewInspector.git @ 0.10.3
resolved source packages: Kingfisher, ContributorUI, ViewInspector
2026-09-18 22:59:10.997 xcodebuild[956:5744] [MT] IDERunDestination: Supported platforms for the buildables in the current scheme is empty.
{
"dependencies" : [
{
"identity" : "viewinspector",
"requirement" : {
"range" : [
{
"lower_bound" : "0.9.5",
"upper_bound" : "1.0.0"
}
]
},
"type" : "sourceControl",
"url" : "https://github.com/nalexn/ViewInspector.git"
},
{
"identity" : "kingfisher",
"requirement" : {
"range" : [
{
"lower_bound" : "7.6.2",
"upper_bound" : "8.0.0"
}
]
},
"type" : "sourceControl",
"url" : "https://github.com/onevcat/Kingfisher.git"
}
],
"manifest_display_name" : "ContributorUI",
"name" : "ContributorUI",
"path" : "/Users/admin/builder/spi-builder-workspace",
"platforms" : [
{
"name" : "ios",
"version" : "16.0"
},
{
"name" : "macos",
"version" : "13.0"
}
],
"products" : [
{
"name" : "ContributorUI",
"targets" : [
"ContributorUI"
],
"type" : {
"library" : [
"automatic"
]
}
}
],
"swift_languages_versions" : [
"5"
],
"targets" : [
{
"c99name" : "ContributorUITests",
"module_type" : "SwiftTarget",
"name" : "ContributorUITests",
"path" : "Tests/ContributorUITests",
"product_dependencies" : [
"ViewInspector",
"Kingfisher"
],
"resources" : [
{
"path" : "/Users/admin/builder/spi-builder-workspace/Tests/ContributorUITests/Resources/contributors-swift-1.json",
"rule" : {
"process" : {
}
}
},
{
"path" : "/Users/admin/builder/spi-builder-workspace/Tests/ContributorUITests/Resources/contributors-swift-2.json",
"rule" : {
"process" : {
}
}
},
{
"path" : "/Users/admin/builder/spi-builder-workspace/Tests/ContributorUITests/Resources/contributors.json",
"rule" : {
"process" : {
}
}
}
],
"sources" : [
"Helpers/Extensions/Inspection+InspectionEmissary.swift",
"Helpers/Extensions/NSError+APIError.swift",
"Helpers/Extensions/Style+Equatable.swift",
"Helpers/Mocks/MockAPI.swift",
"Helpers/Mocks/MockURLProtocol.swift",
"Helpers/ViewModels/TestContributroListViewModel.swift",
"Helpers/Views/CardViewWrapper.swift",
"TestCases/AppKit/AppKitSupportTests.swift",
"TestCases/ContributorCard/ContributorCardTests.swift",
"TestCases/ContributorCard/ContributorCardViewModelTests.swift",
"TestCases/ContributorList/ContributorListTests.swift",
"TestCases/ContributorList/ContributorListViewModelTests.swift",
"TestCases/ContributorUI/ContributorUITests.swift",
"TestCases/Networking/APITests.swift",
"TestCases/Networking/NetworkingTests.swift",
"TestCases/UIKit/UIKitSupportTests.swift"
],
"target_dependencies" : [
"ContributorUI"
],
"type" : "test"
},
{
"c99name" : "ContributorUI",
"module_type" : "SwiftTarget",
"name" : "ContributorUI",
"path" : "Sources/ContributorUI",
"product_dependencies" : [
"Kingfisher"
],
"product_memberships" : [
"ContributorUI"
],
"resources" : [
{
"path" : "/Users/admin/builder/spi-builder-workspace/Sources/ContributorUI/Resources/Icon.xcassets",
"rule" : {
"process" : {
}
}
}
],
"sources" : [
"API/Abstract/API.swift",
"API/Abstract/Endpoint.swift",
"API/Error/APIError.swift",
"API/GitHub/GitHub.swift",
"API/GitHub/GitHubAPI.swift",
"AppKit/NSContributorCard.swift",
"AppKit/NSContributorListController.swift",
"Components/ContributorCard/ContributorCard+Configuration.swift",
"Components/ContributorCard/ContributorCard.swift",
"Components/ContributorCard/ContributorCardViewModel.swift",
"Components/ContributorList/ContributorList+Configuration.swift",
"Components/ContributorList/ContributorList.swift",
"Components/ContributorList/ContributorListViewModel.swift",
"Components/ContributorList/ListContainer/GridListContainer.swift",
"Components/ContributorList/ListContainer/ListContainer.swift",
"Components/ContributorList/ListContainer/TableListContainer.swift",
"ContributorUI.swift",
"Models/Contributor.swift",
"Services/Networking/Networking.swift",
"UIKit/UIContributorCard.swift",
"UIKit/UIContributorListController.swift",
"Utilities/Inspection/Inspection.swift",
"Utilities/Modifiers/BorderStyleModifier.swift",
"Utilities/Modifiers/HoverModifier.swift",
"Utilities/Modifiers/ShimmerModifier.swift",
"Utilities/Modifiers/SizeModifer.swift",
"Utilities/PreferenceKeys/SizePreferenceKey.swift",
"Utilities/Shapes/BubbleBox.swift",
"Utilities/Styles/AvatarStyle.swift",
"Utilities/Styles/BorderStyle.swift",
"Utilities/Styles/ContributorListStyle.swift",
"Utilities/Styles/LabelStyle.swift",
"Utilities/Views/ErrorPrompt.swift"
],
"type" : "library"
}
],
"tools_version" : "5.7"
}
{
"workspace" : {
"name" : "ContributorUI",
"schemes" : [
"ContributorUI"
]
}
}
2026-09-18 22:59:12.398 xcodebuild[964:5810] [MT] IDERunDestination: Supported platforms for the buildables in the current scheme is empty.
Running build ...
env DEVELOPER_DIR=/Applications/Xcode-27.0.0-Release.Candidate.app xcrun xcodebuild -IDEClonedSourcePackagesDirPathOverride=$PWD/.dependencies -skipMacroValidation -skipPackagePluginValidation -derivedDataPath $PWD/.derivedData build -scheme ContributorUI -destination generic/platform=watchOS
Command line invocation:
/Applications/Xcode-27.0.0-Release.Candidate.app/Contents/Developer/usr/bin/xcodebuild -IDEClonedSourcePackagesDirPathOverride=/Users/admin/builder/spi-builder-workspace/.dependencies -skipMacroValidation -skipPackagePluginValidation -derivedDataPath /Users/admin/builder/spi-builder-workspace/.derivedData build -scheme ContributorUI -destination generic/platform=watchOS
Resolve Package Graph
Resolved source packages:
ViewInspector: https://github.com/nalexn/ViewInspector.git @ 0.10.3
Kingfisher: https://github.com/onevcat/Kingfisher.git @ 7.12.0
ContributorUI: /Users/admin/builder/spi-builder-workspace
ComputePackagePrebuildTargetDependencyGraph
Prepare packages
CreateBuildRequest
SendProjectDescription
CreateBuildOperation
ComputeTargetDependencyGraph
note: Building targets in dependency order
note: Target dependency graph (6 targets)
Target 'ContributorUI-product' in project 'ContributorUI'
➜ Explicit dependency on target 'ContributorUI' in project 'ContributorUI'
➜ Explicit dependency on target 'ContributorUI_ContributorUI' in project 'ContributorUI'
➜ Explicit dependency on target 'Kingfisher-product' in project 'Kingfisher'
Target 'ContributorUI' in project 'ContributorUI'
➜ Explicit dependency on target 'ContributorUI_ContributorUI' in project 'ContributorUI'
➜ Explicit dependency on target 'Kingfisher-product' in project 'Kingfisher'
Target 'Kingfisher-product' in project 'Kingfisher'
➜ Explicit dependency on target 'Kingfisher' in project 'Kingfisher'
➜ Explicit dependency on target 'Kingfisher_Kingfisher' in project 'Kingfisher'
Target 'Kingfisher' in project 'Kingfisher'
➜ Explicit dependency on target 'Kingfisher_Kingfisher' in project 'Kingfisher'
Target 'Kingfisher_Kingfisher' in project 'Kingfisher' (no dependencies)
Target 'ContributorUI_ContributorUI' in project 'ContributorUI' (no dependencies)
GatherProvisioningInputs
CreateBuildDescription
ClangStatCache /Applications/Xcode-27.0.0-Release.Candidate.app/Contents/Developer/Toolchains/XcodeDefault.xctoolchain/usr/bin/clang-stat-cache /Applications/Xcode-27.0.0-Release.Candidate.app/Contents/Developer/Platforms/WatchOS.platform/Developer/SDKs/WatchOS27.0.sdk /Users/admin/builder/spi-builder-workspace/.derivedData/SDKStatCaches.noindex/watchos27.0-24R360-e829b21a6f8c9b70876ba0858053c04477534ef55a1706bf4c1112bbb242f0a2.sdkstatcache
cd /Users/admin/builder/spi-builder-workspace/.swiftpm/xcode
/Applications/Xcode-27.0.0-Release.Candidate.app/Contents/Developer/Toolchains/XcodeDefault.xctoolchain/usr/bin/clang-stat-cache /Applications/Xcode-27.0.0-Release.Candidate.app/Contents/Developer/Platforms/WatchOS.platform/Developer/SDKs/WatchOS27.0.sdk -o /Users/admin/builder/spi-builder-workspace/.derivedData/SDKStatCaches.noindex/watchos27.0-24R360-e829b21a6f8c9b70876ba0858053c04477534ef55a1706bf4c1112bbb242f0a2.sdkstatcache
SwiftDriver ContributorUI normal arm64 com.apple.xcode.tools.swift.compiler (in target 'ContributorUI' from project 'ContributorUI')
cd /Users/admin/builder/spi-builder-workspace/.swiftpm/xcode
builtin-SwiftDriver -- /Applications/Xcode-27.0.0-Release.Candidate.app/Contents/Developer/Toolchains/XcodeDefault.xctoolchain/usr/bin/swiftc -parse-as-library -module-name ContributorUI -Onone @/Users/admin/builder/spi-builder-workspace/.derivedData/Build/Intermediates.noindex/ContributorUI.build/Debug-watchos/ContributorUI-t.build/Objects-normal/arm64/ContributorUI.SwiftFileList -DSWIFT_PACKAGE -DDEBUG -DSWIFT_MODULE_RESOURCE_BUNDLE_AVAILABLE -DXcode -plugin-path /Applications/Xcode-27.0.0-Release.Candidate.app/Contents/Developer/Toolchains/XcodeDefault.xctoolchain/usr/lib/swift/host/plugins/testing -enable-experimental-feature DebugDescriptionMacro -sdk /Applications/Xcode-27.0.0-Release.Candidate.app/Contents/Developer/Platforms/WatchOS.platform/Developer/SDKs/WatchOS27.0.sdk -target arm64-apple-watchos9.0 -g -module-cache-path /Users/admin/builder/spi-builder-workspace/.derivedData/ModuleCache.noindex -Xfrontend -serialize-debugging-options -profile-coverage-mapping -profile-generate -enable-testing -index-store-path /Users/admin/builder/spi-builder-workspace/.derivedData/Index.noindex/DataStore -Xcc -D_LIBCPP_HARDENING_MODE\=_LIBCPP_HARDENING_MODE_DEBUG -swift-version 5 -I /Users/admin/builder/spi-builder-workspace/.derivedData/Build/Products/Debug-watchos -Isystem /Applications/Xcode-27.0.0-Release.Candidate.app/Contents/Developer/Platforms/WatchOS.platform/Developer/usr/lib -F /Users/admin/builder/spi-builder-workspace/.derivedData/Build/Products/Debug-watchos/PackageFrameworks -F /Users/admin/builder/spi-builder-workspace/.derivedData/Build/Products/Debug-watchos -F /Applications/Xcode-27.0.0-Release.Candidate.app/Contents/Developer/Platforms/WatchOS.platform/Developer/Library/Frameworks -F /Applications/Xcode-27.0.0-Release.Candidate.app/Contents/Developer/Platforms/WatchOS.platform/Developer/SDKs/WatchOS27.0.sdk/Developer/Library/Frameworks -c -j10 -enable-batch-mode -incremental -Xcc -ivfsstatcache -Xcc /Users/admin/builder/spi-builder-workspace/.derivedData/SDKStatCaches.noindex/watchos27.0-24R360-e829b21a6f8c9b70876ba0858053c04477534ef55a1706bf4c1112bbb242f0a2.sdkstatcache -output-file-map /Users/admin/builder/spi-builder-workspace/.derivedData/Build/Intermediates.noindex/ContributorUI.build/Debug-watchos/ContributorUI-t.build/Objects-normal/arm64/ContributorUI-OutputFileMap.json -save-temps -no-color-diagnostics -explicit-module-build -module-cache-path /Users/admin/builder/spi-builder-workspace/.derivedData/Build/Intermediates.noindex/SwiftExplicitPrecompiledModules -clang-scanner-module-cache-path /Users/admin/builder/spi-builder-workspace/.derivedData/ModuleCache.noindex -sdk-module-cache-path /Users/admin/builder/spi-builder-workspace/.derivedData/SDKExplicitPrecompiledModules -emit-dependencies -emit-module -emit-module-path /Users/admin/builder/spi-builder-workspace/.derivedData/Build/Intermediates.noindex/ContributorUI.build/Debug-watchos/ContributorUI-t.build/Objects-normal/arm64/ContributorUI.swiftmodule -serialize-diagnostics -dependency-scan-serialize-diagnostics-path /Users/admin/builder/spi-builder-workspace/.derivedData/Build/Intermediates.noindex/ContributorUI.build/Debug-watchos/ContributorUI-t.build/Objects-normal/arm64/ContributorUI-dependency-scan.dia -validate-clang-modules-once -clang-build-session-file /Users/admin/builder/spi-builder-workspace/.derivedData/ModuleCache.noindex/Session.modulevalidation -Xcc -fmodules-prune-interval\=86400 -Xcc -fmodules-prune-after\=345600 -emit-const-values -const-gather-protocols-list /Users/admin/builder/spi-builder-workspace/.derivedData/Build/Intermediates.noindex/ContributorUI.build/Debug-watchos/ContributorUI-t.build/Objects-normal/arm64/ContributorUI_const_extract_protocols.json -Xcc -I/Users/admin/builder/spi-builder-workspace/.derivedData/Build/Products/Debug-watchos/include -Xcc -I/Users/admin/builder/spi-builder-workspace/.derivedData/Build/Intermediates.noindex/ContributorUI.build/Debug-watchos/ContributorUI-t.build/DerivedSources-normal/arm64 -Xcc -I/Users/admin/builder/spi-builder-workspace/.derivedData/Build/Intermediates.noindex/ContributorUI.build/Debug-watchos/ContributorUI-t.build/DerivedSources/arm64 -Xcc -I/Users/admin/builder/spi-builder-workspace/.derivedData/Build/Intermediates.noindex/ContributorUI.build/Debug-watchos/ContributorUI-t.build/DerivedSources -Xcc -DSWIFT_PACKAGE -Xcc -DDEBUG\=1 -emit-objc-header -emit-objc-header-path /Users/admin/builder/spi-builder-workspace/.derivedData/Build/Intermediates.noindex/ContributorUI.build/Debug-watchos/ContributorUI-t.build/Objects-normal/arm64/ContributorUI-Swift.h -working-directory /Users/admin/builder/spi-builder-workspace/.swiftpm/xcode -experimental-emit-module-separately -disable-cmo
SwiftDriver ContributorUI normal arm64_32 com.apple.xcode.tools.swift.compiler (in target 'ContributorUI' from project 'ContributorUI')
cd /Users/admin/builder/spi-builder-workspace/.swiftpm/xcode
builtin-SwiftDriver -- /Applications/Xcode-27.0.0-Release.Candidate.app/Contents/Developer/Toolchains/XcodeDefault.xctoolchain/usr/bin/swiftc -parse-as-library -module-name ContributorUI -Onone @/Users/admin/builder/spi-builder-workspace/.derivedData/Build/Intermediates.noindex/ContributorUI.build/Debug-watchos/ContributorUI-t.build/Objects-normal/arm64_32/ContributorUI.SwiftFileList -DSWIFT_PACKAGE -DDEBUG -DSWIFT_MODULE_RESOURCE_BUNDLE_AVAILABLE -DXcode -plugin-path /Applications/Xcode-27.0.0-Release.Candidate.app/Contents/Developer/Toolchains/XcodeDefault.xctoolchain/usr/lib/swift/host/plugins/testing -enable-experimental-feature DebugDescriptionMacro -sdk /Applications/Xcode-27.0.0-Release.Candidate.app/Contents/Developer/Platforms/WatchOS.platform/Developer/SDKs/WatchOS27.0.sdk -target arm64_32-apple-watchos9.0 -g -module-cache-path /Users/admin/builder/spi-builder-workspace/.derivedData/ModuleCache.noindex -Xfrontend -serialize-debugging-options -profile-coverage-mapping -profile-generate -enable-testing -index-store-path /Users/admin/builder/spi-builder-workspace/.derivedData/Index.noindex/DataStore -Xcc -D_LIBCPP_HARDENING_MODE\=_LIBCPP_HARDENING_MODE_DEBUG -swift-version 5 -I /Users/admin/builder/spi-builder-workspace/.derivedData/Build/Products/Debug-watchos -Isystem /Applications/Xcode-27.0.0-Release.Candidate.app/Contents/Developer/Platforms/WatchOS.platform/Developer/usr/lib -F /Users/admin/builder/spi-builder-workspace/.derivedData/Build/Products/Debug-watchos/PackageFrameworks -F /Users/admin/builder/spi-builder-workspace/.derivedData/Build/Products/Debug-watchos -F /Applications/Xcode-27.0.0-Release.Candidate.app/Contents/Developer/Platforms/WatchOS.platform/Developer/Library/Frameworks -F /Applications/Xcode-27.0.0-Release.Candidate.app/Contents/Developer/Platforms/WatchOS.platform/Developer/SDKs/WatchOS27.0.sdk/Developer/Library/Frameworks -c -j10 -enable-batch-mode -incremental -Xcc -ivfsstatcache -Xcc /Users/admin/builder/spi-builder-workspace/.derivedData/SDKStatCaches.noindex/watchos27.0-24R360-e829b21a6f8c9b70876ba0858053c04477534ef55a1706bf4c1112bbb242f0a2.sdkstatcache -output-file-map /Users/admin/builder/spi-builder-workspace/.derivedData/Build/Intermediates.noindex/ContributorUI.build/Debug-watchos/ContributorUI-t.build/Objects-normal/arm64_32/ContributorUI-OutputFileMap.json -save-temps -no-color-diagnostics -explicit-module-build -module-cache-path /Users/admin/builder/spi-builder-workspace/.derivedData/Build/Intermediates.noindex/SwiftExplicitPrecompiledModules -clang-scanner-module-cache-path /Users/admin/builder/spi-builder-workspace/.derivedData/ModuleCache.noindex -sdk-module-cache-path /Users/admin/builder/spi-builder-workspace/.derivedData/SDKExplicitPrecompiledModules -emit-dependencies -emit-module -emit-module-path /Users/admin/builder/spi-builder-workspace/.derivedData/Build/Intermediates.noindex/ContributorUI.build/Debug-watchos/ContributorUI-t.build/Objects-normal/arm64_32/ContributorUI.swiftmodule -serialize-diagnostics -dependency-scan-serialize-diagnostics-path /Users/admin/builder/spi-builder-workspace/.derivedData/Build/Intermediates.noindex/ContributorUI.build/Debug-watchos/ContributorUI-t.build/Objects-normal/arm64_32/ContributorUI-dependency-scan.dia -validate-clang-modules-once -clang-build-session-file /Users/admin/builder/spi-builder-workspace/.derivedData/ModuleCache.noindex/Session.modulevalidation -Xcc -fmodules-prune-interval\=86400 -Xcc -fmodules-prune-after\=345600 -emit-const-values -const-gather-protocols-list /Users/admin/builder/spi-builder-workspace/.derivedData/Build/Intermediates.noindex/ContributorUI.build/Debug-watchos/ContributorUI-t.build/Objects-normal/arm64_32/ContributorUI_const_extract_protocols.json -Xcc -I/Users/admin/builder/spi-builder-workspace/.derivedData/Build/Products/Debug-watchos/include -Xcc -I/Users/admin/builder/spi-builder-workspace/.derivedData/Build/Intermediates.noindex/ContributorUI.build/Debug-watchos/ContributorUI-t.build/DerivedSources-normal/arm64_32 -Xcc -I/Users/admin/builder/spi-builder-workspace/.derivedData/Build/Intermediates.noindex/ContributorUI.build/Debug-watchos/ContributorUI-t.build/DerivedSources/arm64_32 -Xcc -I/Users/admin/builder/spi-builder-workspace/.derivedData/Build/Intermediates.noindex/ContributorUI.build/Debug-watchos/ContributorUI-t.build/DerivedSources -Xcc -DSWIFT_PACKAGE -Xcc -DDEBUG\=1 -emit-objc-header -emit-objc-header-path /Users/admin/builder/spi-builder-workspace/.derivedData/Build/Intermediates.noindex/ContributorUI.build/Debug-watchos/ContributorUI-t.build/Objects-normal/arm64_32/ContributorUI-Swift.h -working-directory /Users/admin/builder/spi-builder-workspace/.swiftpm/xcode -experimental-emit-module-separately -disable-cmo
SwiftDriver Kingfisher normal arm64 com.apple.xcode.tools.swift.compiler (in target 'Kingfisher' from project 'Kingfisher')
cd /Users/admin/builder/spi-builder-workspace/.swiftpm/xcode
builtin-SwiftDriver -- /Applications/Xcode-27.0.0-Release.Candidate.app/Contents/Developer/Toolchains/XcodeDefault.xctoolchain/usr/bin/swiftc -parse-as-library -module-name Kingfisher -Onone @/Users/admin/builder/spi-builder-workspace/.derivedData/Build/Intermediates.noindex/Kingfisher.build/Debug-watchos/Kingfisher-t.build/Objects-normal/arm64/Kingfisher.SwiftFileList -DSWIFT_PACKAGE -DDEBUG -DSWIFT_MODULE_RESOURCE_BUNDLE_AVAILABLE -DXcode -plugin-path /Applications/Xcode-27.0.0-Release.Candidate.app/Contents/Developer/Toolchains/XcodeDefault.xctoolchain/usr/lib/swift/host/plugins/testing -enable-experimental-feature DebugDescriptionMacro -sdk /Applications/Xcode-27.0.0-Release.Candidate.app/Contents/Developer/Platforms/WatchOS.platform/Developer/SDKs/WatchOS27.0.sdk -target arm64-apple-watchos9.0 -g -module-cache-path /Users/admin/builder/spi-builder-workspace/.derivedData/ModuleCache.noindex -Xfrontend -serialize-debugging-options -profile-coverage-mapping -profile-generate -enable-testing -suppress-warnings -index-store-path /Users/admin/builder/spi-builder-workspace/.derivedData/Index.noindex/DataStore -Xcc -D_LIBCPP_HARDENING_MODE\=_LIBCPP_HARDENING_MODE_DEBUG -swift-version 5 -I /Users/admin/builder/spi-builder-workspace/.derivedData/Build/Products/Debug-watchos -Isystem /Applications/Xcode-27.0.0-Release.Candidate.app/Contents/Developer/Platforms/WatchOS.platform/Developer/usr/lib -F /Users/admin/builder/spi-builder-workspace/.derivedData/Build/Products/Debug-watchos -F /Applications/Xcode-27.0.0-Release.Candidate.app/Contents/Developer/Platforms/WatchOS.platform/Developer/Library/Frameworks -F /Applications/Xcode-27.0.0-Release.Candidate.app/Contents/Developer/Platforms/WatchOS.platform/Developer/SDKs/WatchOS27.0.sdk/Developer/Library/Frameworks -c -j10 -enable-batch-mode -incremental -Xcc -ivfsstatcache -Xcc /Users/admin/builder/spi-builder-workspace/.derivedData/SDKStatCaches.noindex/watchos27.0-24R360-e829b21a6f8c9b70876ba0858053c04477534ef55a1706bf4c1112bbb242f0a2.sdkstatcache -output-file-map /Users/admin/builder/spi-builder-workspace/.derivedData/Build/Intermediates.noindex/Kingfisher.build/Debug-watchos/Kingfisher-t.build/Objects-normal/arm64/Kingfisher-OutputFileMap.json -save-temps -no-color-diagnostics -explicit-module-build -module-cache-path /Users/admin/builder/spi-builder-workspace/.derivedData/Build/Intermediates.noindex/SwiftExplicitPrecompiledModules -clang-scanner-module-cache-path /Users/admin/builder/spi-builder-workspace/.derivedData/ModuleCache.noindex -sdk-module-cache-path /Users/admin/builder/spi-builder-workspace/.derivedData/SDKExplicitPrecompiledModules -emit-dependencies -emit-module -emit-module-path /Users/admin/builder/spi-builder-workspace/.derivedData/Build/Intermediates.noindex/Kingfisher.build/Debug-watchos/Kingfisher-t.build/Objects-normal/arm64/Kingfisher.swiftmodule -serialize-diagnostics -dependency-scan-serialize-diagnostics-path /Users/admin/builder/spi-builder-workspace/.derivedData/Build/Intermediates.noindex/Kingfisher.build/Debug-watchos/Kingfisher-t.build/Objects-normal/arm64/Kingfisher-dependency-scan.dia -validate-clang-modules-once -clang-build-session-file /Users/admin/builder/spi-builder-workspace/.derivedData/ModuleCache.noindex/Session.modulevalidation -Xcc -fmodules-prune-interval\=86400 -Xcc -fmodules-prune-after\=345600 -package-name kingfisher -emit-const-values -const-gather-protocols-list /Users/admin/builder/spi-builder-workspace/.derivedData/Build/Intermediates.noindex/Kingfisher.build/Debug-watchos/Kingfisher-t.build/Objects-normal/arm64/Kingfisher_const_extract_protocols.json -Xcc -I/Users/admin/builder/spi-builder-workspace/.derivedData/Build/Products/Debug-watchos/include -Xcc -I/Users/admin/builder/spi-builder-workspace/.derivedData/Build/Intermediates.noindex/Kingfisher.build/Debug-watchos/Kingfisher-t.build/DerivedSources-normal/arm64 -Xcc -I/Users/admin/builder/spi-builder-workspace/.derivedData/Build/Intermediates.noindex/Kingfisher.build/Debug-watchos/Kingfisher-t.build/DerivedSources/arm64 -Xcc -I/Users/admin/builder/spi-builder-workspace/.derivedData/Build/Intermediates.noindex/Kingfisher.build/Debug-watchos/Kingfisher-t.build/DerivedSources -Xcc -DSWIFT_PACKAGE -Xcc -DDEBUG\=1 -emit-objc-header -emit-objc-header-path /Users/admin/builder/spi-builder-workspace/.derivedData/Build/Intermediates.noindex/Kingfisher.build/Debug-watchos/Kingfisher-t.build/Objects-normal/arm64/Kingfisher-Swift.h -working-directory /Users/admin/builder/spi-builder-workspace/.swiftpm/xcode -experimental-emit-module-separately -disable-cmo
Ld /Users/admin/builder/spi-builder-workspace/.derivedData/Build/Intermediates.noindex/Kingfisher.build/Debug-watchos/Kingfisher-t.build/Objects-normal/arm64_32/Binary/Kingfisher.o normal arm64_32 (in target 'Kingfisher' from project 'Kingfisher')
cd /Users/admin/builder/spi-builder-workspace/.dependencies/checkouts/Kingfisher
/Applications/Xcode-27.0.0-Release.Candidate.app/Contents/Developer/Toolchains/XcodeDefault.xctoolchain/usr/bin/clang -Xlinker -reproducible -target arm64_32-apple-watchos9.0 -r -isysroot /Applications/Xcode-27.0.0-Release.Candidate.app/Contents/Developer/Platforms/WatchOS.platform/Developer/SDKs/WatchOS27.0.sdk -O0 -w -Xlinker -no_warn_duplicate_libraries -F/Users/admin/builder/spi-builder-workspace/.derivedData/Build/Intermediates.noindex/EagerLinkingTBDs/Debug-watchos -F/Users/admin/builder/spi-builder-workspace/.derivedData/Build/Products/Debug-watchos -iframework /Applications/Xcode-27.0.0-Release.Candidate.app/Contents/Developer/Platforms/WatchOS.platform/Developer/Library/Frameworks -iframework /Applications/Xcode-27.0.0-Release.Candidate.app/Contents/Developer/Platforms/WatchOS.platform/Developer/SDKs/WatchOS27.0.sdk/Developer/Library/Frameworks -filelist /Users/admin/builder/spi-builder-workspace/.derivedData/Build/Intermediates.noindex/Kingfisher.build/Debug-watchos/Kingfisher-t.build/Objects-normal/arm64_32/Kingfisher.LinkFileList -nostdlib -Xlinker -object_path_lto -Xlinker /Users/admin/builder/spi-builder-workspace/.derivedData/Build/Intermediates.noindex/Kingfisher.build/Debug-watchos/Kingfisher-t.build/Objects-normal/arm64_32/Kingfisher_lto.o -Xlinker -no_deduplicate -Xlinker -debug_variant -Xlinker -dependency_info -Xlinker /Users/admin/builder/spi-builder-workspace/.derivedData/Build/Intermediates.noindex/Kingfisher.build/Debug-watchos/Kingfisher-t.build/Objects-normal/arm64_32/Kingfisher_dependency_info.dat -fobjc-link-runtime -L/Applications/Xcode-27.0.0-Release.Candidate.app/Contents/Developer/Toolchains/XcodeDefault.xctoolchain/usr/lib/swift/watchos -L/usr/lib/swift -Xlinker -add_ast_path -Xlinker /Users/admin/builder/spi-builder-workspace/.derivedData/Build/Intermediates.noindex/Kingfisher.build/Debug-watchos/Kingfisher-t.build/Objects-normal/arm64_32/Kingfisher.swiftmodule -o /Users/admin/builder/spi-builder-workspace/.derivedData/Build/Intermediates.noindex/Kingfisher.build/Debug-watchos/Kingfisher-t.build/Objects-normal/arm64_32/Binary/Kingfisher.o
SwiftCompile normal arm64 Compiling\ ContributorCardViewModel.swift,\ ContributorList+Configuration.swift,\ ContributorList.swift /Users/admin/builder/spi-builder-workspace/Sources/ContributorUI/Components/ContributorCard/ContributorCardViewModel.swift /Users/admin/builder/spi-builder-workspace/Sources/ContributorUI/Components/ContributorList/ContributorList+Configuration.swift /Users/admin/builder/spi-builder-workspace/Sources/ContributorUI/Components/ContributorList/ContributorList.swift (in target 'ContributorUI' from project 'ContributorUI')
/Users/admin/builder/spi-builder-workspace/Sources/ContributorUI/Components/ContributorList/ContributorList.swift:55:37: error: cannot find 'NSCursor' in scope
53 | DispatchQueue.main.async {
54 | if (isHovered) {
55 | NSCursor.pointingHand.push()
| `- error: cannot find 'NSCursor' in scope
56 | } else {
57 | NSCursor.pop()
/Users/admin/builder/spi-builder-workspace/Sources/ContributorUI/Components/ContributorList/ContributorList.swift:57:37: error: cannot find 'NSCursor' in scope
55 | NSCursor.pointingHand.push()
56 | } else {
57 | NSCursor.pop()
| `- error: cannot find 'NSCursor' in scope
58 | }
59 | }
/Users/admin/builder/spi-builder-workspace/Sources/ContributorUI/Components/ContributorList/ContributorList.swift:72:41: error: cannot find 'NSCursor' in scope
70 | DispatchQueue.main.async {
71 | if (isHovered) {
72 | NSCursor.pointingHand.push()
| `- error: cannot find 'NSCursor' in scope
73 | } else {
74 | NSCursor.pop()
/Users/admin/builder/spi-builder-workspace/Sources/ContributorUI/Components/ContributorList/ContributorList.swift:74:41: error: cannot find 'NSCursor' in scope
72 | NSCursor.pointingHand.push()
73 | } else {
74 | NSCursor.pop()
| `- error: cannot find 'NSCursor' in scope
75 | }
76 | }
Failed frontend command:
SwiftCompile normal arm64 /Users/admin/builder/spi-builder-workspace/Sources/ContributorUI/Components/ContributorCard/ContributorCardViewModel.swift (in target 'ContributorUI' from project 'ContributorUI')
cd /Users/admin/builder/spi-builder-workspace/.swiftpm/xcode
builtin-SwiftPerFileCompile ContributorCardViewModel.swift
SwiftCompile normal arm64 /Users/admin/builder/spi-builder-workspace/Sources/ContributorUI/Components/ContributorList/ContributorList+Configuration.swift (in target 'ContributorUI' from project 'ContributorUI')
cd /Users/admin/builder/spi-builder-workspace/.swiftpm/xcode
builtin-SwiftPerFileCompile ContributorList+Configuration.swift
SwiftCompile normal arm64 /Users/admin/builder/spi-builder-workspace/Sources/ContributorUI/Components/ContributorList/ContributorList.swift (in target 'ContributorUI' from project 'ContributorUI')
cd /Users/admin/builder/spi-builder-workspace/.swiftpm/xcode
builtin-SwiftPerFileCompile ContributorList.swift
/Applications/Xcode-27.0.0-Release.Candidate.app/Contents/Developer/Toolchains/XcodeDefault.xctoolchain/usr/bin/swift-frontend -frontend -c /Users/admin/builder/spi-builder-workspace/.derivedData/Build/Intermediates.noindex/ContributorUI.build/Debug-watchos/ContributorUI-t.build/DerivedSources/resource_bundle_accessor.swift /Users/admin/builder/spi-builder-workspace/Sources/ContributorUI/API/Abstract/API.swift /Users/admin/builder/spi-builder-workspace/Sources/ContributorUI/API/Abstract/Endpoint.swift /Users/admin/builder/spi-builder-workspace/Sources/ContributorUI/API/Error/APIError.swift /Users/admin/builder/spi-builder-workspace/Sources/ContributorUI/API/GitHub/GitHub.swift /Users/admin/builder/spi-builder-workspace/Sources/ContributorUI/API/GitHub/GitHubAPI.swift /Users/admin/builder/spi-builder-workspace/Sources/ContributorUI/AppKit/NSContributorCard.swift /Users/admin/builder/spi-builder-workspace/Sources/ContributorUI/AppKit/NSContributorListController.swift /Users/admin/builder/spi-builder-workspace/Sources/ContributorUI/Components/ContributorCard/ContributorCard+Configuration.swift /Users/admin/builder/spi-builder-workspace/Sources/ContributorUI/Components/ContributorCard/ContributorCard.swift -primary-file /Users/admin/builder/spi-builder-workspace/Sources/ContributorUI/Components/ContributorCard/ContributorCardViewModel.swift -primary-file /Users/admin/builder/spi-builder-workspace/Sources/ContributorUI/Components/ContributorList/ContributorList+Configuration.swift -primary-file /Users/admin/builder/spi-builder-workspace/Sources/ContributorUI/Components/ContributorList/ContributorList.swift /Users/admin/builder/spi-builder-workspace/Sources/ContributorUI/Components/ContributorList/ContributorListViewModel.swift /Users/admin/builder/spi-builder-workspace/Sources/ContributorUI/Components/ContributorList/ListContainer/GridListContainer.swift /Users/admin/builder/spi-builder-workspace/Sources/ContributorUI/Components/ContributorList/ListContainer/ListContainer.swift /Users/admin/builder/spi-builder-workspace/Sources/ContributorUI/Components/ContributorList/ListContainer/TableListContainer.swift /Users/admin/builder/spi-builder-workspace/Sources/ContributorUI/ContributorUI.swift /Users/admin/builder/spi-builder-workspace/Sources/ContributorUI/Models/Contributor.swift /Users/admin/builder/spi-builder-workspace/Sources/ContributorUI/Services/Networking/Networking.swift /Users/admin/builder/spi-builder-workspace/Sources/ContributorUI/UIKit/UIContributorCard.swift /Users/admin/builder/spi-builder-workspace/Sources/ContributorUI/UIKit/UIContributorListController.swift /Users/admin/builder/spi-builder-workspace/Sources/ContributorUI/Utilities/Inspection/Inspection.swift /Users/admin/builder/spi-builder-workspace/Sources/ContributorUI/Utilities/Modifiers/BorderStyleModifier.swift /Users/admin/builder/spi-builder-workspace/Sources/ContributorUI/Utilities/Modifiers/HoverModifier.swift /Users/admin/builder/spi-builder-workspace/Sources/ContributorUI/Utilities/Modifiers/ShimmerModifier.swift /Users/admin/builder/spi-builder-workspace/Sources/ContributorUI/Utilities/Modifiers/SizeModifer.swift /Users/admin/builder/spi-builder-workspace/Sources/ContributorUI/Utilities/PreferenceKeys/SizePreferenceKey.swift /Users/admin/builder/spi-builder-workspace/Sources/ContributorUI/Utilities/Shapes/BubbleBox.swift /Users/admin/builder/spi-builder-workspace/Sources/ContributorUI/Utilities/Styles/AvatarStyle.swift /Users/admin/builder/spi-builder-workspace/Sources/ContributorUI/Utilities/Styles/BorderStyle.swift /Users/admin/builder/spi-builder-workspace/Sources/ContributorUI/Utilities/Styles/ContributorListStyle.swift /Users/admin/builder/spi-builder-workspace/Sources/ContributorUI/Utilities/Styles/LabelStyle.swift /Users/admin/builder/spi-builder-workspace/Sources/ContributorUI/Utilities/Views/ErrorPrompt.swift /Users/admin/builder/spi-builder-workspace/.derivedData/Build/Intermediates.noindex/ContributorUI.build/Debug-watchos/ContributorUI-t.build/DerivedSources/GeneratedAssetSymbols.swift -supplementary-output-file-map /Users/admin/builder/spi-builder-workspace/.derivedData/Build/Intermediates.noindex/ContributorUI.build/Debug-watchos/ContributorUI-t.build/Objects-normal/arm64/supplementaryOutputs-4 -target arm64-apple-watchos9.0 -module-can-import-version DeveloperToolsSupport 24.0.24 24.0.24 -module-can-import-version SwiftUI 8.0.84.1 8.0.84 -module-can-import-version UIKit 9127.0.84.1 9127.0.84 -module-can-import-version XCTest 25228 0 -disable-cross-import-overlay-search -load-resolved-plugin /Applications/Xcode-27.0.0-Release.Candidate.app/Contents/Developer/Platforms/WatchOS.platform/Developer/usr/lib/swift/host/plugins/libFoundationMacros.dylib\#/Applications/Xcode-27.0.0-Release.Candidate.app/Contents/Developer/Platforms/WatchOS.platform/Developer/usr/bin/swift-plugin-server\#FoundationMacros -load-resolved-plugin /Applications/Xcode-27.0.0-Release.Candidate.app/Contents/Developer/Platforms/WatchOS.platform/Developer/usr/lib/swift/host/plugins/libObservationMacros.dylib\#/Applications/Xcode-27.0.0-Release.Candidate.app/Contents/Developer/Platforms/WatchOS.platform/Developer/usr/bin/swift-plugin-server\#ObservationMacros -load-resolved-plugin /Applications/Xcode-27.0.0-Release.Candidate.app/Contents/Developer/Platforms/WatchOS.platform/Developer/usr/lib/swift/host/plugins/libPreviewsMacros.dylib\#/Applications/Xcode-27.0.0-Release.Candidate.app/Contents/Developer/Platforms/WatchOS.platform/Developer/usr/bin/swift-plugin-server\#PreviewsMacros -load-resolved-plugin /Applications/Xcode-27.0.0-Release.Candidate.app/Contents/Developer/Platforms/WatchOS.platform/Developer/usr/lib/swift/host/plugins/libSwiftMacros.dylib\#/Applications/Xcode-27.0.0-Release.Candidate.app/Contents/Developer/Platforms/WatchOS.platform/Developer/usr/bin/swift-plugin-server\#SwiftMacros -load-resolved-plugin /Applications/Xcode-27.0.0-Release.Candidate.app/Contents/Developer/Platforms/WatchOS.platform/Developer/usr/lib/swift/host/plugins/libSwiftUIMacros.dylib\#/Applications/Xcode-27.0.0-Release.Candidate.app/Contents/Developer/Platforms/WatchOS.platform/Developer/usr/bin/swift-plugin-server\#SwiftUIMacros -disable-implicit-swift-modules -Xcc -fno-implicit-modules -Xcc -fno-implicit-module-maps -explicit-swift-module-map-file /Users/admin/builder/spi-builder-workspace/.derivedData/Build/Intermediates.noindex/ContributorUI.build/Debug-watchos/ContributorUI-t.build/Objects-normal/arm64/ContributorUI-dependencies-2.json -Xllvm -aarch64-use-tbi -enable-objc-interop -stack-check -sdk /Applications/Xcode-27.0.0-Release.Candidate.app/Contents/Developer/Platforms/WatchOS.platform/Developer/SDKs/WatchOS27.0.sdk -I /Users/admin/builder/spi-builder-workspace/.derivedData/Build/Products/Debug-watchos -Isystem /Applications/Xcode-27.0.0-Release.Candidate.app/Contents/Developer/Platforms/WatchOS.platform/Developer/usr/lib -F /Users/admin/builder/spi-builder-workspace/.derivedData/Build/Products/Debug-watchos/PackageFrameworks -F /Users/admin/builder/spi-builder-workspace/.derivedData/Build/Products/Debug-watchos -F /Applications/Xcode-27.0.0-Release.Candidate.app/Contents/Developer/Platforms/WatchOS.platform/Developer/Library/Frameworks -F /Applications/Xcode-27.0.0-Release.Candidate.app/Contents/Developer/Platforms/WatchOS.platform/Developer/SDKs/WatchOS27.0.sdk/Developer/Library/Frameworks -module-cache-path /Users/admin/builder/spi-builder-workspace/.derivedData/Build/Intermediates.noindex/SwiftExplicitPrecompiledModules -no-color-diagnostics -Xcc -fno-color-diagnostics -enable-testing -g -debug-info-format\=dwarf -dwarf-version\=4 -profile-generate -profile-coverage-mapping -swift-version 5 -Onone -D SWIFT_PACKAGE -D DEBUG -D SWIFT_MODULE_RESOURCE_BUNDLE_AVAILABLE -D Xcode -serialize-debugging-options -enable-experimental-feature DebugDescriptionMacro -empty-abi-descriptor -validate-clang-modules-once -clang-build-session-file /Users/admin/builder/spi-builder-workspace/.derivedData/ModuleCache.noindex/Session.modulevalidation -Xcc -working-directory -Xcc /Users/admin/builder/spi-builder-workspace/.swiftpm/xcode -enable-anonymous-context-mangled-names -file-compilation-dir /Users/admin/builder/spi-builder-workspace/.swiftpm/xcode -Xcc -D_LIBCPP_HARDENING_MODE\=_LIBCPP_HARDENING_MODE_DEBUG -Xcc -ivfsstatcache -Xcc /Users/admin/builder/spi-builder-workspace/.derivedData/SDKStatCaches.noindex/watchos27.0-24R360-e829b21a6f8c9b70876ba0858053c04477534ef55a1706bf4c1112bbb242f0a2.sdkstatcache -Xcc -fmodules-prune-interval\=86400 -Xcc -fmodules-prune-after\=345600 -Xcc -I/Users/admin/builder/spi-builder-workspace/.derivedData/Build/Products/Debug-watchos/include -Xcc -I/Users/admin/builder/spi-builder-workspace/.derivedData/Build/Intermediates.noindex/ContributorUI.build/Debug-watchos/ContributorUI-t.build/DerivedSources-normal/arm64 -Xcc -I/Users/admin/builder/spi-builder-workspace/.derivedData/Build/Intermediates.noindex/ContributorUI.build/Debug-watchos/ContributorUI-t.build/DerivedSources/arm64 -Xcc -I/Users/admin/builder/spi-builder-workspace/.derivedData/Build/Intermediates.noindex/ContributorUI.build/Debug-watchos/ContributorUI-t.build/DerivedSources -Xcc -DSWIFT_PACKAGE -Xcc -DDEBUG\=1 -no-auto-bridging-header-chaining -module-name ContributorUI -const-gather-protocols-file /Users/admin/builder/spi-builder-workspace/.derivedData/Build/Intermediates.noindex/ContributorUI.build/Debug-watchos/ContributorUI-t.build/Objects-normal/arm64/ContributorUI_const_extract_protocols.json -disable-clang-spi -clang-target arm64-apple-watchos27.0 -target-sdk-version 27.0 -target-sdk-name watchos27.0 -in-process-plugin-server-path /Applications/Xcode-27.0.0-Release.Candidate.app/Contents/Developer/Toolchains/XcodeDefault.xctoolchain/usr/lib/swift/host/libSwiftInProcPluginServer.dylib -parse-as-library -o /Users/admin/builder/spi-builder-workspace/.derivedData/Build/Intermediates.noindex/ContributorUI.build/Debug-watchos/ContributorUI-t.build/Objects-normal/arm64/ContributorCardViewModel.o -o /Users/admin/builder/spi-builder-workspace/.derivedData/Build/Intermediates.noindex/ContributorUI.build/Debug-watchos/ContributorUI-t.build/Objects-normal/arm64/ContributorList+Configuration.o -o /Users/admin/builder/spi-builder-workspace/.derivedData/Build/Intermediates.noindex/ContributorUI.build/Debug-watchos/ContributorUI-t.build/Objects-normal/arm64/ContributorList.o -debug-module-path /Users/admin/builder/spi-builder-workspace/.derivedData/Build/Intermediates.noindex/ContributorUI.build/Debug-watchos/ContributorUI-t.build/Objects-normal/arm64/ContributorUI.swiftmodule -index-unit-output-path /ContributorUI.build/Debug-watchos/ContributorUI-t.build/Objects-normal/arm64/ContributorCardViewModel.o -index-unit-output-path /ContributorUI.build/Debug-watchos/ContributorUI-t.build/Objects-normal/arm64/ContributorList+Configuration.o -index-unit-output-path /ContributorUI.build/Debug-watchos/ContributorUI-t.build/Objects-normal/arm64/ContributorList.o -index-store-path /Users/admin/builder/spi-builder-workspace/.derivedData/Index.noindex/DataStore -index-system-modules
SwiftCompile normal arm64 Compiling\ APIError.swift,\ ContributorCard+Configuration.swift,\ ContributorCard.swift /Users/admin/builder/spi-builder-workspace/Sources/ContributorUI/API/Error/APIError.swift /Users/admin/builder/spi-builder-workspace/Sources/ContributorUI/Components/ContributorCard/ContributorCard+Configuration.swift /Users/admin/builder/spi-builder-workspace/Sources/ContributorUI/Components/ContributorCard/ContributorCard.swift (in target 'ContributorUI' from project 'ContributorUI')
SwiftCompile normal arm64 /Users/admin/builder/spi-builder-workspace/Sources/ContributorUI/API/Error/APIError.swift (in target 'ContributorUI' from project 'ContributorUI')
cd /Users/admin/builder/spi-builder-workspace/.swiftpm/xcode
builtin-SwiftPerFileCompile APIError.swift
SwiftCompile normal arm64 /Users/admin/builder/spi-builder-workspace/Sources/ContributorUI/Components/ContributorCard/ContributorCard+Configuration.swift (in target 'ContributorUI' from project 'ContributorUI')
cd /Users/admin/builder/spi-builder-workspace/.swiftpm/xcode
builtin-SwiftPerFileCompile ContributorCard+Configuration.swift
SwiftCompile normal arm64 /Users/admin/builder/spi-builder-workspace/Sources/ContributorUI/Components/ContributorCard/ContributorCard.swift (in target 'ContributorUI' from project 'ContributorUI')
cd /Users/admin/builder/spi-builder-workspace/.swiftpm/xcode
builtin-SwiftPerFileCompile ContributorCard.swift
SwiftCompile normal arm64 Compiling\ resource_bundle_accessor.swift,\ API.swift,\ Endpoint.swift /Users/admin/builder/spi-builder-workspace/.derivedData/Build/Intermediates.noindex/ContributorUI.build/Debug-watchos/ContributorUI-t.build/DerivedSources/resource_bundle_accessor.swift /Users/admin/builder/spi-builder-workspace/Sources/ContributorUI/API/Abstract/API.swift /Users/admin/builder/spi-builder-workspace/Sources/ContributorUI/API/Abstract/Endpoint.swift (in target 'ContributorUI' from project 'ContributorUI')
SwiftCompile normal arm64 /Users/admin/builder/spi-builder-workspace/.derivedData/Build/Intermediates.noindex/ContributorUI.build/Debug-watchos/ContributorUI-t.build/DerivedSources/resource_bundle_accessor.swift (in target 'ContributorUI' from project 'ContributorUI')
cd /Users/admin/builder/spi-builder-workspace/.swiftpm/xcode
builtin-SwiftPerFileCompile resource_bundle_accessor.swift
SwiftCompile normal arm64 /Users/admin/builder/spi-builder-workspace/Sources/ContributorUI/API/Abstract/API.swift (in target 'ContributorUI' from project 'ContributorUI')
cd /Users/admin/builder/spi-builder-workspace/.swiftpm/xcode
builtin-SwiftPerFileCompile API.swift
SwiftCompile normal arm64 /Users/admin/builder/spi-builder-workspace/Sources/ContributorUI/API/Abstract/Endpoint.swift (in target 'ContributorUI' from project 'ContributorUI')
cd /Users/admin/builder/spi-builder-workspace/.swiftpm/xcode
builtin-SwiftPerFileCompile Endpoint.swift
SwiftCompile normal arm64 Compiling\ ShimmerModifier.swift,\ SizeModifer.swift,\ SizePreferenceKey.swift /Users/admin/builder/spi-builder-workspace/Sources/ContributorUI/Utilities/Modifiers/ShimmerModifier.swift /Users/admin/builder/spi-builder-workspace/Sources/ContributorUI/Utilities/Modifiers/SizeModifer.swift /Users/admin/builder/spi-builder-workspace/Sources/ContributorUI/Utilities/PreferenceKeys/SizePreferenceKey.swift (in target 'ContributorUI' from project 'ContributorUI')
SwiftCompile normal arm64 /Users/admin/builder/spi-builder-workspace/Sources/ContributorUI/Utilities/Modifiers/ShimmerModifier.swift (in target 'ContributorUI' from project 'ContributorUI')
cd /Users/admin/builder/spi-builder-workspace/.swiftpm/xcode
builtin-SwiftPerFileCompile ShimmerModifier.swift
SwiftCompile normal arm64 /Users/admin/builder/spi-builder-workspace/Sources/ContributorUI/Utilities/Modifiers/SizeModifer.swift (in target 'ContributorUI' from project 'ContributorUI')
cd /Users/admin/builder/spi-builder-workspace/.swiftpm/xcode
builtin-SwiftPerFileCompile SizeModifer.swift
SwiftCompile normal arm64 /Users/admin/builder/spi-builder-workspace/Sources/ContributorUI/Utilities/PreferenceKeys/SizePreferenceKey.swift (in target 'ContributorUI' from project 'ContributorUI')
cd /Users/admin/builder/spi-builder-workspace/.swiftpm/xcode
builtin-SwiftPerFileCompile SizePreferenceKey.swift
SwiftEmitModule normal arm64_32 Emitting\ module\ for\ ContributorUI (in target 'ContributorUI' from project 'ContributorUI')
SwiftCompile normal arm64_32 (in target 'ContributorUI' from project 'ContributorUI')
cd /Users/admin/builder/spi-builder-workspace/.swiftpm/xcode
SwiftEmitModule normal arm64 Emitting\ module\ for\ ContributorUI (in target 'ContributorUI' from project 'ContributorUI')
SwiftCompile normal arm64 (in target 'ContributorUI' from project 'ContributorUI')
cd /Users/admin/builder/spi-builder-workspace/.swiftpm/xcode
SwiftCompile normal arm64_32 Compiling\ ContributorCard+Configuration.swift,\ ContributorCard.swift,\ ContributorCardViewModel.swift,\ ContributorList+Configuration.swift /Users/admin/builder/spi-builder-workspace/Sources/ContributorUI/Components/ContributorCard/ContributorCard+Configuration.swift /Users/admin/builder/spi-builder-workspace/Sources/ContributorUI/Components/ContributorCard/ContributorCard.swift /Users/admin/builder/spi-builder-workspace/Sources/ContributorUI/Components/ContributorCard/ContributorCardViewModel.swift /Users/admin/builder/spi-builder-workspace/Sources/ContributorUI/Components/ContributorList/ContributorList+Configuration.swift (in target 'ContributorUI' from project 'ContributorUI')
SwiftCompile normal arm64_32 /Users/admin/builder/spi-builder-workspace/Sources/ContributorUI/Components/ContributorCard/ContributorCard+Configuration.swift (in target 'ContributorUI' from project 'ContributorUI')
cd /Users/admin/builder/spi-builder-workspace/.swiftpm/xcode
builtin-SwiftPerFileCompile ContributorCard+Configuration.swift
SwiftCompile normal arm64_32 /Users/admin/builder/spi-builder-workspace/Sources/ContributorUI/Components/ContributorCard/ContributorCard.swift (in target 'ContributorUI' from project 'ContributorUI')
cd /Users/admin/builder/spi-builder-workspace/.swiftpm/xcode
builtin-SwiftPerFileCompile ContributorCard.swift
SwiftCompile normal arm64_32 /Users/admin/builder/spi-builder-workspace/Sources/ContributorUI/Components/ContributorCard/ContributorCardViewModel.swift (in target 'ContributorUI' from project 'ContributorUI')
cd /Users/admin/builder/spi-builder-workspace/.swiftpm/xcode
builtin-SwiftPerFileCompile ContributorCardViewModel.swift
SwiftCompile normal arm64_32 /Users/admin/builder/spi-builder-workspace/Sources/ContributorUI/Components/ContributorList/ContributorList+Configuration.swift (in target 'ContributorUI' from project 'ContributorUI')
cd /Users/admin/builder/spi-builder-workspace/.swiftpm/xcode
builtin-SwiftPerFileCompile ContributorList+Configuration.swift
SwiftCompile normal arm64 Compiling\ ErrorPrompt.swift,\ GeneratedAssetSymbols.swift /Users/admin/builder/spi-builder-workspace/Sources/ContributorUI/Utilities/Views/ErrorPrompt.swift /Users/admin/builder/spi-builder-workspace/.derivedData/Build/Intermediates.noindex/ContributorUI.build/Debug-watchos/ContributorUI-t.build/DerivedSources/GeneratedAssetSymbols.swift (in target 'ContributorUI' from project 'ContributorUI')
SwiftCompile normal arm64 /Users/admin/builder/spi-builder-workspace/Sources/ContributorUI/Utilities/Views/ErrorPrompt.swift (in target 'ContributorUI' from project 'ContributorUI')
cd /Users/admin/builder/spi-builder-workspace/.swiftpm/xcode
builtin-SwiftPerFileCompile ErrorPrompt.swift
SwiftCompile normal arm64 /Users/admin/builder/spi-builder-workspace/.derivedData/Build/Intermediates.noindex/ContributorUI.build/Debug-watchos/ContributorUI-t.build/DerivedSources/GeneratedAssetSymbols.swift (in target 'ContributorUI' from project 'ContributorUI')
cd /Users/admin/builder/spi-builder-workspace/.swiftpm/xcode
builtin-SwiftPerFileCompile GeneratedAssetSymbols.swift
SwiftCompile normal arm64_32 Compiling\ TableListContainer.swift,\ ContributorUI.swift,\ Contributor.swift,\ Networking.swift /Users/admin/builder/spi-builder-workspace/Sources/ContributorUI/Components/ContributorList/ListContainer/TableListContainer.swift /Users/admin/builder/spi-builder-workspace/Sources/ContributorUI/ContributorUI.swift /Users/admin/builder/spi-builder-workspace/Sources/ContributorUI/Models/Contributor.swift /Users/admin/builder/spi-builder-workspace/Sources/ContributorUI/Services/Networking/Networking.swift (in target 'ContributorUI' from project 'ContributorUI')
/Users/admin/builder/spi-builder-workspace/Sources/ContributorUI/Components/ContributorList/ListContainer/TableListContainer.swift:44:34: error: 'listRowSeparatorLeading' is unavailable in watchOS
42 | }
43 | }
44 | .alignmentGuide(.listRowSeparatorLeading) { viewDimensions in
| `- error: 'listRowSeparatorLeading' is unavailable in watchOS
45 | return viewDimensions[.listRowSeparatorLeading] + size + 10
46 | }
SwiftUI.HorizontalAlignment.listRowSeparatorLeading:2:19: note: 'listRowSeparatorLeading' has been explicitly marked unavailable here
1 | struct HorizontalAlignment {
2 | public static let listRowSeparatorLeading: HorizontalAlignment}
| `- note: 'listRowSeparatorLeading' has been explicitly marked unavailable here
3 |
SwiftCompile normal arm64_32 /Users/admin/builder/spi-builder-workspace/Sources/ContributorUI/Components/ContributorList/ListContainer/TableListContainer.swift (in target 'ContributorUI' from project 'ContributorUI')
cd /Users/admin/builder/spi-builder-workspace/.swiftpm/xcode
builtin-SwiftPerFileCompile TableListContainer.swift
SwiftCompile normal arm64_32 /Users/admin/builder/spi-builder-workspace/Sources/ContributorUI/ContributorUI.swift (in target 'ContributorUI' from project 'ContributorUI')
cd /Users/admin/builder/spi-builder-workspace/.swiftpm/xcode
builtin-SwiftPerFileCompile ContributorUI.swift
SwiftCompile normal arm64_32 /Users/admin/builder/spi-builder-workspace/Sources/ContributorUI/Models/Contributor.swift (in target 'ContributorUI' from project 'ContributorUI')
cd /Users/admin/builder/spi-builder-workspace/.swiftpm/xcode
builtin-SwiftPerFileCompile Contributor.swift
SwiftCompile normal arm64_32 /Users/admin/builder/spi-builder-workspace/Sources/ContributorUI/Services/Networking/Networking.swift (in target 'ContributorUI' from project 'ContributorUI')
cd /Users/admin/builder/spi-builder-workspace/.swiftpm/xcode
builtin-SwiftPerFileCompile Networking.swift
SwiftCompile normal arm64_32 Compiling\ LabelStyle.swift,\ ErrorPrompt.swift,\ GeneratedAssetSymbols.swift /Users/admin/builder/spi-builder-workspace/Sources/ContributorUI/Utilities/Styles/LabelStyle.swift /Users/admin/builder/spi-builder-workspace/Sources/ContributorUI/Utilities/Views/ErrorPrompt.swift /Users/admin/builder/spi-builder-workspace/.derivedData/Build/Intermediates.noindex/ContributorUI.build/Debug-watchos/ContributorUI-t.build/DerivedSources/GeneratedAssetSymbols.swift (in target 'ContributorUI' from project 'ContributorUI')
/Users/admin/builder/spi-builder-workspace/Sources/ContributorUI/Utilities/Styles/LabelStyle.swift:16:103: error: 'regularMaterial' is only available in watchOS 10.0 or newer
9 | import Foundation
10 |
11 | public struct LabelStyle {
| `- note: add '@available' attribute to enclosing struct
12 | let font: Font
13 | let color: Color
14 | let backgroundStyle: AnyShapeStyle
15 |
16 | init<S: ShapeStyle>(font: Font = .caption, color: Color = .primary, backgroundStyle: S = Material.regularMaterial) {
| | `- error: 'regularMaterial' is only available in watchOS 10.0 or newer
| `- note: add '@available' attribute to enclosing initializer
17 | self.font = font
18 | self.color = color
SwiftCompile normal arm64_32 /Users/admin/builder/spi-builder-workspace/Sources/ContributorUI/Utilities/Styles/LabelStyle.swift (in target 'ContributorUI' from project 'ContributorUI')
cd /Users/admin/builder/spi-builder-workspace/.swiftpm/xcode
builtin-SwiftPerFileCompile LabelStyle.swift
SwiftCompile normal arm64_32 /Users/admin/builder/spi-builder-workspace/Sources/ContributorUI/Utilities/Views/ErrorPrompt.swift (in target 'ContributorUI' from project 'ContributorUI')
cd /Users/admin/builder/spi-builder-workspace/.swiftpm/xcode
builtin-SwiftPerFileCompile ErrorPrompt.swift
SwiftCompile normal arm64_32 /Users/admin/builder/spi-builder-workspace/.derivedData/Build/Intermediates.noindex/ContributorUI.build/Debug-watchos/ContributorUI-t.build/DerivedSources/GeneratedAssetSymbols.swift (in target 'ContributorUI' from project 'ContributorUI')
cd /Users/admin/builder/spi-builder-workspace/.swiftpm/xcode
builtin-SwiftPerFileCompile GeneratedAssetSymbols.swift
SwiftEmitModule normal arm64 Emitting\ module\ for\ Kingfisher (in target 'Kingfisher' from project 'Kingfisher')
SwiftCompile normal arm64 (in target 'Kingfisher' from project 'Kingfisher')
cd /Users/admin/builder/spi-builder-workspace/.swiftpm/xcode
SwiftDriverJobDiscovery normal arm64 Compiling resource_bundle_accessor.swift, API.swift, Endpoint.swift (in target 'ContributorUI' from project 'ContributorUI')
SwiftCompile normal arm64 Compiling\ AVAssetImageDataProvider.swift,\ ImageDataProvider.swift,\ PHPickerResultImageDataProvider.swift,\ Resource.swift,\ Source.swift,\ KF.swift,\ KFOptionsSetter.swift /Users/admin/builder/spi-builder-workspace/.dependencies/checkouts/Kingfisher/Sources/General/ImageSource/AVAssetImageDataProvider.swift /Users/admin/builder/spi-builder-workspace/.dependencies/checkouts/Kingfisher/Sources/General/ImageSource/ImageDataProvider.swift /Users/admin/builder/spi-builder-workspace/.dependencies/checkouts/Kingfisher/Sources/General/ImageSource/PHPickerResultImageDataProvider.swift /Users/admin/builder/spi-builder-workspace/.dependencies/checkouts/Kingfisher/Sources/General/ImageSource/Resource.swift /Users/admin/builder/spi-builder-workspace/.dependencies/checkouts/Kingfisher/Sources/General/ImageSource/Source.swift /Users/admin/builder/spi-builder-workspace/.dependencies/checkouts/Kingfisher/Sources/General/KF.swift /Users/admin/builder/spi-builder-workspace/.dependencies/checkouts/Kingfisher/Sources/General/KFOptionsSetter.swift (in target 'Kingfisher' from project 'Kingfisher')
SwiftCompile normal arm64 /Users/admin/builder/spi-builder-workspace/.dependencies/checkouts/Kingfisher/Sources/General/ImageSource/AVAssetImageDataProvider.swift (in target 'Kingfisher' from project 'Kingfisher')
cd /Users/admin/builder/spi-builder-workspace/.swiftpm/xcode
builtin-SwiftPerFileCompile AVAssetImageDataProvider.swift
SwiftCompile normal arm64 /Users/admin/builder/spi-builder-workspace/.dependencies/checkouts/Kingfisher/Sources/General/ImageSource/ImageDataProvider.swift (in target 'Kingfisher' from project 'Kingfisher')
cd /Users/admin/builder/spi-builder-workspace/.swiftpm/xcode
builtin-SwiftPerFileCompile ImageDataProvider.swift
SwiftCompile normal arm64 /Users/admin/builder/spi-builder-workspace/.dependencies/checkouts/Kingfisher/Sources/General/ImageSource/PHPickerResultImageDataProvider.swift (in target 'Kingfisher' from project 'Kingfisher')
cd /Users/admin/builder/spi-builder-workspace/.swiftpm/xcode
builtin-SwiftPerFileCompile PHPickerResultImageDataProvider.swift
SwiftCompile normal arm64 /Users/admin/builder/spi-builder-workspace/.dependencies/checkouts/Kingfisher/Sources/General/ImageSource/Resource.swift (in target 'Kingfisher' from project 'Kingfisher')
cd /Users/admin/builder/spi-builder-workspace/.swiftpm/xcode
builtin-SwiftPerFileCompile Resource.swift
SwiftCompile normal arm64 /Users/admin/builder/spi-builder-workspace/.dependencies/checkouts/Kingfisher/Sources/General/ImageSource/Source.swift (in target 'Kingfisher' from project 'Kingfisher')
cd /Users/admin/builder/spi-builder-workspace/.swiftpm/xcode
builtin-SwiftPerFileCompile Source.swift
SwiftCompile normal arm64 /Users/admin/builder/spi-builder-workspace/.dependencies/checkouts/Kingfisher/Sources/General/KF.swift (in target 'Kingfisher' from project 'Kingfisher')
cd /Users/admin/builder/spi-builder-workspace/.swiftpm/xcode
builtin-SwiftPerFileCompile KF.swift
SwiftCompile normal arm64 /Users/admin/builder/spi-builder-workspace/.dependencies/checkouts/Kingfisher/Sources/General/KFOptionsSetter.swift (in target 'Kingfisher' from project 'Kingfisher')
cd /Users/admin/builder/spi-builder-workspace/.swiftpm/xcode
builtin-SwiftPerFileCompile KFOptionsSetter.swift
PruneExplicitPrecompiledModules /Users/admin/builder/spi-builder-workspace/.derivedData/Build/Intermediates.noindex/ExplicitPrecompiledModules
PruneExplicitPrecompiledModules /Users/admin/builder/spi-builder-workspace/.derivedData/SDKExplicitPrecompiledModules
PruneExplicitPrecompiledModules /Users/admin/builder/spi-builder-workspace/.derivedData/Build/Intermediates.noindex/SwiftExplicitPrecompiledModules
2026-09-18 22:59:13.477 xcodebuild[965:5835] [MT] IDERunDestination: Supported platforms for the buildables in the current scheme is empty.
** BUILD FAILED **
The following build commands failed:
SwiftCompile normal arm64 /Users/admin/builder/spi-builder-workspace/Sources/ContributorUI/Components/ContributorList/ContributorList.swift (in target 'ContributorUI' from project 'ContributorUI')
SwiftCompile normal arm64 Compiling\ ContributorCardViewModel.swift,\ ContributorList+Configuration.swift,\ ContributorList.swift /Users/admin/builder/spi-builder-workspace/Sources/ContributorUI/Components/ContributorCard/ContributorCardViewModel.swift /Users/admin/builder/spi-builder-workspace/Sources/ContributorUI/Components/ContributorList/ContributorList+Configuration.swift /Users/admin/builder/spi-builder-workspace/Sources/ContributorUI/Components/ContributorList/ContributorList.swift (in target 'ContributorUI' from project 'ContributorUI')
Building workspace ContributorUI with scheme ContributorUI
(3 failures)
BUILD FAILURE 6.4 watchOS