The Swift Package Index logo.Swift Package Index

Build Information

Failed to build GoogleCloudKMSV1, reference 0.5.0 (d6ad33), with Swift 6.2 for Android on 11 Oct 2026 09:09:13 UTC.

Build Command

bash -c docker run --pull=always --rm -v "checkouts-53886768-2":/host -w "$PWD" -e JAVA_HOME="/root/.sdkman/candidates/java/current" -e SPI_BUILD="1" -e SPI_PROCESSING="1" registry.gitlab.com/saguaro1/spi-images:android-6.2-latest swift build --swift-sdk aarch64-unknown-linux-android28 2>&1

Build Log

========================================
RunAll
========================================
Builder version: 5.1.1
Interrupt handler set up.
========================================
Checkout
========================================
Clone URL: https://github.com/googleapis/swift-google-cloud-kms-v1.git
Reference: 0.5.0
Initialized empty Git repository in /host/spi-builder-workspace/.git/
hint: Using 'master' as the name for the initial branch. This default branch name
hint: is subject to change. To configure the initial branch name to use in all
hint: of your new repositories, which will suppress this warning, call:
hint:
hint: 	git config --global init.defaultBranch <name>
hint:
hint: Names commonly chosen instead of 'master' are 'main', 'trunk' and
hint: 'development'. The just-created branch can be renamed via this command:
hint:
hint: 	git branch -m <name>
From https://github.com/googleapis/swift-google-cloud-kms-v1
 * tag               0.5.0      -> FETCH_HEAD
HEAD is now at d6ad33e chore: release circa 2026-10-07 (#1382)
Cloned https://github.com/googleapis/swift-google-cloud-kms-v1.git
Revision (git rev-parse @):
d6ad33e70891ac7e60b3d6d75c2e7cf184062861
SPI manifest file found: $PWD/.spi.yml
SUCCESS checkout https://github.com/googleapis/swift-google-cloud-kms-v1.git at 0.5.0
========================================
Build
========================================
Selected platform:         android
Swift version:             6.2
Building package at path:  $PWD
https://github.com/googleapis/swift-google-cloud-kms-v1.git
Running build ...
bash -c docker run --pull=always --rm -v "checkouts-53886768-2":/host -w "$PWD" -e JAVA_HOME="/root/.sdkman/candidates/java/current" -e SPI_BUILD="1" -e SPI_PROCESSING="1" registry.gitlab.com/saguaro1/spi-images:android-6.2-latest swift build --swift-sdk aarch64-unknown-linux-android28 2>&1
android-6.2-latest: Pulling from saguaro1/spi-images
Digest: sha256:a839c9ce201f1dacc8eb056626ec7ab0a1c6d53d7b77c83feda395f4507c51be
Status: Image is up to date for registry.gitlab.com/saguaro1/spi-images:android-6.2-latest
Fetching https://github.com/apple/swift-log
Fetching https://github.com/googleapis/swift-google-wkt
Fetching https://github.com/googleapis/swift-google-cloud-location
Fetching https://github.com/googleapis/swift-google-gax
Fetching https://github.com/googleapis/swift-google-longrunning
Fetching https://github.com/googleapis/swift-google-rpc
[1/422] Fetching swift-google-rpc
[191/974] Fetching swift-google-rpc, swift-google-cloud-location
[267/1593] Fetching swift-google-rpc, swift-google-cloud-location, swift-google-longrunning
[291/9850] Fetching swift-google-rpc, swift-google-cloud-location, swift-google-longrunning, swift-log
[387/10873] Fetching swift-google-rpc, swift-google-cloud-location, swift-google-longrunning, swift-log, swift-google-wkt
[1314/12621] Fetching swift-google-rpc, swift-google-cloud-location, swift-google-longrunning, swift-log, swift-google-wkt, swift-google-gax
Fetched https://github.com/googleapis/swift-google-longrunning from cache (0.57s)
[3902/12002] Fetching swift-google-rpc, swift-google-cloud-location, swift-log, swift-google-wkt, swift-google-gax
Fetched https://github.com/googleapis/swift-google-cloud-location from cache (0.58s)
[3602/11450] Fetching swift-google-rpc, swift-log, swift-google-wkt, swift-google-gax
Fetching https://github.com/googleapis/swift-google-auth
Fetched https://github.com/googleapis/swift-google-wkt from cache (0.60s)
[2914/10427] Fetching swift-google-rpc, swift-log, swift-google-gax
Fetched https://github.com/googleapis/swift-google-gax from cache (0.64s)
Fetched https://github.com/googleapis/swift-google-rpc from cache (0.64s)
[1900/8257] Fetching swift-log
Fetched https://github.com/apple/swift-log from cache (0.87s)
[1/1023] Fetching swift-google-auth
Fetching https://github.com/googleapis/swift-google-iam-v1
Fetched https://github.com/googleapis/swift-google-auth from cache (0.52s)
[8/706] Fetching swift-google-iam-v1
Fetched https://github.com/googleapis/swift-google-iam-v1 from cache (0.40s)
Computing version for https://github.com/googleapis/swift-google-wkt
Computed https://github.com/googleapis/swift-google-wkt at 0.5.0 (1.85s)
Fetching https://github.com/swift-extras/swift-extras-base64
[20/954] Fetching swift-extras-base64
Fetched https://github.com/swift-extras/swift-extras-base64 from cache (0.43s)
Computing version for https://github.com/googleapis/swift-google-rpc
Computed https://github.com/googleapis/swift-google-rpc at 0.5.0 (0.75s)
Computing version for https://github.com/googleapis/swift-google-longrunning
Computed https://github.com/googleapis/swift-google-longrunning at 0.5.0 (0.32s)
Computing version for https://github.com/googleapis/swift-google-iam-v1
Computed https://github.com/googleapis/swift-google-iam-v1 at 0.5.0 (0.27s)
Fetching https://github.com/googleapis/swift-google-type
[5/437] Fetching swift-google-type
Fetched https://github.com/googleapis/swift-google-type from cache (0.41s)
Computing version for https://github.com/googleapis/swift-google-gax
Computed https://github.com/googleapis/swift-google-gax at 0.5.0 (0.76s)
Fetching https://github.com/swift-server/async-http-client.git
Fetching https://github.com/apple/swift-nio
[1/16464] Fetching async-http-client
[16465/102838] Fetching async-http-client, swift-nio
Fetched https://github.com/swift-server/async-http-client.git from cache (5.35s)
Fetched https://github.com/apple/swift-nio from cache (5.39s)
Computing version for https://github.com/googleapis/swift-google-cloud-location
Computed https://github.com/googleapis/swift-google-cloud-location at 0.5.0 (5.67s)
Computing version for https://github.com/googleapis/swift-google-auth
Computed https://github.com/googleapis/swift-google-auth at 0.5.0 (0.28s)
Fetching https://github.com/apple/swift-system.git
Fetching https://github.com/vapor/jwt-kit.git
[1/10254] Fetching jwt-kit
[2/17495] Fetching jwt-kit, swift-system
Fetched https://github.com/apple/swift-system.git from cache (1.23s)
Fetched https://github.com/vapor/jwt-kit.git from cache (1.24s)
Computing version for https://github.com/googleapis/swift-google-type
Computed https://github.com/googleapis/swift-google-type at 0.5.0 (1.56s)
Computing version for https://github.com/swift-extras/swift-extras-base64
Computed https://github.com/swift-extras/swift-extras-base64 at 1.2.0 (0.33s)
Computing version for https://github.com/swift-server/async-http-client.git
Computed https://github.com/swift-server/async-http-client.git at 1.36.2 (0.40s)
Fetching https://github.com/apple/swift-algorithms.git
Fetching https://github.com/apple/swift-nio-http2.git
[1/6164] Fetching swift-algorithms
[6165/18458] Fetching swift-algorithms, swift-nio-http2
Fetching https://github.com/apple/swift-nio-ssl.git
Fetching https://github.com/apple/swift-configuration.git
Fetching https://github.com/apple/swift-service-context.git
Fetching https://github.com/apple/swift-nio-transport-services.git
Fetched https://github.com/apple/swift-algorithms.git from cache (0.62s)
[1599/12294] Fetching swift-nio-http2
Fetching https://github.com/apple/swift-atomics.git
[12295/13794] Fetching swift-nio-http2, swift-service-context
[12835/15683] Fetching swift-nio-http2, swift-service-context, swift-atomics
[12854/18550] Fetching swift-nio-http2, swift-service-context, swift-atomics, swift-nio-transport-services
[13735/22478] Fetching swift-nio-http2, swift-service-context, swift-atomics, swift-nio-transport-services, swift-configuration
[15413/39349] Fetching swift-nio-http2, swift-service-context, swift-atomics, swift-nio-transport-services, swift-configuration, swift-nio-ssl
Fetched https://github.com/apple/swift-service-context.git from cache (0.57s)
[17703/37849] Fetching swift-nio-http2, swift-atomics, swift-nio-transport-services, swift-configuration, swift-nio-ssl
Fetching https://github.com/apple/swift-nio-extras.git
Fetched https://github.com/apple/swift-configuration.git from cache (0.88s)
Fetching https://github.com/apple/swift-distributed-tracing.git
[18400/33921] Fetching swift-nio-http2, swift-atomics, swift-nio-transport-services, swift-nio-ssl
Fetched https://github.com/apple/swift-atomics.git from cache (1.01s)
[16849/32032] Fetching swift-nio-http2, swift-nio-transport-services, swift-nio-ssl
[18368/38735] Fetching swift-nio-http2, swift-nio-transport-services, swift-nio-ssl, swift-nio-extras
[26118/45286] Fetching swift-nio-http2, swift-nio-transport-services, swift-nio-ssl, swift-nio-extras, swift-distributed-tracing
Fetched https://github.com/apple/swift-nio-extras.git from cache (0.98s)
[26129/38583] Fetching swift-nio-http2, swift-nio-transport-services, swift-nio-ssl, swift-distributed-tracing
Fetched https://github.com/apple/swift-nio-http2.git from cache (2.22s)
[15155/26289] Fetching swift-nio-transport-services, swift-nio-ssl, swift-distributed-tracing
Fetched https://github.com/apple/swift-distributed-tracing.git from cache (0.83s)
[12653/19738] Fetching swift-nio-transport-services, swift-nio-ssl
Fetched https://github.com/apple/swift-nio-transport-services.git from cache (2.68s)
Fetched https://github.com/apple/swift-nio-ssl.git from cache (2.70s)
Computing version for https://github.com/apple/swift-service-context.git
Computed https://github.com/apple/swift-service-context.git at 1.3.0 (3.61s)
Computing version for https://github.com/apple/swift-algorithms.git
Computed https://github.com/apple/swift-algorithms.git at 1.2.1 (1.62s)
Fetching https://github.com/apple/swift-numerics.git
[1/6733] Fetching swift-numerics
Fetched https://github.com/apple/swift-numerics.git from cache (0.63s)
Computing version for https://github.com/apple/swift-log
Computed https://github.com/apple/swift-log at 1.16.1 (0.94s)
Computing version for https://github.com/apple/swift-distributed-tracing.git
Computed https://github.com/apple/swift-distributed-tracing.git at 1.5.0 (0.34s)
Computing version for https://github.com/apple/swift-atomics.git
Computed https://github.com/apple/swift-atomics.git at 1.3.1 (0.31s)
Computing version for https://github.com/apple/swift-numerics.git
Computed https://github.com/apple/swift-numerics.git at 1.1.1 (0.33s)
Computing version for https://github.com/apple/swift-nio
Computed https://github.com/apple/swift-nio at 2.104.0 (0.65s)
Fetching https://github.com/apple/swift-collections.git
[1/28703] Fetching swift-collections
Fetched https://github.com/apple/swift-collections.git from cache (1.67s)
Computing version for https://github.com/apple/swift-configuration.git
Computed https://github.com/apple/swift-configuration.git at 1.2.2 (3.07s)
Fetching https://github.com/swift-server/swift-service-lifecycle
[1/2867] Fetching swift-service-lifecycle
Fetched https://github.com/swift-server/swift-service-lifecycle from cache (0.52s)
Computing version for https://github.com/apple/swift-nio-transport-services.git
Computed https://github.com/apple/swift-nio-transport-services.git at 1.28.0 (0.81s)
Computing version for https://github.com/swift-server/swift-service-lifecycle
Computed https://github.com/swift-server/swift-service-lifecycle at 2.12.1 (0.31s)
Fetching https://github.com/apple/swift-async-algorithms.git
[1/6820] Fetching swift-async-algorithms
Fetched https://github.com/apple/swift-async-algorithms.git from cache (0.75s)
Computing version for https://github.com/apple/swift-async-algorithms.git
Computed https://github.com/apple/swift-async-algorithms.git at 1.1.7 (1.18s)
Computing version for https://github.com/apple/swift-collections.git
Computed https://github.com/apple/swift-collections.git at 1.7.2 (0.52s)
Computing version for https://github.com/apple/swift-nio-http2.git
Computed https://github.com/apple/swift-nio-http2.git at 1.46.0 (0.37s)
Computing version for https://github.com/vapor/jwt-kit.git
Computed https://github.com/vapor/jwt-kit.git at 5.7.1 (0.32s)
Fetching https://github.com/apple/swift-certificates.git
Fetching https://github.com/apple/swift-crypto.git
[1/18629] Fetching swift-crypto
[560/26238] Fetching swift-crypto, swift-certificates
Fetched https://github.com/apple/swift-certificates.git from cache (1.89s)
Fetched https://github.com/apple/swift-crypto.git from cache (1.91s)
Computing version for https://github.com/apple/swift-crypto.git
Computed https://github.com/apple/swift-crypto.git at 4.5.2 (3.03s)
Fetching https://github.com/apple/swift-asn1.git
[1/2009] Fetching swift-asn1
Fetched https://github.com/apple/swift-asn1.git from cache (0.50s)
Computing version for https://github.com/apple/swift-asn1.git
Computed https://github.com/apple/swift-asn1.git at 1.7.3 (0.85s)
Computing version for https://github.com/apple/swift-certificates.git
Computed https://github.com/apple/swift-certificates.git at 1.21.0 (0.42s)
Computing version for https://github.com/apple/swift-nio-ssl.git
Computed https://github.com/apple/swift-nio-ssl.git at 2.37.5 (0.36s)
Computing version for https://github.com/apple/swift-system.git
Computed https://github.com/apple/swift-system.git at 1.8.1 (0.37s)
Computing version for https://github.com/apple/swift-nio-extras.git
Computed https://github.com/apple/swift-nio-extras.git at 1.35.1 (0.54s)
Fetching https://github.com/apple/swift-http-structured-headers.git
Fetching https://github.com/apple/swift-http-types.git
[13/1253] Fetching swift-http-structured-headers
[1242/3192] Fetching swift-http-structured-headers, swift-http-types
Fetched https://github.com/apple/swift-http-structured-headers.git from cache (0.43s)
[117/1939] Fetching swift-http-types
Fetched https://github.com/apple/swift-http-types.git from cache (0.51s)
Computing version for https://github.com/apple/swift-http-structured-headers.git
Computed https://github.com/apple/swift-http-structured-headers.git at 1.7.0 (0.89s)
Computing version for https://github.com/apple/swift-http-types.git
Computed https://github.com/apple/swift-http-types.git at 1.8.0 (0.41s)
Creating working copy for https://github.com/googleapis/swift-google-type
Working copy of https://github.com/googleapis/swift-google-type resolved at 0.5.0
Creating working copy for https://github.com/apple/swift-nio-ssl.git
Working copy of https://github.com/apple/swift-nio-ssl.git resolved at 2.37.5
Creating working copy for https://github.com/apple/swift-numerics.git
Working copy of https://github.com/apple/swift-numerics.git resolved at 1.1.1
Creating working copy for https://github.com/apple/swift-service-context.git
Working copy of https://github.com/apple/swift-service-context.git resolved at 1.3.0
Creating working copy for https://github.com/apple/swift-nio-transport-services.git
Working copy of https://github.com/apple/swift-nio-transport-services.git resolved at 1.28.0
Creating working copy for https://github.com/apple/swift-collections.git
Working copy of https://github.com/apple/swift-collections.git resolved at 1.7.2
Creating working copy for https://github.com/apple/swift-crypto.git
Working copy of https://github.com/apple/swift-crypto.git resolved at 4.5.2
Creating working copy for https://github.com/googleapis/swift-google-gax
Working copy of https://github.com/googleapis/swift-google-gax resolved at 0.5.0
Creating working copy for https://github.com/googleapis/swift-google-longrunning
Working copy of https://github.com/googleapis/swift-google-longrunning resolved at 0.5.0
Creating working copy for https://github.com/apple/swift-http-structured-headers.git
Working copy of https://github.com/apple/swift-http-structured-headers.git resolved at 1.7.0
Creating working copy for https://github.com/googleapis/swift-google-auth
Working copy of https://github.com/googleapis/swift-google-auth resolved at 0.5.0
Creating working copy for https://github.com/apple/swift-system.git
Working copy of https://github.com/apple/swift-system.git resolved at 1.8.1
Creating working copy for https://github.com/apple/swift-distributed-tracing.git
Working copy of https://github.com/apple/swift-distributed-tracing.git resolved at 1.5.0
Creating working copy for https://github.com/apple/swift-nio
Working copy of https://github.com/apple/swift-nio resolved at 2.104.0
Creating working copy for https://github.com/apple/swift-certificates.git
Working copy of https://github.com/apple/swift-certificates.git resolved at 1.21.0
Creating working copy for https://github.com/googleapis/swift-google-iam-v1
Working copy of https://github.com/googleapis/swift-google-iam-v1 resolved at 0.5.0
Creating working copy for https://github.com/googleapis/swift-google-wkt
Working copy of https://github.com/googleapis/swift-google-wkt resolved at 0.5.0
Creating working copy for https://github.com/apple/swift-log
Working copy of https://github.com/apple/swift-log resolved at 1.16.1
Creating working copy for https://github.com/swift-server/async-http-client.git
Working copy of https://github.com/swift-server/async-http-client.git resolved at 1.36.2
Creating working copy for https://github.com/apple/swift-algorithms.git
Working copy of https://github.com/apple/swift-algorithms.git resolved at 1.2.1
Creating working copy for https://github.com/vapor/jwt-kit.git
Working copy of https://github.com/vapor/jwt-kit.git resolved at 5.7.1
Creating working copy for https://github.com/apple/swift-asn1.git
Working copy of https://github.com/apple/swift-asn1.git resolved at 1.7.3
Creating working copy for https://github.com/googleapis/swift-google-cloud-location
Working copy of https://github.com/googleapis/swift-google-cloud-location resolved at 0.5.0
Creating working copy for https://github.com/apple/swift-nio-extras.git
Working copy of https://github.com/apple/swift-nio-extras.git resolved at 1.35.1
Creating working copy for https://github.com/apple/swift-async-algorithms.git
Working copy of https://github.com/apple/swift-async-algorithms.git resolved at 1.1.7
Creating working copy for https://github.com/apple/swift-nio-http2.git
Working copy of https://github.com/apple/swift-nio-http2.git resolved at 1.46.0
Creating working copy for https://github.com/swift-server/swift-service-lifecycle
Working copy of https://github.com/swift-server/swift-service-lifecycle resolved at 2.12.1
Creating working copy for https://github.com/googleapis/swift-google-rpc
Working copy of https://github.com/googleapis/swift-google-rpc resolved at 0.5.0
Creating working copy for https://github.com/swift-extras/swift-extras-base64
Working copy of https://github.com/swift-extras/swift-extras-base64 resolved at 1.2.0
Creating working copy for https://github.com/apple/swift-atomics.git
Working copy of https://github.com/apple/swift-atomics.git resolved at 1.3.1
Creating working copy for https://github.com/apple/swift-http-types.git
Working copy of https://github.com/apple/swift-http-types.git resolved at 1.8.0
Creating working copy for https://github.com/apple/swift-configuration.git
Working copy of https://github.com/apple/swift-configuration.git resolved at 1.2.2
Building for debugging...
[0/1242] Compiling _NumericsShims _NumericsShims.c
[0/1242] Write sources
[5/1242] Write swift-version--11D90AFD9DD3AB2.txt
[5/1242] Write sources
[41/1242] Compiling _AtomicsShims.c
[42/1248] Compiling a_d2i_fp.cc
[42/1248] Compiling a_dup.cc
[44/1267] Compiling a_bool.cc
[45/1270] Compiling a_int.cc
[46/1270] Compiling a_mbstr.cc
[47/1270] Compiling a_bitstr.cc
[47/1270] Write sources
[109/1292] Emitting module _CertificateInternals
[110/1320] Emitting module RealModule
[111/1321] Emitting module Logging
[112/1322] Compiling InternalCollectionsUtilities MutableSpan+Extras.swift
[113/1322] Compiling InternalCollectionsUtilities OutputSpan+Extras.swift
[114/1322] Compiling InternalCollectionsUtilities RandomAccessCollection+Offsets.swift
[115/1322] Compiling InternalCollectionsUtilities Span+Extras.swift
[116/1325] Compiling InternalCollectionsUtilities FixedWidthInteger+roundUpToPowerOfTwo.swift
[117/1325] Compiling InternalCollectionsUtilities Integer rank.swift
[118/1325] Compiling InternalCollectionsUtilities UInt+first and last set bit.swift
[119/1325] Compiling InternalCollectionsUtilities UInt+reversed.swift
[120/1325] Compiling InternalCollectionsUtilities UnsafeMutablePointer+Extras.swift
[121/1325] Compiling InternalCollectionsUtilities UnsafeMutableRawBufferPointer+Extras.swift
[122/1325] Compiling InternalCollectionsUtilities UnsafePointer+Extras.swift
[123/1325] Compiling RealModule Float16+Real.swift
[124/1325] Compiling InternalCollectionsUtilities BorrowingIteratorProtocol+Equality.swift
[125/1325] Compiling InternalCollectionsUtilities BorrowingIteratorProtocol+Extras.swift
[126/1325] Compiling InternalCollectionsUtilities Debugging.swift
[127/1325] Compiling InternalCollectionsUtilities Descriptions.swift
[130/1325] Emitting module InternalCollectionsUtilities
[131/1327] Compiling InternalCollectionsUtilities Iterable+CopyContents.swift
[132/1327] Compiling InternalCollectionsUtilities Iterable+Equality.swift
[133/1327] Compiling InternalCollectionsUtilities LifetimeOverride.swift
[134/1327] Compiling InternalCollectionsUtilities MutableRef.swift
[135/1327] Compiling RealModule RelaxedArithmetic.swift
[136/1327] Compiling RealModule RealFunctions.swift
[137/1327] Compiling RealModule Real.swift
[138/1327] Compiling InternalCollectionsUtilities UnsafeRawBufferPointer+Extras.swift
[139/1327] Compiling InternalCollectionsUtilities _SortedCollection.swift
[140/1327] Compiling InternalCollectionsUtilities _UniqueCollection.swift
[143/1327] Compiling RealModule Float80+Real.swift
[150/1327] Compiling _CertificateInternals _TinyArray.swift
[156/1327] Compiling SwiftASN1 DER.swift
[157/1327] Compiling SwiftASN1 Errors.swift
[158/1327] Compiling InternalCollectionsUtilities UnsafeBufferPointer+Extras.swift
[159/1327] Compiling InternalCollectionsUtilities UnsafeMutableBufferPointer+Extras.swift
[163/1327] Compiling InternalCollectionsUtilities Strideable+LimitHelpers.swift
[164/1327] Compiling InternalCollectionsUtilities String+Padding.swift
[165/1327] Compiling InternalCollectionsUtilities TemporaryAllocation.swift
[166/1327] Compiling InternalCollectionsUtilities _UnsafeBitSet+Index.swift
[167/1330] Compiling ServiceContextModule ServiceContext.swift
[168/1330] Compiling ServiceContextModule ServiceContextKey.swift
[169/1330] Emitting module ServiceContextModule
[170/1330] Compiling _NIOBase64 Base64.swift
[171/1330] Emitting module _NIOBase64
[172/1332] Compiling Logging Logger+With.swift
[175/1332] Compiling Logging Logger+Attributes.swift
[176/1332] Compiling _NIODataStructures PriorityQueue.swift
[178/1332] Compiling _NIODataStructures _TinyArray.swift
[180/1332] Wrapping AST for _CertificateInternals for debugging
[184/1343] Compiling Logging LoggingSystem.swift
[184/1343] Wrapping AST for _NIOBase64 for debugging
[186/1343] Compiling Logging Logger.swift
[187/1346] Compiling _NIODataStructures Heap.swift
[188/1346] Emitting module _NIODataStructures
[188/1348] Wrapping AST for ServiceContextModule for debugging
[189/1348] Wrapping AST for RealModule for debugging
[189/1348] Write sources
[206/1348] Compiling SpanPreview MutableSpan+InputSpanHelpers.swift
[206/1348] Wrapping AST for InternalCollectionsUtilities for debugging
[208/1348] Emitting module SpanPreview
[209/1348] Compiling SpanPreview InputSpan.swift
[209/1348] Compiling CXKCPShims shims.c
[211/1348] Compiling SpanPreview OutputSpan+InputSpanHelpers.swift
[212/1348] Compiling Instrumentation Instrument.swift
[212/1349] Compiling SimpleFIPS202.c
[214/1349] Compiling Instrumentation NoOpInstrument.swift
[214/1349] Wrapping AST for _NIODataStructures for debugging
[215/1349] Compiling KeccakSponge.c
[217/1349] Compiling Instrumentation MultiplexInstrument.swift
[219/1349] Emitting module Instrumentation
[219/1349] Compiling KeccakHash.c
[220/1349] Compiling CNIOWindows shim.c
[221/1349] Compiling CSystem shims.c
[222/1349] Compiling CNIOWindows WSAStartup.c
[223/1349] Wrapping AST for SpanPreview for debugging
[224/1349] Compiling CNIOWASI CNIOWASI.c
[225/1349] Compiling CNIOPosix event_loop_id.c
[226/1370] Compiling CNIOOpenBSD shim.c
[227/1428] Compiling CNIOLinux shim.c
[228/1428] Compiling CNIOLinux liburing_shims.c
[229/1428] Compiling KeccakP-1600-opt64.c
[230/1428] Compiling CNIOLLHTTP c_nio_http.c
[232/1428] Emitting module SwiftASN1
[233/1428] Compiling SystemPackage PlatformString.swift
[234/1428] Compiling DequeModule UniqueDeque+ContainerOperations.swift
[235/1428] Compiling DequeModule UniqueDeque+Deprecations.swift
[236/1428] Compiling DequeModule UniqueDeque+Descriptions.swift
[237/1428] Compiling DequeModule UniqueDeque+Equatable.swift
[238/1428] Compiling DequeModule UniqueDeque+Hashable.swift
[239/1428] Compiling SystemPackage Mocking.swift
[240/1428] Compiling SystemPackage RawBuffer.swift
[241/1428] Compiling SystemPackage Syscalls.swift
[242/1428] Compiling SystemPackage WindowsSyscallAdapters.swift
[243/1428] Compiling SystemPackage MachPort.swift
[244/1428] Compiling SystemPackage FileFlags.swift
[245/1428] Compiling SystemPackage FileMode.swift
[245/1433] Compiling CNIOLLHTTP c_nio_api.c
[246/1433] Compiling CNIOFreeBSD shim.c
[248/1433] Compiling SystemPackage FilePathComponentView.swift
[249/1433] Compiling SystemPackage FilePathComponents.swift
[250/1433] Compiling SystemPackage FilePathParsing.swift
[251/1433] Compiling SystemPackage FilePathString.swift
[252/1433] Compiling SystemPackage FilePathSyntax.swift
[253/1433] Compiling SystemPackage FilePathTemp.swift
[253/1433] Compiling CNIOLLHTTP c_nio_llhttp.c
[254/1433] Compiling CNIOExtrasZlib zutil.c
[255/1433] Compiling CNIOExtrasZlib inftrees.c
[256/1433] Compiling CNIOExtrasZlib trees.c
[258/1433] Compiling SystemPackage FileType.swift
[259/1433] Compiling SystemPackage Identifiers.swift
[260/1433] Compiling SystemPackage Stat.swift
[261/1433] Compiling SystemPackage IOCompletion.swift
[262/1433] Compiling SystemPackage IORequest.swift
[263/1433] Compiling SystemPackage IORing+Util.swift
[264/1433] Compiling SystemPackage IORing.swift
[265/1433] Compiling SystemPackage RawIORequest.swift
[266/1433] Compiling SystemPackage Backcompat.swift
[267/1433] Compiling SystemPackage CInterop.swift
[268/1433] Compiling SystemPackage Constants.swift
[269/1433] Compiling SystemPackage Exports.swift
[269/1433] Compiling CNIOExtrasZlib inffast.c
[270/1433] Compiling CNIOExtrasZlib inflate.c
[271/1433] Compiling CNIOExtrasZlib crc32.c
[272/1433] Compiling CNIOExtrasZlib deflate.c
[273/1433] Compiling CNIODarwin shim.c
[274/1433] Compiling CNIOExtrasZlib adler32.c
[275/1433] Compiling fiat_p256_adx_sqr.S
[276/1433] Compiling fiat_p256_adx_mul.S
[277/1433] Compiling fiat_curve25519_adx_square.S
[278/1433] Compiling fiat_curve25519_adx_mul.S
[280/1433] Compiling SystemPackage Errno.swift
[281/1433] Compiling SystemPackage ErrnoWindows.swift
[282/1433] Compiling SystemPackage FileDescriptor.swift
[283/1433] Compiling SystemPackage FileHelpers.swift
[284/1433] Compiling SystemPackage FileOperations.swift
[285/1433] Compiling SystemPackage FilePath.swift
[286/1433] Compiling SystemPackage FilePathTempPosix.swift
[287/1433] Compiling SystemPackage FilePathTempWindows.swift
[288/1433] Compiling SystemPackage FilePathWindows.swift
[289/1433] Compiling SystemPackage FilePermissions.swift
[292/1433] Compiling ExtrasBase64 Base32+Span.swift
[293/1433] Compiling ExtrasBase64 Base32.swift
[313/1438] Compiling Instrumentation InstrumentationSystem.swift
[319/1438] Compiling Logging MetadataProvider.swift
[320/1438] Compiling Instrumentation Locks.swift
[329/1440] Compiling CNIOBoringSSLShims shims.c
[333/1441] Wrapping AST for Logging for debugging
[340/1441] Wrapping AST for SwiftASN1 for debugging
[342/1441] Emitting module SystemPackage
[342/1449] Wrapping AST for Instrumentation for debugging
[344/1449] Compiling Tracing TracerProtocol.swift
[345/1449] Compiling Tracing TracingTime.swift
[346/1450] Emitting module Tracing
[352/1450] Compiling Tracing WithTracer.swift
[353/1450] Compiling Tracing Tracer.swift
[354/1450] Compiling Tracing TracerProtocol+Legacy.swift
[355/1450] Compiling Tracing SpanProtocol.swift
[356/1450] Compiling Tracing InstrumentationSystem+Tracing.swift
[357/1450] Compiling Tracing NoOpTracer.swift
[358/1451] Compiling SystemPackage SystemString.swift
[359/1451] Compiling SystemPackage Util+StringArray.swift
[360/1451] Compiling SystemPackage Util.swift
[361/1451] Compiling SystemPackage UtilConsumers.swift
[362/1451] Compiling SystemPackage WinSDK+Overlay.swift
[364/1452] Wrapping AST for Tracing for debugging
[365/1452] Compiling tls_record.cc
[366/1452] Wrapping AST for SystemPackage for debugging
[367/1452] Compiling tls_method.cc
[368/1452] Compiling tls13_server.cc
[369/1452] Compiling tls13_enc.cc
[371/1452] Emitting module DequeModule
[372/1452] Compiling DequeModule UniqueDeque+Replacements.swift
[373/1452] Compiling DequeModule UniqueDeque.swift
[374/1452] Compiling DequeModule _DequeSlot.swift
[375/1452] Compiling DequeModule _UnsafeDequeHandle.swift
[376/1452] Compiling DequeModule _UnsafeDequeSegments.swift
[376/1453] Compiling tls13_client.cc
[378/1453] Compiling tls13_both.cc
[379/1453] Compiling t1_enc.cc
[380/1496] Wrapping AST for DequeModule for debugging
[381/1496] Compiling ssl_versions.cc
[382/1496] Compiling ssl_x509.cc
[383/1496] Compiling ssl_transcript.cc
[384/1496] Compiling ssl_stat.cc
[386/1496] Compiling Configuration EnvironmentKeyEncoder.swift
[387/1496] Compiling Configuration EnvironmentVariablesProvider.swift
[388/1496] Compiling Configuration CommonProviderFileSystem.swift
[389/1496] Compiling Configuration DirectoryFilesProvider.swift
[390/1496] Compiling Configuration FileProvider.swift
[391/1496] Compiling Configuration FileProviderSnapshot.swift
[391/1501] Compiling ssl_session.cc
[392/1501] Compiling ssl_privkey.cc
[393/1501] Compiling ssl_key_share.cc
[395/1501] Compiling ExtrasBase64 Base64.swift
[396/1501] Compiling ExtrasBase64 Base64+Span.swift
[397/1501] Emitting module ExtrasBase64
[397/1502] Compiling ssl_file.cc
[399/1502] Compiling ssl_lib.cc
[400/1533] Compiling ssl_credential.cc
[401/1533] Wrapping AST for ExtrasBase64 for debugging
[402/1533] Compiling ssl_buffer.cc
[403/1533] Compiling ssl_cert.cc
[404/1533] Compiling ssl_cipher.cc
[406/1533] Compiling GoogleWKT WKTDoubleValue.swift
[407/1533] Compiling GoogleWKT WKTDuration.swift
[408/1533] Compiling GoogleWKT WKTEmpty.swift
[409/1533] Compiling GoogleWKT WKTFieldMask.swift
[409/1533] Compiling ssl_aead_ctx.cc
[410/1537] Compiling ssl_asn1.cc
[412/1537] Compiling GoogleWKT WKTField.swift
[413/1537] Compiling GoogleWKT WKTMethod.swift
[414/1537] Compiling GoogleWKT WKTMixin.swift
[415/1537] Compiling GoogleWKT WKTOption.swift
[416/1537] Compiling GoogleWKT WKTBoolValue.swift
[417/1537] Compiling GoogleWKT WKTBytesValue.swift
[418/1537] Compiling GoogleWKT WKTFloatValue.swift
[419/1537] Compiling GoogleWKT WKTInt32Value.swift
[420/1537] Compiling GoogleWKT WKTInt64Value.swift
[421/1537] Compiling GoogleWKT WKTRecursive.swift
[422/1537] Compiling GoogleWKT WKTSourceContext.swift
[423/1537] Compiling GoogleWKT WKTSyntax.swift
[424/1537] Compiling GoogleWKT WKTType.swift
[425/1537] Compiling GoogleWKT PackageVersion.swift
[426/1537] Compiling Configuration YAMLSnapshot.swift
[427/1537] Compiling Configuration InMemoryProvider.swift
[428/1537] Compiling Configuration MutableInMemoryProvider.swift
[429/1537] Compiling Configuration ConfigProvider+Operators.swift
[430/1537] Compiling Configuration KeyMappingProvider.swift
[431/1537] Compiling Configuration SecretsSpecifier.swift
[432/1537] Compiling Configuration AsyncCombineLatestManySequence.swift
[433/1537] Compiling Configuration CombineLatestManyStateMachine.swift
[434/1537] Compiling GoogleWKT WKTEnum.swift
[435/1537] Compiling GoogleWKT WKTEnumValue.swift
[440/1537] Compiling Configuration CombineLatestManyStorage.swift
[441/1537] Compiling Configuration AsyncSequences.swift
[442/1537] Compiling Configuration FoundationExtensions.swift
[443/1537] Compiling Configuration Span.swift
[444/1537] Compiling Configuration ConfigBytesFromStringDecoder.swift
[445/1537] Compiling GoogleWKT WKTValue.swift
[446/1537] Compiling GoogleWKT WKTApi.swift
[449/1537] Compiling GoogleWKT WKTStringValue.swift
[450/1537] Compiling GoogleWKT WKTTimestamp.swift
[451/1537] Compiling GoogleWKT WKTUInt32Value.swift
[452/1537] Compiling GoogleWKT WKTUInt64Value.swift
[453/1537] Compiling GoogleWKT UnknownFields.swift
[454/1537] Compiling GoogleWKT WKTAny.swift
[455/1537] Compiling GoogleWKT WKTAnyError.swift
[461/1537] Compiling s3_pkt.cc
[467/1537] Emitting module GoogleWKT
[468/1537] Compiling GoogleWKT AnyPackable.swift
[469/1537] Compiling GoogleWKT DecodeToDefault.swift
[470/1537] Compiling GoogleWKT DiscoveryBase64.swift
[471/1537] Compiling GoogleWKT ProtoJSONDecoder.swift
[472/1537] Compiling GoogleWKT ProtoJSONEncoder.swift
[474/1538] Emitting module Configuration
[487/1557] Compiling s3_lib.cc
[488/1572] Compiling s3_both.cc
[489/1572] Wrapping AST for GoogleWKT for debugging
[490/1572] Wrapping AST for Configuration for debugging
[491/1572] Compiling handshake_server.cc
[493/1572] Compiling GoogleRpc HttpHeader.swift
[494/1572] Compiling GoogleRpc DebugInfo.swift
[495/1574] Compiling GoogleRpc ErrorInfo.swift
[496/1574] Compiling GoogleRpc HttpRequest.swift
[497/1574] Compiling GoogleRpc QuotaFailure.swift
[498/1574] Compiling GoogleType Quaternion.swift
[499/1574] Compiling GoogleType LatLng.swift
[500/1574] Compiling GoogleType LocalizedText.swift
[501/1574] Compiling GoogleRpc RequestInfo.swift
[502/1574] Compiling GoogleRpc ResourceInfo.swift
[502/1576] Compiling handshake.cc
[503/1576] Compiling handshake_client.cc
[505/1576] Compiling GoogleRpc Help.swift
[509/1576] Emitting module GoogleRpc
[510/1576] Compiling GoogleRpc BadRequest.swift
[511/1576] Compiling GoogleRpc Code.swift
[514/1576] Compiling GoogleRpc PreconditionFailure.swift
[515/1576] Emitting module GoogleType
[519/1576] Compiling GoogleRpc HttpResponse.swift
[520/1576] Compiling GoogleRpc LocalizedMessage.swift
[521/1576] Compiling GoogleRpc PackageVersion.swift
[522/1576] Compiling GoogleType TimeOfDay.swift
[523/1576] Compiling GoogleType TimeZone.swift
[523/1577] Compiling handoff.cc
[532/1577] Compiling GoogleRpc RetryInfo.swift
[533/1577] Compiling GoogleRpc Status.swift
[534/1578] Wrapping AST for GoogleType for debugging
[535/1578] Wrapping AST for GoogleRpc for debugging
[536/1578] Compiling dtls_method.cc
[537/1578] Compiling extensions.cc
[538/1578] Compiling md5-x86_64-linux.S
[539/1578] Compiling md5-x86_64-apple.S
[540/1578] Compiling md5-586-linux.S
[541/1578] Compiling md5-586-apple.S
[542/1578] Compiling encrypted_client_hello.cc
[543/1578] Compiling dtls_record.cc
[544/1578] Compiling chacha20_poly1305_x86_64-linux.S
[545/1578] Compiling chacha20_poly1305_x86_64-apple.S
[546/1578] Compiling chacha20_poly1305_armv8-win.S
[547/1578] Compiling d1_pkt.cc
[548/1578] Compiling chacha20_poly1305_armv8-apple.S
[549/1578] Compiling chacha20_poly1305_armv8-linux.S
[550/1578] Compiling chacha-x86_64-linux.S
[551/1578] Compiling err_data.cc
[552/1578] Compiling chacha-x86-linux.S
[553/1578] Compiling chacha-x86_64-apple.S
[554/1578] Compiling chacha-armv8-linux.S
[555/1578] Compiling chacha-armv8-apple.S
[556/1578] Compiling chacha-armv8-win.S
[557/1578] Compiling chacha-x86-apple.S
[557/1578] Compiling chacha-armv4-linux.S
[559/1578] Compiling d1_srtp.cc
[560/1578] Compiling x86_64-mont5-linux.S
[561/1578] Compiling aes128gcmsiv-x86_64-apple.S
[562/1578] Compiling x86_64-mont-linux.S
[562/1578] Compiling aes128gcmsiv-x86_64-linux.S
[564/1578] Compiling x86_64-mont5-apple.S
[565/1578] Compiling x86-mont-apple.S
[566/1578] Compiling x86_64-mont-apple.S
[567/1578] Compiling vpaes-x86_64-apple.S
[567/1578] Compiling x86-mont-linux.S
[569/1578] Compiling vpaes-x86_64-linux.S
[570/1578] Compiling vpaes-x86-linux.S
[571/1578] Compiling vpaes-x86-apple.S
[572/1578] Compiling vpaes-armv8-win.S
[573/1578] Compiling vpaes-armv8-linux.S
[574/1578] Compiling vpaes-armv8-apple.S
[575/1578] Compiling vpaes-armv7-linux.S
[576/1578] Compiling sha512-x86_64-linux.S
[577/1578] Compiling sha512-x86_64-apple.S
[578/1578] Compiling sha512-armv8-win.S
[579/1578] Compiling sha512-armv4-linux.S
[580/1578] Compiling sha512-armv8-apple.S
[581/1578] Compiling sha512-armv8-linux.S
[582/1578] Compiling sha512-586-linux.S
[583/1578] Compiling sha256-x86_64-linux.S
[583/1578] Compiling sha256-x86_64-apple.S
[585/1578] Compiling sha512-586-apple.S
[586/1578] Compiling sha256-armv8-win.S
[587/1578] Compiling sha256-armv8-apple.S
[588/1578] Compiling sha256-armv4-linux.S
[589/1578] Compiling sha256-armv8-linux.S
[590/1578] Compiling bio_ssl.cc
[590/1578] Compiling sha256-586-linux.S
[591/1578] Compiling d1_lib.cc
[593/1578] Compiling sha256-586-apple.S
[594/1578] Compiling sha1-armv4-large-linux.S
[595/1578] Compiling sha1-armv8-apple.S
[596/1578] Compiling sha1-armv8-win.S
[597/1578] Compiling sha1-x86_64-linux.S
[598/1578] Compiling sha1-armv8-linux.S
[599/1578] Compiling sha1-x86_64-apple.S
[600/1578] Compiling sha1-586-linux.S
[601/1578] Compiling rsaz-avx2-apple.S
[602/1578] Compiling sha1-586-apple.S
[603/1578] Compiling rsaz-avx2-linux.S
[603/1578] Compiling rdrand-x86_64-linux.S
[605/1578] Compiling rdrand-x86_64-apple.S
[606/1578] Compiling p256_beeu-x86_64-asm-linux.S
[607/1578] Compiling p256_beeu-x86_64-asm-apple.S
[608/1578] Compiling p256_beeu-armv8-asm-linux.S
[609/1578] Compiling p256-x86_64-asm-linux.S
[610/1578] Compiling p256_beeu-armv8-asm-win.S
[611/1578] Compiling p256_beeu-armv8-asm-apple.S
[612/1578] Compiling p256-armv8-asm-win.S
[613/1578] Compiling p256-x86_64-asm-apple.S
[614/1578] Compiling p256-armv8-asm-linux.S
[615/1578] Compiling ghash-x86_64-linux.S
[616/1578] Compiling ghashv8-armv8-apple.S
[617/1578] Compiling p256-armv8-asm-apple.S
[618/1578] Compiling ghashv8-armv8-win.S
[619/1578] Compiling ghash-x86-linux.S
[620/1578] Compiling ghash-x86_64-apple.S
[620/1578] Compiling ghashv8-armv8-linux.S
[622/1578] Compiling ghashv8-armv7-linux.S
[623/1578] Compiling ghash-ssse3-x86-linux.S
[624/1578] Compiling ghash-ssse3-x86-apple.S
[625/1578] Compiling ghash-neon-armv8-win.S
[626/1578] Compiling ghash-ssse3-x86_64-linux.S
[627/1578] Compiling ghash-ssse3-x86_64-apple.S
[628/1578] Compiling ghash-x86-apple.S
[629/1578] Compiling ghash-armv4-linux.S
[630/1578] Compiling ghash-neon-armv8-linux.S
[631/1578] Compiling bsaes-armv7-linux.S
[632/1578] Compiling ghash-neon-armv8-apple.S
[633/1578] Compiling co-586-linux.S
[634/1578] Compiling co-586-apple.S
[635/1578] Compiling bn-armv8-linux.S
[636/1578] Compiling bn-armv8-win.S
[637/1578] Compiling bn-586-linux.S
[638/1578] Compiling bn-armv8-apple.S
[638/1578] Compiling armv8-mont-apple.S
[640/1578] Compiling bn-586-apple.S
[641/1578] Compiling armv8-mont-win.S
[642/1578] Compiling aesv8-gcm-armv8-win.S
[643/1578] Compiling armv8-mont-linux.S
[644/1578] Compiling armv4-mont-linux.S
[645/1578] Compiling aesv8-armv8-win.S
[646/1578] Compiling aesv8-gcm-armv8-apple.S
[646/1578] Compiling aesv8-armv7-linux.S
[648/1578] Compiling aesv8-armv8-apple.S
[649/1578] Compiling aesv8-armv8-linux.S
[650/1578] Compiling aesv8-gcm-armv8-linux.S
[651/1578] Compiling aesni-x86_64-linux.S
[652/1578] Compiling aesni-x86_64-apple.S
[653/1578] Compiling aesni-x86-linux.S
[654/1578] Compiling aesni-x86-apple.S
[655/1578] Compiling aesni-gcm-x86_64-apple.S
[656/1578] Compiling aesni-gcm-x86_64-linux.S
[657/1578] Compiling aes-gcm-avx2-x86_64-apple.S
[658/1578] Compiling aes-gcm-avx10-x86_64-linux.S
[659/1578] Compiling aes-gcm-avx2-x86_64-linux.S
[660/1578] Compiling aes-gcm-avx10-x86_64-apple.S
[661/1578] Compiling d1_both.cc
[662/1578] Compiling x_sig.cc
[663/1578] Compiling x_spki.cc
[664/1578] Compiling x_req.cc
[665/1578] Compiling x_val.cc
[666/1578] Compiling x_pubkey.cc
[667/1578] Compiling x_x509.cc
[668/1578] Compiling x_x509a.cc
[669/1578] Compiling x_name.cc
[670/1578] Compiling x_all.cc
[671/1578] Compiling x_exten.cc
[672/1578] Compiling x509rset.cc
[673/1578] Compiling x_attrib.cc
[674/1578] Compiling x509spki.cc
[675/1578] Compiling x_crl.cc
[676/1578] Compiling x_algor.cc
[677/1578] Compiling x509name.cc
[678/1578] Compiling x509cset.cc
[679/1578] Compiling x509_vpm.cc
[680/1578] Compiling x509_trs.cc
[681/1578] Compiling x509_vfy.cc
[682/1578] Compiling x509_set.cc
[683/1578] Compiling x509_txt.cc
[684/1578] Compiling x509_v3.cc
[685/1578] Compiling x509_req.cc
[686/1578] Compiling x509_ext.cc
[687/1578] Compiling x509_lu.cc
[688/1578] Compiling x509_obj.cc
[689/1578] Compiling x509_d2.cc
[689/1578] Compiling x509_cmp.cc
[691/1578] Compiling x509_def.cc
[692/1578] Compiling x509_att.cc
[693/1578] Compiling x509.cc
[694/1578] Compiling v3_purp.cc
[695/1578] Compiling v3_skey.cc
[696/1578] Compiling v3_utl.cc
[697/1578] Compiling v3_pmaps.cc
[698/1578] Compiling v3_prn.cc
[699/1578] Compiling v3_pcons.cc
[700/1578] Compiling v3_ocsp.cc
[701/1578] Compiling v3_ncons.cc
[702/1578] Compiling v3_int.cc
[703/1578] Compiling v3_info.cc
[704/1578] Compiling v3_lib.cc
[705/1578] Compiling v3_ia5.cc
[706/1578] Compiling v3_genn.cc
[707/1578] Compiling v3_enum.cc
[708/1578] Compiling v3_extku.cc
[709/1578] Compiling v3_crld.cc
[710/1578] Compiling v3_conf.cc
[711/1578] Compiling v3_cpols.cc
[712/1578] Compiling v3_bitst.cc
[713/1578] Compiling v3_alt.cc
[714/1578] Compiling v3_bcons.cc
[715/1578] Compiling v3_akeya.cc
[716/1578] Compiling t_x509a.cc
[717/1578] Compiling v3_akey.cc
[718/1578] Compiling t_x509.cc
[719/1578] Compiling t_req.cc
[720/1578] Compiling t_crl.cc
[721/1578] Compiling rsa_pss.cc
[722/1578] Compiling policy.cc
[723/1578] Compiling i2d_pr.cc
[724/1578] Compiling by_file.cc
[725/1578] Compiling name_print.cc
[726/1578] Compiling by_dir.cc
[727/1578] Compiling asn1_gen.cc
[728/1578] Compiling a_verify.cc
[729/1578] Compiling a_digest.cc
[730/1578] Compiling algorithm.cc
[731/1578] Compiling a_sign.cc
[732/1578] Compiling voprf.cc
[733/1578] Compiling trust_token.cc
[734/1578] Compiling thread_win.cc
[735/1578] Compiling thread_none.cc
[736/1578] Compiling thread_pthread.cc
[737/1578] Compiling thread.cc
[738/1578] Compiling stack.cc
[739/1578] Compiling spake2plus.cc
[740/1578] Compiling pmbtoken.cc
[741/1578] Compiling slhdsa.cc
[742/1578] Compiling sha256.cc
[743/1578] Compiling siphash.cc
[744/1578] Compiling sha512.cc
[745/1578] Compiling sha1.cc
[746/1578] Compiling rsa_print.cc
[747/1578] Compiling rsa_extra.cc
[748/1578] Compiling rsa_crypt.cc
[749/1578] Compiling rc4.cc
[750/1578] Compiling refcount.cc
[751/1578] Compiling urandom.cc
[752/1578] Compiling rsa_asn1.cc
[753/1578] Compiling windows.cc
[754/1578] Compiling trusty.cc
[755/1578] Compiling forkunsafe.cc
[756/1578] Compiling getentropy.cc
[757/1578] Compiling rand.cc
[758/1578] Compiling poly1305_arm_asm.S
[759/1578] Compiling deterministic.cc
[760/1578] Compiling ios.cc
[761/1578] Compiling fork_detect.cc
[762/1578] Compiling passive.cc
[763/1578] Compiling poly1305.cc
[764/1578] Compiling poly1305_vec.cc
[765/1578] Compiling pool.cc
[766/1578] Compiling poly1305_arm.cc
[767/1578] Compiling pkcs8_x509.cc
[768/1578] Compiling pkcs7.cc
[769/1578] Compiling pkcs8.cc
[770/1578] Compiling pkcs7_x509.cc
[771/1578] Compiling p5_pbev2.cc
[772/1578] Compiling pem_xaux.cc
[773/1578] Compiling pem_pkey.cc
[774/1578] Compiling pem_x509.cc
[775/1578] Compiling pem_oth.cc
[776/1578] Compiling pem_pk8.cc
[777/1578] Compiling mlkem.cc
[778/1578] Compiling pem_lib.cc
[779/1578] Compiling pem_info.cc
[780/1578] Compiling mldsa.cc
[781/1578] Compiling obj_xref.cc
[782/1578] Compiling pem_all.cc
[783/1578] Compiling poly_rq_mul.S
[784/1578] Compiling obj.cc
[785/1578] Compiling mem.cc
[786/1578] Compiling fips_shared_support.cc
[787/1578] Compiling md5.cc
[788/1578] Compiling lhash.cc
[789/1578] Compiling md4.cc
[790/1578] Compiling sign.cc
[791/1578] Compiling kyber.cc
[792/1578] Compiling ex_data.cc
[793/1578] Compiling scrypt.cc
[794/1578] Compiling hpke.cc
[795/1578] Compiling hrss.cc
[796/1578] Compiling pbkdf.cc
[797/1578] Compiling print.cc
[798/1578] Compiling p_x25519.cc
[799/1578] Compiling p_x25519_asn1.cc
[800/1578] Compiling p_ed25519.cc
[801/1578] Compiling p_ed25519_asn1.cc
[802/1578] Compiling p_hkdf.cc
[803/1578] Compiling p_rsa_asn1.cc
[804/1578] Compiling p_rsa.cc
[805/1578] Compiling p_dsa_asn1.cc
[806/1578] Compiling p_ec_asn1.cc
[807/1578] Compiling p_ec.cc
[808/1578] Compiling p_dh.cc
[809/1578] Compiling p_dh_asn1.cc
[810/1578] Compiling evp_ctx.cc
[811/1578] Compiling evp_asn1.cc
[812/1578] Compiling engine.cc
[813/1578] Compiling err.cc
[814/1578] Compiling ecdh.cc
[815/1578] Compiling evp.cc
[816/1578] Compiling hash_to_curve.cc
[817/1578] Compiling ecdsa_asn1.cc
[818/1578] Compiling ec_derive.cc
[819/1578] Compiling bcm.cc
[820/1578] Compiling dsa.cc
[821/1578] Compiling ec_asn1.cc
[822/1578] Compiling dsa_asn1.cc
[823/1578] Compiling params.cc
[824/1578] Compiling x25519-asm-arm.S
[825/1578] Compiling digest_extra.cc
[826/1578] Compiling des.cc
[827/1578] Compiling crypto.cc
[828/1578] Compiling curve25519_64_adx.cc
[829/1578] Compiling dh_asn1.cc
[830/1578] Compiling cpu_arm_linux.cc
[831/1578] Compiling spake25519.cc
[832/1578] Compiling cpu_intel.cc
[833/1578] Compiling curve25519.cc
[834/1578] Compiling cpu_arm_freebsd.cc
[835/1578] Compiling cpu_aarch64_win.cc
[836/1578] Compiling cpu_aarch64_fuchsia.cc
[837/1578] Compiling cpu_aarch64_apple.cc
[838/1578] Compiling cpu_aarch64_openbsd.cc
[839/1578] Compiling cpu_aarch64_linux.cc
[840/1578] Compiling cpu_aarch64_sysreg.cc
[841/1578] Compiling conf.cc
[842/1578] Compiling tls_cbc.cc
[843/1578] Compiling get_cipher.cc
[844/1578] Compiling e_rc4.cc
[845/1578] Compiling e_tls.cc
[846/1578] Compiling e_rc2.cc
[847/1578] Compiling e_null.cc
[848/1578] Compiling e_chacha20poly1305.cc
[849/1578] Compiling e_des.cc
[850/1578] Compiling e_aesgcmsiv.cc
[851/1578] Compiling e_aesctrhmac.cc
[852/1578] Compiling derive_key.cc
[853/1578] Compiling chacha.cc
[854/1578] Compiling cbs.cc
[855/1578] Compiling asn1_compat.cc
[856/1578] Compiling unicode.cc
[857/1578] Compiling buf.cc
[858/1578] Compiling cbb.cc
[859/1578] Compiling ber.cc
[860/1578] Compiling convert.cc
[861/1578] Compiling socket.cc
[862/1578] Compiling blake2.cc
[863/1578] Compiling socket_helper.cc
[864/1578] Compiling printf.cc
[865/1578] Compiling pair.cc
[866/1578] Compiling bn_asn1.cc
[867/1578] Compiling errno.cc
[868/1578] Compiling fd.cc
[869/1578] Compiling connect.cc
[870/1578] Compiling file.cc
[871/1578] Compiling hexdump.cc
[872/1578] Compiling bio_mem.cc
[873/1578] Compiling base64.cc
[874/1578] Compiling bio.cc
[875/1578] Compiling tasn_typ.cc
[876/1578] Compiling tasn_utl.cc
[877/1578] Compiling tasn_fre.cc
[878/1578] Compiling tasn_new.cc
[879/1578] Compiling tasn_enc.cc
[880/1578] Compiling posix_time.cc
[881/1578] Compiling tasn_dec.cc
[882/1578] Compiling f_int.cc
[883/1578] Compiling f_string.cc
[884/1578] Compiling asn_pack.cc
[885/1578] Compiling asn1_par.cc
[886/1578] Compiling a_octet.cc
[887/1578] Compiling a_strex.cc
[888/1578] Compiling a_utctm.cc
[889/1578] Compiling asn1_lib.cc
[890/1578] Compiling a_type.cc
[891/1578] Compiling a_time.cc
[892/1578] Compiling a_strnid.cc
[893/1578] Compiling a_object.cc
[894/1578] Compiling a_i2d_fp.cc
[895/1578] Compiling a_mbstr.cc
[896/1578] Compiling a_d2i_fp.cc
[897/1578] Compiling a_int.cc
[898/1578] Compiling CGoogleGaxCRC32C CGoogleGaxCRC32C.c
[899/1578] Compiling fiat_p256_adx_sqr.S
[900/1578] Compiling fiat_p256_adx_mul.S
[901/1578] Compiling fiat_curve25519_adx_square.S
[902/1578] Compiling a_bitstr.cc
[903/1578] Compiling a_dup.cc
[904/1578] Compiling fiat_curve25519_adx_mul.S
[905/1578] Compiling md5-x86_64-linux.S
[906/1578] Compiling md5-x86_64-apple.S
[907/1578] Compiling a_gentm.cc
[908/1578] Compiling md5-586-apple.S
[909/1578] Compiling md5-586-linux.S
[910/1578] Compiling chacha20_poly1305_x86_64-linux.S
[911/1578] Compiling chacha20_poly1305_armv8-win.S
[912/1578] Compiling chacha20_poly1305_x86_64-apple.S
[913/1578] Compiling chacha20_poly1305_armv8-apple.S
[914/1578] Compiling chacha20_poly1305_armv8-linux.S
[915/1578] Compiling a_bool.cc
[916/1578] Compiling CCryptoBoringSSLShims shims.c
[917/1578] Compiling chacha-x86_64-linux.S
[918/1578] Compiling chacha-x86_64-apple.S
[919/1578] Compiling chacha-x86-linux.S
[920/1578] Compiling chacha-armv8-win.S
[921/1578] Compiling chacha-x86-apple.S
[922/1578] Compiling chacha-armv8-apple.S
[923/1578] Compiling chacha-armv8-linux.S
[924/1578] Compiling aes128gcmsiv-x86_64-linux.S
[925/1578] Compiling chacha-armv4-linux.S
[926/1578] Compiling aes128gcmsiv-x86_64-apple.S
[927/1578] Compiling x86_64-mont5-linux.S
[928/1578] Compiling x86_64-mont5-apple.S
[929/1578] Compiling x86_64-mont-linux.S
[930/1578] Compiling x86_64-mont-apple.S
[931/1578] Compiling x86-mont-linux.S
[932/1578] Compiling x86-mont-apple.S
[933/1578] Compiling err_data.cc
[934/1578] Compiling vpaes-x86_64-apple.S
[935/1578] Compiling vpaes-x86_64-linux.S
[936/1578] Compiling vpaes-x86-linux.S
[937/1578] Compiling vpaes-x86-apple.S
[938/1578] Compiling vpaes-armv7-linux.S
[939/1578] Compiling vpaes-armv8-apple.S
[940/1578] Compiling sha512-x86_64-linux.S
[941/1578] Compiling vpaes-armv8-linux.S
[942/1578] Compiling vpaes-armv8-win.S
[943/1578] Compiling sha512-armv8-win.S
[944/1578] Compiling sha512-x86_64-apple.S
[945/1578] Compiling sha512-armv4-linux.S
[946/1578] Compiling sha512-586-linux.S
[947/1578] Compiling sha512-586-apple.S
[948/1578] Compiling sha512-armv8-apple.S
[949/1578] Compiling sha512-armv8-linux.S
[950/1578] Compiling sha256-x86_64-linux.S
[951/1578] Compiling sha256-armv8-win.S
[952/1578] Compiling sha256-armv8-linux.S
[953/1578] Compiling sha256-x86_64-apple.S
[954/1578] Compiling sha256-armv8-apple.S
[955/1578] Compiling sha256-armv4-linux.S
[956/1578] Compiling sha256-586-linux.S
[957/1578] Compiling sha1-x86_64-apple.S
[958/1578] Compiling sha1-armv8-win.S
[959/1578] Compiling sha256-586-apple.S
[960/1578] Compiling sha1-armv8-apple.S
[961/1578] Compiling sha1-x86_64-linux.S
[962/1578] Compiling sha1-armv4-large-linux.S
[963/1578] Compiling sha1-586-linux.S
[964/1578] Compiling rsaz-avx2-linux.S
[965/1578] Compiling sha1-586-apple.S
[966/1578] Compiling sha1-armv8-linux.S
[967/1578] Compiling rdrand-x86_64-linux.S
[968/1578] Compiling rsaz-avx2-apple.S
[969/1578] Compiling p256_beeu-x86_64-asm-linux.S
[970/1578] Compiling p256_beeu-x86_64-asm-apple.S
[971/1578] Compiling p256_beeu-armv8-asm-win.S
[972/1578] Compiling p256_beeu-armv8-asm-linux.S
[973/1578] Compiling rdrand-x86_64-apple.S
[973/1578] Compiling p256-x86_64-asm-linux.S
[975/1578] Compiling p256_beeu-armv8-asm-apple.S
[976/1578] Compiling p256-x86_64-asm-apple.S
[977/1578] Compiling ghashv8-armv8-win.S
[978/1578] Compiling ghashv8-armv8-linux.S
[979/1578] Compiling p256-armv8-asm-win.S
[979/1578] Compiling p256-armv8-asm-linux.S
[981/1578] Compiling p256-armv8-asm-apple.S
[982/1578] Compiling ghashv8-armv7-linux.S
[983/1578] Compiling ghashv8-armv8-apple.S
[983/1578] Compiling ghash-x86_64-linux.S
[985/1578] Compiling ghash-x86_64-apple.S
[986/1578] Compiling ghash-x86-linux.S
[987/1578] Compiling ghash-x86-apple.S
[988/1578] Compiling ghash-ssse3-x86-linux.S
[989/1578] Compiling ghash-ssse3-x86_64-apple.S
[990/1578] Compiling ghash-ssse3-x86-apple.S
[991/1578] Compiling ghash-ssse3-x86_64-linux.S
[992/1578] Compiling ghash-neon-armv8-win.S
[993/1578] Compiling ghash-neon-armv8-linux.S
[994/1578] Compiling ghash-neon-armv8-apple.S
[995/1578] Compiling ghash-armv4-linux.S
[996/1578] Compiling co-586-linux.S
[997/1578] Compiling bn-armv8-win.S
[998/1578] Compiling bsaes-armv7-linux.S
[999/1578] Compiling co-586-apple.S
[1000/1578] Compiling bn-armv8-linux.S
[1001/1578] Compiling bn-586-linux.S
[1002/1578] Compiling bn-586-apple.S
[1003/1578] Compiling armv8-mont-win.S
[1004/1578] Compiling bn-armv8-apple.S
[1005/1578] Compiling armv8-mont-apple.S
[1006/1578] Compiling armv8-mont-linux.S
[1007/1578] Compiling armv4-mont-linux.S
[1008/1578] Compiling aesv8-armv8-win.S
[1008/1578] Compiling aesv8-gcm-armv8-apple.S
[1010/1578] Compiling aesv8-gcm-armv8-win.S
[1011/1578] Compiling aesv8-gcm-armv8-linux.S
[1012/1578] Compiling aesv8-armv8-apple.S
[1013/1578] Compiling aesv8-armv8-linux.S
[1014/1578] Compiling aesni-x86_64-apple.S
[1015/1578] Compiling aesv8-armv7-linux.S
[1016/1578] Compiling aesni-x86-apple.S
[1017/1578] Compiling aesni-x86-linux.S
[1018/1578] Compiling aesni-x86_64-linux.S
[1019/1578] Compiling aesni-gcm-x86_64-linux.S
[1020/1578] Compiling aesni-gcm-x86_64-apple.S
[1021/1578] Compiling aes-gcm-avx512-x86_64-apple.S
[1022/1578] Compiling aes-gcm-avx2-x86_64-linux.S
[1023/1578] Compiling aes-gcm-avx512-x86_64-linux.S
[1023/1578] Compiling aes-gcm-avx2-x86_64-apple.S
[1025/1578] Compiling xwing.cc
[1026/1578] Compiling x_spki.cc
[1027/1578] Compiling x_sig.cc
[1028/1578] Compiling x_x509.cc
[1029/1578] Compiling x_req.cc
[1030/1578] Compiling x_x509a.cc
[1031/1578] Compiling c-nioatomics.c
[1032/1578] Compiling x_pubkey.cc
[1033/1578] Compiling x_exten.cc
[1034/1578] Compiling x_name.cc
[1035/1578] Compiling x_crl.cc
[1036/1578] Compiling c-atomics.c
[1037/1578] Compiling x_attrib.cc
[1038/1584] Compiling x_all.cc
[1040/1585] Compiling NIOConcurrencyHelpers NIOLockedValueBox.swift
[1040/1585] Compiling x509spki.cc
[1042/1585] Compiling NIOConcurrencyHelpers NIOLock.swift
[1042/1585] Compiling x_algor.cc
[1044/1585] Compiling NIOConcurrencyHelpers lock.swift
[1044/1585] Compiling x509rset.cc
[1046/1585] Compiling NIOConcurrencyHelpers NIOAtomic.swift
[1047/1585] Emitting module NIOConcurrencyHelpers
[1048/1585] Compiling NIOConcurrencyHelpers NIOThreadPoolWorkAvailable.swift
[1049/1585] Compiling NIOConcurrencyHelpers atomics.swift
[1049/1585] Compiling x509name.cc
[1051/1586] Compiling x509cset.cc
[1052/1586] Compiling x509_vpm.cc
[1053/1586] Wrapping AST for NIOConcurrencyHelpers for debugging
[1054/1586] Compiling x509_vfy.cc
[1055/1586] Compiling x509_v3.cc
[1056/1586] Compiling x509_txt.cc
[1057/1586] Compiling x509_trs.cc
[1058/1586] Compiling x509_set.cc
[1059/1586] Compiling x509_req.cc
[1060/1586] Compiling x509_obj.cc
[1061/1586] Compiling x509_lu.cc
[1062/1586] Compiling x509_def.cc
[1063/1586] Compiling x509_ext.cc
[1064/1586] Compiling x509_d2.cc
[1065/1586] Compiling x509_att.cc
[1066/1586] Compiling x509_cmp.cc
[1067/1586] Compiling x509.cc
[1068/1586] Compiling v3_utl.cc
[1069/1586] Compiling v3_skey.cc
[1070/1586] Compiling v3_purp.cc
[1071/1586] Compiling v3_prn.cc
[1072/1586] Compiling v3_pmaps.cc
[1073/1586] Compiling v3_ocsp.cc
[1074/1586] Compiling v3_pcons.cc
[1075/1586] Compiling v3_ncons.cc
[1076/1586] Compiling v3_lib.cc
[1077/1586] Compiling v3_int.cc
[1078/1586] Compiling v3_info.cc
[1079/1586] Compiling v3_ia5.cc
[1080/1586] Compiling v3_genn.cc
[1081/1586] Compiling v3_enum.cc
[1082/1586] Compiling v3_extku.cc
[1083/1586] Compiling v3_crld.cc
[1084/1586] Compiling v3_cpols.cc
[1085/1586] Compiling v3_bitst.cc
[1086/1586] Compiling v3_bcons.cc
[1087/1586] Compiling v3_conf.cc
[1088/1586] Compiling v3_alt.cc
[1089/1586] Compiling v3_akey.cc
[1090/1586] Compiling v3_akeya.cc
[1091/1586] Compiling t_x509a.cc
[1092/1586] Compiling t_x509.cc
[1093/1586] Compiling t_req.cc
[1094/1586] Compiling t_crl.cc
[1095/1586] Compiling rsa_pss.cc
[1096/1586] Compiling i2d_pr.cc
[1097/1586] Compiling policy.cc
[1098/1586] Compiling name_print.cc
[1099/1586] Compiling by_file.cc
[1100/1586] Compiling by_dir.cc
[1101/1586] Compiling algorithm.cc
[1102/1586] Compiling asn1_gen.cc
[1103/1586] Compiling a_verify.cc
[1104/1586] Compiling a_sign.cc
[1105/1586] Compiling a_digest.cc
[1106/1586] Compiling voprf.cc
[1107/1586] Compiling trust_token.cc
[1108/1586] Compiling thread_win.cc
[1109/1586] Compiling thread_none.cc
[1110/1586] Compiling thread_pthread.cc
[1111/1586] Compiling thread.cc
[1112/1586] Compiling pmbtoken.cc
[1113/1586] Compiling stack.cc
[1114/1586] Compiling siphash.cc
[1115/1586] Compiling sha512.cc
[1116/1586] Compiling sha256.cc
[1117/1586] Compiling slhdsa.cc
[1118/1586] Compiling sha1.cc
[1119/1586] Compiling rsa_print.cc
[1120/1586] Compiling spake2plus.cc
[1121/1586] Compiling rsa_extra.cc
[1122/1586] Compiling rsa_crypt.cc
[1123/1586] Compiling rc4.cc
[1124/1586] Compiling refcount.cc
[1125/1586] Compiling windows.cc
[1126/1586] Compiling trusty.cc
[1127/1586] Compiling urandom.cc
[1128/1586] Compiling rand.cc
[1129/1586] Compiling passive.cc
[1130/1586] Compiling rsa_asn1.cc
[1131/1586] Compiling poly1305_arm_asm.S
[1132/1586] Compiling ios.cc
[1133/1586] Compiling getentropy.cc
[1134/1586] Compiling forkunsafe.cc
[1135/1586] Compiling deterministic.cc
[1136/1586] Compiling fork_detect.cc
[1137/1586] Compiling poly1305_vec.cc
[1138/1586] Compiling poly1305_arm.cc
[1139/1586] Compiling pool.cc
[1140/1586] Compiling poly1305.cc
[1141/1586] Compiling pkcs8.cc
[1142/1586] Compiling pkcs7.cc
[1143/1586] Compiling p5_pbev2.cc
[1144/1586] Compiling pkcs8_x509.cc
[1145/1586] Compiling pkcs7_x509.cc
[1146/1586] Compiling pem_xaux.cc
[1147/1586] Compiling pem_x509.cc
[1148/1586] Compiling pem_pkey.cc
[1149/1586] Compiling pem_oth.cc
[1150/1586] Compiling pem_pk8.cc
[1151/1586] Compiling pem_lib.cc
[1152/1586] Compiling obj_xref.cc
[1153/1586] Compiling pem_info.cc
[1154/1586] Compiling mlkem.cc
[1155/1586] Compiling pem_all.cc
[1156/1586] Compiling mem.cc
[1157/1586] Compiling mldsa.cc
[1158/1586] Compiling poly_rq_mul.S
[1159/1586] Compiling obj.cc
[1160/1586] Compiling fips_shared_support.cc
[1161/1586] Compiling lhash.cc
[1162/1586] Compiling md5.cc
[1163/1586] Compiling fuzzer_mode.cc
[1164/1586] Compiling md4.cc
[1165/1586] Compiling kyber.cc
[1166/1586] Compiling hrss.cc
[1167/1586] Compiling ex_data.cc
[1168/1586] Compiling hpke.cc
[1169/1586] Compiling scrypt.cc
[1170/1586] Compiling pbkdf.cc
[1171/1586] Compiling print.cc
[1172/1586] Compiling sign.cc
[1173/1586] Compiling p_x25519.cc
[1174/1586] Compiling p_x25519_asn1.cc
[1175/1586] Compiling p_rsa_asn1.cc
[1176/1586] Compiling p_hkdf.cc
[1177/1586] Compiling p_ed25519_asn1.cc
[1178/1586] Compiling p_rsa.cc
[1179/1586] Compiling p_ed25519.cc
[1180/1586] Compiling p_ec_asn1.cc
[1181/1586] Compiling p_ec.cc
[1182/1586] Compiling p_dsa_asn1.cc
[1183/1586] Compiling p_dh_asn1.cc
[1184/1586] Compiling p_dh.cc
[1185/1586] Compiling evp_ctx.cc
[1186/1586] Compiling evp_asn1.cc
[1187/1586] Compiling err.cc
[1188/1586] Compiling engine.cc
[1189/1586] Compiling evp.cc
[1190/1586] Compiling ecdsa_p1363.cc
[1191/1586] Compiling ecdh.cc
[1192/1586] Compiling ec_derive.cc
[1193/1586] Compiling ecdsa_asn1.cc
[1194/1586] Compiling dsa.cc
[1195/1586] Compiling hash_to_curve.cc
[1196/1586] Compiling ec_asn1.cc
[1197/1586] Compiling dsa_asn1.cc
[1198/1586] Compiling digest_extra.cc
[1199/1586] Compiling x25519-asm-arm.S
[1200/1586] Compiling spake25519.cc
[1201/1586] Compiling params.cc
[1202/1586] Compiling curve25519_64_adx.cc
[1203/1586] Compiling dh_asn1.cc
[1204/1586] Compiling des.cc
[1205/1586] Compiling crypto.cc
[1206/1586] Compiling curve25519.cc
[1207/1586] Compiling cpu_intel.cc
[1208/1586] Compiling cpu_arm_linux.cc
[1209/1586] Compiling cpu_arm_freebsd.cc
[1210/1586] Compiling cpu_aarch64_sysreg.cc
[1211/1586] Compiling cpu_aarch64_win.cc
[1212/1586] Compiling cpu_aarch64_openbsd.cc
[1213/1586] Compiling cpu_aarch64_linux.cc
[1214/1586] Compiling cpu_aarch64_fuchsia.cc
[1215/1586] Compiling cpu_aarch64_apple.cc
[1216/1586] Compiling conf.cc
[1217/1586] Compiling tls_cbc.cc
[1218/1586] Compiling get_cipher.cc
[1219/1586] Compiling e_tls.cc
[1220/1586] Compiling cms.cc
[1221/1586] Compiling e_rc2.cc
[1222/1586] Compiling e_rc4.cc
[1223/1586] Compiling e_des.cc
[1224/1586] Compiling e_null.cc
[1225/1586] Compiling e_aesgcmsiv.cc
[1226/1586] Compiling e_aesctrhmac.cc
[1227/1586] Compiling e_chacha20poly1305.cc
[1228/1586] Compiling e_aeseax.cc
[1229/1586] Compiling derive_key.cc
[1230/1586] Compiling chacha.cc
[1231/1586] Compiling sqrt.cc
[1232/1586] Compiling buf.cc
[1233/1586] Compiling cbs.cc
[1234/1586] Compiling unicode.cc
[1235/1586] Compiling asn1_compat.cc
[1236/1586] Compiling ber.cc
[1237/1586] Compiling cbb.cc
[1238/1586] Compiling exponentiation.cc
[1239/1586] Compiling div.cc
[1240/1586] Compiling blake2.cc
[1241/1586] Compiling printf.cc
[1242/1586] Compiling bn_asn1.cc
[1243/1586] Compiling convert.cc
[1244/1586] Compiling pair.cc
[1245/1586] Compiling hexdump.cc
[1246/1586] Compiling file.cc
[1247/1586] Compiling fd.cc
[1247/1586] Compiling errno.cc
[1249/1586] Compiling bio_mem.cc
[1250/1586] Compiling base64.cc
[1251/1586] Compiling bio.cc
[1252/1586] Compiling tasn_typ.cc
[1253/1586] Compiling tasn_fre.cc
[1254/1586] Compiling tasn_utl.cc
[1255/1586] Compiling tasn_enc.cc
[1256/1586] Compiling tasn_new.cc
[1257/1586] Compiling posix_time.cc
[1258/1586] Compiling f_string.cc
[1259/1586] Compiling tasn_dec.cc
[1260/1586] Compiling f_int.cc
[1261/1586] Compiling asn_pack.cc
[1262/1586] Compiling asn1_par.cc
[1263/1586] Compiling bcm.cc
[1264/1586] Compiling a_utctm.cc
[1265/1586] Compiling asn1_lib.cc
[1266/1586] Compiling a_octet.cc
[1267/1586] Compiling a_time.cc
[1268/1586] Compiling CAsyncHTTPClient CAsyncHTTPClient.c
[1269/1586] Write sources
[1288/1586] Compiling a_type.cc
[1289/1586] Write sources
[1291/1629] Compiling a_i2d_fp.cc
[1292/1629] Compiling a_strnid.cc
[1293/1629] Compiling a_strex.cc
[1294/1629] Compiling a_object.cc
[1295/1629] Compiling aes.cc
[1297/1629] Compiling Atomics UnsafeAtomic.swift
[1298/1629] Compiling Atomics UnsafeAtomicLazyReference.swift
[1299/1629] Compiling Atomics ManagedAtomic.swift
[1300/1629] Compiling Atomics ManagedAtomicLazyReference.swift
[1301/1631] Compiling Atomics AtomicMemoryOrderings.swift
[1302/1631] Compiling Atomics DoubleWord.swift
[1302/1631] Compiling a_gentm.cc
[1304/1639] Compiling Atomics IntegerOperations.swift
[1305/1639] Compiling Atomics Unmanaged extensions.swift
[1306/1639] Compiling Atomics AtomicInteger.swift
[1307/1639] Compiling Atomics AtomicOptionalWrappable.swift
[1308/1639] Compiling Atomics AtomicReference.swift
[1309/1639] Compiling Atomics AtomicStorage.swift
[1310/1639] Compiling Algorithms Intersperse.swift
[1312/1639] Compiling Algorithms Stride.swift
[1313/1639] Compiling Algorithms Suffix.swift
[1314/1639] Compiling Algorithms RandomSample.swift
[1315/1639] Compiling Algorithms Reductions.swift
[1316/1639] Compiling Algorithms Rotate.swift
[1327/1642] Compiling Atomics PointerConformances.swift
[1328/1642] Compiling Atomics Primitives.native.swift
[1331/1642] Compiling CryptoBoringWrapper RandomBytes.swift
[1332/1642] Compiling Algorithms Trim.swift
[1333/1642] Compiling Algorithms Unique.swift
[1334/1642] Compiling Algorithms Windows.swift
[1335/1642] Compiling CryptoBoringWrapper BoringSSLAEAD.swift
[1336/1642] Compiling CryptoBoringWrapper FiniteFieldArithmeticContext.swift
[1337/1642] Compiling CryptoBoringWrapper CryptoKitErrors_boring.swift
[1338/1642] Emitting module Atomics
[1339/1642] Emitting module CryptoBoringWrapper
[1340/1642] Compiling CryptoBoringWrapper EllipticCurve.swift
[1341/1642] Compiling Atomics OptionalRawRepresentable.swift
[1342/1642] Compiling Atomics RawRepresentable.swift
[1343/1642] Compiling Atomics AtomicBool.swift
[1344/1642] Compiling Atomics IntegerConformances.swift
[1345/1642] Compiling CryptoBoringWrapper ArbitraryPrecisionInteger.swift
[1346/1642] Compiling CryptoBoringWrapper EllipticCurvePoint.swift
[1347/1643] Wrapping AST for CryptoBoringWrapper for debugging
[1349/1727] Compiling Crypto Insecure_HashFunctions.swift
[1350/1727] Compiling Crypto MLKEM_boring.swift
[1351/1727] Compiling Crypto MLKEM_wrapper.swift
[1352/1727] Compiling Crypto XWing_boring.swift
[1353/1727] Compiling Crypto KEM-Errors.swift
[1354/1727] Compiling Crypto KEM.swift
[1355/1728] Wrapping AST for Atomics for debugging
[1357/1792] Emitting module Algorithms
[1358/1793] Wrapping AST for Algorithms for debugging
[1360/1793] Compiling NIOCore NIOCoreSendableMetatype.swift
[1361/1793] Compiling NIOCore NIODecodedAsyncSequence.swift
[1362/1793] Compiling NIOCore NIOLoopBound.swift
[1363/1793] Compiling NIOCore NIOPooledRecvBufferAllocator.swift
[1364/1793] Compiling NIOCore NIOScheduledCallback.swift
[1365/1793] Compiling NIOCore NIOSendable.swift
[1366/1793] Compiling NIOCore NIOSplitLinesMessageDecoder.swift
[1367/1793] Compiling NIOCore NIOTransportAccessibleChannelCore.swift
[1368/1793] Compiling NIOCore RecvByteBufferAllocator.swift
[1369/1801] Emitting module Crypto
[1370/1812] Compiling NIOCore GlobalSingletons.swift
[1371/1812] Compiling NIOCore IO.swift
[1372/1812] Compiling NIOCore IOData.swift
[1373/1812] Compiling NIOCore ByteBuffer-multi-int.swift
[1374/1812] Compiling NIOCore ByteBuffer-quicBinaryEncodingStrategy.swift
[1375/1812] Compiling NIOCore ByteBuffer-views.swift
[1376/1812] Compiling NIOCore Channel.swift
[1377/1812] Compiling NIOCore ChannelHandler.swift
[1378/1812] Compiling NIOCore ChannelHandlers.swift
[1379/1812] Compiling NIOCore ChannelInvoker.swift
[1380/1812] Compiling NIOCore ChannelOption.swift
[1381/1812] Compiling NIOCore ChannelPipeline.swift
[1382/1812] Compiling NIOCore NIOThrowingAsyncSequenceProducer.swift
[1383/1812] Compiling NIOCore BSDSocketAPI.swift
[1384/1812] Compiling NIOCore ByteBuffer-aux.swift
[1385/1812] Compiling NIOCore ByteBuffer-binaryEncodedLengthPrefix.swift
[1386/1812] Compiling NIOCore ByteBuffer-conversions.swift
[1387/1812] Compiling NIOCore ByteBuffer-core.swift
[1388/1812] Compiling NIOCore ByteBuffer-hex.swift
[1389/1812] Compiling NIOCore ByteBuffer-int.swift
[1390/1812] Compiling NIOCore ByteBuffer-lengthPrefix.swift
[1391/1812] Compiling NIOCore AddressedEnvelope.swift
[1392/1812] Compiling NIOCore AsyncAwaitSupport.swift
[1393/1812] Compiling NIOCore AsyncChannel.swift
[1394/1812] Compiling NIOCore AsyncChannelHandler.swift
[1395/1812] Compiling NIOCore AsyncChannelInboundStream.swift
[1396/1812] Compiling NIOCore AsyncChannelOutboundWriter.swift
[1397/1812] Compiling NIOCore NIOAsyncSequenceProducer.swift
[1398/1812] Compiling NIOCore NIOAsyncSequenceProducerStrategies.swift
[1399/1812] Compiling NIOCore NIOAsyncWriter.swift
[1400/1812] Compiling NIOCore EventLoopFuture+Deprecated.swift
[1401/1812] Compiling NIOCore EventLoopFuture+WithEventLoop.swift
[1402/1812] Compiling NIOCore EventLoopFuture.swift
[1403/1812] Compiling NIOCore FileDescriptor.swift
[1404/1812] Compiling NIOCore FileHandle.swift
[1405/1812] Compiling NIOCore FileRegion.swift
[1406/1812] Compiling NIOCore Interfaces.swift
[1407/1812] Compiling NIOCore Linux.swift
[1408/1812] Compiling NIOCore MarkedCircularBuffer.swift
[1409/1812] Compiling NIOCore MulticastChannel.swift
[1410/1812] Compiling NIOCore NIOAny.swift
[1411/1812] Compiling NIOCore NIOCloseOnErrorHandler.swift
[1417/1812] Compiling NIOCore CircularBuffer.swift
[1418/1812] Compiling NIOCore Codec.swift
[1419/1812] Compiling NIOCore ConvenienceOptionSupport.swift
[1420/1812] Compiling NIOCore DeadChannel.swift
[1421/1812] Compiling NIOCore DispatchQueue+WithFuture.swift
[1422/1812] Compiling NIOCore EventLoop+Deprecated.swift
[1423/1812] Compiling NIOCore EventLoop+SerialExecutor.swift
[1424/1812] Compiling NIOCore EventLoop.swift
[1425/1812] Compiling NIOCore EventLoopFuture+AssumeIsolated.swift
[1426/1812] Compiling NIOCore IPProtocol.swift
[1427/1812] Compiling NIOCore IntegerBitPacking.swift
[1428/1812] Compiling NIOCore IntegerTypes.swift
[1429/1812] Compiling Crypto CryptoKitErrors.swift
[1430/1812] Compiling Crypto Digest_boring.swift
[1431/1812] Compiling Crypto Digest.swift
[1432/1812] Compiling Crypto Digests.swift
[1433/1812] Compiling Crypto HashFunctions.swift
[1434/1812] Compiling Crypto HashFunctions_SHA2.swift
[1435/1812] Compiling Crypto HashFunctions_SHA3.swift
[1436/1812] Compiling Crypto Digest_xkcp.swift
[1437/1812] Compiling Crypto HPKE-AEAD.swift
[1438/1812] Compiling Crypto HPKE-Ciphersuite.swift
[1439/1812] Compiling Crypto HPKE-KDF.swift
[1440/1812] Compiling Crypto HPKE-KexKeyDerivation.swift
[1445/1812] Compiling NIOCore SingleStepByteToMessageDecoder.swift
[1446/1812] Compiling NIOCore SocketAddresses.swift
[1447/1812] Compiling NIOCore SocketOptionProvider.swift
[1448/1812] Compiling NIOCore SystemCallHelpers.swift
[1449/1812] Compiling NIOCore TimeAmount+Duration.swift
[1450/1812] Compiling NIOCore TypeAssistedChannelHandler.swift
[1451/1812] Compiling NIOCore UniversalBootstrapSupport.swift
[1452/1812] Compiling NIOCore Utilities.swift
[1480/1812] Compiling Crypto Signature.swift
[1481/1812] Compiling Crypto CryptoKitErrors_boring.swift
[1482/1812] Compiling Crypto Optional+withUnsafeBytes_boring.swift
[1483/1812] Compiling Crypto RNG_boring.swift
[1484/1812] Compiling Crypto SafeCompare_boring.swift
[1485/1812] Compiling Crypto Zeroization_boring.swift
[1486/1812] Compiling Crypto _CryptoModuleAnchor.swift
[1487/1812] Compiling Crypto PrettyBytes.swift
[1488/1812] Compiling Crypto SafeCompare.swift
[1489/1812] Compiling Crypto SecureBytes.swift
[1490/1812] Compiling Crypto Zeroization.swift
[1491/1823] Wrapping AST for Crypto for debugging
[1501/1875] Compiling CryptoExtras CMAC.swift
[1502/1875] Compiling CryptoExtras ARC+API.swift
[1503/1875] Compiling CryptoExtras ARC.swift
[1504/1875] Compiling CryptoExtras ARCCredential.swift
[1505/1875] Compiling CryptoExtras ARCEncoding.swift
[1506/1875] Compiling CryptoExtras ARCPrecredential.swift
[1507/1875] Compiling CryptoExtras ARCPresentation.swift
[1508/1875] Compiling CryptoExtras ARCRequest.swift
[1509/1875] Compiling CryptoExtras ARCResponse.swift
[1510/1875] Compiling CryptoExtras AES_CBC.swift
[1511/1875] Compiling CryptoExtras AES_CFB.swift
[1512/1875] Compiling CryptoExtras AES_CTR.swift
[1513/1875] Compiling CryptoExtras AES_GCM_SIV.swift
[1514/1875] Compiling CryptoExtras Block Function.swift
[1515/1875] Compiling CryptoExtras AES_CBC_boring.swift
[1516/1875] Compiling CryptoExtras AES_CFB_boring.swift
[1517/1875] Compiling CryptoExtras AES_CTR_boring.swift
[1518/1875] Compiling CryptoExtras AES_GCM_SIV_boring.swift
[1519/1875] Compiling CryptoExtras PKCS8DERRepresentation.swift
[1520/1875] Compiling CryptoExtras PKCS8PrivateKey.swift
[1521/1875] Compiling CryptoExtras RFC8410AlgorithmIdentifier.swift
[1522/1875] Compiling CryptoExtras ECToolbox_boring.swift
[1523/1875] Compiling CryptoExtras ECToolbox.swift
[1524/1875] Compiling CryptoExtras HashToField.swift
[1525/1875] Compiling CryptoExtras KDF.swift
[1526/1875] Compiling CryptoExtras PBKDF2_boring.swift
[1527/1875] Compiling CryptoExtras PBKDF2_commoncrypto.swift
[1528/1883] Compiling CryptoExtras Data+Extensions.swift
[1529/1883] Compiling CryptoExtras DigestType.swift
[1530/1883] Compiling CryptoExtras Error.swift
[1531/1883] Compiling CryptoExtras I2OSP.swift
[1532/1883] Compiling CryptoExtras IntegerEncoding.swift
[1533/1883] Compiling CryptoExtras PEMDocument.swift
[1534/1883] Compiling CryptoExtras PrettyBytes.swift
[1535/1883] Compiling CryptoExtras SubjectPublicKeyInfo.swift
[1536/1883] Compiling CryptoExtras ARCServer.swift
[1537/1883] Compiling CryptoExtras ChaCha20CTR_boring.swift
[1538/1883] Compiling CryptoExtras ChaCha20CTR.swift
[1539/1883] Compiling CryptoExtras BoringSSLSHA512256Context.swift
[1540/1883] Compiling CryptoExtras BoringSSLSHA512256HashFunction.swift
[1541/1883] Compiling CryptoExtras SHA512256.swift
[1542/1883] Compiling CryptoExtras SHA512256Digest.swift
[1543/1883] Compiling CryptoExtras Curve25519+PEM.swift
[1544/1883] Compiling CryptoExtras ObjectIdentifier.swift
[1545/1883] Compiling CryptoExtras ThreadOps.swift
[1546/1883] Compiling CryptoExtras ThreadPosix.swift
[1547/1883] Compiling CryptoExtras ThreadSpecific.swift
[1548/1883] Compiling CryptoExtras ThreadWindows.swift
[1549/1883] Compiling CryptoExtras DLEQ.swift
[1550/1883] Compiling CryptoExtras Prover.swift
[1551/1883] Compiling CryptoExtras Verifier.swift
[1552/1883] Compiling CryptoExtras ZKPToolbox.swift
[1562/1883] Compiling CryptoExtras PBKDF2.swift
[1563/1883] Compiling CryptoExtras Scrypt_boring.swift
[1564/1883] Compiling CryptoExtras Scrypt.swift
[1565/1883] Compiling CryptoExtras OPRF.swift
[1566/1883] Compiling CryptoExtras OPRFClient.swift
[1567/1883] Compiling CryptoExtras OPRFServer.swift
[1568/1883] Compiling CryptoExtras VOPRF+API.swift
[1569/1883] Compiling CryptoExtras VOPRFClient.swift
[1570/1883] Compiling CryptoExtras VOPRFServer.swift
[1571/1883] Compiling CryptoExtras BoringSSLPassphraseCallbackManager.swift
[1572/1883] Compiling CryptoExtras RSA+BlindSigning.swift
[1573/1883] Compiling CryptoExtras RSA.swift
[1574/1883] Compiling CryptoExtras RSA_boring.swift
[1575/1883] Compiling CryptoExtras Reexport.swift
[1576/1883] Compiling CryptoExtras Zeroization_boring.swift
[1577/1883] Compiling CryptoExtras BoringSSLHelpers.swift
[1578/1883] Compiling CryptoExtras CryptoKitErrors_boring.swift
[1588/1883] Emitting module CryptoExtras
[1598/1884] Wrapping AST for CryptoExtras for debugging
[1600/1886] Emitting module _CryptoExtras
[1601/1886] Compiling _CryptoExtras Exports.swift
[1602/1887] Wrapping AST for _CryptoExtras for debugging
[1604/1982] Emitting module NIOCore
[1605/1998] Wrapping AST for NIOCore for debugging
[1607/2040] Compiling NIOFoundationEssentialsCompat Codable+ByteBuffer.swift
[1608/2040] Compiling NIOPosix BSDSocketAPICommon.swift
[1609/2040] Compiling NIOPosix BSDSocketAPIPosix.swift
[1610/2040] Compiling NIOPosix BSDSocketAPIWindows.swift
[1611/2040] Compiling NIOPosix BaseSocket.swift
[1612/2040] Compiling NIOPosix BaseSocketChannel+AccessibleTransport.swift
[1613/2040] Compiling NIOPosix BaseSocketChannel+SocketOptionProvider.swift
[1614/2040] Compiling NIOPosix BaseSocketChannel.swift
[1615/2040] Compiling NIOPosix MultiThreadedEventLoopGroup.swift
[1616/2040] Compiling NIOPosix NIOPosixSendableMetatype.swift
[1617/2040] Compiling NIOPosix NIORandomizedDNSResolver.swift
[1618/2040] Compiling NIOPosix NIOThreadPool.swift
[1619/2040] Compiling NIOPosix NonBlockingFileIO.swift
[1620/2040] Compiling NIOPosix PendingDatagramWritesManager.swift
[1621/2040] Compiling NIOPosix PendingWritesManager.swift
[1622/2053] Compiling X509 OneOfPolicies.swift
[1623/2053] Compiling X509 PolicyBuilder.swift
[1624/2053] Compiling X509 BasicConstraintsPolicy.swift
[1625/2053] Compiling X509 DNSNames.swift
[1626/2053] Compiling X509 ExpiryPolicy.swift
[1627/2053] Compiling X509 IPConstraints.swift
[1628/2053] Compiling X509 NameConstraintsPolicy.swift
[1629/2053] Compiling X509 RFC5280Policy.swift
[1630/2053] Compiling X509 URIConstraints.swift
[1631/2053] Compiling X509 VersionPolicy.swift
[1632/2053] Compiling X509 ServerIdentityPolicy.swift
[1633/2053] Compiling X509 TrustRootLoading.swift
[1634/2053] Compiling X509 UnverifiedChain.swift
[1635/2053] Compiling NIOFoundationEssentialsCompat ByteBuffer-foundation.swift
[1636/2053] Emitting module NIOFoundationEssentialsCompat
[1638/2054] Compiling X509 OCSPExtensionID.swift
[1639/2054] Compiling X509 OCSPNonce.swift
[1640/2054] Compiling X509 OCSPPolicy.swift
[1641/2054] Compiling X509 OCSPRequest.swift
[1642/2054] Compiling X509 OCSPResponse.swift
[1643/2054] Compiling X509 OCSPResponseBytes.swift
[1644/2054] Compiling X509 OCSPResponseData.swift
[1645/2054] Compiling X509 OCSPResponseStatus.swift
[1646/2054] Compiling X509 OCSPSignature.swift
[1647/2054] Compiling X509 OCSPSingleRequest.swift
[1648/2054] Compiling X509 OCSPSingleResponse.swift
[1649/2054] Compiling X509 OCSPTBSRequest.swift
[1650/2054] Compiling X509 OCSPVersion.swift
[1651/2054] Compiling X509 PKCS8PrivateKey.swift
[1652/2054] Compiling X509 PromiseAndFuture.swift
[1653/2054] Compiling X509 RDNAttribute.swift
[1654/2054] Compiling X509 RandomNumberGenerator+bytes.swift
[1655/2054] Compiling X509 RelativeDistinguishedName.swift
[1656/2054] Compiling X509 SEC1PrivateKey.swift
[1657/2054] Compiling X509 SecKeyWrapper.swift
[1658/2054] Compiling X509 Signature.swift
[1659/2054] Compiling X509 SignatureAlgorithm.swift
[1660/2054] Compiling X509 AllOfPolicies.swift
[1661/2054] Compiling X509 AnyPolicy.swift
[1662/2054] Compiling X509 CertificateStore.swift
[1663/2054] Compiling X509 CustomCertificateStore.swift
[1663/2054] Wrapping AST for NIOFoundationEssentialsCompat for debugging
[1665/2054] Compiling NIOEmbedded Embedded.swift
[1666/2054] Compiling NIOEmbedded AsyncTestingEventLoop.swift
[1667/2054] Compiling NIOEmbedded AsyncTestingChannel.swift
[1668/2054] Emitting module NIOEmbedded
[1669/2055] Wrapping AST for NIOEmbedded for debugging
[1671/2055] Compiling NIOPosix Resolver.swift
[1672/2055] Compiling NIOPosix SelectorWSAPoll.swift
[1673/2055] Compiling NIOPosix ServerSocket.swift
[1674/2055] Compiling NIOPosix Socket.swift
[1675/2055] Compiling NIOPosix SocketChannel.swift
[1676/2055] Compiling NIOPosix SocketProtocols.swift
[1677/2055] Compiling NIOPosix StructuredConcurrencyHelpers.swift
[1678/2055] Compiling NIOPosix System.swift
[1679/2055] Compiling X509 AuthorityInformationAccess.swift
[1680/2055] Compiling X509 AuthorityKeyIdentifier.swift
[1681/2055] Compiling X509 BasicConstraints.swift
[1682/2055] Compiling X509 ExtendedKeyUsage.swift
[1683/2055] Compiling X509 ExtensionIdentifiers.swift
[1684/2055] Compiling X509 KeyUsage.swift
[1685/2055] Compiling NIOPosix Selectable.swift
[1686/2055] Compiling NIOPosix SelectableChannel.swift
[1687/2055] Compiling NIOPosix SelectableEventLoop.swift
[1688/2055] Compiling NIOPosix SelectorEpoll.swift
[1689/2055] Compiling NIOPosix SelectorGeneric.swift
[1690/2055] Compiling NIOPosix SelectorKqueue.swift
[1691/2055] Compiling NIOPosix SelectorUring.swift
[1692/2055] Compiling NIOPosix PipeChannel.swift
[1693/2055] Compiling NIOPosix PipePair.swift
[1694/2055] Compiling NIOPosix Pool.swift
[1695/2055] Compiling NIOPosix PosixSingletons+ConcurrencyTakeOver.swift
[1696/2055] Compiling NIOPosix PosixSingletons.swift
[1697/2055] Compiling NIOPosix RawSocketBootstrap.swift
[1698/2055] Compiling NIOPosix HappyEyeballs.swift
[1699/2055] Compiling NIOPosix IO.swift
[1700/2055] Compiling NIOPosix IntegerBitPacking.swift
[1701/2055] Compiling NIOPosix IntegerTypes.swift
[1702/2055] Compiling NIOPosix Linux.swift
[1703/2055] Compiling NIOPosix LinuxCPUSet.swift
[1704/2055] Compiling NIOPosix LinuxUring.swift
[1705/2055] Compiling NIOPosix BaseStreamSocketChannel.swift
[1706/2055] Compiling NIOPosix Bootstrap.swift
[1707/2055] Compiling NIOPosix ControlMessage.swift
[1708/2055] Compiling NIOPosix DatagramVectorReadManager.swift
[1709/2055] Compiling NIOPosix Errors+Any.swift
[1710/2055] Compiling NIOPosix FileDescriptor.swift
[1711/2055] Compiling NIOPosix GetaddrinfoResolver.swift
[1712/2055] Emitting module X509
[1741/2062] Compiling NIOPosix Thread.swift
[1742/2062] Compiling NIOPosix ThreadPosix.swift
[1743/2062] Compiling NIOPosix ThreadWindows.swift
[1744/2062] Compiling NIOPosix Utilities.swift
[1745/2062] Compiling NIOPosix VsockAddress.swift
[1746/2062] Compiling NIOPosix VsockChannelEvents.swift
[1747/2062] Compiling NIOPosix Windows.swift
[1769/2062] Emitting module NIOPosix
[1771/2063] Compiling X509 ValidatedCertificateChain.swift
[1772/2063] Compiling X509 VerificationDiagnostic.swift
[1773/2063] Compiling X509 Verifier.swift
[1774/2063] Compiling X509 VerifierPolicy.swift
[1775/2063] Compiling X509 AlgorithmIdentifier.swift
[1776/2063] Compiling X509 ECDSASignature.swift
[1777/2063] Compiling X509 RSAPKCS1PublicKey.swift
[1778/2063] Compiling X509 SubjectPublicKeyInfo.swift
[1779/2063] Compiling X509 TBSCertificate.swift
[1780/2063] Compiling X509 Time.swift
[1781/2063] Compiling X509 TimeCalculations.swift
[1782/2063] Compiling X509 Validity.swift
[1783/2063] Compiling X509 X509SendableMetatype.swift
[1783/2064] Wrapping AST for NIOPosix for debugging
[1786/2066] Compiling NIO Exports.swift
[1787/2066] Emitting module NIO
[1788/2067] Wrapping AST for X509 for debugging
[1789/2068] Wrapping AST for NIO for debugging
[1791/2173] Emitting module NIOTLS
[1792/2173] Compiling NIOTLS TLSEvents.swift
[1793/2173] Compiling NIOFoundationCompat Exports.swift
[1794/2173] Emitting module NIOFoundationCompat
[1795/2173] Compiling NIOFoundationCompat JSONSerialization+ByteBuffer.swift
[1796/2173] Compiling NIOFoundationCompat WaitSpinningRunLoop.swift
[1797/2174] Compiling NIOSOCKS SOCKSResponse.swift
[1799/2175] Compiling NIOTLS ApplicationProtocolNegotiationHandler.swift
[1800/2175] Compiling NIOSOCKS SelectedAuthenticationMethod.swift
[1801/2175] Compiling NIOSOCKS ClientStateMachine.swift
[1802/2175] Compiling NIOHTTP1 HTTPServerProtocolErrorHandler.swift
[1803/2175] Compiling NIOHTTP1 HTTPHeaderValidator.swift
[1804/2175] Compiling NIOHTTP1 HTTPEncoder.swift
[1805/2175] Compiling NIOHTTP1 HTTPServerPipelineHandler.swift
[1805/2175] Wrapping AST for NIOFoundationCompat for debugging
[1807/2175] Emitting module NIOSOCKS
[1808/2175] Compiling NIOHTTP1 ByteCollectionUtils.swift
[1809/2175] Compiling NIOHTTP1 HTTPDecoder.swift
[1810/2175] Compiling NIOSOCKS ServerStateMachine.swift
[1811/2175] Compiling NIOHTTP1 HTTPHeaders+Validation.swift
[1812/2175] Compiling NIOHTTP1 HTTPPipelineSetup.swift
[1814/2176] Compiling NIOHTTP1 HTTPTypes.swift
[1815/2176] Compiling NIOHTTP1 HTTPServerRequestMethodQueue.swift
[1816/2176] Compiling NIOHTTP1 HTTPServerUpgradeHandler.swift
[1817/2176] Compiling NIOHTTP1 NIOHTTPClientUpgradeHandler.swift
[1818/2176] Compiling NIOHTTP1 NIOHTTPObjectAggregator.swift
[1819/2176] Compiling NIOHTTP1 NIOTypedHTTPClientUpgradeHandler.swift
[1820/2176] Compiling NIOHTTP1 NIOTypedHTTPClientUpgraderStateMachine.swift
[1821/2176] Compiling JWTKit EdDSAError.swift
[1822/2176] Compiling JWTKit EdDSASigner.swift
[1823/2176] Compiling JWTKit JWTKeyCollection+EdDSA.swift
[1826/2187] Wrapping AST for NIOSOCKS for debugging
[1828/2187] Emitting module NIOHTTP1
[1829/2187] Compiling NIOTLS SNIHandler.swift
[1830/2187] Compiling NIOTLS ProtocolNegotiationHandlerStateMachine.swift
[1831/2187] Compiling NIOTLS NIOTypedApplicationProtocolNegotiationHandler.swift
[1836/2218] Wrapping AST for NIOTLS for debugging
[1838/2218] Compiling JWTKit MLDSAType.swift
[1839/2218] Compiling JWTKit JWTKeyCollection+UnsecuredNone.swift
[1840/2218] Compiling JWTKit UnsecuredNoneSigner.swift
[1841/2218] Compiling JWTKit JWTKeyCollection+RSA.swift
[1842/2218] Compiling JWTKit RSA.swift
[1843/2218] Compiling JWTKit RSAError.swift
[1844/2218] Compiling JWTKit RSASigner.swift
[1845/2218] Compiling JWTKit Base64URL.swift
[1846/2218] Compiling JWTKit CryptoSigner.swift
[1847/2218] Compiling JWTKit JWTSerializer.swift
[1848/2218] Compiling JWTKit JWTSigner.swift
[1849/2218] Compiling JWTKit JWTKeyCollection+MLDSA.swift
[1850/2218] Compiling JWTKit MLDSA.swift
[1851/2218] Compiling JWTKit MLDSA65+MLDSAKey.swift
[1852/2218] Compiling JWTKit MLDSA87+MLDSAKey.swift
[1853/2218] Compiling JWTKit MLDSAError.swift
[1854/2218] Compiling JWTKit MLDSAKey.swift
[1855/2218] Compiling JWTKit MLDSASigner.swift
[1856/2218] Compiling NIOSSL NIOSSLHandler.swift
[1857/2218] Compiling NIOSSL AndroidCABundle.swift
[1858/2218] Emitting module JWTKit
[1859/2218] Compiling NIOSSL LinuxCABundle.swift
[1860/2218] Compiling NIOSSL NIOSSLClientHandler.swift
[1861/2218] Compiling NIOSSL NIOSSLHandler+Configuration.swift
[1864/2218] Compiling NIOSSL ByteBufferBIO.swift
[1865/2218] Compiling NIOSSL CustomPrivateKey.swift
[1866/2218] Compiling NIOSSL FreeBSDCABundle.swift
[1867/2218] Compiling NIOSSL IdentityVerification.swift
[1868/2218] Compiling NIOSSL SSLCertificateName.swift
[1869/2218] Compiling NIOSSL SSLConnection.swift
[1870/2218] Compiling NIOSSL SSLPrivateKey.swift
[1871/2218] Compiling NIOSSL SSLPublicKey.swift
[1872/2218] Compiling NIOSSL SecurityFrameworkCertificateVerification.swift
[1873/2218] Compiling NIOSSL String+unsafeUninitializedCapacity.swift
[1874/2218] Compiling NIOSSL SubjectAlternativeName.swift
[1875/2218] Compiling NIOSSL NIOSSLSecureBytes.swift
[1876/2218] Compiling NIOSSL RNG.swift
[1877/2218] Compiling NIOSSL SafeCompare.swift
[1878/2218] Compiling JWTKit AudienceClaim.swift
[1879/2218] Compiling JWTKit BoolClaim.swift
[1880/2218] Compiling JWTKit ExpirationClaim.swift
[1881/2218] Compiling JWTKit GoogleHostedDomainClaim.swift
[1882/2218] Compiling JWTKit IDClaim.swift
[1883/2218] Compiling JWTKit IssuedAtClaim.swift
[1884/2218] Compiling JWTKit IssuerClaim.swift
[1885/2218] Compiling JWTKit JWTClaim.swift
[1886/2218] Compiling JWTKit JWTMultiValueClaim.swift
[1887/2218] Compiling JWTKit JWTUnixEpochClaim.swift
[1888/2218] Compiling JWTKit JWTAlgorithm.swift
[1889/2218] Compiling JWTKit JWTError.swift
[1890/2218] Compiling JWTKit JWTHeader+CommonFields.swift
[1891/2218] Compiling JWTKit JWTHeader.swift
[1892/2218] Compiling JWTKit JWTHeaderField.swift
[1893/2218] Compiling JWTKit JWTKeyCollection.swift
[1894/2218] Compiling JWTKit JWTParser+MandatoryVerificationFields.swift
[1895/2218] Compiling JWTKit JWTParser.swift
[1896/2218] Compiling JWTKit JWTPayload.swift
[1898/2218] Compiling NIOSSL SSLContext.swift
[1899/2218] Compiling NIOSSL SSLErrors.swift
[1900/2218] Compiling NIOSSL SSLInit.swift
[1901/2218] Compiling NIOSSL SSLCallbacks.swift
[1902/2218] Compiling NIOSSL SSLCertificate.swift
[1906/2219] Wrapping AST for NIOHTTP1 for debugging
[1908/2236] Compiling JWTKit CustomizedJSONCoders.swift
[1909/2236] Compiling JWTKit Utilities.swift
[1910/2236] Compiling JWTKit AppleIdentityToken.swift
[1911/2236] Compiling JWTKit FirebaseAuthIdentityToken.swift
[1912/2236] Compiling JWTKit GoogleIdentityToken.swift
[1913/2236] Compiling JWTKit MicrosoftIdentityToken.swift
[1914/2236] Compiling JWTKit EmptyPolicy.swift
[1915/2236] Compiling JWTKit ValidationTimePayload.swift
[1916/2236] Compiling JWTKit X5CVerifier.swift
[1918/2237] Compiling NIOHPACK IntegerCoding.swift
[1919/2237] Compiling NIOHPACK IndexedHeaderTable.swift
[1920/2238] Compiling NIOHTTPCompression HTTPRequestCompressor.swift
[1921/2238] Compiling NIOHTTPCompression HTTPDecompressor.swift
[1921/2238] Wrapping AST for JWTKit for debugging
[1923/2238] Emitting module NIOHTTPCompression
[1924/2238] Compiling NIOHPACK HuffmanCoding.swift
[1925/2238] Compiling NIOHPACK HuffmanTables.swift
[1926/2238] Compiling NIOHPACK DynamicHeaderTable.swift
[1927/2238] Compiling NIOHPACK HPACKDecoder.swift
[1928/2238] Compiling NIOHPACK StaticHeaderTable.swift
[1929/2238] Compiling NIOHTTPCompression HTTPCompression.swift
[1930/2238] Compiling NIOHTTPCompression HTTPDecompression.swift
[1931/2238] Emitting module NIOHPACK
[1932/2238] Compiling NIOHTTPCompression HTTPResponseCompressor.swift
[1936/2239] Compiling NIOHPACK HPACKHeader.swift
[1937/2239] Compiling NIOHPACK HeaderTables.swift
[1938/2239] Compiling NIOHPACK HPACKEncoder.swift
[1939/2239] Compiling NIOHPACK HPACKErrors.swift
[1942/2243] Wrapping AST for NIOHTTPCompression for debugging
[1956/2244] Wrapping AST for NIOHPACK for debugging
[1958/2244] Emitting module NIOSSL
[1959/2307] Compiling NIOHTTP2 HTTP2ChannelHandler+InboundStreamMultiplexer.swift
[1960/2307] Compiling NIOHTTP2 MaySendFrames.swift
[1961/2307] Compiling NIOHTTP2 SendingDataState.swift
[1962/2307] Compiling NIOHTTP2 SendingGoawayState.swift
[1963/2307] Compiling NIOHTTP2 DOSHeuristics.swift
[1964/2307] Compiling NIOHTTP2 Error+Any.swift
[1965/2307] Compiling NIOHTTP2 ConcurrentStreamBuffer.swift
[1966/2307] Compiling NIOHTTP2 ControlFrameBuffer.swift
[1967/2307] Compiling NIOHTTP2 OutboundFlowControlBuffer.swift
[1968/2307] Compiling NIOHTTP2 OutboundFrameBuffer.swift
[1969/2307] Compiling NIOHTTP2 GlitchesMonitor.swift
[1970/2307] Compiling NIOHTTP2 HPACKHeaders+Validation.swift
[1971/2307] Compiling NIOHTTP2 HTTP2CommonInboundStreamMultiplexer.swift
[1972/2307] Compiling NIOHTTP2 HTTP2ConnectionStateChange.swift
[1973/2307] Compiling NIOHTTP2 HTTP2Error.swift
[1974/2307] Compiling NIOHTTP2 HTTP2ErrorCode.swift
[1976/2308] Emitting module NIOHTTP2
[1976/2316] Wrapping AST for NIOSSL for debugging
[1978/2316] Compiling NIOHTTP2 HTTP2StreamMultiplexer.swift
[1979/2316] Compiling NIOHTTP2 HTTP2ToHTTP1Codec.swift
[1980/2316] Compiling NIOHTTP2 HTTP2UserEvents.swift
[1981/2316] Compiling NIOHTTP2 InboundEventBuffer.swift
[1982/2316] Compiling NIOHTTP2 InboundWindowManager.swift
[1983/2316] Compiling NIOHTTP2 MultiplexerAbstractChannel.swift
[1984/2316] Compiling NIOHTTP2 NIOHTTP2FrameDelegate.swift
[1985/2316] Compiling NIOHTTP2 NIOHTTP2ServerConnectionManagementHandler+StateMachine.swift
[1998/2316] Compiling NIOHTTP2 SendingHeadersState.swift
[1999/2316] Compiling NIOHTTP2 SendingPushPromiseState.swift
[2000/2316] Compiling NIOHTTP2 SendingRstStreamState.swift
[2001/2316] Compiling NIOHTTP2 SendingWindowUpdateState.swift
[2002/2316] Compiling NIOHTTP2 HTTP2SettingsState.swift
[2003/2316] Compiling NIOHTTP2 HasExtendedConnectSettings.swift
[2004/2316] Compiling NIOHTTP2 ConnectionStateMachine.swift
[2005/2316] Compiling NIOHTTP2 ConnectionStreamsState.swift
[2006/2316] Compiling NIOHTTP2 MayReceiveFrames.swift
[2007/2316] Compiling NIOHTTP2 ReceivingDataState.swift
[2008/2316] Compiling NIOHTTP2 ReceivingGoAwayState.swift
[2009/2316] Compiling NIOHTTP2 ReceivingHeadersState.swift
[2010/2316] Compiling NIOHTTP2 ReceivingPushPromiseState.swift
[2011/2316] Compiling NIOHTTP2 ReceivingRstStreamState.swift
[2012/2316] Compiling NIOHTTP2 ReceivingWindowUpdateState.swift
[2013/2316] Compiling NIOHTTP2 NIOHTTP2ServerConnectionManagementHandler.swift
[2014/2316] Compiling NIOHTTP2 StreamChannelFlowController.swift
[2015/2316] Compiling NIOHTTP2 StreamChannelList.swift
[2016/2316] Compiling NIOHTTP2 StreamMap.swift
[2017/2316] Compiling NIOHTTP2 StreamStateMachine.swift
[2018/2316] Compiling NIOHTTP2 Timer.swift
[2019/2316] Compiling NIOHTTP2 UnsafeTransfer.swift
[2020/2316] Compiling NIOHTTP2 WatermarkedFlowController.swift
[2021/2316] Compiling NIOHTTP2 HTTP2FrameParser.swift
[2022/2316] Compiling NIOHTTP2 HTTP2PingData.swift
[2023/2316] Compiling NIOHTTP2 HTTP2PipelineHelpers.swift
[2024/2316] Compiling NIOHTTP2 HTTP2Settings.swift
[2025/2316] Compiling NIOHTTP2 HTTP2Stream.swift
[2026/2316] Compiling NIOHTTP2 HTTP2StreamChannel+OutboundStreamMultiplexer.swift
[2027/2316] Compiling NIOHTTP2 HTTP2StreamChannel.swift
[2028/2316] Compiling NIOHTTP2 HTTP2StreamDelegate.swift
[2029/2316] Compiling NIOHTTP2 HTTP2StreamID.swift
[2030/2316] Compiling NIOHTTP2 HTTP2ChannelHandler+InlineStreamMultiplexer.swift
[2031/2316] Compiling NIOHTTP2 HTTP2ChannelHandler.swift
[2036/2316] Compiling NIOHTTP2 HTTP2FlowControlWindow.swift
[2037/2316] Compiling NIOHTTP2 HTTP2Frame.swift
[2038/2316] Compiling NIOHTTP2 HTTP2FrameEncoder.swift
[2039/2316] Compiling NIOHTTP2 HasFlowControlWindows.swift
[2040/2316] Compiling NIOHTTP2 HasLocalSettings.swift
[2041/2316] Compiling NIOHTTP2 HasRemoteSettings.swift
[2042/2316] Compiling NIOHTTP2 LocallyQuiescingState.swift
[2043/2316] Compiling NIOHTTP2 QuiescingState.swift
[2044/2316] Compiling NIOHTTP2 RemotelyQuiescingState.swift
[2045/2316] Compiling NIOHTTP2 SendAndReceiveGoawayState.swift
[2046/2316] Compiling NIOHTTP2 StateMachineResult.swift
[2047/2316] Compiling NIOHTTP2 ContentLengthVerifier.swift
[2048/2317] Wrapping AST for NIOHTTP2 for debugging
[2050/2381] Emitting module AsyncHTTPClient
[2051/2389] Compiling AsyncHTTPClient LRUCache.swift
[2052/2389] Compiling AsyncHTTPClient NIOLoopBound+Execute.swift
[2053/2389] Compiling AsyncHTTPClient NWErrorHandler.swift
[2054/2389] Compiling AsyncHTTPClient NWWaitingHandler.swift
[2055/2389] Compiling AsyncHTTPClient TLSConfiguration.swift
[2056/2389] Compiling AsyncHTTPClient RedirectState.swift
[2057/2389] Compiling AsyncHTTPClient RequestBag+StateMachine.swift
[2058/2389] Compiling AsyncHTTPClient RequestBag+Tracing.swift
[2059/2389] Compiling AsyncHTTPClient RequestBag.swift
[2060/2389] Compiling AsyncHTTPClient RequestValidation.swift
[2061/2389] Compiling AsyncHTTPClient SSLContextCache.swift
[2062/2389] Compiling AsyncHTTPClient Scheme.swift
[2063/2389] Compiling AsyncHTTPClient Singleton.swift
[2064/2389] Compiling AsyncHTTPClient StringConvertibleInstances.swift
[2065/2389] Compiling AsyncHTTPClient StructuredConcurrencyHelpers.swift
[2066/2389] Compiling AsyncHTTPClient TracingSupport.swift
[2067/2389] Compiling AsyncHTTPClient Utils.swift
[2068/2389] Compiling AsyncHTTPClient HTTP1ProxyConnectHandler.swift
[2069/2389] Compiling AsyncHTTPClient SOCKSEventsHandler.swift
[2070/2389] Compiling AsyncHTTPClient TLSEventsHandler.swift
[2071/2389] Compiling AsyncHTTPClient HTTP1ClientChannelHandler.swift
[2072/2389] Compiling AsyncHTTPClient HTTP1Connection.swift
[2073/2389] Compiling AsyncHTTPClient HTTP1ConnectionStateMachine.swift
[2074/2389] Compiling AsyncHTTPClient HTTP2ClientRequestHandler.swift
[2075/2389] Compiling AsyncHTTPClient HTTP2Connection.swift
[2076/2389] Compiling AsyncHTTPClient HTTP2IdleHandler.swift
[2077/2389] Compiling AsyncHTTPClient AnyAsyncSequence.swift
[2078/2389] Compiling AsyncHTTPClient AnyAsyncSequenceProucerDelete.swift
[2079/2389] Compiling AsyncHTTPClient AsyncLazySequence.swift
[2080/2389] Compiling AsyncHTTPClient HTTPClient+execute.swift
[2081/2389] Compiling AsyncHTTPClient HTTPClient+shutdown.swift
[2082/2389] Compiling AsyncHTTPClient HTTPClient+tracing.swift
[2083/2389] Compiling AsyncHTTPClient HTTPClientRequest+Prepared.swift
[2084/2389] Compiling AsyncHTTPClient HTTPClientRequest+auth.swift
[2085/2389] Compiling AsyncHTTPClient HTTPClientRequest.swift
[2086/2389] Compiling AsyncHTTPClient HTTPClientResponse.swift
[2087/2389] Compiling AsyncHTTPClient SingleIteratorPrecondition.swift
[2088/2389] Compiling AsyncHTTPClient Transaction+StateMachine.swift
[2089/2389] Compiling AsyncHTTPClient Transaction.swift
[2090/2389] Compiling AsyncHTTPClient Base64.swift
[2091/2389] Compiling AsyncHTTPClient BasicAuth.swift
[2092/2389] Compiling AsyncHTTPClient BestEffortHashableTLSConfiguration.swift
[2093/2389] Compiling AsyncHTTPClient Configuration+BrowserLike.swift
[2094/2389] Compiling AsyncHTTPClient ConnectionPool.swift
[2095/2389] Compiling AsyncHTTPClient HTTPConnectionEvent.swift
[2096/2389] Compiling AsyncHTTPClient HTTPConnectionPool+Factory.swift
[2097/2389] Compiling AsyncHTTPClient HTTPConnectionPool+Manager.swift
[2098/2389] Compiling AsyncHTTPClient HTTPConnectionPool.swift
[2099/2389] Compiling AsyncHTTPClient HTTPExecutableRequest.swift
[2100/2389] Compiling AsyncHTTPClient HTTPRequestStateMachine+Demand.swift
[2101/2389] Compiling AsyncHTTPClient HTTPRequestStateMachine.swift
[2102/2389] Compiling AsyncHTTPClient RequestBodyLength.swift
[2103/2389] Compiling AsyncHTTPClient RequestFramingMetadata.swift
[2104/2389] Compiling AsyncHTTPClient RequestOptions.swift
[2105/2389] Compiling AsyncHTTPClient HTTPConnectionPool+Backoff.swift
[2106/2389] Compiling AsyncHTTPClient HTTPConnectionPool+HTTP1Connections.swift
[2107/2389] Compiling AsyncHTTPClient HTTPConnectionPool+HTTP1StateMachine.swift
[2108/2389] Compiling AsyncHTTPClient HTTPConnectionPool+HTTP2Connections.swift
[2109/2389] Compiling AsyncHTTPClient HTTPConnectionPool+HTTP2StateMachine.swift
[2110/2389] Compiling AsyncHTTPClient HTTPConnectionPool+RequestQueue.swift
[2111/2389] Compiling AsyncHTTPClient HTTPConnectionPool+StateMachine.swift
[2112/2389] Compiling AsyncHTTPClient ConnectionTarget.swift
[2113/2389] Compiling AsyncHTTPClient DeconstructedURL.swift
[2114/2389] Compiling AsyncHTTPClient FileDownloadDelegate.swift
[2115/2389] Compiling AsyncHTTPClient FoundationExtensions.swift
[2116/2389] Compiling AsyncHTTPClient HTTPClient+HTTPCookie.swift
[2117/2389] Compiling AsyncHTTPClient HTTPClient+Proxy.swift
[2118/2389] Compiling AsyncHTTPClient HTTPClient+StructuredConcurrency.swift
[2119/2389] Compiling AsyncHTTPClient HTTPClient.swift
[2120/2389] Compiling AsyncHTTPClient HTTPClientConfiguration+SwiftConfiguration.swift
[2121/2389] Compiling AsyncHTTPClient HTTPHandler.swift
[2122/2390] Wrapping AST for AsyncHTTPClient for debugging
[2124/2413] Compiling GoogleAuth CredentialParserRegistry.swift
[2125/2413] Compiling GoogleAuth Credentials.swift
[2126/2413] Compiling GoogleAuth CredentialsError.swift
[2127/2413] Compiling GoogleAuth ADC.swift
[2128/2413] Compiling GoogleAuth ADCPath.swift
[2129/2413] Compiling GoogleAuth ADCResolver.swift
[2130/2413] Compiling GoogleAuth AuthHeaders.swift
[2131/2416] Emitting module GoogleAuth
[2132/2416] Compiling GoogleAuth AnonymousCredentials.swift
[2133/2416] Compiling GoogleAuth ApiKeyCredentials.swift
[2134/2416] Compiling GoogleAuth ExternalAccountCredentials.swift
[2135/2416] Compiling GoogleAuth UserAccountData.swift
[2136/2416] Compiling GoogleAuth UserAccountTokenProvider.swift
[2137/2416] Compiling GoogleAuth UserCredentials.swift
[2138/2416] Compiling GoogleAuth SubjectTokenProvider.swift
[2139/2416] Compiling GoogleAuth MDSAccessTokenProvider.swift
[2140/2416] Compiling GoogleAuth MDSCredentials.swift
[2141/2416] Compiling GoogleAuth ServiceAccountCredentials.swift
[2142/2416] Compiling GoogleAuth ServiceAccountData.swift
[2143/2416] Compiling GoogleAuth ServiceAccountTokenProvider.swift
[2144/2416] Compiling GoogleAuth AuthHTTPClient.swift
[2145/2416] Compiling GoogleAuth AuthHTTPError.swift
[2146/2416] Compiling GoogleAuth RetryEngine.swift
[2147/2416] Compiling GoogleAuth STSHandler.swift
[2148/2416] Compiling GoogleAuth TokenCache.swift
[2149/2416] Compiling GoogleAuth PackageVersion.swift
[2150/2417] Wrapping AST for GoogleAuth for debugging
[2152/2475] Compiling GoogleGax Pagination.swift
/host/spi-builder-workspace/.build/checkouts/swift-google-gax/Sources/GoogleGax/Pagination.swift:44:22: error: cannot convert '@Sendable (String) async throws -> (response: ResponseType, items: [Item], nextToken: String)' to 'nonisolated(nonsending) @Sendable (String) async throws -> (response: ResponseType, items: [Item], nextToken: String)' because crossing of an isolation boundary requires parameter and result types to conform to 'Sendable' protocol
 42 |   ) where ResponseType: _PaginatedResponse<Item> {
 43 |     self.initialPageToken = initialPageToken ?? ""
 44 |     self.fetchPage = { token in
    |                      |- error: cannot convert '@Sendable (String) async throws -> (response: ResponseType, items: [Item], nextToken: String)' to 'nonisolated(nonsending) @Sendable (String) async throws -> (response: ResponseType, items: [Item], nextToken: String)' because crossing of an isolation boundary requires parameter and result types to conform to 'Sendable' protocol
    |                      `- note: type 'Item' does not conform to 'Sendable' protocol
 45 |       let response = try await listRpc(token)
 46 |       return (response, response._getPaginatedItems(), response._nextPageToken())
[2153/2475] Compiling GoogleGax PollingBackoffPolicy.swift
/host/spi-builder-workspace/.build/checkouts/swift-google-gax/Sources/GoogleGax/Pagination.swift:44:22: error: cannot convert '@Sendable (String) async throws -> (response: ResponseType, items: [Item], nextToken: String)' to 'nonisolated(nonsending) @Sendable (String) async throws -> (response: ResponseType, items: [Item], nextToken: String)' because crossing of an isolation boundary requires parameter and result types to conform to 'Sendable' protocol
 42 |   ) where ResponseType: _PaginatedResponse<Item> {
 43 |     self.initialPageToken = initialPageToken ?? ""
 44 |     self.fetchPage = { token in
    |                      |- error: cannot convert '@Sendable (String) async throws -> (response: ResponseType, items: [Item], nextToken: String)' to 'nonisolated(nonsending) @Sendable (String) async throws -> (response: ResponseType, items: [Item], nextToken: String)' because crossing of an isolation boundary requires parameter and result types to conform to 'Sendable' protocol
    |                      `- note: type 'Item' does not conform to 'Sendable' protocol
 45 |       let response = try await listRpc(token)
 46 |       return (response, response._getPaginatedItems(), response._nextPageToken())
[2154/2475] Compiling GoogleGax PollingErrorPolicy.swift
/host/spi-builder-workspace/.build/checkouts/swift-google-gax/Sources/GoogleGax/Pagination.swift:44:22: error: cannot convert '@Sendable (String) async throws -> (response: ResponseType, items: [Item], nextToken: String)' to 'nonisolated(nonsending) @Sendable (String) async throws -> (response: ResponseType, items: [Item], nextToken: String)' because crossing of an isolation boundary requires parameter and result types to conform to 'Sendable' protocol
 42 |   ) where ResponseType: _PaginatedResponse<Item> {
 43 |     self.initialPageToken = initialPageToken ?? ""
 44 |     self.fetchPage = { token in
    |                      |- error: cannot convert '@Sendable (String) async throws -> (response: ResponseType, items: [Item], nextToken: String)' to 'nonisolated(nonsending) @Sendable (String) async throws -> (response: ResponseType, items: [Item], nextToken: String)' because crossing of an isolation boundary requires parameter and result types to conform to 'Sendable' protocol
    |                      `- note: type 'Item' does not conform to 'Sendable' protocol
 45 |       let response = try await listRpc(token)
 46 |       return (response, response._getPaginatedItems(), response._nextPageToken())
[2155/2475] Compiling GoogleGax PollingResult.swift
/host/spi-builder-workspace/.build/checkouts/swift-google-gax/Sources/GoogleGax/Pagination.swift:44:22: error: cannot convert '@Sendable (String) async throws -> (response: ResponseType, items: [Item], nextToken: String)' to 'nonisolated(nonsending) @Sendable (String) async throws -> (response: ResponseType, items: [Item], nextToken: String)' because crossing of an isolation boundary requires parameter and result types to conform to 'Sendable' protocol
 42 |   ) where ResponseType: _PaginatedResponse<Item> {
 43 |     self.initialPageToken = initialPageToken ?? ""
 44 |     self.fetchPage = { token in
    |                      |- error: cannot convert '@Sendable (String) async throws -> (response: ResponseType, items: [Item], nextToken: String)' to 'nonisolated(nonsending) @Sendable (String) async throws -> (response: ResponseType, items: [Item], nextToken: String)' because crossing of an isolation boundary requires parameter and result types to conform to 'Sendable' protocol
    |                      `- note: type 'Item' does not conform to 'Sendable' protocol
 45 |       let response = try await listRpc(token)
 46 |       return (response, response._getPaginatedItems(), response._nextPageToken())
[2156/2475] Compiling GoogleGax PollingState.swift
/host/spi-builder-workspace/.build/checkouts/swift-google-gax/Sources/GoogleGax/Pagination.swift:44:22: error: cannot convert '@Sendable (String) async throws -> (response: ResponseType, items: [Item], nextToken: String)' to 'nonisolated(nonsending) @Sendable (String) async throws -> (response: ResponseType, items: [Item], nextToken: String)' because crossing of an isolation boundary requires parameter and result types to conform to 'Sendable' protocol
 42 |   ) where ResponseType: _PaginatedResponse<Item> {
 43 |     self.initialPageToken = initialPageToken ?? ""
 44 |     self.fetchPage = { token in
    |                      |- error: cannot convert '@Sendable (String) async throws -> (response: ResponseType, items: [Item], nextToken: String)' to 'nonisolated(nonsending) @Sendable (String) async throws -> (response: ResponseType, items: [Item], nextToken: String)' because crossing of an isolation boundary requires parameter and result types to conform to 'Sendable' protocol
    |                      `- note: type 'Item' does not conform to 'Sendable' protocol
 45 |       let response = try await listRpc(token)
 46 |       return (response, response._getPaginatedItems(), response._nextPageToken())
[2157/2475] Compiling GoogleGax ProtobufConversionError.swift
/host/spi-builder-workspace/.build/checkouts/swift-google-gax/Sources/GoogleGax/Pagination.swift:44:22: error: cannot convert '@Sendable (String) async throws -> (response: ResponseType, items: [Item], nextToken: String)' to 'nonisolated(nonsending) @Sendable (String) async throws -> (response: ResponseType, items: [Item], nextToken: String)' because crossing of an isolation boundary requires parameter and result types to conform to 'Sendable' protocol
 42 |   ) where ResponseType: _PaginatedResponse<Item> {
 43 |     self.initialPageToken = initialPageToken ?? ""
 44 |     self.fetchPage = { token in
    |                      |- error: cannot convert '@Sendable (String) async throws -> (response: ResponseType, items: [Item], nextToken: String)' to 'nonisolated(nonsending) @Sendable (String) async throws -> (response: ResponseType, items: [Item], nextToken: String)' because crossing of an isolation boundary requires parameter and result types to conform to 'Sendable' protocol
    |                      `- note: type 'Item' does not conform to 'Sendable' protocol
 45 |       let response = try await listRpc(token)
 46 |       return (response, response._getPaginatedItems(), response._nextPageToken())
[2158/2475] Compiling GoogleGax QueryParameter.swift
/host/spi-builder-workspace/.build/checkouts/swift-google-gax/Sources/GoogleGax/Pagination.swift:44:22: error: cannot convert '@Sendable (String) async throws -> (response: ResponseType, items: [Item], nextToken: String)' to 'nonisolated(nonsending) @Sendable (String) async throws -> (response: ResponseType, items: [Item], nextToken: String)' because crossing of an isolation boundary requires parameter and result types to conform to 'Sendable' protocol
 42 |   ) where ResponseType: _PaginatedResponse<Item> {
 43 |     self.initialPageToken = initialPageToken ?? ""
 44 |     self.fetchPage = { token in
    |                      |- error: cannot convert '@Sendable (String) async throws -> (response: ResponseType, items: [Item], nextToken: String)' to 'nonisolated(nonsending) @Sendable (String) async throws -> (response: ResponseType, items: [Item], nextToken: String)' because crossing of an isolation boundary requires parameter and result types to conform to 'Sendable' protocol
    |                      `- note: type 'Item' does not conform to 'Sendable' protocol
 45 |       let response = try await listRpc(token)
 46 |       return (response, response._getPaginatedItems(), response._nextPageToken())
[2159/2475] Compiling GoogleGax RequestError.swift
/host/spi-builder-workspace/.build/checkouts/swift-google-gax/Sources/GoogleGax/Pagination.swift:44:22: error: cannot convert '@Sendable (String) async throws -> (response: ResponseType, items: [Item], nextToken: String)' to 'nonisolated(nonsending) @Sendable (String) async throws -> (response: ResponseType, items: [Item], nextToken: String)' because crossing of an isolation boundary requires parameter and result types to conform to 'Sendable' protocol
 42 |   ) where ResponseType: _PaginatedResponse<Item> {
 43 |     self.initialPageToken = initialPageToken ?? ""
 44 |     self.fetchPage = { token in
    |                      |- error: cannot convert '@Sendable (String) async throws -> (response: ResponseType, items: [Item], nextToken: String)' to 'nonisolated(nonsending) @Sendable (String) async throws -> (response: ResponseType, items: [Item], nextToken: String)' because crossing of an isolation boundary requires parameter and result types to conform to 'Sendable' protocol
    |                      `- note: type 'Item' does not conform to 'Sendable' protocol
 45 |       let response = try await listRpc(token)
 46 |       return (response, response._getPaginatedItems(), response._nextPageToken())
[2160/2483] Emitting module GoogleGax
[2161/2483] Compiling GoogleGax ServiceError.swift
[2162/2483] Compiling GoogleGax StatusDetail.swift
[2163/2483] Compiling GoogleGax StrictIdempotency.swift
[2164/2483] Compiling GoogleGax ThrottleResult.swift
[2165/2483] Compiling GoogleGax TooManyRequests+PollingErrorPolicy.swift
[2166/2483] Compiling GoogleGax TooManyRequests+RetryPolicy.swift
[2167/2483] Compiling GoogleGax TooManyRequests.swift
[2168/2483] Compiling GoogleGax PackageVersion.swift
[2169/2483] Compiling GoogleGax LimitedAttemptCount+PollingErrorPolicy.swift
[2170/2483] Compiling GoogleGax LimitedAttemptCount+RetryPolicy.swift
[2171/2483] Compiling GoogleGax LimitedAttemptCount.swift
[2172/2483] Compiling GoogleGax LimitedElapsedTime+PollingErrorPolicy.swift
[2173/2483] Compiling GoogleGax LimitedElapsedTime+RetryPolicy.swift
[2174/2483] Compiling GoogleGax LimitedElapsedTime.swift
[2175/2483] Compiling GoogleGax LongRunningOperations.swift
[2176/2483] Compiling GoogleGax NeverRetry.swift
[2177/2483] Compiling GoogleGax ContinueOnIO.swift
[2178/2483] Compiling GoogleGax CredentialsProtocol.swift
[2179/2483] Compiling GoogleGax ErrorWrapper.swift
[2180/2483] Compiling GoogleGax ExponentialBackoff+BackoffPolicy.swift
[2181/2483] Compiling GoogleGax ExponentialBackoff+PollingBackoffPolicy.swift
[2182/2483] Compiling GoogleGax ExponentialBackoff.swift
[2183/2483] Compiling GoogleGax HTTPClient.swift
[2184/2483] Compiling GoogleGax HTTPClientHolder.swift
[2185/2483] Compiling GoogleGax HTTPClientProtocol.swift
[2186/2483] Compiling GoogleGax HTTPClientRequest.swift
[2187/2483] Compiling GoogleGax HTTPClientResponse.swift
[2188/2483] Compiling GoogleGax HTTPHeaders.swift
[2189/2483] Compiling GoogleGax HTTPResponseBody.swift
[2190/2483] Compiling GoogleGax HeaderNames.swift
[2191/2483] Compiling GoogleGax Host.swift
[2192/2483] Compiling GoogleGax InProgressResult.swift
[2193/2483] Compiling GoogleGax AIP194+PollingErrorPolicy.swift
[2194/2483] Compiling GoogleGax AIP194+RetryPolicy.swift
[2195/2483] Compiling GoogleGax AIP194.swift
[2196/2483] Compiling GoogleGax AdaptiveThrottler.swift
[2197/2483] Compiling GoogleGax AlwaysPoll.swift
[2198/2483] Compiling GoogleGax AlwaysRetry.swift
[2199/2483] Compiling GoogleGax ApiClientHeader.swift
[2200/2483] Compiling GoogleGax BackoffPolicy.swift
[2201/2483] Compiling GoogleGax BasePollingErrorPolicy.swift
[2202/2483] Compiling GoogleGax BaseRetryPolicy.swift
[2203/2483] Compiling GoogleGax BindingError.swift
[2204/2483] Compiling GoogleGax CRC32C.swift
[2205/2483] Compiling GoogleGax CircuitBreaker.swift
[2206/2483] Compiling GoogleGax ClientError.swift
[2207/2483] Compiling GoogleGax ClientOptions.swift
[2208/2483] Compiling GoogleGax ContinueOnIO+PollingErrorPolicy.swift
[2209/2483] Compiling GoogleGax ContinueOnIO+RetryPolicy.swift
[2210/2483] Compiling GoogleGax RequestOptions.swift
[2211/2483] Compiling GoogleGax RetryLoop.swift
[2212/2483] Compiling GoogleGax RetryPolicy.swift
[2213/2483] Compiling GoogleGax RetryResult.swift
[2214/2483] Compiling GoogleGax RetryState.swift
[2215/2483] Compiling GoogleGax RetryThrottler.swift
[2216/2483] Compiling GoogleGax RetryThrottlerError.swift
[2217/2483] Compiling GoogleGax RoutingMatcher.swift
BUILD FAILURE 6.2 android