The Swift Package Index logo.Swift Package Index

Build Information

Failed to build GoogleCloudCESV1, reference 0.5.0 (e9b3ac), with Swift 6.2 for Android on 11 Oct 2026 03:12:09 UTC.

Build Command

bash -c docker run --pull=always --rm -v "checkouts-54344849-2":/host -w "$PWD" -e JAVA_HOME="/root/.sdkman/candidates/java/current" -e SPI_BUILD="1" -e SPI_PROCESSING="1" registry.gitlab.com/saguaro1/spi-images:android-6.2-latest swift build --swift-sdk aarch64-unknown-linux-android28 2>&1

Build Log

========================================
RunAll
========================================
Builder version: 5.1.1
Interrupt handler set up.
========================================
Checkout
========================================
Clone URL: https://github.com/googleapis/swift-google-cloud-ces-v1.git
Reference: 0.5.0
Initialized empty Git repository in /host/spi-builder-workspace/.git/
hint: Using 'master' as the name for the initial branch. This default branch name
hint: is subject to change. To configure the initial branch name to use in all
hint: of your new repositories, which will suppress this warning, call:
hint:
hint: 	git config --global init.defaultBranch <name>
hint:
hint: Names commonly chosen instead of 'master' are 'main', 'trunk' and
hint: 'development'. The just-created branch can be renamed via this command:
hint:
hint: 	git branch -m <name>
From https://github.com/googleapis/swift-google-cloud-ces-v1
 * tag               0.5.0      -> FETCH_HEAD
HEAD is now at e9b3ac4 chore: release circa 2026-10-07 (#1382)
Cloned https://github.com/googleapis/swift-google-cloud-ces-v1.git
Revision (git rev-parse @):
e9b3ac41244dc7473830037c2f6ba163ffe86e5f
SPI manifest file found: $PWD/.spi.yml
SUCCESS checkout https://github.com/googleapis/swift-google-cloud-ces-v1.git at 0.5.0
========================================
Build
========================================
Selected platform:         android
Swift version:             6.2
Building package at path:  $PWD
https://github.com/googleapis/swift-google-cloud-ces-v1.git
Running build ...
bash -c docker run --pull=always --rm -v "checkouts-54344849-2":/host -w "$PWD" -e JAVA_HOME="/root/.sdkman/candidates/java/current" -e SPI_BUILD="1" -e SPI_PROCESSING="1" registry.gitlab.com/saguaro1/spi-images:android-6.2-latest swift build --swift-sdk aarch64-unknown-linux-android28 2>&1
android-6.2-latest: Pulling from saguaro1/spi-images
Digest: sha256:a839c9ce201f1dacc8eb056626ec7ab0a1c6d53d7b77c83feda395f4507c51be
Status: Image is up to date for registry.gitlab.com/saguaro1/spi-images:android-6.2-latest
Fetching https://github.com/googleapis/swift-google-cloud-location
Fetching https://github.com/googleapis/swift-google-rpc
Fetching https://github.com/googleapis/swift-google-longrunning
Fetching https://github.com/googleapis/swift-google-wkt
Fetching https://github.com/googleapis/swift-google-gax
Fetching https://github.com/apple/swift-log
[1/8257] Fetching swift-log
[2/8679] Fetching swift-log, swift-google-rpc
[53/9702] Fetching swift-log, swift-google-rpc, swift-google-wkt
[1076/11450] Fetching swift-log, swift-google-rpc, swift-google-wkt, swift-google-gax
Fetched https://github.com/googleapis/swift-google-wkt from cache (0.40s)
[926/10427] Fetching swift-log, swift-google-rpc, swift-google-gax
Fetching https://github.com/googleapis/swift-google-auth
[1412/11046] Fetching swift-log, swift-google-rpc, swift-google-gax, swift-google-longrunning
[2299/11598] Fetching swift-log, swift-google-rpc, swift-google-gax, swift-google-longrunning, swift-google-cloud-location
Fetched https://github.com/googleapis/swift-google-gax from cache (0.44s)
[1184/9850] Fetching swift-log, swift-google-rpc, swift-google-longrunning, swift-google-cloud-location
Fetched https://github.com/googleapis/swift-google-rpc from cache (0.71s)
Fetched https://github.com/googleapis/swift-google-cloud-location from cache (0.71s)
Fetched https://github.com/googleapis/swift-google-longrunning from cache (0.71s)
Fetched https://github.com/apple/swift-log from cache (0.71s)
[1/1023] Fetching swift-google-auth
Fetched https://github.com/googleapis/swift-google-auth from cache (0.44s)
Computing version for https://github.com/googleapis/swift-google-wkt
Computed https://github.com/googleapis/swift-google-wkt at 0.5.0 (1.00s)
Fetching https://github.com/swift-extras/swift-extras-base64
[1/954] Fetching swift-extras-base64
Fetched https://github.com/swift-extras/swift-extras-base64 from cache (0.43s)
Computing version for https://github.com/googleapis/swift-google-rpc
Computed https://github.com/googleapis/swift-google-rpc at 0.5.0 (0.59s)
Computing version for https://github.com/googleapis/swift-google-longrunning
Computed https://github.com/googleapis/swift-google-longrunning at 0.5.0 (0.15s)
Computing version for https://github.com/googleapis/swift-google-gax
Computed https://github.com/googleapis/swift-google-gax at 0.5.0 (0.15s)
Fetching https://github.com/swift-server/async-http-client.git
Fetching https://github.com/apple/swift-nio
[1/16464] Fetching async-http-client
[166/102838] Fetching async-http-client, swift-nio
Fetched https://github.com/swift-server/async-http-client.git from cache (3.82s)
Fetched https://github.com/apple/swift-nio from cache (3.85s)
Computing version for https://github.com/googleapis/swift-google-cloud-location
Computed https://github.com/googleapis/swift-google-cloud-location at 0.5.0 (4.00s)
Computing version for https://github.com/googleapis/swift-google-auth
Computed https://github.com/googleapis/swift-google-auth at 0.5.0 (0.14s)
Fetching https://github.com/apple/swift-system.git
Fetching https://github.com/vapor/jwt-kit.git
[1/7241] Fetching swift-system
[1739/17495] Fetching swift-system, jwt-kit
Fetched https://github.com/apple/swift-system.git from cache (0.89s)
Fetched https://github.com/vapor/jwt-kit.git from cache (0.89s)
Computing version for https://github.com/swift-extras/swift-extras-base64
Computed https://github.com/swift-extras/swift-extras-base64 at 1.2.0 (1.03s)
Computing version for https://github.com/swift-server/async-http-client.git
Computed https://github.com/swift-server/async-http-client.git at 1.36.2 (0.16s)
Fetching https://github.com/apple/swift-atomics.git
Fetching https://github.com/apple/swift-service-context.git
Fetching https://github.com/apple/swift-algorithms.git
Fetching https://github.com/apple/swift-nio-transport-services.git
Fetching https://github.com/apple/swift-configuration.git
Fetching https://github.com/apple/swift-distributed-tracing.git
[1/3928] Fetching swift-configuration
[237/6795] Fetching swift-configuration, swift-nio-transport-services
[1078/8684] Fetching swift-configuration, swift-nio-transport-services, swift-atomics
[3613/10184] Fetching swift-configuration, swift-nio-transport-services, swift-atomics, swift-service-context
[8882/16735] Fetching swift-configuration, swift-nio-transport-services, swift-atomics, swift-service-context, swift-distributed-tracing
[15754/22899] Fetching swift-configuration, swift-nio-transport-services, swift-atomics, swift-service-context, swift-distributed-tracing, swift-algorithms
Fetched https://github.com/apple/swift-nio-transport-services.git from cache (0.61s)
Fetched https://github.com/apple/swift-service-context.git from cache (0.61s)
Fetched https://github.com/apple/swift-configuration.git from cache (0.61s)
[9303/14604] Fetching swift-atomics, swift-distributed-tracing, swift-algorithms
Fetched https://github.com/apple/swift-distributed-tracing.git from cache (0.61s)
[2876/8053] Fetching swift-atomics, swift-algorithms
Fetching https://github.com/apple/swift-nio-http2.git
Fetching https://github.com/apple/swift-nio-extras.git
Fetching https://github.com/apple/swift-nio-ssl.git
Fetched https://github.com/apple/swift-atomics.git from cache (0.77s)
Fetched https://github.com/apple/swift-algorithms.git from cache (0.77s)
[1/16861] Fetching swift-nio-ssl
[676/23564] Fetching swift-nio-ssl, swift-nio-extras
[11426/35858] Fetching swift-nio-ssl, swift-nio-extras, swift-nio-http2
Fetched https://github.com/apple/swift-nio-extras.git from cache (1.15s)
[26697/29155] Fetching swift-nio-ssl, swift-nio-http2
Fetched https://github.com/apple/swift-nio-ssl.git from cache (1.16s)
[10819/12294] Fetching swift-nio-http2
Fetched https://github.com/apple/swift-nio-http2.git from cache (1.38s)
Computing version for https://github.com/apple/swift-service-context.git
Computed https://github.com/apple/swift-service-context.git at 1.3.0 (2.13s)
Computing version for https://github.com/apple/swift-algorithms.git
Computed https://github.com/apple/swift-algorithms.git at 1.2.1 (0.85s)
Fetching https://github.com/apple/swift-numerics.git
[1/6728] Fetching swift-numerics
Fetched https://github.com/apple/swift-numerics.git from cache (0.73s)
Computing version for https://github.com/apple/swift-log
Computed https://github.com/apple/swift-log at 1.16.1 (0.88s)
Computing version for https://github.com/apple/swift-distributed-tracing.git
Computed https://github.com/apple/swift-distributed-tracing.git at 1.5.0 (0.13s)
Computing version for https://github.com/apple/swift-atomics.git
Computed https://github.com/apple/swift-atomics.git at 1.3.1 (0.13s)
Computing version for https://github.com/apple/swift-numerics.git
Computed https://github.com/apple/swift-numerics.git at 1.1.1 (0.12s)
Computing version for https://github.com/apple/swift-nio
Computed https://github.com/apple/swift-nio at 2.104.0 (0.33s)
Fetching https://github.com/apple/swift-collections.git
[1/28703] Fetching swift-collections
Fetched https://github.com/apple/swift-collections.git from cache (1.20s)
Computing version for https://github.com/apple/swift-configuration.git
Computed https://github.com/apple/swift-configuration.git at 1.2.2 (1.98s)
Fetching https://github.com/swift-server/swift-service-lifecycle
[1/2867] Fetching swift-service-lifecycle
Fetched https://github.com/swift-server/swift-service-lifecycle from cache (0.70s)
Computing version for https://github.com/apple/swift-nio-transport-services.git
Computed https://github.com/apple/swift-nio-transport-services.git at 1.28.0 (0.85s)
Computing version for https://github.com/swift-server/swift-service-lifecycle
Computed https://github.com/swift-server/swift-service-lifecycle at 2.12.1 (0.13s)
Fetching https://github.com/apple/swift-async-algorithms.git
[1/6820] Fetching swift-async-algorithms
Fetched https://github.com/apple/swift-async-algorithms.git from cache (0.83s)
Computing version for https://github.com/apple/swift-async-algorithms.git
Computed https://github.com/apple/swift-async-algorithms.git at 1.1.7 (1.03s)
Computing version for https://github.com/apple/swift-collections.git
Computed https://github.com/apple/swift-collections.git at 1.7.2 (0.22s)
Computing version for https://github.com/apple/swift-nio-http2.git
Computed https://github.com/apple/swift-nio-http2.git at 1.46.0 (0.14s)
Computing version for https://github.com/vapor/jwt-kit.git
Computed https://github.com/vapor/jwt-kit.git at 5.7.1 (0.13s)
Fetching https://github.com/apple/swift-crypto.git
Fetching https://github.com/apple/swift-certificates.git
[1/18629] Fetching swift-crypto
[560/26238] Fetching swift-crypto, swift-certificates
Fetched https://github.com/apple/swift-certificates.git from cache (1.19s)
Fetched https://github.com/apple/swift-crypto.git from cache (1.20s)
Computing version for https://github.com/apple/swift-crypto.git
Computed https://github.com/apple/swift-crypto.git at 4.5.2 (1.79s)
Fetching https://github.com/apple/swift-asn1.git
[1/2009] Fetching swift-asn1
Fetched https://github.com/apple/swift-asn1.git from cache (0.45s)
Computing version for https://github.com/apple/swift-asn1.git
Computed https://github.com/apple/swift-asn1.git at 1.7.3 (0.61s)
Computing version for https://github.com/apple/swift-certificates.git
Computed https://github.com/apple/swift-certificates.git at 1.21.0 (0.19s)
Computing version for https://github.com/apple/swift-nio-ssl.git
Computed https://github.com/apple/swift-nio-ssl.git at 2.37.5 (0.17s)
Computing version for https://github.com/apple/swift-system.git
Computed https://github.com/apple/swift-system.git at 1.8.1 (0.16s)
Computing version for https://github.com/apple/swift-nio-extras.git
Computed https://github.com/apple/swift-nio-extras.git at 1.35.1 (0.24s)
Fetching https://github.com/apple/swift-http-types.git
Fetching https://github.com/apple/swift-http-structured-headers.git
[1/1939] Fetching swift-http-types
[351/3192] Fetching swift-http-types, swift-http-structured-headers
Fetched https://github.com/apple/swift-http-structured-headers.git from cache (0.40s)
[1183/1939] Fetching swift-http-types
Fetched https://github.com/apple/swift-http-types.git from cache (0.47s)
Computing version for https://github.com/apple/swift-http-structured-headers.git
Computed https://github.com/apple/swift-http-structured-headers.git at 1.7.0 (0.60s)
Computing version for https://github.com/apple/swift-http-types.git
Computed https://github.com/apple/swift-http-types.git at 1.8.0 (0.16s)
Creating working copy for https://github.com/swift-server/swift-service-lifecycle
Working copy of https://github.com/swift-server/swift-service-lifecycle resolved at 2.12.1
Creating working copy for https://github.com/vapor/jwt-kit.git
Working copy of https://github.com/vapor/jwt-kit.git resolved at 5.7.1
Creating working copy for https://github.com/apple/swift-configuration.git
Working copy of https://github.com/apple/swift-configuration.git resolved at 1.2.2
Creating working copy for https://github.com/apple/swift-http-types.git
Working copy of https://github.com/apple/swift-http-types.git resolved at 1.8.0
Creating working copy for https://github.com/apple/swift-numerics.git
Working copy of https://github.com/apple/swift-numerics.git resolved at 1.1.1
Creating working copy for https://github.com/apple/swift-system.git
Working copy of https://github.com/apple/swift-system.git resolved at 1.8.1
Creating working copy for https://github.com/googleapis/swift-google-wkt
Working copy of https://github.com/googleapis/swift-google-wkt resolved at 0.5.0
Creating working copy for https://github.com/apple/swift-nio
Working copy of https://github.com/apple/swift-nio resolved at 2.104.0
Creating working copy for https://github.com/apple/swift-nio-transport-services.git
Working copy of https://github.com/apple/swift-nio-transport-services.git resolved at 1.28.0
Creating working copy for https://github.com/apple/swift-atomics.git
Working copy of https://github.com/apple/swift-atomics.git resolved at 1.3.1
Creating working copy for https://github.com/googleapis/swift-google-rpc
Working copy of https://github.com/googleapis/swift-google-rpc resolved at 0.5.0
Creating working copy for https://github.com/apple/swift-log
Working copy of https://github.com/apple/swift-log resolved at 1.16.1
Creating working copy for https://github.com/swift-extras/swift-extras-base64
Working copy of https://github.com/swift-extras/swift-extras-base64 resolved at 1.2.0
Creating working copy for https://github.com/apple/swift-nio-ssl.git
Working copy of https://github.com/apple/swift-nio-ssl.git resolved at 2.37.5
Creating working copy for https://github.com/apple/swift-nio-extras.git
Working copy of https://github.com/apple/swift-nio-extras.git resolved at 1.35.1
Creating working copy for https://github.com/apple/swift-distributed-tracing.git
Working copy of https://github.com/apple/swift-distributed-tracing.git resolved at 1.5.0
Creating working copy for https://github.com/apple/swift-certificates.git
Working copy of https://github.com/apple/swift-certificates.git resolved at 1.21.0
Creating working copy for https://github.com/apple/swift-collections.git
Working copy of https://github.com/apple/swift-collections.git resolved at 1.7.2
Creating working copy for https://github.com/apple/swift-crypto.git
Working copy of https://github.com/apple/swift-crypto.git resolved at 4.5.2
Creating working copy for https://github.com/googleapis/swift-google-cloud-location
Working copy of https://github.com/googleapis/swift-google-cloud-location resolved at 0.5.0
Creating working copy for https://github.com/apple/swift-asn1.git
Working copy of https://github.com/apple/swift-asn1.git resolved at 1.7.3
Creating working copy for https://github.com/googleapis/swift-google-gax
Working copy of https://github.com/googleapis/swift-google-gax resolved at 0.5.0
Creating working copy for https://github.com/swift-server/async-http-client.git
Working copy of https://github.com/swift-server/async-http-client.git resolved at 1.36.2
Creating working copy for https://github.com/googleapis/swift-google-auth
Working copy of https://github.com/googleapis/swift-google-auth resolved at 0.5.0
Creating working copy for https://github.com/apple/swift-async-algorithms.git
Working copy of https://github.com/apple/swift-async-algorithms.git resolved at 1.1.7
Creating working copy for https://github.com/apple/swift-service-context.git
Working copy of https://github.com/apple/swift-service-context.git resolved at 1.3.0
Creating working copy for https://github.com/googleapis/swift-google-longrunning
Working copy of https://github.com/googleapis/swift-google-longrunning resolved at 0.5.0
Creating working copy for https://github.com/apple/swift-http-structured-headers.git
Working copy of https://github.com/apple/swift-http-structured-headers.git resolved at 1.7.0
Creating working copy for https://github.com/apple/swift-nio-http2.git
Working copy of https://github.com/apple/swift-nio-http2.git resolved at 1.46.0
Creating working copy for https://github.com/apple/swift-algorithms.git
Working copy of https://github.com/apple/swift-algorithms.git resolved at 1.2.1
Building for debugging...
[0/1198] Compiling thread_win.cc
[0/1198] Compiling thread_pthread.cc
[0/1198] Compiling thread_none.cc
[0/1198] Compiling asn1_par.cc
[0/1198] Write sources
[11/1198] Compiling a_octet.cc
[11/1198] Write sources
[70/1198] Compiling base64.cc
[71/1198] Compiling _AtomicsShims.c
[72/1198] Compiling CXKCPShims shims.c
[73/1198] Compiling SimpleFIPS202.c
[74/1198] Compiling KeccakSponge.c
[75/1198] Compiling KeccakHash.c
[76/1198] Compiling CNIOWindows shim.c
[77/1198] Compiling CNIOWindows WSAStartup.c
[78/1198] Compiling CNIOWASI CNIOWASI.c
[79/1198] Compiling _NumericsShims _NumericsShims.c
[80/1198] Compiling CNIOPosix event_loop_id.c
[81/1198] Write swift-version--11D90AFD9DD3AB2.txt
[82/1198] Compiling CNIOOpenBSD shim.c
[83/1198] Compiling CSystem shims.c
[84/1198] Compiling CNIOLinux liburing_shims.c
[85/1203] Compiling CNIOLinux shim.c
[86/1243] Compiling trust_token.cc
[87/1243] Compiling CNIOLLHTTP c_nio_llhttp.c
[88/1261] Compiling pmbtoken.cc
[89/1263] Compiling KeccakP-1600-opt64.c
[91/1285] Emitting module _NIODataStructures
[92/1285] Compiling SwiftASN1 ArraySliceBigint.swift
[93/1285] Compiling SwiftASN1 GeneralizedTime.swift
[94/1287] Compiling SwiftASN1 ASN1OctetString.swift
[95/1287] Compiling SwiftASN1 ASN1Strings.swift
[96/1287] Compiling SwiftASN1 TimeUtilities.swift
[97/1287] Compiling SwiftASN1 UTCTime.swift
[98/1287] Compiling Logging LoggingSystem.swift
[99/1288] Compiling RealModule RealFunctions.swift
[100/1288] Compiling SystemPackage IOCompletion.swift
[101/1288] Compiling SystemPackage IORequest.swift
[102/1288] Compiling SystemPackage IORing+Util.swift
[103/1288] Compiling SystemPackage IORing.swift
[104/1288] Compiling SystemPackage RawIORequest.swift
[105/1289] Compiling SwiftASN1 ASN1Integer.swift
[106/1289] Compiling SwiftASN1 ASN1Null.swift
[107/1294] Compiling Logging Logger+With.swift
[108/1294] Compiling Logging LogHandler.swift
[109/1294] Compiling Logging SwiftLogNoOpLogHandler.swift
[110/1294] Compiling Logging Locks.swift
[111/1294] Compiling _CertificateInternals _TinyArray.swift
[112/1294] Emitting module _CertificateInternals
[113/1294] Compiling Logging Logger+Attributes.swift
[114/1295] Compiling RealModule Real.swift
[115/1295] Emitting module ServiceContextModule
[116/1295] Compiling RealModule RelaxedArithmetic.swift
[118/1295] Emitting module RealModule
[119/1295] Compiling Logging MultiplexLogHandler.swift
[120/1295] Compiling Logging StreamLogHandler.swift
[121/1295] Compiling Logging LogEvent.swift
[123/1295] Compiling RealModule Float80+Real.swift
[124/1295] Compiling _NIODataStructures Heap.swift
[125/1295] Compiling RealModule Float16+Real.swift
[126/1296] Compiling _NIOBase64 Base64.swift
[127/1298] Emitting module _NIOBase64
[132/1311] Compiling ServiceContextModule ServiceContextKey.swift
[133/1311] Compiling ServiceContextModule ServiceContext.swift
[136/1326] Wrapping AST for _CertificateInternals for debugging
[138/1326] Compiling InternalCollectionsUtilities BorrowingIteratorProtocol+Equality.swift
[139/1326] Compiling InternalCollectionsUtilities BorrowingIteratorProtocol+Extras.swift
[140/1326] Compiling InternalCollectionsUtilities Debugging.swift
[141/1326] Compiling InternalCollectionsUtilities Descriptions.swift
[141/1330] Wrapping AST for _NIOBase64 for debugging
[146/1340] Compiling Logging Logger.swift
[147/1340] Compiling _NIODataStructures PriorityQueue.swift
[148/1340] Compiling _NIODataStructures _TinyArray.swift
[149/1341] Compiling InternalCollectionsUtilities UnsafeMutablePointer+Extras.swift
[150/1341] Compiling InternalCollectionsUtilities UnsafeMutableRawBufferPointer+Extras.swift
[151/1341] Compiling InternalCollectionsUtilities UnsafePointer+Extras.swift
[152/1341] Wrapping AST for ServiceContextModule for debugging
[154/1341] Compiling InternalCollectionsUtilities UnsafeRawBufferPointer+Extras.swift
[155/1341] Compiling InternalCollectionsUtilities _SortedCollection.swift
[156/1341] Compiling InternalCollectionsUtilities _UniqueCollection.swift
[156/1341] Compiling CNIOLLHTTP c_nio_http.c
[158/1341] Compiling Instrumentation NoOpInstrument.swift
[158/1341] Wrapping AST for RealModule for debugging
[160/1341] Emitting module Instrumentation
[160/1341] Wrapping AST for _NIODataStructures for debugging
[161/1341] Compiling Instrumentation Instrument.swift
[162/1341] Compiling CNIOLLHTTP c_nio_api.c
[164/1341] Compiling Instrumentation MultiplexInstrument.swift
[164/1341] Compiling CNIOFreeBSD shim.c
[165/1341] Compiling CNIOExtrasZlib zutil.c
[166/1341] Compiling CNIOExtrasZlib inftrees.c
[167/1341] Compiling CNIOExtrasZlib inflate.c
[168/1341] Compiling CNIOExtrasZlib inffast.c
[170/1341] Compiling InternalCollectionsUtilities FixedWidthInteger+roundUpToPowerOfTwo.swift
[171/1341] Compiling InternalCollectionsUtilities Integer rank.swift
[172/1341] Compiling InternalCollectionsUtilities UInt+first and last set bit.swift
[173/1341] Compiling InternalCollectionsUtilities UInt+reversed.swift
[173/1341] Compiling CNIOExtrasZlib trees.c
[175/1341] Compiling InternalCollectionsUtilities MutableSpan+Extras.swift
[176/1341] Compiling InternalCollectionsUtilities OutputSpan+Extras.swift
[177/1341] Compiling InternalCollectionsUtilities RandomAccessCollection+Offsets.swift
[178/1341] Compiling InternalCollectionsUtilities Span+Extras.swift
[179/1341] Compiling InternalCollectionsUtilities Iterable+CopyContents.swift
[180/1341] Compiling InternalCollectionsUtilities Iterable+Equality.swift
[181/1341] Compiling InternalCollectionsUtilities LifetimeOverride.swift
[182/1341] Compiling InternalCollectionsUtilities MutableRef.swift
[184/1341] Compiling CNIOExtrasZlib crc32.c
[184/1341] Compiling CNIOExtrasZlib deflate.c
[186/1341] Compiling CNIODarwin shim.c
[187/1341] Compiling CNIOExtrasZlib adler32.c
[189/1341] Emitting module SwiftASN1
[189/1341] Compiling fiat_p256_adx_sqr.S
[190/1341] Compiling fiat_p256_adx_mul.S
[191/1341] Compiling fiat_curve25519_adx_square.S
[192/1341] Compiling fiat_curve25519_adx_mul.S
[193/1341] Compiling CNIOBoringSSLShims shims.c
[195/1341] Compiling SystemPackage SystemString.swift
[196/1341] Compiling SystemPackage Util+StringArray.swift
[197/1341] Compiling SystemPackage Util.swift
[198/1341] Compiling SystemPackage UtilConsumers.swift
[199/1341] Compiling SystemPackage WinSDK+Overlay.swift
[200/1341] Emitting module InternalCollectionsUtilities
[201/1341] Compiling InternalCollectionsUtilities Strideable+LimitHelpers.swift
[202/1341] Compiling InternalCollectionsUtilities String+Padding.swift
[203/1341] Compiling InternalCollectionsUtilities TemporaryAllocation.swift
[204/1341] Compiling InternalCollectionsUtilities _UnsafeBitSet+Index.swift
[205/1341] Compiling InternalCollectionsUtilities _UnsafeBitSet+_Word.swift
[206/1341] Compiling InternalCollectionsUtilities _UnsafeBitSet.swift
[207/1341] Compiling InternalCollectionsUtilities UnsafeBufferPointer+Extras.swift
[208/1341] Compiling InternalCollectionsUtilities UnsafeMutableBufferPointer+Extras.swift
[210/1342] Compiling ExtrasBase64 Base32+Span.swift
[216/1342] Compiling Logging MetadataProvider.swift
[217/1342] Emitting module SystemPackage
[234/1342] Compiling SystemPackage RawBuffer.swift
[235/1342] Compiling SystemPackage Syscalls.swift
[236/1342] Compiling SystemPackage WindowsSyscallAdapters.swift
[237/1342] Compiling SystemPackage MachPort.swift
[238/1342] Compiling SystemPackage PlatformString.swift
[241/1342] Compiling Instrumentation InstrumentationSystem.swift
[242/1342] Compiling Instrumentation Locks.swift
[245/1343] Emitting module Logging
[247/1356] Compiling tls_method.cc
[249/1356] Compiling SpanPreview OutputSpan+InputSpanHelpers.swift
[250/1356] Compiling SpanPreview MutableSpan+InputSpanHelpers.swift
[251/1356] Emitting module SpanPreview
[252/1356] Compiling SpanPreview InputSpan.swift
[253/1357] Wrapping AST for Logging for debugging
[259/1357] Compiling SystemPackage Mocking.swift
[260/1358] Compiling Tracing InstrumentationSystem+Tracing.swift
[260/1359] Wrapping AST for InternalCollectionsUtilities for debugging
[262/1359] Wrapping AST for Instrumentation for debugging
[263/1368] Wrapping AST for SpanPreview for debugging
[264/1401] Compiling tls_record.cc
[266/1401] Compiling DequeModule RigidDeque+Descriptions.swift
[267/1401] Compiling DequeModule RigidDeque+Equatable.swift
[267/1402] Wrapping AST for SystemPackage for debugging
[269/1402] Compiling Tracing WithTracer.swift
[271/1402] Compiling Tracing TracerProtocol+Legacy.swift
[272/1402] Compiling Tracing TracingTime.swift
[273/1402] Compiling Tracing TracerProtocol.swift
[274/1402] Compiling DequeModule UniqueDeque+Consumption.swift
[275/1402] Compiling DequeModule UniqueDeque+ContainerOperations.swift
[276/1402] Compiling DequeModule UniqueDeque+Deprecations.swift
[277/1402] Compiling DequeModule UniqueDeque+Descriptions.swift
[278/1402] Compiling DequeModule UniqueDeque+Equatable.swift
[279/1402] Compiling DequeModule UniqueDeque+Hashable.swift
[280/1402] Compiling DequeModule UniqueDeque+Initializers.swift
[281/1402] Compiling DequeModule UniqueDeque+Insertions.swift
[282/1402] Compiling DequeModule UniqueDeque+Iterable.swift
[283/1402] Compiling DequeModule UniqueDeque+Prepend.swift
[284/1402] Compiling DequeModule UniqueDeque+Removals.swift
[285/1407] Compiling Tracing SpanProtocol.swift
[286/1407] Compiling Tracing Tracer.swift
[287/1407] Emitting module Tracing
[288/1407] Compiling Tracing NoOpTracer.swift
[292/1408] Compiling DequeModule RigidDeque+Hashable.swift
[293/1408] Compiling DequeModule RigidDeque+Initializers.swift
[294/1408] Compiling DequeModule RigidDeque+Insertions.swift
[295/1408] Compiling DequeModule RigidDeque+Iterable.swift
[296/1408] Compiling DequeModule RigidDeque+Prepend.swift
[297/1408] Compiling DequeModule RigidDeque+Removals.swift
[298/1408] Compiling DequeModule RigidDeque+Replacements.swift
[299/1408] Compiling DequeModule RigidDeque+Testing.swift
[300/1408] Compiling DequeModule RigidDeque.swift
[301/1408] Compiling DequeModule UniqueDeque+Append.swift
[301/1408] Compiling tls13_server.cc
[302/1408] Wrapping AST for SwiftASN1 for debugging
[303/1408] Wrapping AST for Tracing for debugging
[305/1408] Compiling DequeModule _DequeBuffer.swift
[306/1408] Compiling DequeModule _DequeBufferHeader.swift
[307/1408] Compiling DequeModule RigidDeque+Append.swift
[308/1408] Compiling DequeModule RigidDeque+Consumption.swift
[309/1408] Compiling DequeModule RigidDeque+ContainerOperations.swift
[310/1408] Compiling DequeModule RigidDeque+Deprecations.swift
[310/1408] Compiling tls13_enc.cc
[311/1408] Compiling t1_enc.cc
[312/1408] Compiling tls13_both.cc
[314/1408] Compiling DequeModule Deque+Codable.swift
[315/1408] Compiling DequeModule Deque+Collection.swift
[316/1408] Compiling DequeModule Deque+CustomReflectable.swift
[317/1408] Compiling DequeModule Deque+Descriptions.swift
[318/1408] Compiling DequeModule Deque+Equatable.swift
[319/1408] Compiling DequeModule Deque+ExpressibleByArrayLiteral.swift
[320/1408] Compiling DequeModule Deque+Extras.swift
[321/1408] Compiling DequeModule Deque+Hashable.swift
[322/1408] Compiling DequeModule Deque+Testing.swift
[323/1408] Compiling DequeModule Deque._Storage.swift
[324/1408] Compiling DequeModule Deque._UnsafeHandle.swift
[325/1408] Compiling DequeModule Deque.swift
[325/1408] Compiling tls13_client.cc
[326/1408] Compiling ssl_x509.cc
[327/1408] Compiling ssl_versions.cc
[328/1408] Compiling ssl_stat.cc
[329/1408] Compiling ssl_transcript.cc
[330/1408] Compiling ssl_privkey.cc
[331/1408] Compiling ssl_session.cc
[333/1408] Compiling DequeModule UniqueDeque+Replacements.swift
[334/1408] Compiling DequeModule UniqueDeque.swift
[335/1408] Compiling DequeModule _DequeSlot.swift
[336/1408] Compiling DequeModule _UnsafeDequeHandle.swift
[337/1408] Compiling DequeModule _UnsafeDequeSegments.swift
[338/1408] Emitting module DequeModule
[340/1409] Emitting module ExtrasBase64
[340/1409] Compiling ssl_file.cc
[341/1409] Compiling ssl_key_share.cc
[342/1409] Compiling ssl_lib.cc
[343/1409] Compiling ssl_credential.cc
[345/1452] Compiling ExtrasBase64 Base64+Span.swift
[346/1452] Compiling ExtrasBase64 Base32.swift
[347/1452] Compiling ExtrasBase64 Base64.swift
[349/1453] Compiling Configuration JSONSnapshot.swift
[350/1453] Compiling Configuration PropertyListSnapshot.swift
[351/1453] Compiling Configuration ReloadingFileProvider.swift
[352/1453] Compiling Configuration ReloadingFileProviderMetrics.swift
[353/1453] Compiling Configuration YAMLSnapshot.swift
[354/1453] Compiling Configuration InMemoryProvider.swift
[354/1455] Wrapping AST for DequeModule for debugging
[356/1458] Compiling Configuration Deprecations.swift
[357/1458] Compiling Configuration ExpressibleByConfigInt.swift
[358/1458] Compiling Configuration ExpressibleByConfigString.swift
[359/1458] Compiling Configuration CLIKeyEncoder.swift
[360/1458] Compiling Configuration ConfigKeyEncoder.swift
[361/1458] Compiling Configuration DotSeparatorKeyDecoder.swift
[361/1458] Compiling ssl_cipher.cc
[362/1489] Wrapping AST for ExtrasBase64 for debugging
[363/1489] Compiling ssl_cert.cc
[365/1489] Emitting module Configuration
[365/1489] Compiling ssl_asn1.cc
[366/1489] Compiling s3_pkt.cc
[367/1489] Compiling ssl_aead_ctx.cc
[368/1489] Compiling ssl_buffer.cc
[370/1489] Compiling GoogleWKT WKTField.swift
[371/1489] Compiling GoogleWKT WKTMethod.swift
[372/1489] Compiling GoogleWKT WKTMixin.swift
[373/1489] Compiling GoogleWKT WKTOption.swift
[374/1493] Compiling GoogleWKT UnknownFields.swift
[375/1493] Compiling GoogleWKT WKTAny.swift
[376/1493] Compiling GoogleWKT WKTAnyError.swift
[377/1493] Compiling GoogleWKT WKTBoolValue.swift
[378/1493] Compiling GoogleWKT WKTBytesValue.swift
[379/1493] Compiling GoogleWKT WKTDoubleValue.swift
[380/1493] Compiling GoogleWKT WKTDuration.swift
[381/1493] Compiling GoogleWKT WKTEmpty.swift
[382/1493] Compiling GoogleWKT WKTFieldMask.swift
[383/1493] Compiling GoogleWKT WKTFloatValue.swift
[384/1493] Compiling GoogleWKT WKTInt32Value.swift
[385/1493] Compiling GoogleWKT WKTInt64Value.swift
[386/1493] Compiling GoogleWKT WKTRecursive.swift
[386/1493] Compiling s3_lib.cc
[387/1493] Compiling s3_both.cc
[389/1493] Compiling GoogleWKT WKTValue.swift
[390/1493] Compiling GoogleWKT WKTApi.swift
[391/1493] Compiling GoogleWKT WKTEnum.swift
[392/1493] Compiling GoogleWKT WKTEnumValue.swift
[393/1493] Compiling GoogleWKT WKTStringValue.swift
[394/1493] Compiling GoogleWKT WKTTimestamp.swift
[395/1493] Compiling GoogleWKT WKTUInt32Value.swift
[396/1493] Compiling GoogleWKT WKTUInt64Value.swift
[397/1493] Compiling GoogleWKT WKTSourceContext.swift
[398/1493] Compiling GoogleWKT WKTSyntax.swift
[399/1493] Compiling GoogleWKT WKTType.swift
[400/1493] Compiling GoogleWKT PackageVersion.swift
[400/1493] Compiling handshake_client.cc
[401/1493] Compiling handshake_server.cc
[402/1493] Compiling handoff.cc
[403/1493] Compiling handshake.cc
[405/1493] Emitting module GoogleWKT
[406/1493] Compiling GoogleWKT AnyPackable.swift
[407/1493] Compiling GoogleWKT DecodeToDefault.swift
[408/1493] Compiling GoogleWKT DiscoveryBase64.swift
[409/1493] Compiling GoogleWKT ProtoJSONDecoder.swift
[410/1493] Compiling GoogleWKT ProtoJSONEncoder.swift
[417/1494] Compiling encrypted_client_hello.cc
[418/1494] Compiling extensions.cc
[425/1509] Wrapping AST for GoogleWKT for debugging
[427/1509] Compiling Configuration CombineLatestManyStorage.swift
[428/1509] Compiling Configuration AsyncSequences.swift
[429/1509] Compiling Configuration FoundationExtensions.swift
[430/1509] Compiling Configuration Span.swift
[431/1509] Compiling Configuration ConfigBytesFromStringDecoder.swift
[436/1509] Compiling Configuration FileProvider.swift
[437/1509] Compiling Configuration FileProviderSnapshot.swift
[438/1509] Compiling Configuration MutableInMemoryProvider.swift
[439/1509] Compiling Configuration ConfigProvider+Operators.swift
[440/1509] Compiling Configuration KeyMappingProvider.swift
[441/1509] Compiling Configuration SecretsSpecifier.swift
[442/1509] Compiling Configuration AsyncCombineLatestManySequence.swift
[443/1509] Compiling Configuration CombineLatestManyStateMachine.swift
[444/1509] Compiling GoogleRpc RequestInfo.swift
[445/1509] Compiling GoogleRpc ResourceInfo.swift
[445/1511] Compiling d1_pkt.cc
[446/1511] Compiling dtls_record.cc
[447/1511] Compiling md5-x86_64-linux.S
[448/1511] Compiling md5-x86_64-apple.S
[450/1511] Emitting module GoogleRpc
[450/1511] Compiling md5-586-linux.S
[451/1511] Compiling md5-586-apple.S
[453/1511] Compiling GoogleRpc DebugInfo.swift
[454/1511] Compiling GoogleRpc ErrorInfo.swift
[454/1511] Compiling dtls_method.cc
[456/1511] Compiling GoogleRpc BadRequest.swift
[457/1511] Compiling GoogleRpc Code.swift
[457/1511] Compiling d1_srtp.cc
[458/1511] Compiling chacha20_poly1305_x86_64-linux.S
[459/1511] Compiling chacha20_poly1305_x86_64-apple.S
[460/1511] Compiling chacha20_poly1305_armv8-win.S
[462/1511] Compiling GoogleRpc LocalizedMessage.swift
[463/1511] Compiling GoogleRpc PackageVersion.swift
[464/1511] Compiling GoogleRpc PreconditionFailure.swift
[465/1511] Compiling GoogleRpc QuotaFailure.swift
[466/1511] Compiling GoogleRpc Help.swift
[467/1511] Compiling GoogleRpc HttpHeader.swift
[468/1511] Compiling GoogleRpc HttpRequest.swift
[469/1511] Compiling GoogleRpc HttpResponse.swift
[469/1511] Compiling chacha20_poly1305_armv8-apple.S
[470/1511] Compiling chacha-x86_64-linux.S
[471/1511] Compiling chacha20_poly1305_armv8-linux.S
[472/1511] Compiling chacha-x86_64-apple.S
[473/1511] Compiling chacha-x86-linux.S
[474/1511] Compiling chacha-x86-apple.S
[474/1511] Compiling chacha-armv8-win.S
[476/1511] Compiling err_data.cc
[478/1511] Compiling GoogleRpc RetryInfo.swift
[479/1511] Compiling GoogleRpc Status.swift
[480/1512] Compiling chacha-armv8-apple.S
[481/1512] Compiling chacha-armv4-linux.S
[482/1512] Compiling chacha-armv8-linux.S
[483/1512] Compiling aes128gcmsiv-x86_64-linux.S
[484/1512] Compiling d1_lib.cc
[485/1512] Compiling aes128gcmsiv-x86_64-apple.S
[486/1512] Wrapping AST for GoogleRpc for debugging
[487/1512] Compiling x86_64-mont5-linux.S
[488/1512] Compiling x86_64-mont5-apple.S
[489/1512] Compiling x86_64-mont-apple.S
[490/1512] Compiling x86_64-mont-linux.S
[491/1512] Compiling x86-mont-apple.S
[492/1512] Compiling x86-mont-linux.S
[493/1512] Compiling vpaes-x86_64-linux.S
[494/1512] Compiling vpaes-x86_64-apple.S
[495/1512] Compiling vpaes-x86-linux.S
[496/1512] Compiling vpaes-armv8-win.S
[497/1512] Compiling vpaes-x86-apple.S
[498/1512] Compiling vpaes-armv8-apple.S
[499/1512] Compiling vpaes-armv8-linux.S
[500/1512] Compiling vpaes-armv7-linux.S
[501/1512] Compiling sha512-x86_64-linux.S
[502/1512] Compiling sha512-x86_64-apple.S
[503/1512] Compiling sha512-armv8-win.S
[504/1512] Compiling sha512-armv8-apple.S
[505/1512] Compiling sha512-armv8-linux.S
[506/1512] Compiling sha512-armv4-linux.S
[507/1512] Compiling sha512-586-linux.S
[508/1512] Compiling sha512-586-apple.S
[509/1512] Compiling sha256-x86_64-linux.S
[510/1512] Compiling sha256-x86_64-apple.S
[511/1512] Compiling sha256-armv8-win.S
[512/1512] Compiling sha256-armv8-apple.S
[513/1512] Compiling sha256-armv8-linux.S
[514/1512] Compiling sha256-armv4-linux.S
[515/1512] Compiling sha256-586-linux.S
[516/1512] Compiling sha256-586-apple.S
[517/1512] Compiling sha1-x86_64-linux.S
[518/1512] Compiling bio_ssl.cc
[519/1512] Compiling sha1-x86_64-apple.S
[520/1512] Compiling sha1-armv8-win.S
[521/1512] Compiling sha1-armv8-apple.S
[522/1512] Compiling sha1-armv4-large-linux.S
[523/1512] Compiling sha1-armv8-linux.S
[524/1512] Compiling sha1-586-apple.S
[525/1512] Compiling sha1-586-linux.S
[526/1512] Compiling rsaz-avx2-linux.S
[527/1512] Compiling rsaz-avx2-apple.S
[528/1512] Compiling rdrand-x86_64-linux.S
[529/1512] Compiling rdrand-x86_64-apple.S
[530/1512] Compiling p256_beeu-x86_64-asm-linux.S
[531/1512] Compiling p256_beeu-x86_64-asm-apple.S
[532/1512] Compiling p256_beeu-armv8-asm-win.S
[533/1512] Compiling p256_beeu-armv8-asm-linux.S
[533/1512] Compiling p256_beeu-armv8-asm-apple.S
[535/1512] Compiling p256-x86_64-asm-linux.S
[536/1512] Compiling p256-x86_64-asm-apple.S
[537/1512] Compiling p256-armv8-asm-win.S
[538/1512] Compiling p256-armv8-asm-apple.S
[539/1512] Compiling ghashv8-armv8-win.S
[540/1512] Compiling ghashv8-armv8-linux.S
[541/1512] Compiling p256-armv8-asm-linux.S
[542/1512] Compiling ghashv8-armv7-linux.S
[542/1512] Compiling ghashv8-armv8-apple.S
[544/1512] Compiling ghash-x86_64-linux.S
[551/1512] Compiling ghash-x86_64-apple.S
[552/1512] Compiling ghash-x86-linux.S
[553/1513] Compiling ghash-x86-apple.S
[554/1513] Compiling ghash-ssse3-x86_64-linux.S
[555/1513] Compiling ghash-ssse3-x86_64-apple.S
[556/1513] Compiling ghash-ssse3-x86-linux.S
[557/1513] Compiling d1_both.cc
[559/1513] Compiling ghash-ssse3-x86-apple.S
[560/1513] Compiling ghash-neon-armv8-apple.S
[561/1513] Compiling ghash-neon-armv8-linux.S
[562/1513] Compiling ghash-neon-armv8-win.S
[563/1513] Compiling ghash-armv4-linux.S
[564/1513] Compiling co-586-linux.S
[565/1513] Compiling co-586-apple.S
[566/1513] Compiling bsaes-armv7-linux.S
[567/1513] Compiling bn-armv8-win.S
[568/1513] Compiling bn-armv8-linux.S
[569/1513] Compiling bn-armv8-apple.S
[570/1513] Compiling bn-586-linux.S
[571/1513] Compiling bn-586-apple.S
[572/1513] Compiling armv8-mont-win.S
[573/1513] Compiling armv8-mont-linux.S
[574/1513] Compiling armv8-mont-apple.S
[575/1513] Compiling aesv8-gcm-armv8-win.S
[576/1513] Wrapping AST for Configuration for debugging
[577/1513] Compiling armv4-mont-linux.S
[578/1513] Compiling aesv8-gcm-armv8-apple.S
[579/1513] Compiling aesv8-armv8-win.S
[580/1513] Compiling aesv8-armv7-linux.S
[581/1513] Compiling aesv8-armv8-apple.S
[582/1513] Compiling aesv8-gcm-armv8-linux.S
[583/1513] Compiling aesni-x86_64-linux.S
[584/1513] Compiling aesni-x86_64-apple.S
[585/1513] Compiling aesv8-armv8-linux.S
[586/1513] Compiling aesni-gcm-x86_64-apple.S
[587/1513] Compiling aesni-x86-linux.S
[588/1513] Compiling aesni-x86-apple.S
[588/1513] Compiling aesni-gcm-x86_64-linux.S
[590/1513] Compiling aes-gcm-avx2-x86_64-linux.S
[591/1513] Compiling aes-gcm-avx10-x86_64-apple.S
[592/1513] Compiling aes-gcm-avx2-x86_64-apple.S
[593/1513] Compiling aes-gcm-avx10-x86_64-linux.S
[594/1513] Compiling x_spki.cc
[595/1513] Compiling x_val.cc
[596/1513] Compiling x_x509a.cc
[597/1513] Compiling x_pubkey.cc
[598/1513] Compiling x_sig.cc
[599/1513] Compiling x_x509.cc
[600/1513] Compiling x_name.cc
[601/1513] Compiling x_req.cc
[602/1513] Compiling x_exten.cc
[603/1513] Compiling x_attrib.cc
[604/1513] Compiling x_all.cc
[605/1513] Compiling x_crl.cc
[606/1513] Compiling x_algor.cc
[607/1513] Compiling x509spki.cc
[608/1513] Compiling x509rset.cc
[609/1513] Compiling x509name.cc
[610/1513] Compiling x509cset.cc
[611/1513] Compiling x509_vpm.cc
[612/1513] Compiling x509_txt.cc
[613/1513] Compiling x509_trs.cc
[614/1513] Compiling x509_vfy.cc
[615/1513] Compiling x509_v3.cc
[616/1513] Compiling x509_req.cc
[617/1513] Compiling x509_set.cc
[618/1513] Compiling x509_obj.cc
[619/1513] Compiling x509_lu.cc
[620/1513] Compiling x509_def.cc
[621/1513] Compiling x509_ext.cc
[622/1513] Compiling x509_d2.cc
[623/1513] Compiling x509_cmp.cc
[624/1513] Compiling x509_att.cc
[625/1513] Compiling x509.cc
[626/1513] Compiling v3_utl.cc
[627/1513] Compiling v3_skey.cc
[628/1513] Compiling v3_prn.cc
[629/1513] Compiling v3_purp.cc
[630/1513] Compiling v3_pcons.cc
[631/1513] Compiling v3_pmaps.cc
[632/1513] Compiling v3_ncons.cc
[633/1513] Compiling v3_ocsp.cc
[634/1513] Compiling v3_ia5.cc
[635/1513] Compiling v3_lib.cc
[636/1513] Compiling v3_info.cc
[637/1513] Compiling v3_int.cc
[638/1513] Compiling v3_genn.cc
[639/1513] Compiling v3_extku.cc
[640/1513] Compiling v3_crld.cc
[641/1513] Compiling v3_enum.cc
[642/1513] Compiling v3_cpols.cc
[643/1513] Compiling v3_conf.cc
[644/1513] Compiling v3_bcons.cc
[645/1513] Compiling v3_alt.cc
[646/1513] Compiling v3_akeya.cc
[647/1513] Compiling v3_bitst.cc
[648/1513] Compiling t_x509a.cc
[649/1513] Compiling t_x509.cc
[650/1513] Compiling v3_akey.cc
[651/1513] Compiling t_crl.cc
[652/1513] Compiling t_req.cc
[653/1513] Compiling rsa_pss.cc
[654/1513] Compiling policy.cc
[655/1513] Compiling i2d_pr.cc
[656/1513] Compiling name_print.cc
[657/1513] Compiling by_file.cc
[658/1513] Compiling by_dir.cc
[659/1513] Compiling algorithm.cc
[660/1513] Compiling asn1_gen.cc
[661/1513] Compiling a_verify.cc
[662/1513] Compiling a_digest.cc
[663/1513] Compiling a_sign.cc
[664/1513] Compiling thread_win.cc
[665/1513] Compiling voprf.cc
[666/1513] Compiling trust_token.cc
[667/1513] Compiling thread_pthread.cc
[668/1513] Compiling pmbtoken.cc
[669/1513] Compiling thread.cc
[670/1513] Compiling thread_none.cc
[671/1513] Compiling stack.cc
[672/1513] Compiling slhdsa.cc
[673/1513] Compiling siphash.cc
[674/1513] Compiling sha256.cc
[675/1513] Compiling sha512.cc
[676/1513] Compiling sha1.cc
[677/1513] Compiling spake2plus.cc
[678/1513] Compiling rsa_extra.cc
[679/1513] Compiling rsa_print.cc
[680/1513] Compiling rsa_crypt.cc
[681/1513] Compiling trusty.cc
[682/1513] Compiling windows.cc
[683/1513] Compiling urandom.cc
[684/1513] Compiling rc4.cc
[685/1513] Compiling refcount.cc
[686/1513] Compiling rsa_asn1.cc
[687/1513] Compiling rand.cc
[688/1513] Compiling ios.cc
[689/1513] Compiling passive.cc
[690/1513] Compiling poly1305_arm_asm.S
[691/1513] Compiling forkunsafe.cc
[692/1513] Compiling getentropy.cc
[693/1513] Compiling fork_detect.cc
[694/1513] Compiling deterministic.cc
[695/1513] Compiling poly1305_vec.cc
[696/1513] Compiling pool.cc
[697/1513] Compiling poly1305_arm.cc
[698/1513] Compiling poly1305.cc
[699/1513] Compiling pkcs7.cc
[700/1513] Compiling p5_pbev2.cc
[701/1513] Compiling pkcs7_x509.cc
[702/1513] Compiling pem_xaux.cc
[703/1513] Compiling pkcs8_x509.cc
[704/1513] Compiling pkcs8.cc
[705/1513] Compiling pem_x509.cc
[706/1513] Compiling pem_pkey.cc
[707/1513] Compiling pem_pk8.cc
[708/1513] Compiling pem_oth.cc
[709/1513] Compiling pem_lib.cc
[710/1513] Compiling obj_xref.cc
[711/1513] Compiling pem_info.cc
[712/1513] Compiling mlkem.cc
[713/1513] Compiling pem_all.cc
[714/1513] Compiling obj.cc
[715/1513] Compiling poly_rq_mul.S
[716/1513] Compiling mldsa.cc
[717/1513] Compiling fips_shared_support.cc
[718/1513] Compiling mem.cc
[719/1513] Compiling md5.cc
[720/1513] Compiling md4.cc
[721/1513] Compiling lhash.cc
[722/1513] Compiling kyber.cc
[723/1513] Compiling sign.cc
[724/1513] Compiling ex_data.cc
[725/1513] Compiling hrss.cc
[726/1513] Compiling scrypt.cc
[727/1513] Compiling hpke.cc
[728/1513] Compiling print.cc
[729/1513] Compiling pbkdf.cc
[730/1513] Compiling p_x25519_asn1.cc
[731/1513] Compiling p_x25519.cc
[732/1513] Compiling p_rsa_asn1.cc
[732/1513] Compiling p_rsa.cc
[734/1513] Compiling p_hkdf.cc
[735/1513] Compiling p_ed25519.cc
[736/1513] Compiling p_ec.cc
[737/1513] Compiling p_dh_asn1.cc
[738/1513] Compiling p_ed25519_asn1.cc
[739/1513] Compiling p_ec_asn1.cc
[740/1513] Compiling p_dh.cc
[741/1513] Compiling p_dsa_asn1.cc
[742/1513] Compiling evp_ctx.cc
[743/1513] Compiling evp_asn1.cc
[744/1513] Compiling err.cc
[745/1513] Compiling engine.cc
[746/1513] Compiling evp.cc
[747/1513] Compiling ecdh.cc
[748/1513] Compiling ecdsa_asn1.cc
[749/1513] Compiling hash_to_curve.cc
[750/1513] Compiling ec_derive.cc
[751/1513] Compiling bcm.cc
[752/1513] Compiling params.cc
[753/1513] Compiling dsa.cc
[754/1513] Compiling digest_extra.cc
[755/1513] Compiling x25519-asm-arm.S
[756/1513] Compiling ec_asn1.cc
[757/1513] Compiling dsa_asn1.cc
[758/1513] Compiling dh_asn1.cc
[759/1513] Compiling des.cc
[760/1513] Compiling curve25519_64_adx.cc
[761/1513] Compiling crypto.cc
[762/1513] Compiling cpu_intel.cc
[763/1513] Compiling cpu_arm_linux.cc
[764/1513] Compiling spake25519.cc
[765/1513] Compiling cpu_aarch64_win.cc
[766/1513] Compiling cpu_arm_freebsd.cc
[767/1513] Compiling curve25519.cc
[768/1513] Compiling cpu_aarch64_linux.cc
[769/1513] Compiling cpu_aarch64_sysreg.cc
[770/1513] Compiling cpu_aarch64_openbsd.cc
[771/1513] Compiling cpu_aarch64_fuchsia.cc
[772/1513] Compiling cpu_aarch64_apple.cc
[773/1513] Compiling conf.cc
[774/1513] Compiling tls_cbc.cc
[775/1513] Compiling get_cipher.cc
[776/1513] Compiling e_tls.cc
[777/1513] Compiling e_rc4.cc
[778/1513] Compiling e_rc2.cc
[779/1513] Compiling e_null.cc
[780/1513] Compiling e_des.cc
[781/1513] Compiling e_chacha20poly1305.cc
[782/1513] Compiling e_aesgcmsiv.cc
[783/1513] Compiling e_aesctrhmac.cc
[784/1513] Compiling derive_key.cc
[785/1513] Compiling chacha.cc
[786/1513] Compiling unicode.cc
[787/1513] Compiling cbs.cc
[788/1513] Compiling buf.cc
[789/1513] Compiling ber.cc
[790/1513] Compiling cbb.cc
[791/1513] Compiling asn1_compat.cc
[792/1513] Compiling blake2.cc
[793/1513] Compiling socket_helper.cc
[794/1513] Compiling bn_asn1.cc
[795/1513] Compiling printf.cc
[796/1513] Compiling socket.cc
[797/1513] Compiling pair.cc
[798/1513] Compiling hexdump.cc
[799/1513] Compiling convert.cc
[800/1513] Compiling file.cc
[801/1513] Compiling errno.cc
[802/1513] Compiling fd.cc
[803/1513] Compiling connect.cc
[804/1513] Compiling base64.cc
[805/1513] Compiling bio.cc
[806/1513] Compiling bio_mem.cc
[807/1513] Compiling tasn_utl.cc
[808/1513] Compiling tasn_typ.cc
[809/1513] Compiling tasn_fre.cc
[810/1513] Compiling tasn_enc.cc
[811/1513] Compiling tasn_new.cc
[812/1513] Compiling posix_time.cc
[813/1513] Compiling f_string.cc
[814/1513] Compiling f_int.cc
[815/1513] Compiling tasn_dec.cc
[816/1513] Compiling asn_pack.cc
[817/1513] Compiling asn1_par.cc
[818/1513] Compiling asn1_lib.cc
[819/1513] Compiling a_utctm.cc
[820/1513] Compiling a_time.cc
[821/1513] Compiling a_octet.cc
[822/1513] Compiling a_strnid.cc
[823/1513] Compiling a_type.cc
[824/1513] Compiling a_strex.cc
[825/1513] Compiling a_object.cc
[826/1513] Compiling a_i2d_fp.cc
[827/1513] Compiling a_dup.cc
[828/1513] Compiling a_mbstr.cc
[829/1513] Compiling a_int.cc
[830/1513] Compiling CGoogleGaxCRC32C CGoogleGaxCRC32C.c
[831/1513] Compiling fiat_p256_adx_sqr.S
[832/1513] Compiling a_gentm.cc
[833/1513] Compiling fiat_p256_adx_mul.S
[834/1513] Compiling fiat_curve25519_adx_square.S
[835/1513] Compiling md5-x86_64-linux.S
[836/1513] Compiling fiat_curve25519_adx_mul.S
[837/1513] Compiling md5-x86_64-apple.S
[838/1513] Compiling md5-586-apple.S
[839/1513] Compiling CCryptoBoringSSLShims shims.c
[840/1513] Compiling a_d2i_fp.cc
[841/1513] Compiling a_bitstr.cc
[842/1513] Compiling chacha20_poly1305_x86_64-apple.S
[843/1513] Compiling chacha20_poly1305_x86_64-linux.S
[844/1513] Compiling md5-586-linux.S
[845/1513] Compiling chacha20_poly1305_armv8-win.S
[846/1513] Compiling a_bool.cc
[847/1513] Compiling chacha20_poly1305_armv8-apple.S
[848/1513] Compiling chacha-x86-linux.S
[848/1513] Compiling chacha-x86_64-linux.S
[850/1513] Compiling chacha-x86_64-apple.S
[851/1513] Compiling chacha20_poly1305_armv8-linux.S
[852/1513] Compiling chacha-armv8-win.S
[853/1513] Compiling chacha-x86-apple.S
[854/1513] Compiling chacha-armv8-apple.S
[855/1513] Compiling chacha-armv4-linux.S
[856/1513] Compiling chacha-armv8-linux.S
[857/1513] Compiling aes128gcmsiv-x86_64-linux.S
[858/1513] Compiling x86_64-mont5-linux.S
[859/1513] Compiling x86_64-mont5-apple.S
[859/1513] Compiling aes128gcmsiv-x86_64-apple.S
[861/1513] Compiling x86_64-mont-linux.S
[862/1513] Compiling x86_64-mont-apple.S
[863/1513] Compiling x86-mont-linux.S
[864/1513] Compiling vpaes-x86_64-linux.S
[865/1513] Compiling x86-mont-apple.S
[866/1513] Compiling vpaes-x86_64-apple.S
[867/1513] Compiling vpaes-x86-linux.S
[868/1513] Compiling vpaes-armv8-win.S
[869/1513] Compiling vpaes-x86-apple.S
[870/1513] Compiling vpaes-armv8-linux.S
[871/1513] Compiling sha512-x86_64-linux.S
[871/1513] Compiling sha512-x86_64-apple.S
[873/1513] Compiling vpaes-armv8-apple.S
[874/1513] Compiling vpaes-armv7-linux.S
[875/1513] Compiling err_data.cc
[876/1513] Compiling sha512-armv8-win.S
[877/1513] Compiling sha512-armv8-apple.S
[878/1513] Compiling sha512-586-linux.S
[879/1513] Compiling sha512-armv4-linux.S
[880/1513] Compiling sha512-armv8-linux.S
[881/1513] Compiling sha512-586-apple.S
[882/1513] Compiling sha256-x86_64-linux.S
[883/1513] Compiling sha256-x86_64-apple.S
[884/1513] Compiling sha256-armv8-apple.S
[885/1513] Compiling sha256-armv8-win.S
[886/1513] Compiling sha256-armv4-linux.S
[887/1513] Compiling sha256-armv8-linux.S
[888/1513] Compiling sha256-586-linux.S
[889/1513] Compiling sha256-586-apple.S
[890/1513] Compiling sha1-x86_64-linux.S
[891/1513] Compiling sha1-x86_64-apple.S
[892/1513] Compiling sha1-armv8-apple.S
[893/1513] Compiling sha1-armv8-win.S
[894/1513] Compiling sha1-586-linux.S
[895/1513] Compiling sha1-586-apple.S
[896/1513] Compiling sha1-armv4-large-linux.S
[897/1513] Compiling sha1-armv8-linux.S
[898/1513] Compiling rsaz-avx2-linux.S
[899/1513] Compiling rsaz-avx2-apple.S
[900/1513] Compiling rdrand-x86_64-linux.S
[901/1513] Compiling p256_beeu-x86_64-asm-linux.S
[902/1513] Compiling p256_beeu-armv8-asm-win.S
[903/1513] Compiling p256_beeu-armv8-asm-linux.S
[904/1513] Compiling p256_beeu-x86_64-asm-apple.S
[905/1513] Compiling rdrand-x86_64-apple.S
[906/1513] Compiling p256_beeu-armv8-asm-apple.S
[907/1513] Compiling p256-x86_64-asm-apple.S
[908/1513] Compiling p256-x86_64-asm-linux.S
[909/1513] Compiling p256-armv8-asm-apple.S
[910/1513] Compiling p256-armv8-asm-win.S
[911/1513] Compiling p256-armv8-asm-linux.S
[911/1513] Compiling ghashv8-armv8-win.S
[913/1513] Compiling ghashv8-armv8-linux.S
[914/1513] Compiling ghashv8-armv8-apple.S
[915/1513] Compiling ghashv8-armv7-linux.S
[916/1513] Compiling ghash-x86_64-linux.S
[917/1513] Compiling ghash-x86_64-apple.S
[918/1513] Compiling ghash-x86-linux.S
[919/1513] Compiling ghash-x86-apple.S
[920/1513] Compiling ghash-ssse3-x86_64-linux.S
[921/1513] Compiling ghash-ssse3-x86-linux.S
[922/1513] Compiling ghash-ssse3-x86-apple.S
[923/1513] Compiling ghash-neon-armv8-win.S
[924/1513] Compiling ghash-ssse3-x86_64-apple.S
[925/1513] Compiling ghash-neon-armv8-apple.S
[926/1513] Compiling ghash-neon-armv8-linux.S
[927/1513] Compiling bsaes-armv7-linux.S
[928/1513] Compiling co-586-linux.S
[929/1513] Compiling co-586-apple.S
[930/1513] Compiling ghash-armv4-linux.S
[931/1513] Compiling bn-armv8-win.S
[931/1513] Compiling bn-armv8-linux.S
[933/1513] Compiling bn-586-linux.S
[934/1513] Compiling bn-armv8-apple.S
[935/1513] Compiling armv8-mont-win.S
[936/1513] Compiling bn-586-apple.S
[937/1513] Compiling armv8-mont-apple.S
[938/1513] Compiling armv8-mont-linux.S
[939/1513] Compiling armv4-mont-linux.S
[940/1513] Compiling aesv8-gcm-armv8-win.S
[941/1513] Compiling aesv8-armv8-win.S
[942/1513] Compiling aesv8-gcm-armv8-apple.S
[943/1513] Compiling aesv8-gcm-armv8-linux.S
[944/1513] Compiling aesv8-armv8-apple.S
[945/1513] Compiling aesv8-armv8-linux.S
[946/1513] Compiling aesni-x86_64-apple.S
[947/1513] Compiling aesv8-armv7-linux.S
[948/1513] Compiling aesni-x86-linux.S
[949/1513] Compiling aesni-x86_64-linux.S
[950/1513] Compiling aesni-x86-apple.S
[951/1513] Compiling aesni-gcm-x86_64-apple.S
[952/1513] Compiling aesni-gcm-x86_64-linux.S
[953/1513] Compiling aes-gcm-avx2-x86_64-linux.S
[954/1513] Compiling aes-gcm-avx512-x86_64-apple.S
[955/1513] Compiling aes-gcm-avx2-x86_64-apple.S
[956/1513] Compiling aes-gcm-avx512-x86_64-linux.S
[957/1513] Compiling xwing.cc
[958/1513] Compiling x_sig.cc
[959/1513] Compiling x_spki.cc
[960/1513] Compiling x_x509a.cc
[961/1513] Compiling x_req.cc
[962/1513] Compiling x_x509.cc
[963/1513] Compiling c-nioatomics.c
[964/1513] Compiling x_pubkey.cc
[965/1513] Compiling x_exten.cc
[966/1513] Compiling x_crl.cc
[967/1513] Compiling c-atomics.c
[968/1513] Compiling x_attrib.cc
[969/1513] Compiling x_name.cc
[970/1513] Compiling x_all.cc
[972/1520] Compiling NIOConcurrencyHelpers NIOLockedValueBox.swift
[972/1520] Compiling x_algor.cc
[974/1520] Compiling NIOConcurrencyHelpers NIOThreadPoolWorkAvailable.swift
[975/1520] Emitting module NIOConcurrencyHelpers
[976/1520] Compiling NIOConcurrencyHelpers NIOLock.swift
[976/1520] Compiling x509spki.cc
[978/1520] Compiling NIOConcurrencyHelpers atomics.swift
[979/1520] Compiling NIOConcurrencyHelpers lock.swift
[980/1520] Compiling NIOConcurrencyHelpers NIOAtomic.swift
[981/1521] Compiling x509cset.cc
[982/1521] Compiling x509rset.cc
[983/1521] Compiling x509_vpm.cc
[984/1521] Wrapping AST for NIOConcurrencyHelpers for debugging
[985/1521] Compiling x509name.cc
[986/1521] Compiling x509_vfy.cc
[987/1521] Compiling x509_v3.cc
[988/1521] Compiling x509_txt.cc
[989/1521] Compiling x509_set.cc
[990/1521] Compiling x509_trs.cc
[991/1521] Compiling x509_obj.cc
[992/1521] Compiling x509_req.cc
[993/1521] Compiling x509_lu.cc
[994/1521] Compiling x509_ext.cc
[995/1521] Compiling x509_def.cc
[996/1521] Compiling x509_d2.cc
[997/1521] Compiling x509.cc
[998/1521] Compiling x509_cmp.cc
[999/1521] Compiling x509_att.cc
[1000/1521] Compiling v3_utl.cc
[1001/1521] Compiling v3_skey.cc
[1002/1521] Compiling v3_purp.cc
[1003/1521] Compiling v3_prn.cc
[1004/1521] Compiling v3_pmaps.cc
[1005/1521] Compiling v3_pcons.cc
[1006/1521] Compiling v3_ocsp.cc
[1007/1521] Compiling v3_lib.cc
[1008/1521] Compiling v3_ncons.cc
[1009/1521] Compiling v3_int.cc
[1010/1521] Compiling v3_ia5.cc
[1011/1521] Compiling v3_info.cc
[1012/1521] Compiling v3_genn.cc
[1013/1521] Compiling v3_enum.cc
[1014/1521] Compiling v3_extku.cc
[1015/1521] Compiling v3_cpols.cc
[1016/1521] Compiling v3_crld.cc
[1017/1521] Compiling v3_bitst.cc
[1018/1521] Compiling v3_conf.cc
[1019/1521] Compiling v3_bcons.cc
[1020/1521] Compiling v3_akeya.cc
[1021/1521] Compiling v3_akey.cc
[1022/1521] Compiling t_x509a.cc
[1023/1521] Compiling v3_alt.cc
[1024/1521] Compiling t_x509.cc
[1025/1521] Compiling t_req.cc
[1026/1521] Compiling i2d_pr.cc
[1027/1521] Compiling rsa_pss.cc
[1028/1521] Compiling t_crl.cc
[1029/1521] Compiling policy.cc
[1030/1521] Compiling name_print.cc
[1031/1521] Compiling by_file.cc
[1032/1521] Compiling by_dir.cc
[1033/1521] Compiling asn1_gen.cc
[1034/1521] Compiling algorithm.cc
[1035/1521] Compiling thread.cc
[1036/1521] Compiling voprf.cc
[1037/1521] Compiling a_verify.cc
[1038/1521] Compiling a_sign.cc
[1039/1521] Compiling a_digest.cc
[1040/1521] Compiling stack.cc
[1041/1521] Compiling siphash.cc
[1042/1521] Compiling sha256.cc
[1043/1521] Compiling spake2plus.cc
[1043/1521] Compiling slhdsa.cc
[1045/1521] Compiling sha1.cc
[1046/1521] Compiling sha512.cc
[1047/1521] Compiling rsa_print.cc
[1048/1521] Compiling rsa_extra.cc
[1049/1521] Compiling rsa_crypt.cc
[1050/1521] Compiling refcount.cc
[1051/1521] Compiling rc4.cc
[1052/1521] Compiling rand.cc
[1053/1521] Compiling windows.cc
[1054/1521] Compiling trusty.cc
[1055/1521] Compiling urandom.cc
[1056/1521] Compiling ios.cc
[1057/1521] Compiling getentropy.cc
[1058/1521] Compiling passive.cc
[1059/1521] Compiling poly1305_arm_asm.S
[1060/1521] Compiling forkunsafe.cc
[1061/1521] Compiling rsa_asn1.cc
[1062/1521] Compiling deterministic.cc
[1063/1521] Compiling fork_detect.cc
[1064/1521] Compiling pool.cc
[1065/1521] Compiling poly1305_vec.cc
[1066/1521] Compiling poly1305_arm.cc
[1067/1521] Compiling poly1305.cc
[1068/1521] Compiling pkcs8.cc
[1069/1521] Compiling pkcs8_x509.cc
[1070/1521] Compiling p5_pbev2.cc
[1071/1521] Compiling pkcs7.cc
[1072/1521] Compiling pkcs7_x509.cc
[1073/1521] Compiling pem_xaux.cc
[1074/1521] Compiling pem_x509.cc
[1075/1521] Compiling pem_pkey.cc
[1076/1521] Compiling pem_pk8.cc
[1077/1521] Compiling pem_oth.cc
[1078/1521] Compiling pem_lib.cc
[1079/1521] Compiling pem_info.cc
[1080/1521] Compiling mlkem.cc
[1081/1521] Compiling obj_xref.cc
[1082/1521] Compiling pem_all.cc
[1083/1521] Compiling mldsa.cc
[1084/1521] Compiling poly_rq_mul.S
[1085/1521] Compiling mem.cc
[1086/1521] Compiling obj.cc
[1087/1521] Compiling fips_shared_support.cc
[1088/1521] Compiling lhash.cc
[1089/1521] Compiling md5.cc
[1090/1521] Compiling md4.cc
[1091/1521] Compiling kyber.cc
[1092/1521] Compiling fuzzer_mode.cc
[1093/1521] Compiling hrss.cc
[1094/1521] Compiling ex_data.cc
[1095/1521] Compiling hpke.cc
[1096/1521] Compiling scrypt.cc
[1097/1521] Compiling print.cc
[1098/1521] Compiling sign.cc
[1099/1521] Compiling pbkdf.cc
[1100/1521] Compiling p_x25519_asn1.cc
[1101/1521] Compiling p_x25519.cc
[1102/1521] Compiling p_rsa_asn1.cc
[1103/1521] Compiling p_rsa.cc
[1104/1521] Compiling p_ed25519_asn1.cc
[1105/1521] Compiling p_ed25519.cc
[1106/1521] Compiling p_hkdf.cc
[1107/1521] Compiling p_ec.cc
[1108/1521] Compiling p_ec_asn1.cc
[1109/1521] Compiling evp_ctx.cc
[1110/1521] Compiling p_dsa_asn1.cc
[1111/1521] Compiling p_dh.cc
[1112/1521] Compiling p_dh_asn1.cc
[1113/1521] Compiling evp_asn1.cc
[1114/1521] Compiling err.cc
[1115/1521] Compiling engine.cc
[1116/1521] Compiling ecdsa_p1363.cc
[1117/1521] Compiling ecdh.cc
[1118/1521] Compiling evp.cc
[1119/1521] Compiling ecdsa_asn1.cc
[1120/1521] Compiling ec_derive.cc
[1121/1521] Compiling dsa.cc
[1122/1521] Compiling hash_to_curve.cc
[1123/1521] Compiling ec_asn1.cc
[1124/1521] Compiling dsa_asn1.cc
[1125/1521] Compiling digest_extra.cc
[1126/1521] Compiling params.cc
[1127/1521] Compiling x25519-asm-arm.S
[1128/1521] Compiling curve25519_64_adx.cc
[1129/1521] Compiling des.cc
[1130/1521] Compiling dh_asn1.cc
[1131/1521] Compiling crypto.cc
[1132/1521] Compiling spake25519.cc
[1133/1521] Compiling curve25519.cc
[1134/1521] Compiling cpu_arm_linux.cc
[1135/1521] Compiling cpu_intel.cc
[1136/1521] Compiling cpu_arm_freebsd.cc
[1137/1521] Compiling cpu_aarch64_win.cc
[1138/1521] Compiling cpu_aarch64_linux.cc
[1139/1521] Compiling cpu_aarch64_sysreg.cc
[1140/1521] Compiling cpu_aarch64_apple.cc
[1141/1521] Compiling cpu_aarch64_openbsd.cc
[1142/1521] Compiling cpu_aarch64_fuchsia.cc
[1143/1521] Compiling conf.cc
[1144/1521] Compiling tls_cbc.cc
[1145/1521] Compiling get_cipher.cc
[1146/1521] Compiling e_rc2.cc
[1147/1521] Compiling e_rc4.cc
[1148/1521] Compiling e_tls.cc
[1149/1521] Compiling cms.cc
[1150/1521] Compiling e_null.cc
[1151/1521] Compiling e_chacha20poly1305.cc
[1152/1521] Compiling e_des.cc
[1153/1521] Compiling derive_key.cc
[1154/1521] Compiling e_aesgcmsiv.cc
[1155/1521] Compiling e_aeseax.cc
[1156/1521] Compiling e_aesctrhmac.cc
[1157/1521] Compiling chacha.cc
[1158/1521] Compiling cbb.cc
[1159/1521] Compiling ber.cc
[1160/1521] Compiling buf.cc
[1161/1521] Compiling cbs.cc
[1162/1521] Compiling asn1_compat.cc
[1163/1521] Compiling unicode.cc
[1163/1521] Compiling sqrt.cc
[1165/1521] Compiling exponentiation.cc
[1166/1521] Compiling div.cc
[1167/1521] Compiling pair.cc
[1168/1521] Compiling printf.cc
[1169/1521] Compiling blake2.cc
[1170/1521] Compiling convert.cc
[1171/1521] Compiling file.cc
[1172/1521] Compiling bn_asn1.cc
[1173/1521] Compiling hexdump.cc
[1174/1521] Compiling fd.cc
[1175/1521] Compiling bio_mem.cc
[1176/1521] Compiling errno.cc
[1177/1521] Compiling bio.cc
[1178/1521] Compiling tasn_typ.cc
[1179/1521] Compiling tasn_utl.cc
[1180/1521] Compiling tasn_new.cc
[1181/1521] Compiling tasn_fre.cc
[1182/1521] Compiling tasn_enc.cc
[1183/1521] Compiling posix_time.cc
[1184/1521] Compiling f_string.cc
[1185/1521] Compiling tasn_dec.cc
[1186/1521] Compiling f_int.cc
[1187/1521] Compiling asn_pack.cc
[1188/1521] Compiling bcm.cc
[1189/1521] Compiling a_type.cc
[1190/1521] Compiling a_time.cc
[1191/1521] Compiling asn1_lib.cc
[1192/1521] Compiling a_utctm.cc
[1193/1521] Compiling a_strnid.cc
[1194/1521] Compiling a_strex.cc
[1195/1521] Compiling a_object.cc
[1196/1521] Compiling a_i2d_fp.cc
[1197/1521] Compiling a_dup.cc
[1198/1521] Compiling a_d2i_fp.cc
[1198/1521] Write sources
[1215/1521] Compiling CAsyncHTTPClient CAsyncHTTPClient.c
[1216/1552] Compiling a_mbstr.cc
[1216/1552] Write sources
[1258/1561] Compiling a_gentm.cc
[1259/1564] Compiling a_int.cc
[1261/1564] Compiling Algorithms Partition.swift
[1262/1564] Compiling Algorithms Permutations.swift
[1262/1566] Compiling aes.cc
[1264/1566] Compiling Algorithms Intersperse.swift
[1265/1566] Compiling Algorithms Joined.swift
[1266/1566] Compiling Algorithms Keyed.swift
[1267/1566] Compiling Algorithms MinMax.swift
[1268/1566] Compiling Algorithms Grouped.swift
[1269/1566] Compiling Algorithms Indexed.swift
[1269/1566] Compiling a_bitstr.cc
[1270/1566] Compiling a_bool.cc
[1272/1574] Compiling Algorithms AdjacentPairs.swift
[1273/1574] Compiling Algorithms Chain.swift
[1274/1574] Compiling Algorithms Chunked.swift
[1275/1574] Compiling Algorithms EitherSequence.swift
[1276/1574] Compiling Algorithms FirstNonNil.swift
[1277/1574] Compiling Algorithms FlattenCollection.swift
[1278/1574] Compiling Atomics IntegerOperations.swift
[1279/1574] Compiling Atomics Unmanaged extensions.swift
[1280/1574] Compiling Algorithms Split.swift
[1281/1574] Compiling Algorithms Stride.swift
[1282/1574] Compiling Algorithms Suffix.swift
[1290/1577] Compiling Algorithms Reductions.swift
[1291/1577] Compiling Algorithms Rotate.swift
[1292/1577] Compiling CryptoBoringWrapper RandomBytes.swift
[1293/1577] Compiling Algorithms Compacted.swift
[1294/1577] Compiling Algorithms Cycle.swift
[1301/1577] Compiling CryptoBoringWrapper CryptoKitErrors_boring.swift
[1302/1577] Compiling CryptoBoringWrapper FiniteFieldArithmeticContext.swift
[1303/1577] Compiling Algorithms Trim.swift
[1304/1577] Compiling Algorithms Unique.swift
[1305/1577] Compiling Algorithms Windows.swift
[1306/1577] Emitting module CryptoBoringWrapper
[1307/1577] Compiling CryptoBoringWrapper BoringSSLAEAD.swift
[1308/1577] Compiling CryptoBoringWrapper EllipticCurvePoint.swift
[1312/1577] Compiling Algorithms Combinations.swift
[1313/1577] Compiling CryptoBoringWrapper ArbitraryPrecisionInteger.swift
[1314/1577] Compiling CryptoBoringWrapper EllipticCurve.swift
[1315/1578] Wrapping AST for CryptoBoringWrapper for debugging
[1317/1624] Compiling Crypto Ed25519_boring.swift
[1318/1624] Compiling Crypto NISTCurvesKeys_boring.swift
[1319/1624] Compiling Crypto X25519Keys_boring.swift
[1320/1655] Emitting module Atomics
[1321/1663] Wrapping AST for Atomics for debugging
[1323/1727] Emitting module Algorithms
[1324/1728] Wrapping AST for Algorithms for debugging
[1326/1728] Compiling NIOCore NIOCoreSendableMetatype.swift
[1327/1728] Compiling NIOCore NIODecodedAsyncSequence.swift
[1328/1728] Compiling NIOCore NIOLoopBound.swift
[1329/1728] Compiling NIOCore NIOPooledRecvBufferAllocator.swift
[1330/1728] Compiling NIOCore NIOScheduledCallback.swift
[1331/1728] Compiling NIOCore NIOSendable.swift
[1332/1728] Compiling NIOCore NIOSplitLinesMessageDecoder.swift
[1333/1728] Compiling NIOCore NIOTransportAccessibleChannelCore.swift
[1334/1728] Compiling NIOCore RecvByteBufferAllocator.swift
[1335/1736] Compiling NIOCore CircularBuffer.swift
[1336/1736] Compiling NIOCore Codec.swift
[1337/1736] Compiling NIOCore ConvenienceOptionSupport.swift
[1338/1736] Compiling NIOCore DeadChannel.swift
[1339/1736] Compiling NIOCore DispatchQueue+WithFuture.swift
[1340/1736] Compiling NIOCore EventLoop+Deprecated.swift
[1341/1736] Compiling NIOCore EventLoop+SerialExecutor.swift
[1342/1736] Compiling NIOCore EventLoop.swift
[1343/1736] Compiling NIOCore EventLoopFuture+AssumeIsolated.swift
[1344/1736] Compiling NIOCore ByteBuffer-binaryEncodedLengthPrefix.swift
[1345/1736] Compiling NIOCore ByteBuffer-conversions.swift
[1346/1736] Compiling NIOCore ByteBuffer-core.swift
[1347/1736] Compiling NIOCore ByteBuffer-hex.swift
[1348/1736] Compiling NIOCore ByteBuffer-int.swift
[1349/1736] Compiling NIOCore ByteBuffer-lengthPrefix.swift
[1350/1736] Compiling NIOCore ByteBuffer-multi-int.swift
[1351/1736] Compiling NIOCore ByteBuffer-quicBinaryEncodingStrategy.swift
[1352/1736] Compiling NIOCore ByteBuffer-views.swift
[1353/1736] Compiling NIOCore Channel.swift
[1354/1736] Compiling NIOCore ChannelHandler.swift
[1355/1736] Compiling NIOCore ChannelHandlers.swift
[1356/1736] Compiling NIOCore AddressedEnvelope.swift
[1357/1736] Compiling NIOCore AsyncAwaitSupport.swift
[1358/1736] Compiling NIOCore AsyncChannel.swift
[1359/1736] Compiling NIOCore AsyncChannelHandler.swift
[1360/1736] Compiling NIOCore AsyncChannelInboundStream.swift
[1361/1736] Compiling NIOCore AsyncChannelOutboundWriter.swift
[1362/1736] Compiling NIOCore NIOAsyncSequenceProducer.swift
[1363/1736] Compiling NIOCore NIOAsyncSequenceProducerStrategies.swift
[1364/1736] Compiling NIOCore NIOAsyncWriter.swift
[1365/1736] Compiling NIOCore NIOThrowingAsyncSequenceProducer.swift
[1366/1736] Compiling NIOCore BSDSocketAPI.swift
[1367/1736] Compiling NIOCore ByteBuffer-aux.swift
[1368/1747] Emitting module Crypto
[1369/1747] Compiling NIOCore IPProtocol.swift
[1370/1747] Compiling NIOCore IntegerBitPacking.swift
[1371/1747] Compiling NIOCore IntegerTypes.swift
[1372/1747] Compiling NIOCore Interfaces.swift
[1373/1747] Compiling NIOCore Linux.swift
[1374/1747] Compiling NIOCore MarkedCircularBuffer.swift
[1375/1747] Compiling NIOCore MulticastChannel.swift
[1376/1747] Compiling NIOCore NIOAny.swift
[1377/1747] Compiling NIOCore NIOCloseOnErrorHandler.swift
[1378/1747] Compiling NIOCore EventLoopFuture+Deprecated.swift
[1379/1747] Compiling NIOCore EventLoopFuture+WithEventLoop.swift
[1380/1747] Compiling NIOCore EventLoopFuture.swift
[1381/1747] Compiling NIOCore FileDescriptor.swift
[1382/1747] Compiling NIOCore FileHandle.swift
[1383/1747] Compiling NIOCore FileRegion.swift
[1384/1747] Compiling NIOCore GlobalSingletons.swift
[1385/1747] Compiling NIOCore IO.swift
[1386/1747] Compiling NIOCore IOData.swift
[1387/1747] Compiling Crypto AES-GCM.swift
[1388/1747] Compiling Crypto AES-GCM_boring.swift
[1389/1747] Compiling Crypto ChaChaPoly_boring.swift
[1390/1747] Compiling Crypto ChaChaPoly.swift
[1391/1747] Compiling Crypto Cipher.swift
[1392/1747] Compiling Crypto Nonces.swift
[1393/1747] Compiling Crypto ASN1.swift
[1394/1747] Compiling Crypto ASN1Any.swift
[1395/1747] Compiling Crypto ASN1BitString.swift
[1396/1747] Compiling Crypto ASN1Boolean.swift
[1397/1747] Compiling Crypto ASN1Identifier.swift
[1398/1747] Compiling Crypto ASN1Integer.swift
[1410/1747] Compiling Crypto Signature.swift
[1411/1747] Compiling Crypto CryptoKitErrors_boring.swift
[1412/1747] Compiling Crypto Optional+withUnsafeBytes_boring.swift
[1413/1747] Compiling Crypto RNG_boring.swift
[1414/1747] Compiling Crypto SafeCompare_boring.swift
[1415/1747] Compiling Crypto Zeroization_boring.swift
[1416/1747] Compiling Crypto _CryptoModuleAnchor.swift
[1417/1747] Compiling Crypto PrettyBytes.swift
[1418/1747] Compiling Crypto SafeCompare.swift
[1419/1747] Compiling Crypto SecureBytes.swift
[1420/1747] Compiling Crypto Zeroization.swift
[1421/1747] Compiling NIOCore SingleStepByteToMessageDecoder.swift
[1422/1747] Compiling NIOCore SocketAddresses.swift
[1423/1747] Compiling NIOCore SocketOptionProvider.swift
[1424/1747] Compiling NIOCore SystemCallHelpers.swift
[1425/1747] Compiling NIOCore TimeAmount+Duration.swift
[1426/1747] Compiling NIOCore TypeAssistedChannelHandler.swift
[1427/1747] Compiling NIOCore UniversalBootstrapSupport.swift
[1428/1747] Compiling NIOCore Utilities.swift
[1453/1747] Compiling NIOCore ChannelInvoker.swift
[1454/1747] Compiling NIOCore ChannelOption.swift
[1455/1747] Compiling NIOCore ChannelPipeline.swift
[1465/1748] Wrapping AST for Crypto for debugging
[1467/1810] Compiling CryptoExtras PKCS8DERRepresentation.swift
[1468/1810] Compiling CryptoExtras PKCS8PrivateKey.swift
[1469/1810] Compiling CryptoExtras RFC8410AlgorithmIdentifier.swift
[1470/1810] Compiling CryptoExtras ECToolbox_boring.swift
[1471/1810] Compiling CryptoExtras ECToolbox.swift
[1472/1810] Compiling CryptoExtras HashToField.swift
[1473/1810] Compiling CryptoExtras KDF.swift
[1474/1810] Compiling CryptoExtras PBKDF2_boring.swift
[1475/1810] Compiling CryptoExtras PBKDF2_commoncrypto.swift
[1476/1818] Emitting module CryptoExtras
[1477/1818] Compiling CryptoExtras Data+Extensions.swift
[1478/1818] Compiling CryptoExtras DigestType.swift
[1479/1818] Compiling CryptoExtras Error.swift
[1480/1818] Compiling CryptoExtras I2OSP.swift
[1481/1818] Compiling CryptoExtras IntegerEncoding.swift
[1482/1818] Compiling CryptoExtras PEMDocument.swift
[1483/1818] Compiling CryptoExtras PrettyBytes.swift
[1484/1818] Compiling CryptoExtras SubjectPublicKeyInfo.swift
[1485/1818] Compiling CryptoExtras AES_CBC.swift
[1486/1818] Compiling CryptoExtras AES_CFB.swift
[1487/1818] Compiling CryptoExtras AES_CTR.swift
[1488/1818] Compiling CryptoExtras AES_GCM_SIV.swift
[1489/1818] Compiling CryptoExtras Block Function.swift
[1490/1818] Compiling CryptoExtras AES_CBC_boring.swift
[1491/1818] Compiling CryptoExtras AES_CFB_boring.swift
[1492/1818] Compiling CryptoExtras AES_CTR_boring.swift
[1493/1818] Compiling CryptoExtras AES_GCM_SIV_boring.swift
[1494/1818] Compiling CryptoExtras PBKDF2.swift
[1495/1818] Compiling CryptoExtras Scrypt_boring.swift
[1496/1818] Compiling CryptoExtras Scrypt.swift
[1497/1818] Compiling CryptoExtras OPRF.swift
[1498/1818] Compiling CryptoExtras OPRFClient.swift
[1499/1818] Compiling CryptoExtras OPRFServer.swift
[1500/1818] Compiling CryptoExtras VOPRF+API.swift
[1501/1818] Compiling CryptoExtras VOPRFClient.swift
[1502/1818] Compiling CryptoExtras VOPRFServer.swift
[1503/1818] Compiling CryptoExtras ThreadOps.swift
[1504/1818] Compiling CryptoExtras ThreadPosix.swift
[1505/1818] Compiling CryptoExtras ThreadSpecific.swift
[1506/1818] Compiling CryptoExtras ThreadWindows.swift
[1507/1818] Compiling CryptoExtras DLEQ.swift
[1508/1818] Compiling CryptoExtras Prover.swift
[1509/1818] Compiling CryptoExtras Verifier.swift
[1510/1818] Compiling CryptoExtras ZKPToolbox.swift
[1511/1818] Compiling CryptoExtras CMAC.swift
[1512/1818] Compiling CryptoExtras ARC+API.swift
[1513/1818] Compiling CryptoExtras ARC.swift
[1514/1818] Compiling CryptoExtras ARCCredential.swift
[1515/1818] Compiling CryptoExtras ARCEncoding.swift
[1516/1818] Compiling CryptoExtras ARCPrecredential.swift
[1517/1818] Compiling CryptoExtras ARCPresentation.swift
[1518/1818] Compiling CryptoExtras ARCRequest.swift
[1519/1818] Compiling CryptoExtras ARCResponse.swift
[1520/1818] Compiling CryptoExtras BoringSSLPassphraseCallbackManager.swift
[1521/1818] Compiling CryptoExtras RSA+BlindSigning.swift
[1522/1818] Compiling CryptoExtras RSA.swift
[1523/1818] Compiling CryptoExtras RSA_boring.swift
[1524/1818] Compiling CryptoExtras Reexport.swift
[1525/1818] Compiling CryptoExtras Zeroization_boring.swift
[1526/1818] Compiling CryptoExtras BoringSSLHelpers.swift
[1527/1818] Compiling CryptoExtras CryptoKitErrors_boring.swift
[1528/1818] Compiling CryptoExtras ARCServer.swift
[1529/1818] Compiling CryptoExtras ChaCha20CTR_boring.swift
[1530/1818] Compiling CryptoExtras ChaCha20CTR.swift
[1531/1818] Compiling CryptoExtras BoringSSLSHA512256Context.swift
[1532/1818] Compiling CryptoExtras BoringSSLSHA512256HashFunction.swift
[1533/1818] Compiling CryptoExtras SHA512256.swift
[1534/1818] Compiling CryptoExtras SHA512256Digest.swift
[1535/1818] Compiling CryptoExtras Curve25519+PEM.swift
[1536/1818] Compiling CryptoExtras ObjectIdentifier.swift
[1537/1819] Wrapping AST for CryptoExtras for debugging
[1539/1821] Emitting module _CryptoExtras
[1540/1821] Compiling _CryptoExtras Exports.swift
[1541/1822] Wrapping AST for _CryptoExtras for debugging
[1543/1917] Compiling X509 Digests.swift
[1544/1917] Compiling X509 DistinguishedName.swift
[1545/1917] Compiling X509 CommonName.swift
[1546/1917] Compiling X509 CountryName.swift
[1547/1917] Compiling X509 DNBuilder.swift
[1548/1917] Compiling X509 NameConstraints.swift
[1549/1917] Compiling X509 SubjectAlternativeName.swift
[1550/1917] Compiling X509 SubjectKeyIdentifier.swift
[1551/1917] Compiling X509 Extension.swift
[1552/1917] Compiling X509 Extensions.swift
[1553/1917] Compiling X509 ExtensionsBuilder.swift
[1554/1917] Compiling X509 GeneralName.swift
[1555/1917] Compiling X509 Lock.swift
[1556/1917] Compiling X509 LockedValueBox.swift
[1557/1917] Compiling X509 BasicOCSPResponse.swift
[1558/1917] Compiling X509 DirectoryString.swift
[1559/1917] Compiling X509 OCSPCertID.swift
[1560/1917] Compiling X509 OCSPCertStatus.swift
[1561/1917] Compiling X509 CMSIssuerAndSerialNumber.swift
[1562/1917] Compiling X509 CMSOperations.swift
[1563/1917] Compiling X509 CMSSignature.swift
[1564/1917] Compiling X509 CMSSignedData.swift
[1565/1917] Compiling X509 CMSSignerIdentifier.swift
[1566/1917] Compiling X509 CMSSignerInfo.swift
[1567/1917] Compiling X509 CMSVersion.swift
[1568/1917] Compiling X509 Curve25519+DER.swift
[1569/1917] Compiling X509 CustomPrivateKey.swift
[1570/1917] Emitting module NIOCore
[1571/1924] Wrapping AST for NIOCore for debugging
[1573/1975] Compiling NIOFoundationEssentialsCompat Codable+ByteBuffer.swift
[1574/1975] Emitting module NIOEmbedded
[1575/1975] Compiling NIOEmbedded AsyncTestingChannel.swift
[1576/1975] Compiling NIOFoundationEssentialsCompat ByteBuffer-foundation.swift
[1577/1975] Emitting module NIOFoundationEssentialsCompat
[1578/1976] Wrapping AST for NIOFoundationEssentialsCompat for debugging
[1580/1976] Compiling NIOEmbedded AsyncTestingEventLoop.swift
[1581/1976] Compiling NIOEmbedded Embedded.swift
[1582/1977] Wrapping AST for NIOEmbedded for debugging
[1584/1977] Compiling NIOPosix PendingWritesManager.swift
[1585/1977] Compiling NIOPosix PipeChannel.swift
[1586/1977] Compiling NIOPosix PipePair.swift
[1587/1977] Compiling NIOPosix Pool.swift
[1588/1977] Compiling NIOPosix PosixSingletons+ConcurrencyTakeOver.swift
[1589/1977] Compiling NIOPosix PosixSingletons.swift
[1590/1977] Compiling NIOPosix RawSocketBootstrap.swift
[1591/1977] Compiling NIOPosix Resolver.swift
[1592/1977] Compiling NIOPosix Selectable.swift
[1593/1977] Compiling NIOPosix SelectableChannel.swift
[1594/1977] Compiling NIOPosix SelectableEventLoop.swift
[1595/1977] Compiling NIOPosix SelectorEpoll.swift
[1596/1977] Compiling NIOPosix SelectorGeneric.swift
[1597/1990] Compiling NIOPosix SelectorKqueue.swift
[1598/1990] Compiling NIOPosix SelectorUring.swift
[1599/1990] Compiling NIOPosix SelectorWSAPoll.swift
[1600/1990] Compiling NIOPosix ServerSocket.swift
[1601/1990] Compiling NIOPosix Socket.swift
[1602/1990] Compiling NIOPosix SocketChannel.swift
[1603/1990] Compiling NIOPosix SocketProtocols.swift
[1604/1990] Compiling NIOPosix StructuredConcurrencyHelpers.swift
[1605/1990] Compiling NIOPosix System.swift
[1606/1990] Compiling X509 AuthorityKeyIdentifier.swift
[1607/1990] Compiling X509 BasicConstraints.swift
[1608/1990] Compiling X509 ExtendedKeyUsage.swift
[1609/1990] Compiling X509 ExtensionIdentifiers.swift
[1610/1990] Compiling X509 KeyUsage.swift
[1611/1990] Compiling X509 CSRAttribute.swift
[1612/1990] Compiling X509 CSRAttributes.swift
[1613/1990] Compiling X509 CSRVersion.swift
[1614/1990] Compiling X509 CertificateSigningRequest.swift
[1615/1990] Compiling X509 CertificationRequestInfo.swift
[1616/1990] Compiling X509 ExtensionRequest.swift
[1617/1990] Compiling X509 Certificate.swift
[1618/1990] Compiling X509 CertificatePrivateKey.swift
[1619/1990] Compiling X509 CertificatePublicKey.swift
[1620/1990] Compiling X509 CertificateSerialNumber.swift
[1621/1990] Compiling X509 CertificateVersion.swift
[1622/1990] Compiling X509 CMSAttribute.swift
[1623/1990] Compiling X509 CMSContentInfo.swift
[1624/1990] Compiling X509 CMSEncapsulatedContentInfo.swift
[1625/1990] Compiling X509 OneOfPolicies.swift
[1626/1990] Compiling X509 PolicyBuilder.swift
[1627/1990] Compiling X509 BasicConstraintsPolicy.swift
[1628/1990] Compiling X509 DNSNames.swift
[1629/1990] Compiling X509 ExpiryPolicy.swift
[1630/1990] Compiling X509 IPConstraints.swift
[1631/1990] Compiling X509 NameConstraintsPolicy.swift
[1632/1990] Compiling X509 RFC5280Policy.swift
[1633/1990] Compiling X509 URIConstraints.swift
[1634/1990] Compiling X509 VersionPolicy.swift
[1635/1990] Compiling X509 ServerIdentityPolicy.swift
[1636/1990] Compiling X509 TrustRootLoading.swift
[1637/1990] Compiling X509 UnverifiedChain.swift
[1638/1990] Compiling X509 OCSPExtensionID.swift
[1639/1990] Compiling X509 OCSPNonce.swift
[1640/1990] Compiling X509 OCSPPolicy.swift
[1641/1990] Compiling X509 OCSPRequest.swift
[1642/1990] Compiling X509 OCSPResponse.swift
[1643/1990] Compiling X509 OCSPResponseBytes.swift
[1644/1990] Compiling X509 OCSPResponseData.swift
[1645/1990] Compiling X509 OCSPResponseStatus.swift
[1646/1990] Compiling X509 OCSPSignature.swift
[1647/1990] Compiling X509 OCSPSingleRequest.swift
[1648/1990] Compiling X509 OCSPSingleResponse.swift
[1649/1990] Compiling X509 OCSPTBSRequest.swift
[1650/1990] Compiling X509 OCSPVersion.swift
[1651/1990] Compiling NIOPosix HappyEyeballs.swift
[1652/1990] Compiling NIOPosix IO.swift
[1653/1990] Compiling NIOPosix IntegerBitPacking.swift
[1654/1990] Compiling NIOPosix IntegerTypes.swift
[1655/1990] Compiling NIOPosix Linux.swift
[1656/1990] Compiling NIOPosix LinuxCPUSet.swift
[1657/1990] Compiling NIOPosix LinuxUring.swift
[1665/1997] Compiling NIOPosix BSDSocketAPICommon.swift
[1666/1997] Compiling NIOPosix BSDSocketAPIPosix.swift
[1667/1997] Compiling NIOPosix BSDSocketAPIWindows.swift
[1668/1997] Compiling NIOPosix BaseSocket.swift
[1669/1997] Compiling NIOPosix BaseSocketChannel+AccessibleTransport.swift
[1670/1997] Compiling NIOPosix BaseSocketChannel+SocketOptionProvider.swift
[1671/1997] Compiling NIOPosix BaseSocketChannel.swift
[1672/1997] Compiling NIOPosix BaseStreamSocketChannel.swift
[1673/1997] Compiling NIOPosix Bootstrap.swift
[1674/1997] Compiling NIOPosix ControlMessage.swift
[1675/1997] Compiling NIOPosix DatagramVectorReadManager.swift
[1676/1997] Compiling NIOPosix Errors+Any.swift
[1677/1997] Compiling NIOPosix FileDescriptor.swift
[1678/1997] Compiling NIOPosix GetaddrinfoResolver.swift
[1686/1997] Compiling NIOPosix MultiThreadedEventLoopGroup.swift
[1687/1997] Compiling NIOPosix NIOPosixSendableMetatype.swift
[1688/1997] Compiling NIOPosix NIORandomizedDNSResolver.swift
[1689/1997] Compiling NIOPosix NIOThreadPool.swift
[1690/1997] Compiling NIOPosix NonBlockingFileIO.swift
[1691/1997] Compiling NIOPosix PendingDatagramWritesManager.swift
[1692/1997] Compiling NIOPosix Thread.swift
[1693/1997] Compiling NIOPosix ThreadPosix.swift
[1694/1997] Compiling NIOPosix ThreadWindows.swift
[1695/1997] Compiling NIOPosix Utilities.swift
[1696/1997] Compiling NIOPosix VsockAddress.swift
[1697/1997] Compiling NIOPosix VsockChannelEvents.swift
[1698/1997] Compiling NIOPosix Windows.swift
[1699/1997] Emitting module NIOPosix
[1714/1997] Emitting module X509
[1736/1998] Wrapping AST for NIOPosix for debugging
[1738/2000] Emitting module NIO
[1739/2000] Compiling NIO Exports.swift
[1741/2001] Compiling X509 ValidatedCertificateChain.swift
[1742/2001] Compiling X509 VerificationDiagnostic.swift
[1743/2001] Compiling X509 Verifier.swift
[1744/2001] Compiling X509 VerifierPolicy.swift
[1745/2001] Compiling X509 AlgorithmIdentifier.swift
[1746/2001] Compiling X509 ECDSASignature.swift
[1747/2001] Compiling X509 RSAPKCS1PublicKey.swift
[1748/2001] Compiling X509 SubjectPublicKeyInfo.swift
[1749/2001] Compiling X509 TBSCertificate.swift
[1750/2001] Compiling X509 Time.swift
[1751/2001] Compiling X509 TimeCalculations.swift
[1752/2001] Compiling X509 Validity.swift
[1753/2001] Compiling X509 X509SendableMetatype.swift
[1754/2014] Wrapping AST for NIO for debugging
[1755/2041] Wrapping AST for X509 for debugging
[1757/2041] Compiling NIOTLS TLSEvents.swift
[1758/2041] Compiling NIOFoundationCompat WaitSpinningRunLoop.swift
[1759/2045] Compiling NIOFoundationCompat Exports.swift
[1760/2045] Compiling NIOFoundationCompat JSONSerialization+ByteBuffer.swift
[1761/2108] Compiling NIOTLS ApplicationProtocolNegotiationHandler.swift
[1762/2108] Compiling NIOTLS NIOTypedApplicationProtocolNegotiationHandler.swift
[1763/2108] Emitting module NIOTLS
[1764/2108] Emitting module NIOFoundationCompat
[1765/2109] Compiling NIOSOCKS SelectedAuthenticationMethod.swift
[1766/2109] Compiling NIOSOCKS ClientStateMachine.swift
[1767/2109] Compiling NIOSOCKS SOCKSResponse.swift
[1769/2110] Compiling JWTKit SubjectClaim.swift
[1770/2110] Compiling JWTKit TenantIDClaim.swift
[1770/2110] Wrapping AST for NIOFoundationCompat for debugging
[1772/2110] Compiling JWTKit LocaleClaim.swift
[1773/2110] Compiling JWTKit NotBeforeClaim.swift
[1774/2110] Emitting module NIOSOCKS
[1775/2110] Compiling NIOTLS ProtocolNegotiationHandlerStateMachine.swift
[1776/2110] Compiling NIOTLS SNIHandler.swift
[1777/2110] Compiling NIOSOCKS ServerStateMachine.swift
[1779/2111] Compiling JWTKit ECDSA.swift
[1780/2111] Compiling JWTKit ECDSACurve.swift
[1781/2111] Compiling JWTKit ECDSACurveType.swift
[1782/2111] Compiling JWTKit ECDSAError.swift
[1783/2112] Wrapping AST for NIOTLS for debugging
[1784/2142] Wrapping AST for NIOSOCKS for debugging
[1785/2142] Compiling NIOSSL FreeBSDCABundle.swift
[1786/2142] Compiling NIOSSL IdentityVerification.swift
[1787/2142] Compiling NIOSSL NIOSSLServerHandler.swift
[1789/2144] Compiling JWTKit MLDSAType.swift
[1790/2144] Compiling JWTKit JWTKeyCollection+UnsecuredNone.swift
[1791/2144] Compiling JWTKit UnsecuredNoneSigner.swift
[1792/2144] Compiling JWTKit JWTKeyCollection+RSA.swift
[1793/2144] Compiling JWTKit RSA.swift
[1794/2144] Compiling JWTKit RSAError.swift
[1795/2144] Compiling JWTKit RSASigner.swift
[1796/2144] Compiling JWTKit Base64URL.swift
[1797/2144] Compiling JWTKit CryptoSigner.swift
[1798/2153] Compiling NIOSSL NIOSSLHandler.swift
[1799/2153] Compiling NIOSSL SSLContext.swift
[1800/2153] Compiling NIOSSL NIOSSLClientHandler.swift
[1801/2153] Compiling NIOSSL NIOSSLHandler+Configuration.swift
[1802/2153] Compiling JWTKit JWTSerializer.swift
[1803/2153] Compiling JWTKit JWTSigner.swift
[1804/2153] Compiling JWTKit JWTKeyCollection+MLDSA.swift
[1805/2153] Compiling JWTKit MLDSA.swift
[1806/2153] Compiling JWTKit MLDSA65+MLDSAKey.swift
[1807/2153] Compiling JWTKit MLDSA87+MLDSAKey.swift
[1808/2153] Compiling JWTKit MLDSAError.swift
[1809/2153] Compiling JWTKit MLDSAKey.swift
[1810/2153] Compiling JWTKit MLDSASigner.swift
[1815/2153] Compiling NIOSSL SSLErrors.swift
[1816/2153] Compiling NIOSSL SSLInit.swift
[1817/2153] Compiling NIOHTTP1 NIOTypedHTTPServerUpgradeHandler.swift
[1818/2153] Compiling NIOHTTP1 NIOTypedHTTPServerUpgraderStateMachine.swift
[1819/2153] Compiling NIOSSL SSLCertificateExtensions.swift
[1820/2153] Compiling NIOSSL SSLCertificateName.swift
[1821/2153] Emitting module JWTKit
[1822/2153] Compiling NIOSSL AndroidCABundle.swift
[1823/2153] Compiling NIOSSL ByteBufferBIO.swift
[1824/2153] Compiling NIOSSL CustomPrivateKey.swift
[1828/2153] Compiling NIOSSL ObjectIdentifier.swift
[1829/2153] Compiling NIOSSL PosixPort.swift
[1830/2153] Compiling NIOSSL SSLCallbacks.swift
[1831/2153] Compiling NIOSSL LinuxCABundle.swift
[1840/2153] Compiling JWTKit JWTAlgorithm.swift
[1841/2153] Compiling JWTKit JWTError.swift
[1842/2153] Compiling JWTKit JWTHeader+CommonFields.swift
[1843/2153] Compiling JWTKit JWTHeader.swift
[1844/2153] Compiling JWTKit JWTHeaderField.swift
[1845/2153] Compiling JWTKit JWTKeyCollection.swift
[1846/2153] Compiling JWTKit JWTParser+MandatoryVerificationFields.swift
[1847/2153] Compiling JWTKit JWTParser.swift
[1848/2153] Compiling JWTKit JWTPayload.swift
[1849/2153] Compiling NIOSSL SSLConnection.swift
[1850/2153] Compiling NIOSSL SSLPrivateKey.swift
[1851/2153] Compiling NIOSSL SSLPublicKey.swift
[1852/2153] Compiling NIOSSL SecurityFrameworkCertificateVerification.swift
[1853/2153] Compiling NIOSSL String+unsafeUninitializedCapacity.swift
[1854/2153] Compiling NIOSSL SubjectAlternativeName.swift
[1855/2153] Compiling NIOSSL NIOSSLSecureBytes.swift
[1856/2153] Compiling NIOSSL RNG.swift
[1857/2153] Compiling NIOSSL SafeCompare.swift
[1858/2153] Compiling JWTKit ECDSASigningAlgorithm.swift
[1859/2153] Compiling JWTKit JWTKeyCollection+ECDSA.swift
[1860/2153] Compiling JWTKit P256+CurveType.swift
[1861/2153] Compiling JWTKit P384+CurveType.swift
[1862/2153] Compiling JWTKit P521+CurveType.swift
[1863/2153] Compiling JWTKit EdDSA.swift
[1864/2153] Compiling JWTKit EdDSACurve.swift
[1865/2153] Compiling JWTKit EdDSAError.swift
[1866/2153] Compiling JWTKit EdDSASigner.swift
[1867/2153] Compiling JWTKit JWTKeyCollection+EdDSA.swift
[1871/2153] Emitting module NIOHTTP1
[1872/2160] Wrapping AST for NIOHTTP1 for debugging
[1874/2171] Compiling NIOHTTPCompression HTTPDecompressor.swift
[1875/2171] Compiling NIOHPACK IndexedHeaderTable.swift
[1876/2172] Compiling NIOHPACK IntegerCoding.swift
[1881/2176] Compiling NIOHTTPCompression HTTPDecompression.swift
[1882/2176] Compiling NIOHPACK HuffmanTables.swift
[1883/2176] Compiling NIOHPACK StaticHeaderTable.swift
[1888/2176] Compiling JWTKit CustomizedJSONCoders.swift
[1889/2176] Compiling JWTKit Utilities.swift
[1890/2176] Compiling JWTKit AppleIdentityToken.swift
[1891/2176] Compiling JWTKit FirebaseAuthIdentityToken.swift
[1892/2176] Compiling JWTKit GoogleIdentityToken.swift
[1893/2176] Compiling JWTKit MicrosoftIdentityToken.swift
[1894/2176] Compiling JWTKit EmptyPolicy.swift
[1895/2176] Compiling JWTKit ValidationTimePayload.swift
[1896/2176] Compiling JWTKit X5CVerifier.swift
[1897/2177] Emitting module NIOHTTPCompression
[1898/2177] Compiling NIOHTTPCompression HTTPRequestCompressor.swift
[1899/2177] Compiling NIOHTTPCompression HTTPCompression.swift
[1900/2177] Compiling NIOHPACK HuffmanCoding.swift
[1901/2177] Compiling NIOHTTPCompression HTTPResponseCompressor.swift
[1902/2177] Emitting module NIOHPACK
[1905/2178] Emitting module NIOSSL
[1905/2178] Wrapping AST for JWTKit for debugging
[1906/2178] Wrapping AST for NIOHTTPCompression for debugging
[1908/2178] Compiling NIOHPACK DynamicHeaderTable.swift
[1909/2178] Compiling NIOHPACK HPACKDecoder.swift
[1910/2178] Compiling NIOHPACK HPACKHeader.swift
[1911/2178] Compiling NIOHPACK HeaderTables.swift
[1912/2178] Compiling NIOHPACK HPACKEncoder.swift
[1916/2178] Compiling NIOHPACK HPACKErrors.swift
[1919/2179] Wrapping AST for NIOHPACK for debugging
[1921/2242] Compiling NIOHTTP2 DOSHeuristics.swift
[1922/2242] Compiling NIOHTTP2 Error+Any.swift
[1923/2242] Compiling NIOHTTP2 ConcurrentStreamBuffer.swift
[1924/2242] Compiling NIOHTTP2 ControlFrameBuffer.swift
[1925/2242] Compiling NIOHTTP2 SendingRstStreamState.swift
[1926/2242] Compiling NIOHTTP2 SendingWindowUpdateState.swift
[1927/2242] Compiling NIOHTTP2 HTTP2SettingsState.swift
[1928/2242] Compiling NIOHTTP2 HasExtendedConnectSettings.swift
[1929/2242] Compiling NIOHTTP2 HTTP2ChannelHandler+InboundStreamMultiplexer.swift
[1930/2242] Compiling NIOHTTP2 HasFlowControlWindows.swift
[1931/2242] Compiling NIOHTTP2 HasLocalSettings.swift
[1932/2242] Compiling NIOHTTP2 HasRemoteSettings.swift
[1933/2242] Compiling NIOHTTP2 OutboundFlowControlBuffer.swift
[1934/2242] Compiling NIOHTTP2 OutboundFrameBuffer.swift
[1935/2242] Compiling NIOHTTP2 GlitchesMonitor.swift
[1936/2242] Compiling NIOHTTP2 HPACKHeaders+Validation.swift
[1940/2242] Compiling NIOHTTP2 LocallyQuiescingState.swift
[1941/2242] Compiling NIOHTTP2 QuiescingState.swift
[1942/2242] Compiling NIOHTTP2 RemotelyQuiescingState.swift
[1943/2242] Compiling NIOHTTP2 SendAndReceiveGoawayState.swift
[1944/2242] Compiling NIOHTTP2 StateMachineResult.swift
[1945/2242] Compiling NIOHTTP2 ContentLengthVerifier.swift
[1946/2250] Compiling NIOHTTP2 HTTP2UserEvents.swift
[1947/2250] Compiling NIOHTTP2 InboundEventBuffer.swift
[1948/2250] Compiling NIOHTTP2 InboundWindowManager.swift
[1949/2250] Compiling NIOHTTP2 MultiplexerAbstractChannel.swift
[1950/2251] Wrapping AST for NIOSSL for debugging
[1952/2251] Emitting module NIOHTTP2
[1953/2251] Compiling NIOHTTP2 NIOHTTP2ServerConnectionManagementHandler.swift
[1954/2251] Compiling NIOHTTP2 StreamChannelFlowController.swift
[1955/2251] Compiling NIOHTTP2 StreamChannelList.swift
[1956/2251] Compiling NIOHTTP2 StreamMap.swift
[1957/2251] Compiling NIOHTTP2 StreamStateMachine.swift
[1958/2251] Compiling NIOHTTP2 Timer.swift
[1959/2251] Compiling NIOHTTP2 UnsafeTransfer.swift
[1960/2251] Compiling NIOHTTP2 WatermarkedFlowController.swift
[1961/2251] Compiling NIOHTTP2 ConnectionStateMachine.swift
[1962/2251] Compiling NIOHTTP2 ConnectionStreamsState.swift
[1963/2251] Compiling NIOHTTP2 MayReceiveFrames.swift
[1964/2251] Compiling NIOHTTP2 ReceivingDataState.swift
[1965/2251] Compiling NIOHTTP2 ReceivingGoAwayState.swift
[1966/2251] Compiling NIOHTTP2 ReceivingHeadersState.swift
[1967/2251] Compiling NIOHTTP2 ReceivingPushPromiseState.swift
[1968/2251] Compiling NIOHTTP2 ReceivingRstStreamState.swift
[1969/2251] Compiling NIOHTTP2 ReceivingWindowUpdateState.swift
[1970/2251] Compiling NIOHTTP2 HTTP2FrameParser.swift
[1971/2251] Compiling NIOHTTP2 HTTP2PingData.swift
[1972/2251] Compiling NIOHTTP2 HTTP2PipelineHelpers.swift
[1973/2251] Compiling NIOHTTP2 HTTP2Settings.swift
[1974/2251] Compiling NIOHTTP2 HTTP2Stream.swift
[1975/2251] Compiling NIOHTTP2 HTTP2StreamChannel+OutboundStreamMultiplexer.swift
[1976/2251] Compiling NIOHTTP2 HTTP2StreamChannel.swift
[1977/2251] Compiling NIOHTTP2 HTTP2StreamDelegate.swift
[1978/2251] Compiling NIOHTTP2 HTTP2StreamID.swift
[1979/2251] Compiling NIOHTTP2 HTTP2StreamMultiplexer.swift
[1980/2251] Compiling NIOHTTP2 HTTP2ToHTTP1Codec.swift
[1985/2251] Compiling NIOHTTP2 NIOHTTP2FrameDelegate.swift
[1986/2251] Compiling NIOHTTP2 NIOHTTP2ServerConnectionManagementHandler+StateMachine.swift
[1987/2251] Compiling NIOHTTP2 MaySendFrames.swift
[1988/2251] Compiling NIOHTTP2 SendingDataState.swift
[1989/2251] Compiling NIOHTTP2 SendingGoawayState.swift
[1990/2251] Compiling NIOHTTP2 SendingHeadersState.swift
[1991/2251] Compiling NIOHTTP2 SendingPushPromiseState.swift
[2005/2251] Compiling NIOHTTP2 HTTP2ChannelHandler+InlineStreamMultiplexer.swift
[2006/2251] Compiling NIOHTTP2 HTTP2ChannelHandler.swift
[2007/2251] Compiling NIOHTTP2 HTTP2CommonInboundStreamMultiplexer.swift
[2008/2251] Compiling NIOHTTP2 HTTP2ConnectionStateChange.swift
[2009/2251] Compiling NIOHTTP2 HTTP2Error.swift
[2010/2251] Compiling NIOHTTP2 HTTP2ErrorCode.swift
[2011/2251] Compiling NIOHTTP2 HTTP2FlowControlWindow.swift
[2012/2251] Compiling NIOHTTP2 HTTP2Frame.swift
[2013/2251] Compiling NIOHTTP2 HTTP2FrameEncoder.swift
[2014/2252] Wrapping AST for NIOHTTP2 for debugging
[2016/2316] Compiling AsyncHTTPClient LRUCache.swift
[2017/2316] Compiling AsyncHTTPClient NIOLoopBound+Execute.swift
[2018/2316] Compiling AsyncHTTPClient NWErrorHandler.swift
[2019/2316] Compiling AsyncHTTPClient NWWaitingHandler.swift
[2020/2316] Compiling AsyncHTTPClient TLSConfiguration.swift
[2021/2316] Compiling AsyncHTTPClient RedirectState.swift
[2022/2316] Compiling AsyncHTTPClient RequestBag+StateMachine.swift
[2023/2316] Compiling AsyncHTTPClient RequestBag+Tracing.swift
[2024/2316] Compiling AsyncHTTPClient RequestBag.swift
[2025/2324] Compiling AsyncHTTPClient AnyAsyncSequence.swift
[2026/2324] Compiling AsyncHTTPClient AnyAsyncSequenceProucerDelete.swift
[2027/2324] Compiling AsyncHTTPClient AsyncLazySequence.swift
[2028/2324] Compiling AsyncHTTPClient HTTPClient+execute.swift
[2029/2324] Compiling AsyncHTTPClient HTTPClient+shutdown.swift
[2030/2324] Compiling AsyncHTTPClient HTTPClient+tracing.swift
[2031/2324] Compiling AsyncHTTPClient HTTPClientRequest+Prepared.swift
[2032/2324] Compiling AsyncHTTPClient HTTPClientRequest+auth.swift
[2033/2324] Compiling AsyncHTTPClient HTTPClientRequest.swift
[2034/2324] Compiling AsyncHTTPClient HTTPConnectionEvent.swift
[2035/2324] Compiling AsyncHTTPClient HTTPConnectionPool+Factory.swift
[2036/2324] Compiling AsyncHTTPClient HTTPConnectionPool+Manager.swift
[2037/2324] Compiling AsyncHTTPClient HTTPConnectionPool.swift
[2038/2324] Compiling AsyncHTTPClient HTTPExecutableRequest.swift
[2039/2324] Compiling AsyncHTTPClient HTTPRequestStateMachine+Demand.swift
[2040/2324] Compiling AsyncHTTPClient HTTPRequestStateMachine.swift
[2041/2324] Compiling AsyncHTTPClient RequestBodyLength.swift
[2042/2324] Compiling AsyncHTTPClient RequestFramingMetadata.swift
[2043/2324] Compiling AsyncHTTPClient RequestValidation.swift
[2044/2324] Compiling AsyncHTTPClient SSLContextCache.swift
[2045/2324] Compiling AsyncHTTPClient Scheme.swift
[2046/2324] Compiling AsyncHTTPClient Singleton.swift
[2047/2324] Compiling AsyncHTTPClient StringConvertibleInstances.swift
[2048/2324] Compiling AsyncHTTPClient StructuredConcurrencyHelpers.swift
[2049/2324] Compiling AsyncHTTPClient TracingSupport.swift
[2050/2324] Compiling AsyncHTTPClient Utils.swift
[2051/2324] Emitting module AsyncHTTPClient
[2052/2324] Compiling AsyncHTTPClient RequestOptions.swift
[2053/2324] Compiling AsyncHTTPClient HTTPConnectionPool+Backoff.swift
[2054/2324] Compiling AsyncHTTPClient HTTPConnectionPool+HTTP1Connections.swift
[2055/2324] Compiling AsyncHTTPClient HTTPConnectionPool+HTTP1StateMachine.swift
[2056/2324] Compiling AsyncHTTPClient HTTPConnectionPool+HTTP2Connections.swift
[2057/2324] Compiling AsyncHTTPClient HTTPConnectionPool+HTTP2StateMachine.swift
[2058/2324] Compiling AsyncHTTPClient HTTPConnectionPool+RequestQueue.swift
[2059/2324] Compiling AsyncHTTPClient HTTPConnectionPool+StateMachine.swift
[2060/2324] Compiling AsyncHTTPClient ConnectionTarget.swift
[2061/2324] Compiling AsyncHTTPClient HTTPClientResponse.swift
[2062/2324] Compiling AsyncHTTPClient SingleIteratorPrecondition.swift
[2063/2324] Compiling AsyncHTTPClient Transaction+StateMachine.swift
[2064/2324] Compiling AsyncHTTPClient Transaction.swift
[2065/2324] Compiling AsyncHTTPClient Base64.swift
[2066/2324] Compiling AsyncHTTPClient BasicAuth.swift
[2067/2324] Compiling AsyncHTTPClient BestEffortHashableTLSConfiguration.swift
[2068/2324] Compiling AsyncHTTPClient Configuration+BrowserLike.swift
[2069/2324] Compiling AsyncHTTPClient ConnectionPool.swift
[2070/2324] Compiling AsyncHTTPClient DeconstructedURL.swift
[2071/2324] Compiling AsyncHTTPClient FileDownloadDelegate.swift
[2072/2324] Compiling AsyncHTTPClient FoundationExtensions.swift
[2073/2324] Compiling AsyncHTTPClient HTTPClient+HTTPCookie.swift
[2074/2324] Compiling AsyncHTTPClient HTTPClient+Proxy.swift
[2075/2324] Compiling AsyncHTTPClient HTTPClient+StructuredConcurrency.swift
[2076/2324] Compiling AsyncHTTPClient HTTPClient.swift
[2077/2324] Compiling AsyncHTTPClient HTTPClientConfiguration+SwiftConfiguration.swift
[2078/2324] Compiling AsyncHTTPClient HTTPHandler.swift
[2079/2324] Compiling AsyncHTTPClient HTTP1ProxyConnectHandler.swift
[2080/2324] Compiling AsyncHTTPClient SOCKSEventsHandler.swift
[2081/2324] Compiling AsyncHTTPClient TLSEventsHandler.swift
[2082/2324] Compiling AsyncHTTPClient HTTP1ClientChannelHandler.swift
[2083/2324] Compiling AsyncHTTPClient HTTP1Connection.swift
[2084/2324] Compiling AsyncHTTPClient HTTP1ConnectionStateMachine.swift
[2085/2324] Compiling AsyncHTTPClient HTTP2ClientRequestHandler.swift
[2086/2324] Compiling AsyncHTTPClient HTTP2Connection.swift
[2087/2324] Compiling AsyncHTTPClient HTTP2IdleHandler.swift
[2088/2325] Wrapping AST for AsyncHTTPClient for debugging
[2090/2348] Compiling GoogleAuth SubjectTokenProvider.swift
[2091/2348] Compiling GoogleAuth MDSAccessTokenProvider.swift
[2092/2348] Compiling GoogleAuth MDSCredentials.swift
[2093/2348] Compiling GoogleAuth AnonymousCredentials.swift
[2094/2348] Compiling GoogleAuth ApiKeyCredentials.swift
[2095/2348] Compiling GoogleAuth ExternalAccountCredentials.swift
[2096/2351] Compiling GoogleAuth UserAccountData.swift
[2097/2351] Compiling GoogleAuth UserAccountTokenProvider.swift
[2098/2351] Compiling GoogleAuth UserCredentials.swift
[2099/2351] Compiling GoogleAuth ServiceAccountCredentials.swift
[2100/2351] Compiling GoogleAuth ServiceAccountData.swift
[2101/2351] Compiling GoogleAuth ServiceAccountTokenProvider.swift
[2102/2351] Compiling GoogleAuth CredentialParserRegistry.swift
[2103/2351] Compiling GoogleAuth Credentials.swift
[2104/2351] Compiling GoogleAuth CredentialsError.swift
[2105/2351] Compiling GoogleAuth ADC.swift
[2106/2351] Compiling GoogleAuth ADCPath.swift
[2107/2351] Compiling GoogleAuth ADCResolver.swift
[2108/2351] Compiling GoogleAuth AuthHeaders.swift
[2109/2351] Emitting module GoogleAuth
[2110/2351] Compiling GoogleAuth AuthHTTPClient.swift
[2111/2351] Compiling GoogleAuth AuthHTTPError.swift
[2112/2351] Compiling GoogleAuth RetryEngine.swift
[2113/2351] Compiling GoogleAuth STSHandler.swift
[2114/2351] Compiling GoogleAuth TokenCache.swift
[2115/2351] Compiling GoogleAuth PackageVersion.swift
[2116/2352] Wrapping AST for GoogleAuth for debugging
[2118/2410] Emitting module GoogleGax
[2119/2418] Compiling GoogleGax Pagination.swift
/host/spi-builder-workspace/.build/checkouts/swift-google-gax/Sources/GoogleGax/Pagination.swift:44:22: error: cannot convert '@Sendable (String) async throws -> (response: ResponseType, items: [Item], nextToken: String)' to 'nonisolated(nonsending) @Sendable (String) async throws -> (response: ResponseType, items: [Item], nextToken: String)' because crossing of an isolation boundary requires parameter and result types to conform to 'Sendable' protocol
 42 |   ) where ResponseType: _PaginatedResponse<Item> {
 43 |     self.initialPageToken = initialPageToken ?? ""
 44 |     self.fetchPage = { token in
    |                      |- error: cannot convert '@Sendable (String) async throws -> (response: ResponseType, items: [Item], nextToken: String)' to 'nonisolated(nonsending) @Sendable (String) async throws -> (response: ResponseType, items: [Item], nextToken: String)' because crossing of an isolation boundary requires parameter and result types to conform to 'Sendable' protocol
    |                      `- note: type 'Item' does not conform to 'Sendable' protocol
 45 |       let response = try await listRpc(token)
 46 |       return (response, response._getPaginatedItems(), response._nextPageToken())
[2120/2418] Compiling GoogleGax PollingBackoffPolicy.swift
/host/spi-builder-workspace/.build/checkouts/swift-google-gax/Sources/GoogleGax/Pagination.swift:44:22: error: cannot convert '@Sendable (String) async throws -> (response: ResponseType, items: [Item], nextToken: String)' to 'nonisolated(nonsending) @Sendable (String) async throws -> (response: ResponseType, items: [Item], nextToken: String)' because crossing of an isolation boundary requires parameter and result types to conform to 'Sendable' protocol
 42 |   ) where ResponseType: _PaginatedResponse<Item> {
 43 |     self.initialPageToken = initialPageToken ?? ""
 44 |     self.fetchPage = { token in
    |                      |- error: cannot convert '@Sendable (String) async throws -> (response: ResponseType, items: [Item], nextToken: String)' to 'nonisolated(nonsending) @Sendable (String) async throws -> (response: ResponseType, items: [Item], nextToken: String)' because crossing of an isolation boundary requires parameter and result types to conform to 'Sendable' protocol
    |                      `- note: type 'Item' does not conform to 'Sendable' protocol
 45 |       let response = try await listRpc(token)
 46 |       return (response, response._getPaginatedItems(), response._nextPageToken())
[2121/2418] Compiling GoogleGax PollingErrorPolicy.swift
/host/spi-builder-workspace/.build/checkouts/swift-google-gax/Sources/GoogleGax/Pagination.swift:44:22: error: cannot convert '@Sendable (String) async throws -> (response: ResponseType, items: [Item], nextToken: String)' to 'nonisolated(nonsending) @Sendable (String) async throws -> (response: ResponseType, items: [Item], nextToken: String)' because crossing of an isolation boundary requires parameter and result types to conform to 'Sendable' protocol
 42 |   ) where ResponseType: _PaginatedResponse<Item> {
 43 |     self.initialPageToken = initialPageToken ?? ""
 44 |     self.fetchPage = { token in
    |                      |- error: cannot convert '@Sendable (String) async throws -> (response: ResponseType, items: [Item], nextToken: String)' to 'nonisolated(nonsending) @Sendable (String) async throws -> (response: ResponseType, items: [Item], nextToken: String)' because crossing of an isolation boundary requires parameter and result types to conform to 'Sendable' protocol
    |                      `- note: type 'Item' does not conform to 'Sendable' protocol
 45 |       let response = try await listRpc(token)
 46 |       return (response, response._getPaginatedItems(), response._nextPageToken())
[2122/2418] Compiling GoogleGax PollingResult.swift
/host/spi-builder-workspace/.build/checkouts/swift-google-gax/Sources/GoogleGax/Pagination.swift:44:22: error: cannot convert '@Sendable (String) async throws -> (response: ResponseType, items: [Item], nextToken: String)' to 'nonisolated(nonsending) @Sendable (String) async throws -> (response: ResponseType, items: [Item], nextToken: String)' because crossing of an isolation boundary requires parameter and result types to conform to 'Sendable' protocol
 42 |   ) where ResponseType: _PaginatedResponse<Item> {
 43 |     self.initialPageToken = initialPageToken ?? ""
 44 |     self.fetchPage = { token in
    |                      |- error: cannot convert '@Sendable (String) async throws -> (response: ResponseType, items: [Item], nextToken: String)' to 'nonisolated(nonsending) @Sendable (String) async throws -> (response: ResponseType, items: [Item], nextToken: String)' because crossing of an isolation boundary requires parameter and result types to conform to 'Sendable' protocol
    |                      `- note: type 'Item' does not conform to 'Sendable' protocol
 45 |       let response = try await listRpc(token)
 46 |       return (response, response._getPaginatedItems(), response._nextPageToken())
[2123/2418] Compiling GoogleGax PollingState.swift
/host/spi-builder-workspace/.build/checkouts/swift-google-gax/Sources/GoogleGax/Pagination.swift:44:22: error: cannot convert '@Sendable (String) async throws -> (response: ResponseType, items: [Item], nextToken: String)' to 'nonisolated(nonsending) @Sendable (String) async throws -> (response: ResponseType, items: [Item], nextToken: String)' because crossing of an isolation boundary requires parameter and result types to conform to 'Sendable' protocol
 42 |   ) where ResponseType: _PaginatedResponse<Item> {
 43 |     self.initialPageToken = initialPageToken ?? ""
 44 |     self.fetchPage = { token in
    |                      |- error: cannot convert '@Sendable (String) async throws -> (response: ResponseType, items: [Item], nextToken: String)' to 'nonisolated(nonsending) @Sendable (String) async throws -> (response: ResponseType, items: [Item], nextToken: String)' because crossing of an isolation boundary requires parameter and result types to conform to 'Sendable' protocol
    |                      `- note: type 'Item' does not conform to 'Sendable' protocol
 45 |       let response = try await listRpc(token)
 46 |       return (response, response._getPaginatedItems(), response._nextPageToken())
[2124/2418] Compiling GoogleGax ProtobufConversionError.swift
/host/spi-builder-workspace/.build/checkouts/swift-google-gax/Sources/GoogleGax/Pagination.swift:44:22: error: cannot convert '@Sendable (String) async throws -> (response: ResponseType, items: [Item], nextToken: String)' to 'nonisolated(nonsending) @Sendable (String) async throws -> (response: ResponseType, items: [Item], nextToken: String)' because crossing of an isolation boundary requires parameter and result types to conform to 'Sendable' protocol
 42 |   ) where ResponseType: _PaginatedResponse<Item> {
 43 |     self.initialPageToken = initialPageToken ?? ""
 44 |     self.fetchPage = { token in
    |                      |- error: cannot convert '@Sendable (String) async throws -> (response: ResponseType, items: [Item], nextToken: String)' to 'nonisolated(nonsending) @Sendable (String) async throws -> (response: ResponseType, items: [Item], nextToken: String)' because crossing of an isolation boundary requires parameter and result types to conform to 'Sendable' protocol
    |                      `- note: type 'Item' does not conform to 'Sendable' protocol
 45 |       let response = try await listRpc(token)
 46 |       return (response, response._getPaginatedItems(), response._nextPageToken())
[2125/2418] Compiling GoogleGax QueryParameter.swift
/host/spi-builder-workspace/.build/checkouts/swift-google-gax/Sources/GoogleGax/Pagination.swift:44:22: error: cannot convert '@Sendable (String) async throws -> (response: ResponseType, items: [Item], nextToken: String)' to 'nonisolated(nonsending) @Sendable (String) async throws -> (response: ResponseType, items: [Item], nextToken: String)' because crossing of an isolation boundary requires parameter and result types to conform to 'Sendable' protocol
 42 |   ) where ResponseType: _PaginatedResponse<Item> {
 43 |     self.initialPageToken = initialPageToken ?? ""
 44 |     self.fetchPage = { token in
    |                      |- error: cannot convert '@Sendable (String) async throws -> (response: ResponseType, items: [Item], nextToken: String)' to 'nonisolated(nonsending) @Sendable (String) async throws -> (response: ResponseType, items: [Item], nextToken: String)' because crossing of an isolation boundary requires parameter and result types to conform to 'Sendable' protocol
    |                      `- note: type 'Item' does not conform to 'Sendable' protocol
 45 |       let response = try await listRpc(token)
 46 |       return (response, response._getPaginatedItems(), response._nextPageToken())
[2126/2418] Compiling GoogleGax RequestError.swift
/host/spi-builder-workspace/.build/checkouts/swift-google-gax/Sources/GoogleGax/Pagination.swift:44:22: error: cannot convert '@Sendable (String) async throws -> (response: ResponseType, items: [Item], nextToken: String)' to 'nonisolated(nonsending) @Sendable (String) async throws -> (response: ResponseType, items: [Item], nextToken: String)' because crossing of an isolation boundary requires parameter and result types to conform to 'Sendable' protocol
 42 |   ) where ResponseType: _PaginatedResponse<Item> {
 43 |     self.initialPageToken = initialPageToken ?? ""
 44 |     self.fetchPage = { token in
    |                      |- error: cannot convert '@Sendable (String) async throws -> (response: ResponseType, items: [Item], nextToken: String)' to 'nonisolated(nonsending) @Sendable (String) async throws -> (response: ResponseType, items: [Item], nextToken: String)' because crossing of an isolation boundary requires parameter and result types to conform to 'Sendable' protocol
    |                      `- note: type 'Item' does not conform to 'Sendable' protocol
 45 |       let response = try await listRpc(token)
 46 |       return (response, response._getPaginatedItems(), response._nextPageToken())
[2127/2418] Compiling GoogleGax LimitedAttemptCount+PollingErrorPolicy.swift
[2128/2418] Compiling GoogleGax LimitedAttemptCount+RetryPolicy.swift
[2129/2418] Compiling GoogleGax LimitedAttemptCount.swift
[2130/2418] Compiling GoogleGax LimitedElapsedTime+PollingErrorPolicy.swift
[2131/2418] Compiling GoogleGax LimitedElapsedTime+RetryPolicy.swift
[2132/2418] Compiling GoogleGax LimitedElapsedTime.swift
[2133/2418] Compiling GoogleGax LongRunningOperations.swift
[2134/2418] Compiling GoogleGax NeverRetry.swift
[2135/2418] Compiling GoogleGax ContinueOnIO.swift
[2136/2418] Compiling GoogleGax CredentialsProtocol.swift
[2137/2418] Compiling GoogleGax ErrorWrapper.swift
[2138/2418] Compiling GoogleGax ExponentialBackoff+BackoffPolicy.swift
[2139/2418] Compiling GoogleGax ExponentialBackoff+PollingBackoffPolicy.swift
[2140/2418] Compiling GoogleGax ExponentialBackoff.swift
[2141/2418] Compiling GoogleGax HTTPClient.swift
[2142/2418] Compiling GoogleGax HTTPClientHolder.swift
[2143/2418] Compiling GoogleGax AIP194+PollingErrorPolicy.swift
[2144/2418] Compiling GoogleGax AIP194+RetryPolicy.swift
[2145/2418] Compiling GoogleGax AIP194.swift
[2146/2418] Compiling GoogleGax AdaptiveThrottler.swift
[2147/2418] Compiling GoogleGax AlwaysPoll.swift
[2148/2418] Compiling GoogleGax AlwaysRetry.swift
[2149/2418] Compiling GoogleGax ApiClientHeader.swift
[2150/2418] Compiling GoogleGax BackoffPolicy.swift
[2151/2418] Compiling GoogleGax BasePollingErrorPolicy.swift
[2152/2418] Compiling GoogleGax BaseRetryPolicy.swift
[2153/2418] Compiling GoogleGax BindingError.swift
[2154/2418] Compiling GoogleGax CRC32C.swift
[2155/2418] Compiling GoogleGax CircuitBreaker.swift
[2156/2418] Compiling GoogleGax ClientError.swift
[2157/2418] Compiling GoogleGax ClientOptions.swift
[2158/2418] Compiling GoogleGax ContinueOnIO+PollingErrorPolicy.swift
[2159/2418] Compiling GoogleGax ContinueOnIO+RetryPolicy.swift
[2160/2418] Compiling GoogleGax RequestOptions.swift
[2161/2418] Compiling GoogleGax RetryLoop.swift
[2162/2418] Compiling GoogleGax RetryPolicy.swift
[2163/2418] Compiling GoogleGax RetryResult.swift
[2164/2418] Compiling GoogleGax RetryState.swift
[2165/2418] Compiling GoogleGax RetryThrottler.swift
[2166/2418] Compiling GoogleGax RetryThrottlerError.swift
[2167/2418] Compiling GoogleGax RoutingMatcher.swift
[2168/2418] Compiling GoogleGax HTTPClientProtocol.swift
[2169/2418] Compiling GoogleGax HTTPClientRequest.swift
[2170/2418] Compiling GoogleGax HTTPClientResponse.swift
[2171/2418] Compiling GoogleGax HTTPHeaders.swift
[2172/2418] Compiling GoogleGax HTTPResponseBody.swift
[2173/2418] Compiling GoogleGax HeaderNames.swift
[2174/2418] Compiling GoogleGax Host.swift
[2175/2418] Compiling GoogleGax InProgressResult.swift
[2176/2418] Compiling GoogleGax ServiceError.swift
[2177/2418] Compiling GoogleGax StatusDetail.swift
[2178/2418] Compiling GoogleGax StrictIdempotency.swift
[2179/2418] Compiling GoogleGax ThrottleResult.swift
[2180/2418] Compiling GoogleGax TooManyRequests+PollingErrorPolicy.swift
[2181/2418] Compiling GoogleGax TooManyRequests+RetryPolicy.swift
[2182/2418] Compiling GoogleGax TooManyRequests.swift
[2183/2418] Compiling GoogleGax PackageVersion.swift
BUILD FAILURE 6.2 android