Build Information
Failed to build swift-libgit2, reference 1.0.1 (2c58c9), with Swift 6.4 for visionOS using Xcode 27.0 on 23 Sep 2026 19:58:42 UTC.
Build Command
No build command. This typically means the build failed at an early stage where we determine the build command.Build Log
========================================
RunAll
========================================
Builder version: 5.1.0
Interrupt handler set up.
========================================
Checkout
========================================
Clone URL: https://github.com/swift-developer-tools/swift-libgit2.git
Reference: 1.0.1
Initialized empty Git repository in /Users/admin/builder/spi-builder-workspace/.git/
From https://github.com/swift-developer-tools/swift-libgit2
* tag 1.0.1 -> FETCH_HEAD
HEAD is now at 2c58c9b Update XCFrameworks [automated]
Updating files: 82% (7812/9520)
Updating files: 83% (7902/9520)
Updating files: 84% (7997/9520)
Updating files: 85% (8092/9520)
Updating files: 86% (8188/9520)
Updating files: 87% (8283/9520)
Updating files: 88% (8378/9520)
Updating files: 89% (8473/9520)
Updating files: 90% (8568/9520)
Updating files: 91% (8664/9520)
Updating files: 92% (8759/9520)
Updating files: 93% (8854/9520)
Updating files: 94% (8949/9520)
Updating files: 95% (9044/9520)
Updating files: 96% (9140/9520)
Updating files: 97% (9235/9520)
Updating files: 98% (9330/9520)
Updating files: 99% (9425/9520)
Updating files: 100% (9520/9520)
Updating files: 100% (9520/9520), done.
Cloned https://github.com/swift-developer-tools/swift-libgit2.git
Revision (git rev-parse @):
2c58c9b3d70168b5118d8020937e4e652c18be80
SUCCESS checkout https://github.com/swift-developer-tools/swift-libgit2.git at 1.0.1
========================================
Build
========================================
Selected platform: visionOS
Swift version: 6.4
Building package at path: $PWD
https://github.com/swift-developer-tools/swift-libgit2.git
Command line invocation:
/Applications/Xcode-27.0.0-Release.Candidate.app/Contents/Developer/usr/bin/xcodebuild -IDEClonedSourcePackagesDirPathOverride=/Users/admin/builder/spi-builder-workspace/.dependencies -resolvePackageDependencies
Resolve Package Graph
the package at '/Users/admin/builder/swift-libgit2-base' cannot be accessed (/Users/admin/builder/swift-libgit2-base doesn't exist in file system)
Resolve Package Graph
the package at '/Users/admin/builder/swift-libgit2-base' cannot be accessed (/Users/admin/builder/swift-libgit2-base doesn't exist in file system)
Resolved source packages:
spi-builder-workspace: (null)
2026-09-23 15:58:39.911 xcodebuild[530:3046] Writing error result bundle to /var/folders/xq/y_g06wb113726d38xsyx71_h0000gn/T/ResultBundle_2026-23-09_15-58-0039.xcresult
xcodebuild: error: Could not resolve package dependencies:
the package at '/Users/admin/builder/swift-libgit2-base' cannot be accessed (/Users/admin/builder/swift-libgit2-base doesn't exist in file system)
Command line invocation:
/Applications/Xcode-27.0.0-Release.Candidate.app/Contents/Developer/usr/bin/xcodebuild -IDEClonedSourcePackagesDirPathOverride=/Users/admin/builder/spi-builder-workspace/.dependencies -resolvePackageDependencies
Resolve Package Graph
the package at '/Users/admin/builder/swift-libgit2-base' cannot be accessed (/Users/admin/builder/swift-libgit2-base doesn't exist in file system)
Resolved source packages:
spi-builder-workspace: (null)
2026-09-23 15:58:42.708 xcodebuild[598:3722] Writing error result bundle to /var/folders/xq/y_g06wb113726d38xsyx71_h0000gn/T/ResultBundle_2026-23-09_15-58-0042.xcresult
xcodebuild: error: Could not resolve package dependencies:
the package at '/Users/admin/builder/swift-libgit2-base' cannot be accessed (/Users/admin/builder/swift-libgit2-base doesn't exist in file system)
BUILD FAILURE 6.4 visionOS