Build Information
Failed to build KadrUI, reference main (e62c5a), with Swift 6.4 for watchOS using Xcode 27.0 on 27 Sep 2026 14:16:57 UTC.
Build Command
No build command. This typically means the build failed at an early stage where we determine the build command.Build Log
========================================
RunAll
========================================
Builder version: 5.1.0
Interrupt handler set up.
========================================
Checkout
========================================
Clone URL: https://github.com/SteliyanH/kadr-ui.git
Reference: main
Initialized empty Git repository in /Users/admin/builder/spi-builder-workspace/.git/
From https://github.com/SteliyanH/kadr-ui
* branch main -> FETCH_HEAD
* [new branch] main -> origin/main
HEAD is now at e62c5a0 Merge pull request #145 from SteliyanH/develop
Cloned https://github.com/SteliyanH/kadr-ui.git
Revision (git rev-parse @):
e62c5a0423bcfd4b10bb8b556e30ac47c5c4bf20
SPI manifest file found: $PWD/.spi.yml
SUCCESS checkout https://github.com/SteliyanH/kadr-ui.git at main
========================================
Build
========================================
Selected platform: watchOS
Swift version: 6.4
Building package at path: $PWD
https://github.com/SteliyanH/kadr-ui.git
Command line invocation:
/Applications/Xcode-27.0.0-Release.Candidate.app/Contents/Developer/usr/bin/xcodebuild -IDEClonedSourcePackagesDirPathOverride=/Users/admin/builder/spi-builder-workspace/.dependencies -resolvePackageDependencies
Resolve Package Graph
Fetching from https://github.com/nalexn/ViewInspector
Fetching from https://github.com/pointfreeco/swift-snapshot-testing
Fetching from https://github.com/SteliyanH/kadr.git
Invalid manifest (compiled with: ["/Applications/Xcode-27.0.0-Release.Candidate.app/Contents/Developer/Toolchains/XcodeDefault.xctoolchain/usr/bin/swiftc", "-vfsoverlay", "/var/folders/xq/y_g06wb113726d38xsyx71_h0000gn/T/TemporaryDirectory.qqS55i/vfs.yaml", "-L", "/Applications/Xcode-27.0.0-Release.Candidate.app/Contents/SharedFrameworks/SwiftPM.framework/SharedSupport/ManifestAPI", "-lPackageDescription", "-Xlinker", "-rpath", "-Xlinker", "/Applications/Xcode-27.0.0-Release.Candidate.app/Contents/SharedFrameworks/SwiftPM.framework/SharedSupport/ManifestAPI", "-target", "arm64-apple-macos14.0", "-plugin-path", "/Applications/Xcode-27.0.0-Release.Candidate.app/Contents/Developer/Toolchains/XcodeDefault.xctoolchain/usr/lib/swift/host/plugins/testing", "-sdk", "/Applications/Xcode-27.0.0-Release.Candidate.app/Contents/Developer/Platforms/MacOSX.platform/Developer/SDKs/MacOSX27.0.sdk", "-swift-version", "5", "-I", "/Applications/Xcode-27.0.0-Release.Candidate.app/Contents/SharedFrameworks/SwiftPM.framework/SharedSupport/ManifestAPI", "-sdk", "/Applications/Xcode-27.0.0-Release.Candidate.app/Contents/Developer/Platforms/MacOSX.platform/Developer/SDKs/MacOSX27.0.sdk", "-package-description-version", "5.9.0", "-Xfrontend", "-serialize-diagnostics-path", "-Xfrontend", "/Users/admin/Library/Caches/org.swift.swiftpm/manifests/ManifestLoading/viewinspector.dia", "/Package.swift", "-o", "/var/folders/xq/y_g06wb113726d38xsyx71_h0000gn/T/TemporaryDirectory.2qs7Vx/viewinspector-manifest"])
/Package.swift:10:74: error: 'v2' is unavailable
8 | defaultLocalization: "en",
9 | platforms: [
10 | .macOS(.v12), .iOS(.v15), .tvOS(.v15), .watchOS(.v9), .visionOS(.v2)
| `- error: 'v2' is unavailable
11 | ],
12 | products: [
PackageDescription.SupportedPlatform.VisionOSVersion.v2:4:23: note: 'v2' was introduced in PackageDescription 6.0
2 | struct VisionOSVersion {
3 | @available(_PackageDescription 6.0)
4 | public static let v2: PackageDescription.SupportedPlatform.VisionOSVersion }
| `- note: 'v2' was introduced in PackageDescription 6.0
5 | }
6 | in https://github.com/nalexn/ViewInspectorResolve Package Graph
Updating from https://github.com/SteliyanH/kadr.git
Updating from https://github.com/nalexn/ViewInspector
Updating from https://github.com/pointfreeco/swift-snapshot-testing
Invalid manifest (compiled with: ["/Applications/Xcode-27.0.0-Release.Candidate.app/Contents/Developer/Toolchains/XcodeDefault.xctoolchain/usr/bin/swiftc", "-vfsoverlay", "/var/folders/xq/y_g06wb113726d38xsyx71_h0000gn/T/TemporaryDirectory.ggIqxC/vfs.yaml", "-L", "/Applications/Xcode-27.0.0-Release.Candidate.app/Contents/SharedFrameworks/SwiftPM.framework/SharedSupport/ManifestAPI", "-lPackageDescription", "-Xlinker", "-rpath", "-Xlinker", "/Applications/Xcode-27.0.0-Release.Candidate.app/Contents/SharedFrameworks/SwiftPM.framework/SharedSupport/ManifestAPI", "-target", "arm64-apple-macos14.0", "-plugin-path", "/Applications/Xcode-27.0.0-Release.Candidate.app/Contents/Developer/Toolchains/XcodeDefault.xctoolchain/usr/lib/swift/host/plugins/testing", "-sdk", "/Applications/Xcode-27.0.0-Release.Candidate.app/Contents/Developer/Platforms/MacOSX.platform/Developer/SDKs/MacOSX27.0.sdk", "-swift-version", "5", "-I", "/Applications/Xcode-27.0.0-Release.Candidate.app/Contents/SharedFrameworks/SwiftPM.framework/SharedSupport/ManifestAPI", "-sdk", "/Applications/Xcode-27.0.0-Release.Candidate.app/Contents/Developer/Platforms/MacOSX.platform/Developer/SDKs/MacOSX27.0.sdk", "-package-description-version", "5.9.0", "-Xfrontend", "-serialize-diagnostics-path", "-Xfrontend", "/Users/admin/Library/Caches/org.swift.swiftpm/manifests/ManifestLoading/viewinspector.dia", "/Package.swift", "-o", "/var/folders/xq/y_g06wb113726d38xsyx71_h0000gn/T/TemporaryDirectory.mD3Vri/viewinspector-manifest"])
/Package.swift:10:74: error: 'v2' is unavailable
8 | defaultLocalization: "en",
9 | platforms: [
10 | .macOS(.v12), .iOS(.v15), .tvOS(.v15), .watchOS(.v9), .visionOS(.v2)
| `- error: 'v2' is unavailable
11 | ],
12 | products: [
PackageDescription.SupportedPlatform.VisionOSVersion.v2:4:23: note: 'v2' was introduced in PackageDescription 6.0
2 | struct VisionOSVersion {
3 | @available(_PackageDescription 6.0)
4 | public static let v2: PackageDescription.SupportedPlatform.VisionOSVersion }
| `- note: 'v2' was introduced in PackageDescription 6.0
5 | }
6 | in https://github.com/nalexn/ViewInspectorResolve Package Graph
Updating from https://github.com/nalexn/ViewInspector
Updating from https://github.com/pointfreeco/swift-snapshot-testing
Updating from https://github.com/SteliyanH/kadr.git
Invalid manifest (compiled with: ["/Applications/Xcode-27.0.0-Release.Candidate.app/Contents/Developer/Toolchains/XcodeDefault.xctoolchain/usr/bin/swiftc", "-vfsoverlay", "/var/folders/xq/y_g06wb113726d38xsyx71_h0000gn/T/TemporaryDirectory.IvKbQx/vfs.yaml", "-L", "/Applications/Xcode-27.0.0-Release.Candidate.app/Contents/SharedFrameworks/SwiftPM.framework/SharedSupport/ManifestAPI", "-lPackageDescription", "-Xlinker", "-rpath", "-Xlinker", "/Applications/Xcode-27.0.0-Release.Candidate.app/Contents/SharedFrameworks/SwiftPM.framework/SharedSupport/ManifestAPI", "-target", "arm64-apple-macos14.0", "-plugin-path", "/Applications/Xcode-27.0.0-Release.Candidate.app/Contents/Developer/Toolchains/XcodeDefault.xctoolchain/usr/lib/swift/host/plugins/testing", "-sdk", "/Applications/Xcode-27.0.0-Release.Candidate.app/Contents/Developer/Platforms/MacOSX.platform/Developer/SDKs/MacOSX27.0.sdk", "-swift-version", "5", "-I", "/Applications/Xcode-27.0.0-Release.Candidate.app/Contents/SharedFrameworks/SwiftPM.framework/SharedSupport/ManifestAPI", "-sdk", "/Applications/Xcode-27.0.0-Release.Candidate.app/Contents/Developer/Platforms/MacOSX.platform/Developer/SDKs/MacOSX27.0.sdk", "-package-description-version", "5.9.0", "-Xfrontend", "-serialize-diagnostics-path", "-Xfrontend", "/Users/admin/Library/Caches/org.swift.swiftpm/manifests/ManifestLoading/viewinspector.dia", "/Package.swift", "-o", "/var/folders/xq/y_g06wb113726d38xsyx71_h0000gn/T/TemporaryDirectory.5F8MKb/viewinspector-manifest"])
/Package.swift:10:74: error: 'v2' is unavailable
8 | defaultLocalization: "en",
9 | platforms: [
10 | .macOS(.v12), .iOS(.v15), .tvOS(.v15), .watchOS(.v9), .visionOS(.v2)
| `- error: 'v2' is unavailable
11 | ],
12 | products: [
PackageDescription.SupportedPlatform.VisionOSVersion.v2:4:23: note: 'v2' was introduced in PackageDescription 6.0
2 | struct VisionOSVersion {
3 | @available(_PackageDescription 6.0)
4 | public static let v2: PackageDescription.SupportedPlatform.VisionOSVersion }
| `- note: 'v2' was introduced in PackageDescription 6.0
5 | }
6 | in https://github.com/nalexn/ViewInspectorResolve Package Graph
Updating from https://github.com/pointfreeco/swift-snapshot-testing
Updating from https://github.com/SteliyanH/kadr.git
Updating from https://github.com/nalexn/ViewInspector
Invalid manifest (compiled with: ["/Applications/Xcode-27.0.0-Release.Candidate.app/Contents/Developer/Toolchains/XcodeDefault.xctoolchain/usr/bin/swiftc", "-vfsoverlay", "/var/folders/xq/y_g06wb113726d38xsyx71_h0000gn/T/TemporaryDirectory.nD3Xqs/vfs.yaml", "-L", "/Applications/Xcode-27.0.0-Release.Candidate.app/Contents/SharedFrameworks/SwiftPM.framework/SharedSupport/ManifestAPI", "-lPackageDescription", "-Xlinker", "-rpath", "-Xlinker", "/Applications/Xcode-27.0.0-Release.Candidate.app/Contents/SharedFrameworks/SwiftPM.framework/SharedSupport/ManifestAPI", "-target", "arm64-apple-macos14.0", "-plugin-path", "/Applications/Xcode-27.0.0-Release.Candidate.app/Contents/Developer/Toolchains/XcodeDefault.xctoolchain/usr/lib/swift/host/plugins/testing", "-sdk", "/Applications/Xcode-27.0.0-Release.Candidate.app/Contents/Developer/Platforms/MacOSX.platform/Developer/SDKs/MacOSX27.0.sdk", "-swift-version", "5", "-I", "/Applications/Xcode-27.0.0-Release.Candidate.app/Contents/SharedFrameworks/SwiftPM.framework/SharedSupport/ManifestAPI", "-sdk", "/Applications/Xcode-27.0.0-Release.Candidate.app/Contents/Developer/Platforms/MacOSX.platform/Developer/SDKs/MacOSX27.0.sdk", "-package-description-version", "5.9.0", "-Xfrontend", "-serialize-diagnostics-path", "-Xfrontend", "/Users/admin/Library/Caches/org.swift.swiftpm/manifests/ManifestLoading/viewinspector.dia", "/Package.swift", "-o", "/var/folders/xq/y_g06wb113726d38xsyx71_h0000gn/T/TemporaryDirectory.lZGOKe/viewinspector-manifest"])
/Package.swift:10:74: error: 'v2' is unavailable
8 | defaultLocalization: "en",
9 | platforms: [
10 | .macOS(.v12), .iOS(.v15), .tvOS(.v15), .watchOS(.v9), .visionOS(.v2)
| `- error: 'v2' is unavailable
11 | ],
12 | products: [
PackageDescription.SupportedPlatform.VisionOSVersion.v2:4:23: note: 'v2' was introduced in PackageDescription 6.0
2 | struct VisionOSVersion {
3 | @available(_PackageDescription 6.0)
4 | public static let v2: PackageDescription.SupportedPlatform.VisionOSVersion }
| `- note: 'v2' was introduced in PackageDescription 6.0
5 | }
6 | in https://github.com/nalexn/ViewInspector
Resolved source packages:
spi-builder-workspace: (null)
2026-09-27 10:16:54.871 xcodebuild[529:3038] Writing error result bundle to /var/folders/xq/y_g06wb113726d38xsyx71_h0000gn/T/ResultBundle_2026-27-09_10-16-0054.xcresult
xcodebuild: error: Could not resolve package dependencies:
Invalid manifest (compiled with: ["/Applications/Xcode-27.0.0-Release.Candidate.app/Contents/Developer/Toolchains/XcodeDefault.xctoolchain/usr/bin/swiftc", "-vfsoverlay", "/var/folders/xq/y_g06wb113726d38xsyx71_h0000gn/T/TemporaryDirectory.nD3Xqs/vfs.yaml", "-L", "/Applications/Xcode-27.0.0-Release.Candidate.app/Contents/SharedFrameworks/SwiftPM.framework/SharedSupport/ManifestAPI", "-lPackageDescription", "-Xlinker", "-rpath", "-Xlinker", "/Applications/Xcode-27.0.0-Release.Candidate.app/Contents/SharedFrameworks/SwiftPM.framework/SharedSupport/ManifestAPI", "-target", "arm64-apple-macos14.0", "-plugin-path", "/Applications/Xcode-27.0.0-Release.Candidate.app/Contents/Developer/Toolchains/XcodeDefault.xctoolchain/usr/lib/swift/host/plugins/testing", "-sdk", "/Applications/Xcode-27.0.0-Release.Candidate.app/Contents/Developer/Platforms/MacOSX.platform/Developer/SDKs/MacOSX27.0.sdk", "-swift-version", "5", "-I", "/Applications/Xcode-27.0.0-Release.Candidate.app/Contents/SharedFrameworks/SwiftPM.framework/SharedSupport/ManifestAPI", "-sdk", "/Applications/Xcode-27.0.0-Release.Candidate.app/Contents/Developer/Platforms/MacOSX.platform/Developer/SDKs/MacOSX27.0.sdk", "-package-description-version", "5.9.0", "-Xfrontend", "-serialize-diagnostics-path", "-Xfrontend", "/Users/admin/Library/Caches/org.swift.swiftpm/manifests/ManifestLoading/viewinspector.dia", "/Package.swift", "-o", "/var/folders/xq/y_g06wb113726d38xsyx71_h0000gn/T/TemporaryDirectory.lZGOKe/viewinspector-manifest"])
Command line invocation:
/Applications/Xcode-27.0.0-Release.Candidate.app/Contents/Developer/usr/bin/xcodebuild -IDEClonedSourcePackagesDirPathOverride=/Users/admin/builder/spi-builder-workspace/.dependencies -resolvePackageDependencies
Resolve Package Graph
Updating from https://github.com/nalexn/ViewInspector
Updating from https://github.com/pointfreeco/swift-snapshot-testing
Updating from https://github.com/SteliyanH/kadr.git
Invalid manifest (compiled with: ["/Applications/Xcode-27.0.0-Release.Candidate.app/Contents/Developer/Toolchains/XcodeDefault.xctoolchain/usr/bin/swiftc", "-vfsoverlay", "/var/folders/xq/y_g06wb113726d38xsyx71_h0000gn/T/TemporaryDirectory.MESlF2/vfs.yaml", "-L", "/Applications/Xcode-27.0.0-Release.Candidate.app/Contents/SharedFrameworks/SwiftPM.framework/SharedSupport/ManifestAPI", "-lPackageDescription", "-Xlinker", "-rpath", "-Xlinker", "/Applications/Xcode-27.0.0-Release.Candidate.app/Contents/SharedFrameworks/SwiftPM.framework/SharedSupport/ManifestAPI", "-target", "arm64-apple-macos14.0", "-plugin-path", "/Applications/Xcode-27.0.0-Release.Candidate.app/Contents/Developer/Toolchains/XcodeDefault.xctoolchain/usr/lib/swift/host/plugins/testing", "-sdk", "/Applications/Xcode-27.0.0-Release.Candidate.app/Contents/Developer/Platforms/MacOSX.platform/Developer/SDKs/MacOSX27.0.sdk", "-swift-version", "5", "-I", "/Applications/Xcode-27.0.0-Release.Candidate.app/Contents/SharedFrameworks/SwiftPM.framework/SharedSupport/ManifestAPI", "-sdk", "/Applications/Xcode-27.0.0-Release.Candidate.app/Contents/Developer/Platforms/MacOSX.platform/Developer/SDKs/MacOSX27.0.sdk", "-package-description-version", "5.9.0", "-Xfrontend", "-serialize-diagnostics-path", "-Xfrontend", "/Users/admin/Library/Caches/org.swift.swiftpm/manifests/ManifestLoading/viewinspector.dia", "/Package.swift", "-o", "/var/folders/xq/y_g06wb113726d38xsyx71_h0000gn/T/TemporaryDirectory.AOAFm0/viewinspector-manifest"])
/Package.swift:10:74: error: 'v2' is unavailable
8 | defaultLocalization: "en",
9 | platforms: [
10 | .macOS(.v12), .iOS(.v15), .tvOS(.v15), .watchOS(.v9), .visionOS(.v2)
| `- error: 'v2' is unavailable
11 | ],
12 | products: [
PackageDescription.SupportedPlatform.VisionOSVersion.v2:4:23: note: 'v2' was introduced in PackageDescription 6.0
2 | struct VisionOSVersion {
3 | @available(_PackageDescription 6.0)
4 | public static let v2: PackageDescription.SupportedPlatform.VisionOSVersion }
| `- note: 'v2' was introduced in PackageDescription 6.0
5 | }
6 | in https://github.com/nalexn/ViewInspector
Resolved source packages:
spi-builder-workspace: (null)
2026-09-27 10:16:57.026 xcodebuild[747:4222] Writing error result bundle to /var/folders/xq/y_g06wb113726d38xsyx71_h0000gn/T/ResultBundle_2026-27-09_10-16-0057.xcresult
xcodebuild: error: Could not resolve package dependencies:
Invalid manifest (compiled with: ["/Applications/Xcode-27.0.0-Release.Candidate.app/Contents/Developer/Toolchains/XcodeDefault.xctoolchain/usr/bin/swiftc", "-vfsoverlay", "/var/folders/xq/y_g06wb113726d38xsyx71_h0000gn/T/TemporaryDirectory.MESlF2/vfs.yaml", "-L", "/Applications/Xcode-27.0.0-Release.Candidate.app/Contents/SharedFrameworks/SwiftPM.framework/SharedSupport/ManifestAPI", "-lPackageDescription", "-Xlinker", "-rpath", "-Xlinker", "/Applications/Xcode-27.0.0-Release.Candidate.app/Contents/SharedFrameworks/SwiftPM.framework/SharedSupport/ManifestAPI", "-target", "arm64-apple-macos14.0", "-plugin-path", "/Applications/Xcode-27.0.0-Release.Candidate.app/Contents/Developer/Toolchains/XcodeDefault.xctoolchain/usr/lib/swift/host/plugins/testing", "-sdk", "/Applications/Xcode-27.0.0-Release.Candidate.app/Contents/Developer/Platforms/MacOSX.platform/Developer/SDKs/MacOSX27.0.sdk", "-swift-version", "5", "-I", "/Applications/Xcode-27.0.0-Release.Candidate.app/Contents/SharedFrameworks/SwiftPM.framework/SharedSupport/ManifestAPI", "-sdk", "/Applications/Xcode-27.0.0-Release.Candidate.app/Contents/Developer/Platforms/MacOSX.platform/Developer/SDKs/MacOSX27.0.sdk", "-package-description-version", "5.9.0", "-Xfrontend", "-serialize-diagnostics-path", "-Xfrontend", "/Users/admin/Library/Caches/org.swift.swiftpm/manifests/ManifestLoading/viewinspector.dia", "/Package.swift", "-o", "/var/folders/xq/y_g06wb113726d38xsyx71_h0000gn/T/TemporaryDirectory.AOAFm0/viewinspector-manifest"])
BUILD FAILURE 6.4 watchOS