Build Information
Failed to build iShader, reference main (849c12), with Swift 6.4 for tvOS using Xcode 27.0 on 20 Sep 2026 19:34:42 UTC.
Build Command
env DEVELOPER_DIR=/Applications/Xcode-27.0.0-Release.Candidate.app xcrun xcodebuild -IDEClonedSourcePackagesDirPathOverride=$PWD/.dependencies -skipMacroValidation -skipPackagePluginValidation -derivedDataPath $PWD/.derivedData build -scheme iShader-Package -destination generic/platform=tvOSBuild Log
CompileMetalFile /Users/admin/builder/spi-builder-workspace/Sources/ColorEffect/Shaders/Gamma.metal (in target 'iShader_ColorEffect' from project 'iShader')
cd /Users/admin/builder/spi-builder-workspace
/var/run/com.apple.security.cryptexd/mnt/com.apple.MobileAsset.MetalToolchain-v27.1.266.1.78lpA9/Metal.xctoolchain/usr/bin/metal -c -target air64-apple-tvos15.0 -I/Users/admin/builder/spi-builder-workspace/.derivedData/Build/Products/Debug-appletvos/include -F/Users/admin/builder/spi-builder-workspace/.derivedData/Build/Products/Debug-appletvos -isysroot /Applications/Xcode-27.0.0-Release.Candidate.app/Contents/Developer/Platforms/AppleTVOS.platform/Developer/SDKs/AppleTVOS27.0.sdk -fmetal-math-mode\=fast -fmetal-math-fp32-functions\=fast -serialize-diagnostics /Users/admin/builder/spi-builder-workspace/.derivedData/Build/Intermediates.noindex/iShader.build/Debug-appletvos/iShader_ColorEffect-b.build/Metal/Gamma.dia -o /Users/admin/builder/spi-builder-workspace/.derivedData/Build/Intermediates.noindex/iShader.build/Debug-appletvos/iShader_ColorEffect-b.build/Metal/Gamma.air -MMD -MT dependencies -MF /Users/admin/builder/spi-builder-workspace/.derivedData/Build/Intermediates.noindex/iShader.build/Debug-appletvos/iShader_ColorEffect-b.build/Metal/Gamma.dat /Users/admin/builder/spi-builder-workspace/Sources/ColorEffect/Shaders/Gamma.metal
CompileMetalFile /Users/admin/builder/spi-builder-workspace/Sources/ColorEffect/Shaders/FilmGrain.metal (in target 'iShader_ColorEffect' from project 'iShader')
cd /Users/admin/builder/spi-builder-workspace
/var/run/com.apple.security.cryptexd/mnt/com.apple.MobileAsset.MetalToolchain-v27.1.266.1.78lpA9/Metal.xctoolchain/usr/bin/metal -c -target air64-apple-tvos15.0 -I/Users/admin/builder/spi-builder-workspace/.derivedData/Build/Products/Debug-appletvos/include -F/Users/admin/builder/spi-builder-workspace/.derivedData/Build/Products/Debug-appletvos -isysroot /Applications/Xcode-27.0.0-Release.Candidate.app/Contents/Developer/Platforms/AppleTVOS.platform/Developer/SDKs/AppleTVOS27.0.sdk -fmetal-math-mode\=fast -fmetal-math-fp32-functions\=fast -serialize-diagnostics /Users/admin/builder/spi-builder-workspace/.derivedData/Build/Intermediates.noindex/iShader.build/Debug-appletvos/iShader_ColorEffect-b.build/Metal/FilmGrain.dia -o /Users/admin/builder/spi-builder-workspace/.derivedData/Build/Intermediates.noindex/iShader.build/Debug-appletvos/iShader_ColorEffect-b.build/Metal/FilmGrain.air -MMD -MT dependencies -MF /Users/admin/builder/spi-builder-workspace/.derivedData/Build/Intermediates.noindex/iShader.build/Debug-appletvos/iShader_ColorEffect-b.build/Metal/FilmGrain.dat /Users/admin/builder/spi-builder-workspace/Sources/ColorEffect/Shaders/FilmGrain.metal
CompileMetalFile /Users/admin/builder/spi-builder-workspace/Sources/ColorEffect/Shaders/Exposure.metal (in target 'iShader_ColorEffect' from project 'iShader')
cd /Users/admin/builder/spi-builder-workspace
/var/run/com.apple.security.cryptexd/mnt/com.apple.MobileAsset.MetalToolchain-v27.1.266.1.78lpA9/Metal.xctoolchain/usr/bin/metal -c -target air64-apple-tvos15.0 -I/Users/admin/builder/spi-builder-workspace/.derivedData/Build/Products/Debug-appletvos/include -F/Users/admin/builder/spi-builder-workspace/.derivedData/Build/Products/Debug-appletvos -isysroot /Applications/Xcode-27.0.0-Release.Candidate.app/Contents/Developer/Platforms/AppleTVOS.platform/Developer/SDKs/AppleTVOS27.0.sdk -fmetal-math-mode\=fast -fmetal-math-fp32-functions\=fast -serialize-diagnostics /Users/admin/builder/spi-builder-workspace/.derivedData/Build/Intermediates.noindex/iShader.build/Debug-appletvos/iShader_ColorEffect-b.build/Metal/Exposure.dia -o /Users/admin/builder/spi-builder-workspace/.derivedData/Build/Intermediates.noindex/iShader.build/Debug-appletvos/iShader_ColorEffect-b.build/Metal/Exposure.air -MMD -MT dependencies -MF /Users/admin/builder/spi-builder-workspace/.derivedData/Build/Intermediates.noindex/iShader.build/Debug-appletvos/iShader_ColorEffect-b.build/Metal/Exposure.dat /Users/admin/builder/spi-builder-workspace/Sources/ColorEffect/Shaders/Exposure.metal
CompileMetalFile /Users/admin/builder/spi-builder-workspace/Sources/ColorEffect/Shaders/CRT.metal (in target 'iShader_ColorEffect' from project 'iShader')
cd /Users/admin/builder/spi-builder-workspace
/var/run/com.apple.security.cryptexd/mnt/com.apple.MobileAsset.MetalToolchain-v27.1.266.1.78lpA9/Metal.xctoolchain/usr/bin/metal -c -target air64-apple-tvos15.0 -I/Users/admin/builder/spi-builder-workspace/.derivedData/Build/Products/Debug-appletvos/include -F/Users/admin/builder/spi-builder-workspace/.derivedData/Build/Products/Debug-appletvos -isysroot /Applications/Xcode-27.0.0-Release.Candidate.app/Contents/Developer/Platforms/AppleTVOS.platform/Developer/SDKs/AppleTVOS27.0.sdk -fmetal-math-mode\=fast -fmetal-math-fp32-functions\=fast -serialize-diagnostics /Users/admin/builder/spi-builder-workspace/.derivedData/Build/Intermediates.noindex/iShader.build/Debug-appletvos/iShader_ColorEffect-b.build/Metal/CRT.dia -o /Users/admin/builder/spi-builder-workspace/.derivedData/Build/Intermediates.noindex/iShader.build/Debug-appletvos/iShader_ColorEffect-b.build/Metal/CRT.air -MMD -MT dependencies -MF /Users/admin/builder/spi-builder-workspace/.derivedData/Build/Intermediates.noindex/iShader.build/Debug-appletvos/iShader_ColorEffect-b.build/Metal/CRT.dat /Users/admin/builder/spi-builder-workspace/Sources/ColorEffect/Shaders/CRT.metal
ProcessInfoPlistFile /Users/admin/builder/spi-builder-workspace/.derivedData/Build/Products/Debug-appletvos/iShader_AudioVisualizer.bundle/Info.plist /Users/admin/builder/spi-builder-workspace/.derivedData/Build/Intermediates.noindex/iShader.build/Debug-appletvos/iShader_AudioVisualizer-b.build/empty-iShader_AudioVisualizer.plist (in target 'iShader_AudioVisualizer' from project 'iShader')
cd /Users/admin/builder/spi-builder-workspace
builtin-infoPlistUtility /Users/admin/builder/spi-builder-workspace/.derivedData/Build/Intermediates.noindex/iShader.build/Debug-appletvos/iShader_AudioVisualizer-b.build/empty-iShader_AudioVisualizer.plist -producttype com.apple.product-type.bundle -expandbuildsettings -format binary -platform appletvos -o /Users/admin/builder/spi-builder-workspace/.derivedData/Build/Products/Debug-appletvos/iShader_AudioVisualizer.bundle/Info.plist
SwiftDriver Transition normal arm64 com.apple.xcode.tools.swift.compiler (in target 'Transition' from project 'iShader')
cd /Users/admin/builder/spi-builder-workspace/.swiftpm/xcode
builtin-SwiftDriver -- /Applications/Xcode-27.0.0-Release.Candidate.app/Contents/Developer/Toolchains/XcodeDefault.xctoolchain/usr/bin/swiftc -parse-as-library -module-name Transition -Onone @/Users/admin/builder/spi-builder-workspace/.derivedData/Build/Intermediates.noindex/iShader.build/Debug-appletvos/Transition-t.build/Objects-normal/arm64/Transition.SwiftFileList -DSWIFT_PACKAGE -DDEBUG -DSWIFT_MODULE_RESOURCE_BUNDLE_AVAILABLE -DXcode -plugin-path /Applications/Xcode-27.0.0-Release.Candidate.app/Contents/Developer/Toolchains/XcodeDefault.xctoolchain/usr/lib/swift/host/plugins/testing -enable-experimental-feature DebugDescriptionMacro -sdk /Applications/Xcode-27.0.0-Release.Candidate.app/Contents/Developer/Platforms/AppleTVOS.platform/Developer/SDKs/AppleTVOS27.0.sdk -target arm64-apple-tvos15.0 -g -module-cache-path /Users/admin/builder/spi-builder-workspace/.derivedData/ModuleCache.noindex -Xfrontend -serialize-debugging-options -profile-coverage-mapping -profile-generate -enable-testing -index-store-path /Users/admin/builder/spi-builder-workspace/.derivedData/Index.noindex/DataStore -Xcc -D_LIBCPP_HARDENING_MODE\=_LIBCPP_HARDENING_MODE_DEBUG -swift-version 5 -I /Users/admin/builder/spi-builder-workspace/.derivedData/Build/Products/Debug-appletvos -Isystem /Applications/Xcode-27.0.0-Release.Candidate.app/Contents/Developer/Platforms/AppleTVOS.platform/Developer/usr/lib -F /Users/admin/builder/spi-builder-workspace/.derivedData/Build/Products/Debug-appletvos -F /Applications/Xcode-27.0.0-Release.Candidate.app/Contents/Developer/Platforms/AppleTVOS.platform/Developer/Library/Frameworks -F /Applications/Xcode-27.0.0-Release.Candidate.app/Contents/Developer/Platforms/AppleTVOS.platform/Developer/SDKs/AppleTVOS27.0.sdk/Developer/Library/Frameworks -c -j10 -enable-batch-mode -incremental -Xcc -ivfsstatcache -Xcc /Users/admin/builder/spi-builder-workspace/.derivedData/SDKStatCaches.noindex/appletvos27.0-24J360-e829b21a6f8c9b70876ba0858053c044b32bfd8d43560033f8d89884cdb90028.sdkstatcache -output-file-map /Users/admin/builder/spi-builder-workspace/.derivedData/Build/Intermediates.noindex/iShader.build/Debug-appletvos/Transition-t.build/Objects-normal/arm64/Transition-OutputFileMap.json -save-temps -no-color-diagnostics -explicit-module-build -module-cache-path /Users/admin/builder/spi-builder-workspace/.derivedData/Build/Intermediates.noindex/SwiftExplicitPrecompiledModules -clang-scanner-module-cache-path /Users/admin/builder/spi-builder-workspace/.derivedData/ModuleCache.noindex -sdk-module-cache-path /Users/admin/builder/spi-builder-workspace/.derivedData/SDKExplicitPrecompiledModules -emit-dependencies -emit-module -emit-module-path /Users/admin/builder/spi-builder-workspace/.derivedData/Build/Intermediates.noindex/iShader.build/Debug-appletvos/Transition-t.build/Objects-normal/arm64/Transition.swiftmodule -serialize-diagnostics -dependency-scan-serialize-diagnostics-path /Users/admin/builder/spi-builder-workspace/.derivedData/Build/Intermediates.noindex/iShader.build/Debug-appletvos/Transition-t.build/Objects-normal/arm64/Transition-dependency-scan.dia -validate-clang-modules-once -clang-build-session-file /Users/admin/builder/spi-builder-workspace/.derivedData/ModuleCache.noindex/Session.modulevalidation -Xcc -fmodules-prune-interval\=86400 -Xcc -fmodules-prune-after\=345600 -package-name spi_builder_workspace -emit-const-values -const-gather-protocols-list /Users/admin/builder/spi-builder-workspace/.derivedData/Build/Intermediates.noindex/iShader.build/Debug-appletvos/Transition-t.build/Objects-normal/arm64/Transition_const_extract_protocols.json -Xcc -I/Users/admin/builder/spi-builder-workspace/.derivedData/Build/Products/Debug-appletvos/include -Xcc -I/Users/admin/builder/spi-builder-workspace/.derivedData/Build/Intermediates.noindex/iShader.build/Debug-appletvos/Transition-t.build/DerivedSources-normal/arm64 -Xcc -I/Users/admin/builder/spi-builder-workspace/.derivedData/Build/Intermediates.noindex/iShader.build/Debug-appletvos/Transition-t.build/DerivedSources/arm64 -Xcc -I/Users/admin/builder/spi-builder-workspace/.derivedData/Build/Intermediates.noindex/iShader.build/Debug-appletvos/Transition-t.build/DerivedSources -Xcc -DSWIFT_PACKAGE -Xcc -DDEBUG\=1 -emit-objc-header -emit-objc-header-path /Users/admin/builder/spi-builder-workspace/.derivedData/Build/Intermediates.noindex/iShader.build/Debug-appletvos/Transition-t.build/Objects-normal/arm64/Transition-Swift.h -working-directory /Users/admin/builder/spi-builder-workspace/.swiftpm/xcode -experimental-emit-module-separately -disable-cmo
CompileMetalFile /Users/admin/builder/spi-builder-workspace/Sources/AudioVisualizer/Shaders/WavesRemix.metal (in target 'iShader_AudioVisualizer' from project 'iShader')
cd /Users/admin/builder/spi-builder-workspace
/var/run/com.apple.security.cryptexd/mnt/com.apple.MobileAsset.MetalToolchain-v27.1.266.1.78lpA9/Metal.xctoolchain/usr/bin/metal -c -target air64-apple-tvos15.0 -I/Users/admin/builder/spi-builder-workspace/.derivedData/Build/Products/Debug-appletvos/include -F/Users/admin/builder/spi-builder-workspace/.derivedData/Build/Products/Debug-appletvos -isysroot /Applications/Xcode-27.0.0-Release.Candidate.app/Contents/Developer/Platforms/AppleTVOS.platform/Developer/SDKs/AppleTVOS27.0.sdk -fmetal-math-mode\=fast -fmetal-math-fp32-functions\=fast -serialize-diagnostics /Users/admin/builder/spi-builder-workspace/.derivedData/Build/Intermediates.noindex/iShader.build/Debug-appletvos/iShader_AudioVisualizer-b.build/Metal/WavesRemix.dia -o /Users/admin/builder/spi-builder-workspace/.derivedData/Build/Intermediates.noindex/iShader.build/Debug-appletvos/iShader_AudioVisualizer-b.build/Metal/WavesRemix.air -MMD -MT dependencies -MF /Users/admin/builder/spi-builder-workspace/.derivedData/Build/Intermediates.noindex/iShader.build/Debug-appletvos/iShader_AudioVisualizer-b.build/Metal/WavesRemix.dat /Users/admin/builder/spi-builder-workspace/Sources/AudioVisualizer/Shaders/WavesRemix.metal
CompileMetalFile /Users/admin/builder/spi-builder-workspace/Sources/AudioVisualizer/Shaders/UniverseWithin.metal (in target 'iShader_AudioVisualizer' from project 'iShader')
cd /Users/admin/builder/spi-builder-workspace
/var/run/com.apple.security.cryptexd/mnt/com.apple.MobileAsset.MetalToolchain-v27.1.266.1.78lpA9/Metal.xctoolchain/usr/bin/metal -c -target air64-apple-tvos15.0 -I/Users/admin/builder/spi-builder-workspace/.derivedData/Build/Products/Debug-appletvos/include -F/Users/admin/builder/spi-builder-workspace/.derivedData/Build/Products/Debug-appletvos -isysroot /Applications/Xcode-27.0.0-Release.Candidate.app/Contents/Developer/Platforms/AppleTVOS.platform/Developer/SDKs/AppleTVOS27.0.sdk -fmetal-math-mode\=fast -fmetal-math-fp32-functions\=fast -serialize-diagnostics /Users/admin/builder/spi-builder-workspace/.derivedData/Build/Intermediates.noindex/iShader.build/Debug-appletvos/iShader_AudioVisualizer-b.build/Metal/UniverseWithin.dia -o /Users/admin/builder/spi-builder-workspace/.derivedData/Build/Intermediates.noindex/iShader.build/Debug-appletvos/iShader_AudioVisualizer-b.build/Metal/UniverseWithin.air -MMD -MT dependencies -MF /Users/admin/builder/spi-builder-workspace/.derivedData/Build/Intermediates.noindex/iShader.build/Debug-appletvos/iShader_AudioVisualizer-b.build/Metal/UniverseWithin.dat /Users/admin/builder/spi-builder-workspace/Sources/AudioVisualizer/Shaders/UniverseWithin.metal
CompileMetalFile /Users/admin/builder/spi-builder-workspace/Sources/AudioVisualizer/Shaders/SineSoundWaves.metal (in target 'iShader_AudioVisualizer' from project 'iShader')
cd /Users/admin/builder/spi-builder-workspace
/var/run/com.apple.security.cryptexd/mnt/com.apple.MobileAsset.MetalToolchain-v27.1.266.1.78lpA9/Metal.xctoolchain/usr/bin/metal -c -target air64-apple-tvos15.0 -I/Users/admin/builder/spi-builder-workspace/.derivedData/Build/Products/Debug-appletvos/include -F/Users/admin/builder/spi-builder-workspace/.derivedData/Build/Products/Debug-appletvos -isysroot /Applications/Xcode-27.0.0-Release.Candidate.app/Contents/Developer/Platforms/AppleTVOS.platform/Developer/SDKs/AppleTVOS27.0.sdk -fmetal-math-mode\=fast -fmetal-math-fp32-functions\=fast -serialize-diagnostics /Users/admin/builder/spi-builder-workspace/.derivedData/Build/Intermediates.noindex/iShader.build/Debug-appletvos/iShader_AudioVisualizer-b.build/Metal/SineSoundWaves.dia -o /Users/admin/builder/spi-builder-workspace/.derivedData/Build/Intermediates.noindex/iShader.build/Debug-appletvos/iShader_AudioVisualizer-b.build/Metal/SineSoundWaves.air -MMD -MT dependencies -MF /Users/admin/builder/spi-builder-workspace/.derivedData/Build/Intermediates.noindex/iShader.build/Debug-appletvos/iShader_AudioVisualizer-b.build/Metal/SineSoundWaves.dat /Users/admin/builder/spi-builder-workspace/Sources/AudioVisualizer/Shaders/SineSoundWaves.metal
CompileMetalFile /Users/admin/builder/spi-builder-workspace/Sources/AudioVisualizer/Shaders/ShadesOfMusic.metal (in target 'iShader_AudioVisualizer' from project 'iShader')
cd /Users/admin/builder/spi-builder-workspace
/var/run/com.apple.security.cryptexd/mnt/com.apple.MobileAsset.MetalToolchain-v27.1.266.1.78lpA9/Metal.xctoolchain/usr/bin/metal -c -target air64-apple-tvos15.0 -I/Users/admin/builder/spi-builder-workspace/.derivedData/Build/Products/Debug-appletvos/include -F/Users/admin/builder/spi-builder-workspace/.derivedData/Build/Products/Debug-appletvos -isysroot /Applications/Xcode-27.0.0-Release.Candidate.app/Contents/Developer/Platforms/AppleTVOS.platform/Developer/SDKs/AppleTVOS27.0.sdk -fmetal-math-mode\=fast -fmetal-math-fp32-functions\=fast -serialize-diagnostics /Users/admin/builder/spi-builder-workspace/.derivedData/Build/Intermediates.noindex/iShader.build/Debug-appletvos/iShader_AudioVisualizer-b.build/Metal/ShadesOfMusic.dia -o /Users/admin/builder/spi-builder-workspace/.derivedData/Build/Intermediates.noindex/iShader.build/Debug-appletvos/iShader_AudioVisualizer-b.build/Metal/ShadesOfMusic.air -MMD -MT dependencies -MF /Users/admin/builder/spi-builder-workspace/.derivedData/Build/Intermediates.noindex/iShader.build/Debug-appletvos/iShader_AudioVisualizer-b.build/Metal/ShadesOfMusic.dat /Users/admin/builder/spi-builder-workspace/Sources/AudioVisualizer/Shaders/ShadesOfMusic.metal
CompileMetalFile /Users/admin/builder/spi-builder-workspace/Sources/AudioVisualizer/Shaders/RoundAudioSpecturm.metal (in target 'iShader_AudioVisualizer' from project 'iShader')
cd /Users/admin/builder/spi-builder-workspace
/var/run/com.apple.security.cryptexd/mnt/com.apple.MobileAsset.MetalToolchain-v27.1.266.1.78lpA9/Metal.xctoolchain/usr/bin/metal -c -target air64-apple-tvos15.0 -I/Users/admin/builder/spi-builder-workspace/.derivedData/Build/Products/Debug-appletvos/include -F/Users/admin/builder/spi-builder-workspace/.derivedData/Build/Products/Debug-appletvos -isysroot /Applications/Xcode-27.0.0-Release.Candidate.app/Contents/Developer/Platforms/AppleTVOS.platform/Developer/SDKs/AppleTVOS27.0.sdk -fmetal-math-mode\=fast -fmetal-math-fp32-functions\=fast -serialize-diagnostics /Users/admin/builder/spi-builder-workspace/.derivedData/Build/Intermediates.noindex/iShader.build/Debug-appletvos/iShader_AudioVisualizer-b.build/Metal/RoundAudioSpecturm.dia -o /Users/admin/builder/spi-builder-workspace/.derivedData/Build/Intermediates.noindex/iShader.build/Debug-appletvos/iShader_AudioVisualizer-b.build/Metal/RoundAudioSpecturm.air -MMD -MT dependencies -MF /Users/admin/builder/spi-builder-workspace/.derivedData/Build/Intermediates.noindex/iShader.build/Debug-appletvos/iShader_AudioVisualizer-b.build/Metal/RoundAudioSpecturm.dat /Users/admin/builder/spi-builder-workspace/Sources/AudioVisualizer/Shaders/RoundAudioSpecturm.metal
MetalLink /Users/admin/builder/spi-builder-workspace/.derivedData/Build/Products/Debug-appletvos/iShader_ColorEffect.bundle/default.metallib (in target 'iShader_ColorEffect' from project 'iShader')
cd /Users/admin/builder/spi-builder-workspace
/var/run/com.apple.security.cryptexd/mnt/com.apple.MobileAsset.MetalToolchain-v27.1.266.1.78lpA9/Metal.xctoolchain/usr/bin/metal -target air64-apple-tvos15.0 -o /Users/admin/builder/spi-builder-workspace/.derivedData/Build/Products/Debug-appletvos/iShader_ColorEffect.bundle/default.metallib /Users/admin/builder/spi-builder-workspace/.derivedData/Build/Intermediates.noindex/iShader.build/Debug-appletvos/iShader_ColorEffect-b.build/Metal/CRT.air /Users/admin/builder/spi-builder-workspace/.derivedData/Build/Intermediates.noindex/iShader.build/Debug-appletvos/iShader_ColorEffect-b.build/Metal/Exposure.air /Users/admin/builder/spi-builder-workspace/.derivedData/Build/Intermediates.noindex/iShader.build/Debug-appletvos/iShader_ColorEffect-b.build/Metal/FilmGrain.air /Users/admin/builder/spi-builder-workspace/.derivedData/Build/Intermediates.noindex/iShader.build/Debug-appletvos/iShader_ColorEffect-b.build/Metal/Gamma.air /Users/admin/builder/spi-builder-workspace/.derivedData/Build/Intermediates.noindex/iShader.build/Debug-appletvos/iShader_ColorEffect-b.build/Metal/Infrared.air /Users/admin/builder/spi-builder-workspace/.derivedData/Build/Intermediates.noindex/iShader.build/Debug-appletvos/iShader_ColorEffect-b.build/Metal/LightbulbScreen\ .air /Users/admin/builder/spi-builder-workspace/.derivedData/Build/Intermediates.noindex/iShader.build/Debug-appletvos/iShader_ColorEffect-b.build/Metal/Luminence.air /Users/admin/builder/spi-builder-workspace/.derivedData/Build/Intermediates.noindex/iShader.build/Debug-appletvos/iShader_ColorEffect-b.build/Metal/NightVision.air /Users/admin/builder/spi-builder-workspace/.derivedData/Build/Intermediates.noindex/iShader.build/Debug-appletvos/iShader_ColorEffect-b.build/Metal/TileableWaterCaustic.air /Users/admin/builder/spi-builder-workspace/.derivedData/Build/Intermediates.noindex/iShader.build/Debug-appletvos/iShader_ColorEffect-b.build/Metal/Vibrance.air /Users/admin/builder/spi-builder-workspace/.derivedData/Build/Intermediates.noindex/iShader.build/Debug-appletvos/iShader_ColorEffect-b.build/Metal/Vignette.air
CompileMetalFile /Users/admin/builder/spi-builder-workspace/Sources/AudioVisualizer/Shaders/GlowingSoundParticles.metal (in target 'iShader_AudioVisualizer' from project 'iShader')
cd /Users/admin/builder/spi-builder-workspace
/var/run/com.apple.security.cryptexd/mnt/com.apple.MobileAsset.MetalToolchain-v27.1.266.1.78lpA9/Metal.xctoolchain/usr/bin/metal -c -target air64-apple-tvos15.0 -I/Users/admin/builder/spi-builder-workspace/.derivedData/Build/Products/Debug-appletvos/include -F/Users/admin/builder/spi-builder-workspace/.derivedData/Build/Products/Debug-appletvos -isysroot /Applications/Xcode-27.0.0-Release.Candidate.app/Contents/Developer/Platforms/AppleTVOS.platform/Developer/SDKs/AppleTVOS27.0.sdk -fmetal-math-mode\=fast -fmetal-math-fp32-functions\=fast -serialize-diagnostics /Users/admin/builder/spi-builder-workspace/.derivedData/Build/Intermediates.noindex/iShader.build/Debug-appletvos/iShader_AudioVisualizer-b.build/Metal/GlowingSoundParticles.dia -o /Users/admin/builder/spi-builder-workspace/.derivedData/Build/Intermediates.noindex/iShader.build/Debug-appletvos/iShader_AudioVisualizer-b.build/Metal/GlowingSoundParticles.air -MMD -MT dependencies -MF /Users/admin/builder/spi-builder-workspace/.derivedData/Build/Intermediates.noindex/iShader.build/Debug-appletvos/iShader_AudioVisualizer-b.build/Metal/GlowingSoundParticles.dat /Users/admin/builder/spi-builder-workspace/Sources/AudioVisualizer/Shaders/GlowingSoundParticles.metal
CompileMetalFile /Users/admin/builder/spi-builder-workspace/Sources/AudioVisualizer/Shaders/GalaxyVisuals.metal (in target 'iShader_AudioVisualizer' from project 'iShader')
cd /Users/admin/builder/spi-builder-workspace
/var/run/com.apple.security.cryptexd/mnt/com.apple.MobileAsset.MetalToolchain-v27.1.266.1.78lpA9/Metal.xctoolchain/usr/bin/metal -c -target air64-apple-tvos15.0 -I/Users/admin/builder/spi-builder-workspace/.derivedData/Build/Products/Debug-appletvos/include -F/Users/admin/builder/spi-builder-workspace/.derivedData/Build/Products/Debug-appletvos -isysroot /Applications/Xcode-27.0.0-Release.Candidate.app/Contents/Developer/Platforms/AppleTVOS.platform/Developer/SDKs/AppleTVOS27.0.sdk -fmetal-math-mode\=fast -fmetal-math-fp32-functions\=fast -serialize-diagnostics /Users/admin/builder/spi-builder-workspace/.derivedData/Build/Intermediates.noindex/iShader.build/Debug-appletvos/iShader_AudioVisualizer-b.build/Metal/GalaxyVisuals.dia -o /Users/admin/builder/spi-builder-workspace/.derivedData/Build/Intermediates.noindex/iShader.build/Debug-appletvos/iShader_AudioVisualizer-b.build/Metal/GalaxyVisuals.air -MMD -MT dependencies -MF /Users/admin/builder/spi-builder-workspace/.derivedData/Build/Intermediates.noindex/iShader.build/Debug-appletvos/iShader_AudioVisualizer-b.build/Metal/GalaxyVisuals.dat /Users/admin/builder/spi-builder-workspace/Sources/AudioVisualizer/Shaders/GalaxyVisuals.metal
CompileMetalFile /Users/admin/builder/spi-builder-workspace/Sources/AudioVisualizer/Shaders/AudioEclipse.metal (in target 'iShader_AudioVisualizer' from project 'iShader')
cd /Users/admin/builder/spi-builder-workspace
/var/run/com.apple.security.cryptexd/mnt/com.apple.MobileAsset.MetalToolchain-v27.1.266.1.78lpA9/Metal.xctoolchain/usr/bin/metal -c -target air64-apple-tvos15.0 -I/Users/admin/builder/spi-builder-workspace/.derivedData/Build/Products/Debug-appletvos/include -F/Users/admin/builder/spi-builder-workspace/.derivedData/Build/Products/Debug-appletvos -isysroot /Applications/Xcode-27.0.0-Release.Candidate.app/Contents/Developer/Platforms/AppleTVOS.platform/Developer/SDKs/AppleTVOS27.0.sdk -fmetal-math-mode\=fast -fmetal-math-fp32-functions\=fast -serialize-diagnostics /Users/admin/builder/spi-builder-workspace/.derivedData/Build/Intermediates.noindex/iShader.build/Debug-appletvos/iShader_AudioVisualizer-b.build/Metal/AudioEclipse.dia -o /Users/admin/builder/spi-builder-workspace/.derivedData/Build/Intermediates.noindex/iShader.build/Debug-appletvos/iShader_AudioVisualizer-b.build/Metal/AudioEclipse.air -MMD -MT dependencies -MF /Users/admin/builder/spi-builder-workspace/.derivedData/Build/Intermediates.noindex/iShader.build/Debug-appletvos/iShader_AudioVisualizer-b.build/Metal/AudioEclipse.dat /Users/admin/builder/spi-builder-workspace/Sources/AudioVisualizer/Shaders/AudioEclipse.metal
SwiftDriver ShaderArt normal arm64 com.apple.xcode.tools.swift.compiler (in target 'ShaderArt' from project 'iShader')
cd /Users/admin/builder/spi-builder-workspace/.swiftpm/xcode
builtin-SwiftDriver -- /Applications/Xcode-27.0.0-Release.Candidate.app/Contents/Developer/Toolchains/XcodeDefault.xctoolchain/usr/bin/swiftc -parse-as-library -module-name ShaderArt -Onone @/Users/admin/builder/spi-builder-workspace/.derivedData/Build/Intermediates.noindex/iShader.build/Debug-appletvos/ShaderArt-t.build/Objects-normal/arm64/ShaderArt.SwiftFileList -DSWIFT_PACKAGE -DDEBUG -DSWIFT_MODULE_RESOURCE_BUNDLE_AVAILABLE -DXcode -plugin-path /Applications/Xcode-27.0.0-Release.Candidate.app/Contents/Developer/Toolchains/XcodeDefault.xctoolchain/usr/lib/swift/host/plugins/testing -enable-experimental-feature DebugDescriptionMacro -sdk /Applications/Xcode-27.0.0-Release.Candidate.app/Contents/Developer/Platforms/AppleTVOS.platform/Developer/SDKs/AppleTVOS27.0.sdk -target arm64-apple-tvos15.0 -g -module-cache-path /Users/admin/builder/spi-builder-workspace/.derivedData/ModuleCache.noindex -Xfrontend -serialize-debugging-options -profile-coverage-mapping -profile-generate -enable-testing -index-store-path /Users/admin/builder/spi-builder-workspace/.derivedData/Index.noindex/DataStore -Xcc -D_LIBCPP_HARDENING_MODE\=_LIBCPP_HARDENING_MODE_DEBUG -swift-version 5 -I /Users/admin/builder/spi-builder-workspace/.derivedData/Build/Products/Debug-appletvos -Isystem /Applications/Xcode-27.0.0-Release.Candidate.app/Contents/Developer/Platforms/AppleTVOS.platform/Developer/usr/lib -F /Users/admin/builder/spi-builder-workspace/.derivedData/Build/Products/Debug-appletvos -F /Applications/Xcode-27.0.0-Release.Candidate.app/Contents/Developer/Platforms/AppleTVOS.platform/Developer/Library/Frameworks -F /Applications/Xcode-27.0.0-Release.Candidate.app/Contents/Developer/Platforms/AppleTVOS.platform/Developer/SDKs/AppleTVOS27.0.sdk/Developer/Library/Frameworks -c -j10 -enable-batch-mode -incremental -Xcc -ivfsstatcache -Xcc /Users/admin/builder/spi-builder-workspace/.derivedData/SDKStatCaches.noindex/appletvos27.0-24J360-e829b21a6f8c9b70876ba0858053c044b32bfd8d43560033f8d89884cdb90028.sdkstatcache -output-file-map /Users/admin/builder/spi-builder-workspace/.derivedData/Build/Intermediates.noindex/iShader.build/Debug-appletvos/ShaderArt-t.build/Objects-normal/arm64/ShaderArt-OutputFileMap.json -save-temps -no-color-diagnostics -explicit-module-build -module-cache-path /Users/admin/builder/spi-builder-workspace/.derivedData/Build/Intermediates.noindex/SwiftExplicitPrecompiledModules -clang-scanner-module-cache-path /Users/admin/builder/spi-builder-workspace/.derivedData/ModuleCache.noindex -sdk-module-cache-path /Users/admin/builder/spi-builder-workspace/.derivedData/SDKExplicitPrecompiledModules -emit-dependencies -emit-module -emit-module-path /Users/admin/builder/spi-builder-workspace/.derivedData/Build/Intermediates.noindex/iShader.build/Debug-appletvos/ShaderArt-t.build/Objects-normal/arm64/ShaderArt.swiftmodule -serialize-diagnostics -dependency-scan-serialize-diagnostics-path /Users/admin/builder/spi-builder-workspace/.derivedData/Build/Intermediates.noindex/iShader.build/Debug-appletvos/ShaderArt-t.build/Objects-normal/arm64/ShaderArt-dependency-scan.dia -validate-clang-modules-once -clang-build-session-file /Users/admin/builder/spi-builder-workspace/.derivedData/ModuleCache.noindex/Session.modulevalidation -Xcc -fmodules-prune-interval\=86400 -Xcc -fmodules-prune-after\=345600 -package-name spi_builder_workspace -emit-const-values -const-gather-protocols-list /Users/admin/builder/spi-builder-workspace/.derivedData/Build/Intermediates.noindex/iShader.build/Debug-appletvos/ShaderArt-t.build/Objects-normal/arm64/ShaderArt_const_extract_protocols.json -Xcc -I/Users/admin/builder/spi-builder-workspace/.derivedData/Build/Products/Debug-appletvos/include -Xcc -I/Users/admin/builder/spi-builder-workspace/.derivedData/Build/Intermediates.noindex/iShader.build/Debug-appletvos/ShaderArt-t.build/DerivedSources-normal/arm64 -Xcc -I/Users/admin/builder/spi-builder-workspace/.derivedData/Build/Intermediates.noindex/iShader.build/Debug-appletvos/ShaderArt-t.build/DerivedSources/arm64 -Xcc -I/Users/admin/builder/spi-builder-workspace/.derivedData/Build/Intermediates.noindex/iShader.build/Debug-appletvos/ShaderArt-t.build/DerivedSources -Xcc -DSWIFT_PACKAGE -Xcc -DDEBUG\=1 -emit-objc-header -emit-objc-header-path /Users/admin/builder/spi-builder-workspace/.derivedData/Build/Intermediates.noindex/iShader.build/Debug-appletvos/ShaderArt-t.build/Objects-normal/arm64/ShaderArt-Swift.h -working-directory /Users/admin/builder/spi-builder-workspace/.swiftpm/xcode -experimental-emit-module-separately -disable-cmo
SwiftDriver LayerEffect normal arm64 com.apple.xcode.tools.swift.compiler (in target 'LayerEffect' from project 'iShader')
cd /Users/admin/builder/spi-builder-workspace/.swiftpm/xcode
builtin-SwiftDriver -- /Applications/Xcode-27.0.0-Release.Candidate.app/Contents/Developer/Toolchains/XcodeDefault.xctoolchain/usr/bin/swiftc -parse-as-library -module-name LayerEffect -Onone @/Users/admin/builder/spi-builder-workspace/.derivedData/Build/Intermediates.noindex/iShader.build/Debug-appletvos/LayerEffect-t.build/Objects-normal/arm64/LayerEffect.SwiftFileList -DSWIFT_PACKAGE -DDEBUG -DSWIFT_MODULE_RESOURCE_BUNDLE_AVAILABLE -DXcode -plugin-path /Applications/Xcode-27.0.0-Release.Candidate.app/Contents/Developer/Toolchains/XcodeDefault.xctoolchain/usr/lib/swift/host/plugins/testing -enable-experimental-feature DebugDescriptionMacro -sdk /Applications/Xcode-27.0.0-Release.Candidate.app/Contents/Developer/Platforms/AppleTVOS.platform/Developer/SDKs/AppleTVOS27.0.sdk -target arm64-apple-tvos15.0 -g -module-cache-path /Users/admin/builder/spi-builder-workspace/.derivedData/ModuleCache.noindex -Xfrontend -serialize-debugging-options -profile-coverage-mapping -profile-generate -enable-testing -index-store-path /Users/admin/builder/spi-builder-workspace/.derivedData/Index.noindex/DataStore -Xcc -D_LIBCPP_HARDENING_MODE\=_LIBCPP_HARDENING_MODE_DEBUG -swift-version 5 -I /Users/admin/builder/spi-builder-workspace/.derivedData/Build/Products/Debug-appletvos -Isystem /Applications/Xcode-27.0.0-Release.Candidate.app/Contents/Developer/Platforms/AppleTVOS.platform/Developer/usr/lib -F /Users/admin/builder/spi-builder-workspace/.derivedData/Build/Products/Debug-appletvos -F /Applications/Xcode-27.0.0-Release.Candidate.app/Contents/Developer/Platforms/AppleTVOS.platform/Developer/Library/Frameworks -F /Applications/Xcode-27.0.0-Release.Candidate.app/Contents/Developer/Platforms/AppleTVOS.platform/Developer/SDKs/AppleTVOS27.0.sdk/Developer/Library/Frameworks -c -j10 -enable-batch-mode -incremental -Xcc -ivfsstatcache -Xcc /Users/admin/builder/spi-builder-workspace/.derivedData/SDKStatCaches.noindex/appletvos27.0-24J360-e829b21a6f8c9b70876ba0858053c044b32bfd8d43560033f8d89884cdb90028.sdkstatcache -output-file-map /Users/admin/builder/spi-builder-workspace/.derivedData/Build/Intermediates.noindex/iShader.build/Debug-appletvos/LayerEffect-t.build/Objects-normal/arm64/LayerEffect-OutputFileMap.json -save-temps -no-color-diagnostics -explicit-module-build -module-cache-path /Users/admin/builder/spi-builder-workspace/.derivedData/Build/Intermediates.noindex/SwiftExplicitPrecompiledModules -clang-scanner-module-cache-path /Users/admin/builder/spi-builder-workspace/.derivedData/ModuleCache.noindex -sdk-module-cache-path /Users/admin/builder/spi-builder-workspace/.derivedData/SDKExplicitPrecompiledModules -emit-dependencies -emit-module -emit-module-path /Users/admin/builder/spi-builder-workspace/.derivedData/Build/Intermediates.noindex/iShader.build/Debug-appletvos/LayerEffect-t.build/Objects-normal/arm64/LayerEffect.swiftmodule -serialize-diagnostics -dependency-scan-serialize-diagnostics-path /Users/admin/builder/spi-builder-workspace/.derivedData/Build/Intermediates.noindex/iShader.build/Debug-appletvos/LayerEffect-t.build/Objects-normal/arm64/LayerEffect-dependency-scan.dia -validate-clang-modules-once -clang-build-session-file /Users/admin/builder/spi-builder-workspace/.derivedData/ModuleCache.noindex/Session.modulevalidation -Xcc -fmodules-prune-interval\=86400 -Xcc -fmodules-prune-after\=345600 -package-name spi_builder_workspace -emit-const-values -const-gather-protocols-list /Users/admin/builder/spi-builder-workspace/.derivedData/Build/Intermediates.noindex/iShader.build/Debug-appletvos/LayerEffect-t.build/Objects-normal/arm64/LayerEffect_const_extract_protocols.json -Xcc -I/Users/admin/builder/spi-builder-workspace/.derivedData/Build/Products/Debug-appletvos/include -Xcc -I/Users/admin/builder/spi-builder-workspace/.derivedData/Build/Intermediates.noindex/iShader.build/Debug-appletvos/LayerEffect-t.build/DerivedSources-normal/arm64 -Xcc -I/Users/admin/builder/spi-builder-workspace/.derivedData/Build/Intermediates.noindex/iShader.build/Debug-appletvos/LayerEffect-t.build/DerivedSources/arm64 -Xcc -I/Users/admin/builder/spi-builder-workspace/.derivedData/Build/Intermediates.noindex/iShader.build/Debug-appletvos/LayerEffect-t.build/DerivedSources -Xcc -DSWIFT_PACKAGE -Xcc -DDEBUG\=1 -emit-objc-header -emit-objc-header-path /Users/admin/builder/spi-builder-workspace/.derivedData/Build/Intermediates.noindex/iShader.build/Debug-appletvos/LayerEffect-t.build/Objects-normal/arm64/LayerEffect-Swift.h -working-directory /Users/admin/builder/spi-builder-workspace/.swiftpm/xcode -experimental-emit-module-separately -disable-cmo
SwiftDriver DistortionEffect normal arm64 com.apple.xcode.tools.swift.compiler (in target 'DistortionEffect' from project 'iShader')
cd /Users/admin/builder/spi-builder-workspace/.swiftpm/xcode
builtin-SwiftDriver -- /Applications/Xcode-27.0.0-Release.Candidate.app/Contents/Developer/Toolchains/XcodeDefault.xctoolchain/usr/bin/swiftc -parse-as-library -module-name DistortionEffect -Onone @/Users/admin/builder/spi-builder-workspace/.derivedData/Build/Intermediates.noindex/iShader.build/Debug-appletvos/DistortionEffect-t.build/Objects-normal/arm64/DistortionEffect.SwiftFileList -DSWIFT_PACKAGE -DDEBUG -DSWIFT_MODULE_RESOURCE_BUNDLE_AVAILABLE -DXcode -plugin-path /Applications/Xcode-27.0.0-Release.Candidate.app/Contents/Developer/Toolchains/XcodeDefault.xctoolchain/usr/lib/swift/host/plugins/testing -enable-experimental-feature DebugDescriptionMacro -sdk /Applications/Xcode-27.0.0-Release.Candidate.app/Contents/Developer/Platforms/AppleTVOS.platform/Developer/SDKs/AppleTVOS27.0.sdk -target arm64-apple-tvos15.0 -g -module-cache-path /Users/admin/builder/spi-builder-workspace/.derivedData/ModuleCache.noindex -Xfrontend -serialize-debugging-options -profile-coverage-mapping -profile-generate -enable-testing -index-store-path /Users/admin/builder/spi-builder-workspace/.derivedData/Index.noindex/DataStore -Xcc -D_LIBCPP_HARDENING_MODE\=_LIBCPP_HARDENING_MODE_DEBUG -swift-version 5 -I /Users/admin/builder/spi-builder-workspace/.derivedData/Build/Products/Debug-appletvos -Isystem /Applications/Xcode-27.0.0-Release.Candidate.app/Contents/Developer/Platforms/AppleTVOS.platform/Developer/usr/lib -F /Users/admin/builder/spi-builder-workspace/.derivedData/Build/Products/Debug-appletvos -F /Applications/Xcode-27.0.0-Release.Candidate.app/Contents/Developer/Platforms/AppleTVOS.platform/Developer/Library/Frameworks -F /Applications/Xcode-27.0.0-Release.Candidate.app/Contents/Developer/Platforms/AppleTVOS.platform/Developer/SDKs/AppleTVOS27.0.sdk/Developer/Library/Frameworks -c -j10 -enable-batch-mode -incremental -Xcc -ivfsstatcache -Xcc /Users/admin/builder/spi-builder-workspace/.derivedData/SDKStatCaches.noindex/appletvos27.0-24J360-e829b21a6f8c9b70876ba0858053c044b32bfd8d43560033f8d89884cdb90028.sdkstatcache -output-file-map /Users/admin/builder/spi-builder-workspace/.derivedData/Build/Intermediates.noindex/iShader.build/Debug-appletvos/DistortionEffect-t.build/Objects-normal/arm64/DistortionEffect-OutputFileMap.json -save-temps -no-color-diagnostics -explicit-module-build -module-cache-path /Users/admin/builder/spi-builder-workspace/.derivedData/Build/Intermediates.noindex/SwiftExplicitPrecompiledModules -clang-scanner-module-cache-path /Users/admin/builder/spi-builder-workspace/.derivedData/ModuleCache.noindex -sdk-module-cache-path /Users/admin/builder/spi-builder-workspace/.derivedData/SDKExplicitPrecompiledModules -emit-dependencies -emit-module -emit-module-path /Users/admin/builder/spi-builder-workspace/.derivedData/Build/Intermediates.noindex/iShader.build/Debug-appletvos/DistortionEffect-t.build/Objects-normal/arm64/DistortionEffect.swiftmodule -serialize-diagnostics -dependency-scan-serialize-diagnostics-path /Users/admin/builder/spi-builder-workspace/.derivedData/Build/Intermediates.noindex/iShader.build/Debug-appletvos/DistortionEffect-t.build/Objects-normal/arm64/DistortionEffect-dependency-scan.dia -validate-clang-modules-once -clang-build-session-file /Users/admin/builder/spi-builder-workspace/.derivedData/ModuleCache.noindex/Session.modulevalidation -Xcc -fmodules-prune-interval\=86400 -Xcc -fmodules-prune-after\=345600 -package-name spi_builder_workspace -emit-const-values -const-gather-protocols-list /Users/admin/builder/spi-builder-workspace/.derivedData/Build/Intermediates.noindex/iShader.build/Debug-appletvos/DistortionEffect-t.build/Objects-normal/arm64/DistortionEffect_const_extract_protocols.json -Xcc -I/Users/admin/builder/spi-builder-workspace/.derivedData/Build/Products/Debug-appletvos/include -Xcc -I/Users/admin/builder/spi-builder-workspace/.derivedData/Build/Intermediates.noindex/iShader.build/Debug-appletvos/DistortionEffect-t.build/DerivedSources-normal/arm64 -Xcc -I/Users/admin/builder/spi-builder-workspace/.derivedData/Build/Intermediates.noindex/iShader.build/Debug-appletvos/DistortionEffect-t.build/DerivedSources/arm64 -Xcc -I/Users/admin/builder/spi-builder-workspace/.derivedData/Build/Intermediates.noindex/iShader.build/Debug-appletvos/DistortionEffect-t.build/DerivedSources -Xcc -DSWIFT_PACKAGE -Xcc -DDEBUG\=1 -emit-objc-header -emit-objc-header-path /Users/admin/builder/spi-builder-workspace/.derivedData/Build/Intermediates.noindex/iShader.build/Debug-appletvos/DistortionEffect-t.build/Objects-normal/arm64/DistortionEffect-Swift.h -working-directory /Users/admin/builder/spi-builder-workspace/.swiftpm/xcode -experimental-emit-module-separately -disable-cmo
SwiftDriver ColorEffect normal arm64 com.apple.xcode.tools.swift.compiler (in target 'ColorEffect' from project 'iShader')
cd /Users/admin/builder/spi-builder-workspace/.swiftpm/xcode
builtin-SwiftDriver -- /Applications/Xcode-27.0.0-Release.Candidate.app/Contents/Developer/Toolchains/XcodeDefault.xctoolchain/usr/bin/swiftc -parse-as-library -module-name ColorEffect -Onone @/Users/admin/builder/spi-builder-workspace/.derivedData/Build/Intermediates.noindex/iShader.build/Debug-appletvos/ColorEffect-t.build/Objects-normal/arm64/ColorEffect.SwiftFileList -DSWIFT_PACKAGE -DDEBUG -DSWIFT_MODULE_RESOURCE_BUNDLE_AVAILABLE -DXcode -plugin-path /Applications/Xcode-27.0.0-Release.Candidate.app/Contents/Developer/Toolchains/XcodeDefault.xctoolchain/usr/lib/swift/host/plugins/testing -enable-experimental-feature DebugDescriptionMacro -sdk /Applications/Xcode-27.0.0-Release.Candidate.app/Contents/Developer/Platforms/AppleTVOS.platform/Developer/SDKs/AppleTVOS27.0.sdk -target arm64-apple-tvos15.0 -g -module-cache-path /Users/admin/builder/spi-builder-workspace/.derivedData/ModuleCache.noindex -Xfrontend -serialize-debugging-options -profile-coverage-mapping -profile-generate -enable-testing -index-store-path /Users/admin/builder/spi-builder-workspace/.derivedData/Index.noindex/DataStore -Xcc -D_LIBCPP_HARDENING_MODE\=_LIBCPP_HARDENING_MODE_DEBUG -swift-version 5 -I /Users/admin/builder/spi-builder-workspace/.derivedData/Build/Products/Debug-appletvos -Isystem /Applications/Xcode-27.0.0-Release.Candidate.app/Contents/Developer/Platforms/AppleTVOS.platform/Developer/usr/lib -F /Users/admin/builder/spi-builder-workspace/.derivedData/Build/Products/Debug-appletvos -F /Applications/Xcode-27.0.0-Release.Candidate.app/Contents/Developer/Platforms/AppleTVOS.platform/Developer/Library/Frameworks -F /Applications/Xcode-27.0.0-Release.Candidate.app/Contents/Developer/Platforms/AppleTVOS.platform/Developer/SDKs/AppleTVOS27.0.sdk/Developer/Library/Frameworks -c -j10 -enable-batch-mode -incremental -Xcc -ivfsstatcache -Xcc /Users/admin/builder/spi-builder-workspace/.derivedData/SDKStatCaches.noindex/appletvos27.0-24J360-e829b21a6f8c9b70876ba0858053c044b32bfd8d43560033f8d89884cdb90028.sdkstatcache -output-file-map /Users/admin/builder/spi-builder-workspace/.derivedData/Build/Intermediates.noindex/iShader.build/Debug-appletvos/ColorEffect-t.build/Objects-normal/arm64/ColorEffect-OutputFileMap.json -save-temps -no-color-diagnostics -explicit-module-build -module-cache-path /Users/admin/builder/spi-builder-workspace/.derivedData/Build/Intermediates.noindex/SwiftExplicitPrecompiledModules -clang-scanner-module-cache-path /Users/admin/builder/spi-builder-workspace/.derivedData/ModuleCache.noindex -sdk-module-cache-path /Users/admin/builder/spi-builder-workspace/.derivedData/SDKExplicitPrecompiledModules -emit-dependencies -emit-module -emit-module-path /Users/admin/builder/spi-builder-workspace/.derivedData/Build/Intermediates.noindex/iShader.build/Debug-appletvos/ColorEffect-t.build/Objects-normal/arm64/ColorEffect.swiftmodule -serialize-diagnostics -dependency-scan-serialize-diagnostics-path /Users/admin/builder/spi-builder-workspace/.derivedData/Build/Intermediates.noindex/iShader.build/Debug-appletvos/ColorEffect-t.build/Objects-normal/arm64/ColorEffect-dependency-scan.dia -validate-clang-modules-once -clang-build-session-file /Users/admin/builder/spi-builder-workspace/.derivedData/ModuleCache.noindex/Session.modulevalidation -Xcc -fmodules-prune-interval\=86400 -Xcc -fmodules-prune-after\=345600 -package-name spi_builder_workspace -emit-const-values -const-gather-protocols-list /Users/admin/builder/spi-builder-workspace/.derivedData/Build/Intermediates.noindex/iShader.build/Debug-appletvos/ColorEffect-t.build/Objects-normal/arm64/ColorEffect_const_extract_protocols.json -Xcc -I/Users/admin/builder/spi-builder-workspace/.derivedData/Build/Products/Debug-appletvos/include -Xcc -I/Users/admin/builder/spi-builder-workspace/.derivedData/Build/Intermediates.noindex/iShader.build/Debug-appletvos/ColorEffect-t.build/DerivedSources-normal/arm64 -Xcc -I/Users/admin/builder/spi-builder-workspace/.derivedData/Build/Intermediates.noindex/iShader.build/Debug-appletvos/ColorEffect-t.build/DerivedSources/arm64 -Xcc -I/Users/admin/builder/spi-builder-workspace/.derivedData/Build/Intermediates.noindex/iShader.build/Debug-appletvos/ColorEffect-t.build/DerivedSources -Xcc -DSWIFT_PACKAGE -Xcc -DDEBUG\=1 -emit-objc-header -emit-objc-header-path /Users/admin/builder/spi-builder-workspace/.derivedData/Build/Intermediates.noindex/iShader.build/Debug-appletvos/ColorEffect-t.build/Objects-normal/arm64/ColorEffect-Swift.h -working-directory /Users/admin/builder/spi-builder-workspace/.swiftpm/xcode -experimental-emit-module-separately -disable-cmo
MetalLink /Users/admin/builder/spi-builder-workspace/.derivedData/Build/Products/Debug-appletvos/iShader_AudioVisualizer.bundle/default.metallib (in target 'iShader_AudioVisualizer' from project 'iShader')
cd /Users/admin/builder/spi-builder-workspace
/var/run/com.apple.security.cryptexd/mnt/com.apple.MobileAsset.MetalToolchain-v27.1.266.1.78lpA9/Metal.xctoolchain/usr/bin/metal -target air64-apple-tvos15.0 -o /Users/admin/builder/spi-builder-workspace/.derivedData/Build/Products/Debug-appletvos/iShader_AudioVisualizer.bundle/default.metallib /Users/admin/builder/spi-builder-workspace/.derivedData/Build/Intermediates.noindex/iShader.build/Debug-appletvos/iShader_AudioVisualizer-b.build/Metal/AudioEclipse.air /Users/admin/builder/spi-builder-workspace/.derivedData/Build/Intermediates.noindex/iShader.build/Debug-appletvos/iShader_AudioVisualizer-b.build/Metal/GalaxyVisuals.air /Users/admin/builder/spi-builder-workspace/.derivedData/Build/Intermediates.noindex/iShader.build/Debug-appletvos/iShader_AudioVisualizer-b.build/Metal/GlowingSoundParticles.air /Users/admin/builder/spi-builder-workspace/.derivedData/Build/Intermediates.noindex/iShader.build/Debug-appletvos/iShader_AudioVisualizer-b.build/Metal/RoundAudioSpecturm.air /Users/admin/builder/spi-builder-workspace/.derivedData/Build/Intermediates.noindex/iShader.build/Debug-appletvos/iShader_AudioVisualizer-b.build/Metal/ShadesOfMusic.air /Users/admin/builder/spi-builder-workspace/.derivedData/Build/Intermediates.noindex/iShader.build/Debug-appletvos/iShader_AudioVisualizer-b.build/Metal/SineSoundWaves.air /Users/admin/builder/spi-builder-workspace/.derivedData/Build/Intermediates.noindex/iShader.build/Debug-appletvos/iShader_AudioVisualizer-b.build/Metal/UniverseWithin.air /Users/admin/builder/spi-builder-workspace/.derivedData/Build/Intermediates.noindex/iShader.build/Debug-appletvos/iShader_AudioVisualizer-b.build/Metal/WavesRemix.air
RegisterExecutionPolicyException /Users/admin/builder/spi-builder-workspace/.derivedData/Build/Products/Debug-appletvos/iShader_DistortionEffect.bundle (in target 'iShader_DistortionEffect' from project 'iShader')
cd /Users/admin/builder/spi-builder-workspace
builtin-RegisterExecutionPolicyException /Users/admin/builder/spi-builder-workspace/.derivedData/Build/Products/Debug-appletvos/iShader_DistortionEffect.bundle
RegisterExecutionPolicyException /Users/admin/builder/spi-builder-workspace/.derivedData/Build/Products/Debug-appletvos/iShader_Transition.bundle (in target 'iShader_Transition' from project 'iShader')
cd /Users/admin/builder/spi-builder-workspace
builtin-RegisterExecutionPolicyException /Users/admin/builder/spi-builder-workspace/.derivedData/Build/Products/Debug-appletvos/iShader_Transition.bundle
RegisterExecutionPolicyException /Users/admin/builder/spi-builder-workspace/.derivedData/Build/Products/Debug-appletvos/iShader_LayerEffect.bundle (in target 'iShader_LayerEffect' from project 'iShader')
cd /Users/admin/builder/spi-builder-workspace
builtin-RegisterExecutionPolicyException /Users/admin/builder/spi-builder-workspace/.derivedData/Build/Products/Debug-appletvos/iShader_LayerEffect.bundle
RegisterExecutionPolicyException /Users/admin/builder/spi-builder-workspace/.derivedData/Build/Products/Debug-appletvos/iShader_ColorEffect.bundle (in target 'iShader_ColorEffect' from project 'iShader')
cd /Users/admin/builder/spi-builder-workspace
builtin-RegisterExecutionPolicyException /Users/admin/builder/spi-builder-workspace/.derivedData/Build/Products/Debug-appletvos/iShader_ColorEffect.bundle
Touch /Users/admin/builder/spi-builder-workspace/.derivedData/Build/Products/Debug-appletvos/iShader_DistortionEffect.bundle (in target 'iShader_DistortionEffect' from project 'iShader')
cd /Users/admin/builder/spi-builder-workspace
/usr/bin/touch -c /Users/admin/builder/spi-builder-workspace/.derivedData/Build/Products/Debug-appletvos/iShader_DistortionEffect.bundle
Touch /Users/admin/builder/spi-builder-workspace/.derivedData/Build/Products/Debug-appletvos/iShader_Transition.bundle (in target 'iShader_Transition' from project 'iShader')
cd /Users/admin/builder/spi-builder-workspace
/usr/bin/touch -c /Users/admin/builder/spi-builder-workspace/.derivedData/Build/Products/Debug-appletvos/iShader_Transition.bundle
Touch /Users/admin/builder/spi-builder-workspace/.derivedData/Build/Products/Debug-appletvos/iShader_LayerEffect.bundle (in target 'iShader_LayerEffect' from project 'iShader')
cd /Users/admin/builder/spi-builder-workspace
/usr/bin/touch -c /Users/admin/builder/spi-builder-workspace/.derivedData/Build/Products/Debug-appletvos/iShader_LayerEffect.bundle
SwiftDriver AudioVisualizer normal arm64 com.apple.xcode.tools.swift.compiler (in target 'AudioVisualizer' from project 'iShader')
cd /Users/admin/builder/spi-builder-workspace/.swiftpm/xcode
builtin-SwiftDriver -- /Applications/Xcode-27.0.0-Release.Candidate.app/Contents/Developer/Toolchains/XcodeDefault.xctoolchain/usr/bin/swiftc -parse-as-library -module-name AudioVisualizer -Onone @/Users/admin/builder/spi-builder-workspace/.derivedData/Build/Intermediates.noindex/iShader.build/Debug-appletvos/AudioVisualizer-t.build/Objects-normal/arm64/AudioVisualizer.SwiftFileList -DSWIFT_PACKAGE -DDEBUG -DSWIFT_MODULE_RESOURCE_BUNDLE_AVAILABLE -DXcode -plugin-path /Applications/Xcode-27.0.0-Release.Candidate.app/Contents/Developer/Toolchains/XcodeDefault.xctoolchain/usr/lib/swift/host/plugins/testing -enable-experimental-feature DebugDescriptionMacro -sdk /Applications/Xcode-27.0.0-Release.Candidate.app/Contents/Developer/Platforms/AppleTVOS.platform/Developer/SDKs/AppleTVOS27.0.sdk -target arm64-apple-tvos15.0 -g -module-cache-path /Users/admin/builder/spi-builder-workspace/.derivedData/ModuleCache.noindex -Xfrontend -serialize-debugging-options -profile-coverage-mapping -profile-generate -enable-testing -index-store-path /Users/admin/builder/spi-builder-workspace/.derivedData/Index.noindex/DataStore -Xcc -D_LIBCPP_HARDENING_MODE\=_LIBCPP_HARDENING_MODE_DEBUG -swift-version 5 -I /Users/admin/builder/spi-builder-workspace/.derivedData/Build/Products/Debug-appletvos -Isystem /Applications/Xcode-27.0.0-Release.Candidate.app/Contents/Developer/Platforms/AppleTVOS.platform/Developer/usr/lib -F /Users/admin/builder/spi-builder-workspace/.derivedData/Build/Products/Debug-appletvos -F /Applications/Xcode-27.0.0-Release.Candidate.app/Contents/Developer/Platforms/AppleTVOS.platform/Developer/Library/Frameworks -F /Applications/Xcode-27.0.0-Release.Candidate.app/Contents/Developer/Platforms/AppleTVOS.platform/Developer/SDKs/AppleTVOS27.0.sdk/Developer/Library/Frameworks -c -j10 -enable-batch-mode -incremental -Xcc -ivfsstatcache -Xcc /Users/admin/builder/spi-builder-workspace/.derivedData/SDKStatCaches.noindex/appletvos27.0-24J360-e829b21a6f8c9b70876ba0858053c044b32bfd8d43560033f8d89884cdb90028.sdkstatcache -output-file-map /Users/admin/builder/spi-builder-workspace/.derivedData/Build/Intermediates.noindex/iShader.build/Debug-appletvos/AudioVisualizer-t.build/Objects-normal/arm64/AudioVisualizer-OutputFileMap.json -save-temps -no-color-diagnostics -explicit-module-build -module-cache-path /Users/admin/builder/spi-builder-workspace/.derivedData/Build/Intermediates.noindex/SwiftExplicitPrecompiledModules -clang-scanner-module-cache-path /Users/admin/builder/spi-builder-workspace/.derivedData/ModuleCache.noindex -sdk-module-cache-path /Users/admin/builder/spi-builder-workspace/.derivedData/SDKExplicitPrecompiledModules -emit-dependencies -emit-module -emit-module-path /Users/admin/builder/spi-builder-workspace/.derivedData/Build/Intermediates.noindex/iShader.build/Debug-appletvos/AudioVisualizer-t.build/Objects-normal/arm64/AudioVisualizer.swiftmodule -serialize-diagnostics -dependency-scan-serialize-diagnostics-path /Users/admin/builder/spi-builder-workspace/.derivedData/Build/Intermediates.noindex/iShader.build/Debug-appletvos/AudioVisualizer-t.build/Objects-normal/arm64/AudioVisualizer-dependency-scan.dia -validate-clang-modules-once -clang-build-session-file /Users/admin/builder/spi-builder-workspace/.derivedData/ModuleCache.noindex/Session.modulevalidation -Xcc -fmodules-prune-interval\=86400 -Xcc -fmodules-prune-after\=345600 -package-name spi_builder_workspace -emit-const-values -const-gather-protocols-list /Users/admin/builder/spi-builder-workspace/.derivedData/Build/Intermediates.noindex/iShader.build/Debug-appletvos/AudioVisualizer-t.build/Objects-normal/arm64/AudioVisualizer_const_extract_protocols.json -Xcc -I/Users/admin/builder/spi-builder-workspace/.derivedData/Build/Products/Debug-appletvos/include -Xcc -I/Users/admin/builder/spi-builder-workspace/.derivedData/Build/Intermediates.noindex/iShader.build/Debug-appletvos/AudioVisualizer-t.build/DerivedSources-normal/arm64 -Xcc -I/Users/admin/builder/spi-builder-workspace/.derivedData/Build/Intermediates.noindex/iShader.build/Debug-appletvos/AudioVisualizer-t.build/DerivedSources/arm64 -Xcc -I/Users/admin/builder/spi-builder-workspace/.derivedData/Build/Intermediates.noindex/iShader.build/Debug-appletvos/AudioVisualizer-t.build/DerivedSources -Xcc -DSWIFT_PACKAGE -Xcc -DDEBUG\=1 -emit-objc-header -emit-objc-header-path /Users/admin/builder/spi-builder-workspace/.derivedData/Build/Intermediates.noindex/iShader.build/Debug-appletvos/AudioVisualizer-t.build/Objects-normal/arm64/AudioVisualizer-Swift.h -working-directory /Users/admin/builder/spi-builder-workspace/.swiftpm/xcode -experimental-emit-module-separately -disable-cmo
Touch /Users/admin/builder/spi-builder-workspace/.derivedData/Build/Products/Debug-appletvos/iShader_ColorEffect.bundle (in target 'iShader_ColorEffect' from project 'iShader')
cd /Users/admin/builder/spi-builder-workspace
/usr/bin/touch -c /Users/admin/builder/spi-builder-workspace/.derivedData/Build/Products/Debug-appletvos/iShader_ColorEffect.bundle
RegisterExecutionPolicyException /Users/admin/builder/spi-builder-workspace/.derivedData/Build/Products/Debug-appletvos/iShader_AudioVisualizer.bundle (in target 'iShader_AudioVisualizer' from project 'iShader')
cd /Users/admin/builder/spi-builder-workspace
builtin-RegisterExecutionPolicyException /Users/admin/builder/spi-builder-workspace/.derivedData/Build/Products/Debug-appletvos/iShader_AudioVisualizer.bundle
Touch /Users/admin/builder/spi-builder-workspace/.derivedData/Build/Products/Debug-appletvos/iShader_AudioVisualizer.bundle (in target 'iShader_AudioVisualizer' from project 'iShader')
cd /Users/admin/builder/spi-builder-workspace
/usr/bin/touch -c /Users/admin/builder/spi-builder-workspace/.derivedData/Build/Products/Debug-appletvos/iShader_AudioVisualizer.bundle
RegisterExecutionPolicyException /Users/admin/builder/spi-builder-workspace/.derivedData/Build/Products/Debug-appletvos/iShader_ShaderArt.bundle (in target 'iShader_ShaderArt' from project 'iShader')
cd /Users/admin/builder/spi-builder-workspace
builtin-RegisterExecutionPolicyException /Users/admin/builder/spi-builder-workspace/.derivedData/Build/Products/Debug-appletvos/iShader_ShaderArt.bundle
Touch /Users/admin/builder/spi-builder-workspace/.derivedData/Build/Products/Debug-appletvos/iShader_ShaderArt.bundle (in target 'iShader_ShaderArt' from project 'iShader')
cd /Users/admin/builder/spi-builder-workspace
/usr/bin/touch -c /Users/admin/builder/spi-builder-workspace/.derivedData/Build/Products/Debug-appletvos/iShader_ShaderArt.bundle
SwiftExplicitDependencyGeneratePcm arm64 /Users/admin/builder/spi-builder-workspace/.derivedData/SDKExplicitPrecompiledModules/SwiftShims-8N4EXJ4RUJTR8K9OO3CMOH1EP.pcm
SwiftExplicitDependencyGeneratePcm arm64 /Users/admin/builder/spi-builder-workspace/.derivedData/SDKExplicitPrecompiledModules/_Builtin_stdarg-BO2OCAUYVAXDRVQWQ8ISKGNUQ.pcm
SwiftExplicitDependencyGeneratePcm arm64 /Users/admin/builder/spi-builder-workspace/.derivedData/SDKExplicitPrecompiledModules/ptrcheck-2AZ6B5IBYD3RRRTFWN2ONASY3.pcm
SwiftExplicitDependencyGeneratePcm arm64 /Users/admin/builder/spi-builder-workspace/.derivedData/SDKExplicitPrecompiledModules/_Builtin_stdbool-AHRDH5EKLY6D04C5E42F3VCQI.pcm
SwiftExplicitDependencyGeneratePcm arm64 /Users/admin/builder/spi-builder-workspace/.derivedData/SDKExplicitPrecompiledModules/_Builtin_float-8ZJAYZ85YBOAOP52Y9H6IUNP3.pcm
SwiftExplicitDependencyGeneratePcm arm64 /Users/admin/builder/spi-builder-workspace/.derivedData/SDKExplicitPrecompiledModules/_AvailabilityInternal-BV2EDDP0MI5QJDDPEEV4D9D3V.pcm
SwiftExplicitDependencyGeneratePcm arm64 /Users/admin/builder/spi-builder-workspace/.derivedData/SDKExplicitPrecompiledModules/ptrauth-8X2KEPL7CTRPS40TUB9APHPK6.pcm
SwiftExplicitDependencyGeneratePcm arm64 /Users/admin/builder/spi-builder-workspace/.derivedData/SDKExplicitPrecompiledModules/_SwiftConcurrencyShims-BY5PD8KF1L5KF6F4Q69HE3TJ4.pcm
SwiftExplicitDependencyGeneratePcm arm64 /Users/admin/builder/spi-builder-workspace/.derivedData/SDKExplicitPrecompiledModules/DeveloperToolsSupport-B1X8RI63V48AJRTH2RK6JAARV.pcm
SwiftExplicitDependencyGeneratePcm arm64 /Users/admin/builder/spi-builder-workspace/.derivedData/SDKExplicitPrecompiledModules/_Builtin_stddef-9ZJZ6FDEZNKTZU8YLPMFT9RAQ.pcm
SwiftExplicitDependencyGeneratePcm arm64 /Users/admin/builder/spi-builder-workspace/.derivedData/SDKExplicitPrecompiledModules/_DarwinFoundation1-JOTYMOA1YZCIJ2NON6FQ848O.pcm
SwiftExplicitDependencyGeneratePcm arm64 /Users/admin/builder/spi-builder-workspace/.derivedData/SDKExplicitPrecompiledModules/_DarwinFoundation2-AOGAN1O02NKXRJN5V73AV3V3M.pcm
SwiftExplicitDependencyGeneratePcm arm64 /Users/admin/builder/spi-builder-workspace/.derivedData/SDKExplicitPrecompiledModules/_Builtin_limits-7JU2HP127LIT1X9E2V3D8WZ1.pcm
SwiftExplicitDependencyGeneratePcm arm64 /Users/admin/builder/spi-builder-workspace/.derivedData/SDKExplicitPrecompiledModules/string_h-6EVHP7A717OUS5DMC78F79HWO.pcm
SwiftExplicitDependencyGeneratePcm arm64 /Users/admin/builder/spi-builder-workspace/.derivedData/SDKExplicitPrecompiledModules/sys_types-8GCAV1YMG5UUGHUID3CA20TCH.pcm
SwiftExplicitDependencyGeneratePcm arm64 /Users/admin/builder/spi-builder-workspace/.derivedData/SDKExplicitPrecompiledModules/_Builtin_stdint-6NFTB6IBKS143IVPGT1EKB7HO.pcm
SwiftExplicitDependencyGeneratePcm arm64 /Users/admin/builder/spi-builder-workspace/.derivedData/SDKExplicitPrecompiledModules/_Builtin_tgmath-7ULT1EUHDHW4OZPSTT33H6QGE.pcm
SwiftExplicitDependencyGeneratePcm arm64 /Users/admin/builder/spi-builder-workspace/.derivedData/SDKExplicitPrecompiledModules/_DarwinFoundation3-8SR3855WDFHQPR6G9GHOI2C07.pcm
SwiftExplicitDependencyGeneratePcm arm64 /Users/admin/builder/spi-builder-workspace/.derivedData/SDKExplicitPrecompiledModules/_Builtin_intrinsics-437O2R2NID4WAQVENR63GR82C.pcm
SwiftExplicitDependencyGeneratePcm arm64 /Users/admin/builder/spi-builder-workspace/.derivedData/SDKExplicitPrecompiledModules/_Builtin_stdatomic-3YXHN678NGYM3NL9POJ2HVEIF.pcm
SwiftExplicitDependencyGeneratePcm arm64 /Users/admin/builder/spi-builder-workspace/.derivedData/SDKExplicitPrecompiledModules/_Builtin_inttypes-6X1IQ3QK9KEVKXOK9Y79EW7J3.pcm
SwiftExplicitDependencyGeneratePcm arm64 /Users/admin/builder/spi-builder-workspace/.derivedData/SDKExplicitPrecompiledModules/Darwin-DBSQAVBBPC3D2OMU5ZI2RXMST.pcm
SwiftExplicitDependencyGeneratePcm arm64 /Users/admin/builder/spi-builder-workspace/.derivedData/SDKExplicitPrecompiledModules/simd-117QUXEUT3Z7UQCUYWV2UA228.pcm
SwiftExplicitDependencyGeneratePcm arm64 /Users/admin/builder/spi-builder-workspace/.derivedData/SDKExplicitPrecompiledModules/ObjectiveC-5250FDCE56N8508OR6XUYDKZM.pcm
SwiftExplicitDependencyGeneratePcm arm64 /Users/admin/builder/spi-builder-workspace/.derivedData/SDKExplicitPrecompiledModules/MachO-EH3F5PJCIZG05NO51CEFSZYPW.pcm
SwiftExplicitDependencyGeneratePcm arm64 /Users/admin/builder/spi-builder-workspace/.derivedData/SDKExplicitPrecompiledModules/os_object-E2DGZ0SX0TULQHULZRPO6OKNW.pcm
SwiftExplicitDependencyGeneratePcm arm64 /Users/admin/builder/spi-builder-workspace/.derivedData/SDKExplicitPrecompiledModules/os_workgroup-DBUFF7811DKMX7VPBOJPGGF1U.pcm
SwiftExplicitDependencyGeneratePcm arm64 /Users/admin/builder/spi-builder-workspace/.derivedData/SDKExplicitPrecompiledModules/Spatial-7U8NLEFXSB8BR7PJQGVMF5A4Q.pcm
SwiftExplicitDependencyGeneratePcm arm64 /Users/admin/builder/spi-builder-workspace/.derivedData/SDKExplicitPrecompiledModules/Dispatch-1QL58A0V50C39KVAIC6C38SHL.pcm
SwiftExplicitDependencyGeneratePcm arm64 /Users/admin/builder/spi-builder-workspace/.derivedData/SDKExplicitPrecompiledModules/XPC-6O2DJFT3QUJ7QKTD3SNUB6PCR.pcm
SwiftExplicitDependencyGeneratePcm arm64 /Users/admin/builder/spi-builder-workspace/.derivedData/SDKExplicitPrecompiledModules/CoreFoundation-7TPJ7ENDC4L1A1ESHYI9TXS0D.pcm
SwiftExplicitDependencyGeneratePcm arm64 /Users/admin/builder/spi-builder-workspace/.derivedData/SDKExplicitPrecompiledModules/os-3GJI8H0BNAEZPQPQ1V0VVY3FY.pcm
SwiftExplicitDependencyGeneratePcm arm64 /Users/admin/builder/spi-builder-workspace/.derivedData/SDKExplicitPrecompiledModules/CoreAudioTypes-E7EH96HAL3G83QSWLT7VWYIP4.pcm
SwiftExplicitDependencyGeneratePcm arm64 /Users/admin/builder/spi-builder-workspace/.derivedData/SDKExplicitPrecompiledModules/Security-8VMXEKVDA3MHUH9AOTP905DID.pcm
SwiftExplicitDependencyGeneratePcm arm64 /Users/admin/builder/spi-builder-workspace/.derivedData/SDKExplicitPrecompiledModules/CFNetwork-2CUR2VK9S3S3WPFXPNXNUWYGN.pcm
SwiftExplicitDependencyGeneratePcm arm64 /Users/admin/builder/spi-builder-workspace/.derivedData/SDKExplicitPrecompiledModules/CoreGraphics-CWSP3J98S2658BYCVL6RP99T3.pcm
SwiftExplicitDependencyGeneratePcm arm64 /Users/admin/builder/spi-builder-workspace/.derivedData/SDKExplicitPrecompiledModules/CoreAudio-6IR1XRM0Q9YQZMFW89F3H4V3X.pcm
SwiftExplicitDependencyGeneratePcm arm64 /Users/admin/builder/spi-builder-workspace/.derivedData/SDKExplicitPrecompiledModules/Foundation-BSSIP64DIGUKMAYJOG1WPQ78X.pcm
SwiftExplicitDependencyGeneratePcm arm64 /Users/admin/builder/spi-builder-workspace/.derivedData/SDKExplicitPrecompiledModules/CoreText-59NY7PABM0I4V978161FOC04A.pcm
SwiftExplicitDependencyGeneratePcm arm64 /Users/admin/builder/spi-builder-workspace/.derivedData/SDKExplicitPrecompiledModules/ImageIO-88D4CLEBD4CLWQKT78PZ6H1O8.pcm
SwiftExplicitDependencyGeneratePcm arm64 /Users/admin/builder/spi-builder-workspace/.derivedData/SDKExplicitPrecompiledModules/CoreData-DYMPHH3PH8AX9I1FHA4VFJ675.pcm
SwiftExplicitDependencyGeneratePcm arm64 /Users/admin/builder/spi-builder-workspace/.derivedData/SDKExplicitPrecompiledModules/_LocationEssentials-ETSJ65FELPWR8WH8G49R1DF2E.pcm
SwiftExplicitDependencyGeneratePcm arm64 /Users/admin/builder/spi-builder-workspace/.derivedData/SDKExplicitPrecompiledModules/Symbols-B5AU9VM9Y7NU79RLMH13Z4IFM.pcm
SwiftExplicitDependencyGeneratePcm arm64 /Users/admin/builder/spi-builder-workspace/.derivedData/SDKExplicitPrecompiledModules/OSLog-7OT6HHTMY0ZFEQJ095LJZ6NLC.pcm
SwiftExplicitDependencyGeneratePcm arm64 /Users/admin/builder/spi-builder-workspace/.derivedData/SDKExplicitPrecompiledModules/UniformTypeIdentifiers-95CC8U42ZA9STP5K6GP9ZVJS5.pcm
SwiftExplicitDependencyGeneratePcm arm64 /Users/admin/builder/spi-builder-workspace/.derivedData/SDKExplicitPrecompiledModules/UserNotifications-E9ZW5TH066WIJWH9080RC5NG4.pcm
SwiftExplicitDependencyGeneratePcm arm64 /Users/admin/builder/spi-builder-workspace/.derivedData/SDKExplicitPrecompiledModules/Accessibility-B6BODGZ4MQQTY0PBC4SHRP009.pcm
SwiftExplicitDependencyGeneratePcm arm64 /Users/admin/builder/spi-builder-workspace/.derivedData/SDKExplicitPrecompiledModules/CoreTransferable-7V4O8DATEQ9F7SDNTCW8YWLG3.pcm
SwiftExplicitDependencyGeneratePcm arm64 /Users/admin/builder/spi-builder-workspace/.derivedData/SDKExplicitPrecompiledModules/IOSurface-38FJ1CKX9FV2RD97O64Z7QB17.pcm
SwiftExplicitDependencyGeneratePcm arm64 /Users/admin/builder/spi-builder-workspace/.derivedData/SDKExplicitPrecompiledModules/UIUtilities-6ZFJ1AK4H8IBGEBMYQBWGBYLK.pcm
SwiftExplicitDependencyGeneratePcm arm64 /Users/admin/builder/spi-builder-workspace/.derivedData/SDKExplicitPrecompiledModules/DataDetection-37JIYZ2GWDA1L166PP1D9JKAF.pcm
SwiftExplicitDependencyGeneratePcm arm64 /Users/admin/builder/spi-builder-workspace/.derivedData/SDKExplicitPrecompiledModules/CoreLocation-YVXXAOMVX0JH2KO1XTTKTY51.pcm
SwiftExplicitDependencyGeneratePcm arm64 /Users/admin/builder/spi-builder-workspace/.derivedData/SDKExplicitPrecompiledModules/OpenGLES-4NY99CNDU9WUNUYEIXSS1QFGE.pcm
SwiftExplicitDependencyGeneratePcm arm64 /Users/admin/builder/spi-builder-workspace/.derivedData/SDKExplicitPrecompiledModules/Metal-2KYBS7IML1SD788M91YV7Q0CC.pcm
SwiftExplicitDependencyGeneratePcm arm64 /Users/admin/builder/spi-builder-workspace/.derivedData/SDKExplicitPrecompiledModules/CoreVideo-DPU0PB5X0XLSVA2ETRGI6FJBM.pcm
SwiftExplicitDependencyGeneratePcm arm64 /Users/admin/builder/spi-builder-workspace/.derivedData/SDKExplicitPrecompiledModules/CoreImage-7S2AFJ8EIY3DUFYLEAX1JR1QV.pcm
SwiftExplicitDependencyGeneratePcm arm64 /Users/admin/builder/spi-builder-workspace/.derivedData/SDKExplicitPrecompiledModules/QuartzCore-DJSYAWKXFGVSAK5CQMOB3JSR.pcm
SwiftExplicitDependencyGeneratePcm arm64 /Users/admin/builder/spi-builder-workspace/.derivedData/SDKExplicitPrecompiledModules/CoreMedia-4OUKVT03LV547KZJDPPJRJ4F8.pcm
SwiftExplicitDependencyGeneratePcm arm64 /Users/admin/builder/spi-builder-workspace/.derivedData/SDKExplicitPrecompiledModules/SwiftUICore-543QU5V2NHKUFCYFJDKUJ7NYG.pcm
SwiftExplicitDependencyGeneratePcm arm64 /Users/admin/builder/spi-builder-workspace/.derivedData/SDKExplicitPrecompiledModules/UIKit-1TKWN7VC2X6N3ITMRVA2G0EB2.pcm
SwiftExplicitDependencyGeneratePcm arm64 /Users/admin/builder/spi-builder-workspace/.derivedData/SDKExplicitPrecompiledModules/SwiftUI-7BV1YDT6IZWW6B8OC6ENV0Y0F.pcm
SwiftEmitModule normal arm64 Emitting\ module\ for\ Transition (in target 'Transition' from project 'iShader')
SwiftCompile normal arm64 (in target 'Transition' from project 'iShader')
cd /Users/admin/builder/spi-builder-workspace/.swiftpm/xcode
SwiftCompile normal arm64 Compiling\ ArtShaders.swift /Users/admin/builder/spi-builder-workspace/Sources/ShaderArt/2DArt/ArtShaders.swift (in target 'ShaderArt' from project 'iShader')
SwiftCompile normal arm64 /Users/admin/builder/spi-builder-workspace/Sources/ShaderArt/2DArt/ArtShaders.swift (in target 'ShaderArt' from project 'iShader')
cd /Users/admin/builder/spi-builder-workspace/.swiftpm/xcode
builtin-SwiftPerFileCompile ArtShaders.swift
SwiftEmitModule normal arm64 Emitting\ module\ for\ ShaderArt (in target 'ShaderArt' from project 'iShader')
SwiftCompile normal arm64 (in target 'ShaderArt' from project 'iShader')
cd /Users/admin/builder/spi-builder-workspace/.swiftpm/xcode
SwiftCompile normal arm64 Compiling\ Gradients.swift /Users/admin/builder/spi-builder-workspace/Sources/ShaderArt/2DArt/Gradients.swift (in target 'ShaderArt' from project 'iShader')
SwiftCompile normal arm64 /Users/admin/builder/spi-builder-workspace/Sources/ShaderArt/2DArt/Gradients.swift (in target 'ShaderArt' from project 'iShader')
cd /Users/admin/builder/spi-builder-workspace/.swiftpm/xcode
builtin-SwiftPerFileCompile Gradients.swift
/Users/admin/builder/spi-builder-workspace/Sources/ShaderArt/2DArt/Gradients.swift:27:26: warning: conformance of 'Shader' to 'ShapeStyle' is only available in tvOS 17.0 or newer; this is an error in the Swift 6 language mode
13 | // MARK: - Rotating Gradient
14 |
15 | public struct RotatingGradient: ShapeStyle, View, Sendable {
| `- note: add '@available' attribute to enclosing struct
16 | var time: TimeInterval
17 | var startColor: Color
:
24 | }
25 |
26 | public func resolve(in environment: EnvironmentValues) -> some ShapeStyle {
| `- note: add '@available' attribute to enclosing instance method
27 | ShaderArtLibrary.rotatingGradient(
| |- warning: conformance of 'Shader' to 'ShapeStyle' is only available in tvOS 17.0 or newer; this is an error in the Swift 6 language mode
| `- note: add 'if #available' version check
28 | .boundingRect,
29 | .float(time),
/Users/admin/builder/spi-builder-workspace/Sources/ShaderArt/2DArt/Gradients.swift:44:26: warning: conformance of 'Shader' to 'ShapeStyle' is only available in tvOS 17.0 or newer; this is an error in the Swift 6 language mode
36 | // MARK: - Chroma Gradients
37 |
38 | public struct ChromaGradients: ShapeStyle, View, Sendable {
| `- note: add '@available' attribute to enclosing struct
39 | var time: TimeInterval
40 |
41 | public init(time: TimeInterval) { self.time = time }
42 |
43 | public func resolve(in environment: EnvironmentValues) -> some ShapeStyle {
| `- note: add '@available' attribute to enclosing instance method
44 | ShaderArtLibrary.chromaGradients(
| |- warning: conformance of 'Shader' to 'ShapeStyle' is only available in tvOS 17.0 or newer; this is an error in the Swift 6 language mode
| `- note: add 'if #available' version check
45 | .boundingRect,
46 | .float(time)
/Users/admin/builder/spi-builder-workspace/Sources/ShaderArt/2DArt/Gradients.swift:60:26: warning: conformance of 'Shader' to 'ShapeStyle' is only available in tvOS 17.0 or newer; this is an error in the Swift 6 language mode
52 |
53 | // TODO: Instead of the hard-coded fluids, modify the shader to accept an array of color and create spheres for them
54 | public struct FluidGradient: ShapeStyle, View, Sendable {
| `- note: add '@available' attribute to enclosing struct
55 | var time: TimeInterval
56 |
57 | public init(time: TimeInterval) { self.time = time }
58 |
59 | public func resolve(in environment: EnvironmentValues) -> some ShapeStyle {
| `- note: add '@available' attribute to enclosing instance method
60 | ShaderArtLibrary.fluidGradient(
| |- warning: conformance of 'Shader' to 'ShapeStyle' is only available in tvOS 17.0 or newer; this is an error in the Swift 6 language mode
| `- note: add 'if #available' version check
61 | .boundingRect,
62 | .float(time)
/Users/admin/builder/spi-builder-workspace/Sources/ShaderArt/2DArt/Gradients.swift:75:26: warning: conformance of 'Shader' to 'ShapeStyle' is only available in tvOS 17.0 or newer; this is an error in the Swift 6 language mode
67 | // MARK: - Gradientify
68 |
69 | public struct Gradientify: ShapeStyle, View, Sendable {
| `- note: add '@available' attribute to enclosing struct
70 | var time: TimeInterval
71 |
72 | public init(time: TimeInterval) { self.time = time }
73 |
74 | public func resolve(in environment: EnvironmentValues) -> some ShapeStyle {
| `- note: add '@available' attribute to enclosing instance method
75 | ShaderArtLibrary.gradientify(
| |- warning: conformance of 'Shader' to 'ShapeStyle' is only available in tvOS 17.0 or newer; this is an error in the Swift 6 language mode
| `- note: add 'if #available' version check
76 | .boundingRect,
77 | .float(time)
/Users/admin/builder/spi-builder-workspace/Sources/ShaderArt/2DArt/Gradients.swift:95:26: warning: conformance of 'Shader' to 'ShapeStyle' is only available in tvOS 17.0 or newer; this is an error in the Swift 6 language mode
83 |
84 | // FIXME: Limited to an array of 4 colors.
85 | public struct GradientFlow: ShapeStyle, View, Sendable {
| `- note: add '@available' attribute to enclosing struct
86 | var colors: [Color] = [.orange, .cyan, .pink, .indigo]
87 | var time: TimeInterval
:
92 | }
93 |
94 | public func resolve(in environment: EnvironmentValues) -> some ShapeStyle {
| `- note: add '@available' attribute to enclosing instance method
95 | ShaderArtLibrary.gradientFlow(
| |- warning: conformance of 'Shader' to 'ShapeStyle' is only available in tvOS 17.0 or newer; this is an error in the Swift 6 language mode
| `- note: add 'if #available' version check
96 | .boundingRect,
97 | .float(time),
/Users/admin/builder/spi-builder-workspace/Sources/ShaderArt/2DArt/Gradients.swift:120:26: warning: conformance of 'Shader' to 'ShapeStyle' is only available in tvOS 17.0 or newer; this is an error in the Swift 6 language mode
107 | > Supports Gesture.
108 | */
109 | public struct RainbowSherbet: ShapeStyle, View, Sendable {
| `- note: add '@available' attribute to enclosing struct
110 | var time: TimeInterval
111 | /// The touch location
:
117 | }
118 |
119 | public func resolve(in environment: EnvironmentValues) -> some ShapeStyle {
| `- note: add '@available' attribute to enclosing instance method
120 | ShaderArtLibrary.rainbowSherbet(
| |- warning: conformance of 'Shader' to 'ShapeStyle' is only available in tvOS 17.0 or newer; this is an error in the Swift 6 language mode
| `- note: add 'if #available' version check
121 | .boundingRect,
122 | .float(time),
/Users/admin/builder/spi-builder-workspace/Sources/ShaderArt/2DArt/Gradients.swift:136:26: warning: conformance of 'Shader' to 'ShapeStyle' is only available in tvOS 17.0 or newer; this is an error in the Swift 6 language mode
128 | // MARK: - Crumpled Wave
129 |
130 | public struct CrumpledWave: ShapeStyle, View, Sendable {
| `- note: add '@available' attribute to enclosing struct
131 | var time: TimeInterval
132 |
133 | public init(time: TimeInterval) { self.time = time }
134 |
135 | public func resolve(in environment: EnvironmentValues) -> some ShapeStyle {
| `- note: add '@available' attribute to enclosing instance method
136 | ShaderArtLibrary.crumpledWave(
| |- warning: conformance of 'Shader' to 'ShapeStyle' is only available in tvOS 17.0 or newer; this is an error in the Swift 6 language mode
| `- note: add 'if #available' version check
137 | .boundingRect,
138 | .float(time)
/Users/admin/builder/spi-builder-workspace/Sources/ShaderArt/2DArt/Gradients.swift:160:26: warning: conformance of 'Shader' to 'ShapeStyle' is only available in tvOS 17.0 or newer; this is an error in the Swift 6 language mode
147 | > Supports Gesture.
148 | */
149 | public struct GlossyGradients: ShapeStyle, View, Sendable {
| `- note: add '@available' attribute to enclosing struct
150 | var time: TimeInterval
151 | /// The touch location
:
157 | }
158 |
159 | public func resolve(in environment: EnvironmentValues) -> some ShapeStyle {
| `- note: add '@available' attribute to enclosing instance method
160 | ShaderArtLibrary.glossyGradients(
| |- warning: conformance of 'Shader' to 'ShapeStyle' is only available in tvOS 17.0 or newer; this is an error in the Swift 6 language mode
| `- note: add 'if #available' version check
161 | .boundingRect,
162 | .float(time),
SwiftCompile normal arm64 Compiling\ Transitions.swift /Users/admin/builder/spi-builder-workspace/Sources/Transition/Transitions.swift (in target 'Transition' from project 'iShader')
SwiftCompile normal arm64 /Users/admin/builder/spi-builder-workspace/Sources/Transition/Transitions.swift (in target 'Transition' from project 'iShader')
cd /Users/admin/builder/spi-builder-workspace/.swiftpm/xcode
builtin-SwiftPerFileCompile Transitions.swift
SwiftCompile normal arm64 Compiling\ TransitionTypes.swift /Users/admin/builder/spi-builder-workspace/Sources/Transition/TransitionTypes.swift (in target 'Transition' from project 'iShader')
/Users/admin/builder/spi-builder-workspace/Sources/Transition/TransitionTypes.swift:25:14: error: 'visualEffect' is only available in tvOS 17.0 or newer
14 | // MARK: - ColorEffect
15 |
16 | internal struct ColorEffectTransition: ViewModifier {
| `- note: add '@available' attribute to enclosing struct
17 | /// The name of the shader function we're rendering.
18 | var name: String
:
21 | var isFinished = false
22 |
23 | func body(content: Content) -> some View {
| `- note: add '@available' attribute to enclosing instance method
24 | content
25 | .visualEffect { content, proxy in
| |- error: 'visualEffect' is only available in tvOS 17.0 or newer
| `- note: add 'if #available' version check
26 | content
27 | .colorEffect(
/Users/admin/builder/spi-builder-workspace/Sources/Transition/TransitionTypes.swift:27:22: error: 'colorEffect(_:isEnabled:)' is only available in tvOS 17.0 or newer
14 | // MARK: - ColorEffect
15 |
16 | internal struct ColorEffectTransition: ViewModifier {
| `- note: add '@available' attribute to enclosing struct
17 | /// The name of the shader function we're rendering.
18 | var name: String
:
21 | var isFinished = false
22 |
23 | func body(content: Content) -> some View {
| `- note: add '@available' attribute to enclosing instance method
24 | content
25 | .visualEffect { content, proxy in
26 | content
27 | .colorEffect(
| |- error: 'colorEffect(_:isEnabled:)' is only available in tvOS 17.0 or newer
| `- note: add 'if #available' version check
28 | TransitionLibrary[dynamicMember: name](
29 | .float2(proxy.size),
/Users/admin/builder/spi-builder-workspace/Sources/Transition/TransitionTypes.swift:49:14: error: 'visualEffect' is only available in tvOS 17.0 or newer
38 | /// A Metal-powered layer effect transition that needs to know the
39 | /// view's size.
40 | internal struct LayerEffectTransition: ViewModifier {
| `- note: add '@available' attribute to enclosing struct
41 | /// The name of the shader function we're rendering.
42 | var name: String
:
45 | var isFinished = false
46 |
47 | func body(content: Content) -> some View {
| `- note: add '@available' attribute to enclosing instance method
48 | content
49 | .visualEffect { content, proxy in
| |- error: 'visualEffect' is only available in tvOS 17.0 or newer
| `- note: add 'if #available' version check
50 | content
51 | .layerEffect(
/Users/admin/builder/spi-builder-workspace/Sources/Transition/TransitionTypes.swift:51:22: error: 'layerEffect(_:maxSampleOffset:isEnabled:)' is only available in tvOS 17.0 or newer
38 | /// A Metal-powered layer effect transition that needs to know the
39 | /// view's size.
40 | internal struct LayerEffectTransition: ViewModifier {
| `- note: add '@available' attribute to enclosing struct
41 | /// The name of the shader function we're rendering.
42 | var name: String
:
45 | var isFinished = false
46 |
47 | func body(content: Content) -> some View {
| `- note: add '@available' attribute to enclosing instance method
48 | content
49 | .visualEffect { content, proxy in
50 | content
51 | .layerEffect(
| |- error: 'layerEffect(_:maxSampleOffset:isEnabled:)' is only available in tvOS 17.0 or newer
| `- note: add 'if #available' version check
52 | TransitionLibrary[dynamicMember: name](
53 | .float2(proxy.size),
/Users/admin/builder/spi-builder-workspace/Sources/Transition/TransitionTypes.swift:73:14: error: 'visualEffect' is only available in tvOS 17.0 or newer
62 | /// A Metal-powered distortion effect transition that needs to know
63 | /// the view's size.
64 | internal struct DistortionEffectTransition: ViewModifier {
| `- note: add '@available' attribute to enclosing struct
65 | /// The name of the shader function we're rendering.
66 | var name: String
:
69 | var isFinished = false
70 |
71 | func body(content: Content) -> some View {
| `- note: add '@available' attribute to enclosing instance method
72 | content
73 | .visualEffect { content, proxy in
| |- error: 'visualEffect' is only available in tvOS 17.0 or newer
| `- note: add 'if #available' version check
74 | content
75 | .distortionEffect(
SwiftCompile normal arm64 /Users/admin/builder/spi-builder-workspace/Sources/Transition/TransitionTypes.swift (in target 'Transition' from project 'iShader')
cd /Users/admin/builder/spi-builder-workspace/.swiftpm/xcode
builtin-SwiftPerFileCompile TransitionTypes.swift
SwiftCompile normal arm64 Compiling\ BundleExtensions.swift /Users/admin/builder/spi-builder-workspace/Sources/Transition/BundleExtensions.swift (in target 'Transition' from project 'iShader')
/Users/admin/builder/spi-builder-workspace/Sources/Transition/BundleExtensions.swift:29:60: error: 'ShaderFunction' is only available in tvOS 17.0 or newer
14 | /// The **Transition** Metal shader library.
15 | @dynamicMemberLookup
16 | public enum TransitionLibrary {
| `- note: add '@available' attribute to enclosing enum
17 | /**
18 | Returns a new shader function representing the `[[ stitchable ]]` **MSL**
:
27 | `myFunction()`.
28 | */
29 | public static subscript(dynamicMember name: String) -> ShaderFunction {
| | `- error: 'ShaderFunction' is only available in tvOS 17.0 or newer
| `- note: add '@available' attribute to enclosing static subscript
30 | ShaderLibrary.bundle(.transition)[dynamicMember: name]
31 | }
SwiftCompile normal arm64 /Users/admin/builder/spi-builder-workspace/Sources/Transition/BundleExtensions.swift (in target 'Transition' from project 'iShader')
cd /Users/admin/builder/spi-builder-workspace/.swiftpm/xcode
builtin-SwiftPerFileCompile BundleExtensions.swift
SwiftEmitModule normal arm64 Emitting\ module\ for\ DistortionEffect (in target 'DistortionEffect' from project 'iShader')
/Users/admin/builder/spi-builder-workspace/Sources/DistortionEffect/BundleExtensions.swift:29:60: error: 'ShaderFunction' is only available in tvOS 17.0 or newer
14 | /// The **DistortionEffect** Metal shader library.
15 | @dynamicMemberLookup
16 | public enum DistortionEffectLibrary {
| `- note: add '@available' attribute to enclosing enum
17 | /**
18 | Returns a new shader function representing the `[[ stitchable ]]` **MSL**
:
27 | `myFunction()`.
28 | */
29 | public static subscript(dynamicMember name: String) -> ShaderFunction {
| | `- error: 'ShaderFunction' is only available in tvOS 17.0 or newer
| `- note: add '@available' attribute to enclosing static subscript
30 | ShaderLibrary.bundle(.distortionEffect)[dynamicMember: name]
31 | }
/Users/admin/builder/spi-builder-workspace/Sources/DistortionEffect/DistortionEffects.swift:68:15: error: 'VisualEffect' is only available in tvOS 17.0 or newer
47 | // MARK: - Relative Wave
48 |
49 | public extension VisualEffect {
| `- note: add '@available' attribute to enclosing extension
50 | /**
51 | A `distortionEffect()` shader that generates a wave effect, where no effect is applied on the left side of the input, and the full effect is applied on the right side.
:
59 | - `strength`: How pronounced to make the ripple effect. Try starting with a value of 5.
60 | */
61 | func relativeWave(
| `- note: add '@available' attribute to enclosing instance method
62 | size: CGSize,
63 | time: TimeInterval,
:
66 | strength: Float = 5,
67 | maxSampleOffset: CGSize = .zero
68 | ) -> some VisualEffect {
| `- error: 'VisualEffect' is only available in tvOS 17.0 or newer
69 | return distortionEffect(
70 | DistortionEffectLibrary.relativeWave(
/Users/admin/builder/spi-builder-workspace/Sources/DistortionEffect/DistortionEffects.swift:101:15: error: 'VisualEffect' is only available in tvOS 17.0 or newer
47 | // MARK: - Relative Wave
48 |
49 | public extension VisualEffect {
| `- note: add '@available' attribute to enclosing extension
50 | /**
51 | A `distortionEffect()` shader that generates a wave effect, where no effect is applied on the left side of the input, and the full effect is applied on the right side.
:
92 | - `frequency`: How often ripples should be created. Ranges from 5 to 25 work best; try starting with 10.
93 | */
94 | func water(
| `- note: add '@available' attribute to enclosing instance method
95 | size: CGSize,
96 | time: TimeInterval,
:
99 | frequency: Float = 10,
100 | maxSampleOffset: CGSize = .zero
101 | ) -> some VisualEffect {
| `- error: 'VisualEffect' is only available in tvOS 17.0 or newer
102 | return distortionEffect(
103 | DistortionEffectLibrary.water(
/Users/admin/builder/spi-builder-workspace/Sources/DistortionEffect/DistortionEffects.swift:122:15: error: 'VisualEffect' is only available in tvOS 17.0 or newer
47 | // MARK: - Relative Wave
48 |
49 | public extension VisualEffect {
| `- note: add '@available' attribute to enclosing extension
50 | /**
51 | A `distortionEffect()` shader that generates a wave effect, where no effect is applied on the left side of the input, and the full effect is applied on the right side.
:
115 |
116 | /// Cheap
117 | func sineDistortion(
| `- note: add '@available' attribute to enclosing instance method
118 | size: CGSize,
119 | time: TimeInterval,
120 | intensity: Float = 2,
121 | maxSampleOffset: CGSize = .zero
122 | ) -> some VisualEffect {
| `- error: 'VisualEffect' is only available in tvOS 17.0 or newer
123 | return distortionEffect(
124 | DistortionEffectLibrary.sineDistortion(
/Users/admin/builder/spi-builder-workspace/Sources/DistortionEffect/DistortionEffects.swift:140:15: error: 'VisualEffect' is only available in tvOS 17.0 or newer
47 | // MARK: - Relative Wave
48 |
49 | public extension VisualEffect {
| `- note: add '@available' attribute to enclosing extension
50 | /**
51 | A `distortionEffect()` shader that generates a wave effect, where no effect is applied on the left side of the input, and the full effect is applied on the right side.
:
133 | // MARK: - Worley Displacement
134 |
135 | func worleyDisplacement(
| `- note: add '@available' attribute to enclosing instance method
136 | size: CGSize,
137 | time: TimeInterval,
138 | displace: Float = 0.125,
139 | maxSampleOffset: CGSize = .zero
140 | ) -> some VisualEffect {
| `- error: 'VisualEffect' is only available in tvOS 17.0 or newer
141 | return distortionEffect(
142 | DistortionEffectLibrary.worleyDisplacement(
/Users/admin/builder/spi-builder-workspace/Sources/DistortionEffect/DistortionEffects.swift:156:15: error: 'VisualEffect' is only available in tvOS 17.0 or newer
47 | // MARK: - Relative Wave
48 |
49 | public extension VisualEffect {
| `- note: add '@available' attribute to enclosing extension
50 | /**
51 | A `distortionEffect()` shader that generates a wave effect, where no effect is applied on the left side of the input, and the full effect is applied on the right side.
:
151 | // MARK: - Barrel Distortion
152 |
153 | func barrelDistortion(
| `- note: add '@available' attribute to enclosing instance method
154 | size: CGSize,
155 | maxSampleOffset: CGSize = .zero
156 | ) -> some VisualEffect {
| `- error: 'VisualEffect' is only available in tvOS 17.0 or newer
157 | return distortionEffect(
158 | DistortionEffectLibrary.barrelDistortion(
/Users/admin/builder/spi-builder-workspace/Sources/DistortionEffect/DistortionEffects.swift:171:15: error: 'VisualEffect' is only available in tvOS 17.0 or newer
47 | // MARK: - Relative Wave
48 |
49 | public extension VisualEffect {
| `- note: add '@available' attribute to enclosing extension
50 | /**
51 | A `distortionEffect()` shader that generates a wave effect, where no effect is applied on the left side of the input, and the full effect is applied on the right side.
:
165 | // MARK: - Pinch
166 |
167 | func pinch(
| `- note: add '@available' attribute to enclosing instance method
168 | size: CGSize,
169 | factor: Float = 0.25,
170 | maxSampleOffset: CGSize = .zero
171 | ) -> some VisualEffect {
| `- error: 'VisualEffect' is only available in tvOS 17.0 or newer
172 | return distortionEffect(
173 | DistortionEffectLibrary.pinch(
/Users/admin/builder/spi-builder-workspace/Sources/DistortionEffect/DistortionEffects.swift:49:18: error: 'VisualEffect' is only available in tvOS 17.0 or newer
47 | // MARK: - Relative Wave
48 |
49 | public extension VisualEffect {
| | `- error: 'VisualEffect' is only available in tvOS 17.0 or newer
| `- note: add '@available' attribute to enclosing extension
50 | /**
51 | A `distortionEffect()` shader that generates a wave effect, where no effect is applied on the left side of the input, and the full effect is applied on the right side.
Failed frontend command:
/Applications/Xcode-27.0.0-Release.Candidate.app/Contents/Developer/Toolchains/XcodeDefault.xctoolchain/usr/bin/swift-frontend -frontend -emit-module -experimental-skip-non-inlinable-function-bodies-without-types /Users/admin/builder/spi-builder-workspace/.derivedData/Build/Intermediates.noindex/iShader.build/Debug-appletvos/DistortionEffect-t.build/DerivedSources/resource_bundle_accessor.swift /Users/admin/builder/spi-builder-workspace/Sources/DistortionEffect/BundleExtensions.swift /Users/admin/builder/spi-builder-workspace/Sources/DistortionEffect/DistortionEffects.swift -target arm64-apple-tvos15.0 -disable-cross-import-overlay-search -load-resolved-plugin /Applications/Xcode-27.0.0-Release.Candidate.app/Contents/Developer/Platforms/AppleTVOS.platform/Developer/usr/lib/swift/host/plugins/libFoundationMacros.dylib\#/Applications/Xcode-27.0.0-Release.Candidate.app/Contents/Developer/Platforms/AppleTVOS.platform/Developer/usr/bin/swift-plugin-server\#FoundationMacros -load-resolved-plugin /Applications/Xcode-27.0.0-Release.Candidate.app/Contents/Developer/Platforms/AppleTVOS.platform/Developer/usr/lib/swift/host/plugins/libObservationMacros.dylib\#/Applications/Xcode-27.0.0-Release.Candidate.app/Contents/Developer/Platforms/AppleTVOS.platform/Developer/usr/bin/swift-plugin-server\#ObservationMacros -load-resolved-plugin /Applications/Xcode-27.0.0-Release.Candidate.app/Contents/Developer/Platforms/AppleTVOS.platform/Developer/usr/lib/swift/host/plugins/libPreviewsMacros.dylib\#/Applications/Xcode-27.0.0-Release.Candidate.app/Contents/Developer/Platforms/AppleTVOS.platform/Developer/usr/bin/swift-plugin-server\#PreviewsMacros -load-resolved-plugin /Applications/Xcode-27.0.0-Release.Candidate.app/Contents/Developer/Platforms/AppleTVOS.platform/Developer/usr/lib/swift/host/plugins/libSwiftMacros.dylib\#/Applications/Xcode-27.0.0-Release.Candidate.app/Contents/Developer/Platforms/AppleTVOS.platform/Developer/usr/bin/swift-plugin-server\#SwiftMacros -load-resolved-plugin /Applications/Xcode-27.0.0-Release.Candidate.app/Contents/Developer/Platforms/AppleTVOS.platform/Developer/usr/lib/swift/host/plugins/libSwiftUIMacros.dylib\#/Applications/Xcode-27.0.0-Release.Candidate.app/Contents/Developer/Platforms/AppleTVOS.platform/Developer/usr/bin/swift-plugin-server\#SwiftUIMacros -disable-implicit-swift-modules -Xcc -fno-implicit-modules -Xcc -fno-implicit-module-maps -explicit-swift-module-map-file /Users/admin/builder/spi-builder-workspace/.derivedData/Build/Intermediates.noindex/iShader.build/Debug-appletvos/DistortionEffect-t.build/Objects-normal/arm64/DistortionEffect-dependencies-1.json -Xllvm -aarch64-use-tbi -enable-objc-interop -stack-check -sdk /Applications/Xcode-27.0.0-Release.Candidate.app/Contents/Developer/Platforms/AppleTVOS.platform/Developer/SDKs/AppleTVOS27.0.sdk -I /Users/admin/builder/spi-builder-workspace/.derivedData/Build/Products/Debug-appletvos -Isystem /Applications/Xcode-27.0.0-Release.Candidate.app/Contents/Developer/Platforms/AppleTVOS.platform/Developer/usr/lib -F /Users/admin/builder/spi-builder-workspace/.derivedData/Build/Products/Debug-appletvos -F /Applications/Xcode-27.0.0-Release.Candidate.app/Contents/Developer/Platforms/AppleTVOS.platform/Developer/Library/Frameworks -F /Applications/Xcode-27.0.0-Release.Candidate.app/Contents/Developer/Platforms/AppleTVOS.platform/Developer/SDKs/AppleTVOS27.0.sdk/Developer/Library/Frameworks -module-cache-path /Users/admin/builder/spi-builder-workspace/.derivedData/Build/Intermediates.noindex/SwiftExplicitPrecompiledModules -no-color-diagnostics -Xcc -fno-color-diagnostics -enable-testing -g -debug-info-format\=dwarf -dwarf-version\=4 -profile-generate -profile-coverage-mapping -swift-version 5 -Onone -D SWIFT_PACKAGE -D DEBUG -D SWIFT_MODULE_RESOURCE_BUNDLE_AVAILABLE -D Xcode -serialize-debugging-options -enable-experimental-feature DebugDescriptionMacro -empty-abi-descriptor -validate-clang-modules-once -clang-build-session-file /Users/admin/builder/spi-builder-workspace/.derivedData/ModuleCache.noindex/Session.modulevalidation -Xcc -working-directory -Xcc /Users/admin/builder/spi-builder-workspace/.swiftpm/xcode -enable-anonymous-context-mangled-names -file-compilation-dir /Users/admin/builder/spi-builder-workspace/.swiftpm/xcode -Xcc -D_LIBCPP_HARDENING_MODE\=_LIBCPP_HARDENING_MODE_DEBUG -Xcc -ivfsstatcache -Xcc /Users/admin/builder/spi-builder-workspace/.derivedData/SDKStatCaches.noindex/appletvos27.0-24J360-e829b21a6f8c9b70876ba0858053c044b32bfd8d43560033f8d89884cdb90028.sdkstatcache -Xcc -fmodules-prune-interval\=86400 -Xcc -fmodules-prune-after\=345600 -Xcc -I/Users/admin/builder/spi-builder-workspace/.derivedData/Build/Products/Debug-appletvos/include -Xcc -I/Users/admin/builder/spi-builder-workspace/.derivedData/Build/Intermediates.noindex/iShader.build/Debug-appletvos/DistortionEffect-t.build/DerivedSources-normal/arm64 -Xcc -I/Users/admin/builder/spi-builder-workspace/.derivedData/Build/Intermediates.noindex/iShader.build/Debug-appletvos/DistortionEffect-t.build/DerivedSources/arm64 -Xcc -I/Users/admin/builder/spi-builder-workspace/.derivedData/Build/Intermediates.noindex/iShader.build/Debug-appletvos/DistortionEffect-t.build/DerivedSources -Xcc -DSWIFT_PACKAGE -Xcc -DDEBUG\=1 -no-auto-bridging-header-chaining -module-name DistortionEffect -package-name spi_builder_workspace -const-gather-protocols-file /Users/admin/builder/spi-builder-workspace/.derivedData/Build/Intermediates.noindex/iShader.build/Debug-appletvos/DistortionEffect-t.build/Objects-normal/arm64/DistortionEffect_const_extract_protocols.json -disable-clang-spi -clang-target arm64-apple-tvos27.0 -target-sdk-version 27.0 -target-sdk-name appletvos27.0 -in-process-plugin-server-path /Applications/Xcode-27.0.0-Release.Candidate.app/Contents/Developer/Toolchains/XcodeDefault.xctoolchain/usr/lib/swift/host/libSwiftInProcPluginServer.dylib -emit-module-doc-path /Users/admin/builder/spi-builder-workspace/.derivedData/Build/Intermediates.noindex/iShader.build/Debug-appletvos/DistortionEffect-t.build/Objects-normal/arm64/DistortionEffect.swiftdoc -emit-module-source-info-path /Users/admin/builder/spi-builder-workspace/.derivedData/Build/Intermediates.noindex/iShader.build/Debug-appletvos/DistortionEffect-t.build/Objects-normal/arm64/DistortionEffect.swiftsourceinfo -emit-objc-header-path /Users/admin/builder/spi-builder-workspace/.derivedData/Build/Intermediates.noindex/iShader.build/Debug-appletvos/DistortionEffect-t.build/Objects-normal/arm64/DistortionEffect-Swift.h -serialize-diagnostics-path /Users/admin/builder/spi-builder-workspace/.derivedData/Build/Intermediates.noindex/iShader.build/Debug-appletvos/DistortionEffect-t.build/Objects-normal/arm64/DistortionEffect-primary-emit-module.dia -emit-dependencies-path /Users/admin/builder/spi-builder-workspace/.derivedData/Build/Intermediates.noindex/iShader.build/Debug-appletvos/DistortionEffect-t.build/Objects-normal/arm64/DistortionEffect-primary-emit-module.d -parse-as-library -o /Users/admin/builder/spi-builder-workspace/.derivedData/Build/Intermediates.noindex/iShader.build/Debug-appletvos/DistortionEffect-t.build/Objects-normal/arm64/DistortionEffect.swiftmodule -emit-abi-descriptor-path /Users/admin/builder/spi-builder-workspace/.derivedData/Build/Intermediates.noindex/iShader.build/Debug-appletvos/DistortionEffect-t.build/Objects-normal/arm64/DistortionEffect.abi.json
SwiftCompile normal arm64 (in target 'DistortionEffect' from project 'iShader')
cd /Users/admin/builder/spi-builder-workspace/.swiftpm/xcode
SwiftEmitModule normal arm64 Emitting\ module\ for\ LayerEffect (in target 'LayerEffect' from project 'iShader')
/Users/admin/builder/spi-builder-workspace/Sources/LayerEffect/BundleExtensions.swift:29:60: error: 'ShaderFunction' is only available in tvOS 17.0 or newer
14 | /// The **LayerEffect** Metal shader library.
15 | @dynamicMemberLookup
16 | public enum LayerEffectLibrary {
| `- note: add '@available' attribute to enclosing enum
17 | /**
18 | Returns a new shader function representing the `[[ stitchable ]]` **MSL**
:
27 | `myFunction()`.
28 | */
29 | public static subscript(dynamicMember name: String) -> ShaderFunction {
| | `- error: 'ShaderFunction' is only available in tvOS 17.0 or newer
| `- note: add '@available' attribute to enclosing static subscript
30 | ShaderLibrary.bundle(.layerEffect)[dynamicMember: name]
31 | }
/Users/admin/builder/spi-builder-workspace/Sources/LayerEffect/LayerEffects.swift:31:15: error: 'VisualEffect' is only available in tvOS 17.0 or newer
10 | import SwiftUI
11 |
12 | public extension VisualEffect {
| `- note: add '@available' attribute to enclosing extension
13 |
14 | // MARK: - Bubble
:
24 | - `uiRadius`: How large the bubble area should be, in user-space.
25 | */
26 | func bubble(
| `- note: add '@available' attribute to enclosing instance method
27 | size: CGSize,
28 | location: CGPoint,
29 | radius: Float = 50,
30 | maxSampleOffset: CGSize = .zero
31 | ) -> some VisualEffect {
| `- error: 'VisualEffect' is only available in tvOS 17.0 or newer
32 | return layerEffect(
33 | LayerEffectLibrary.bubble(
/Users/admin/builder/spi-builder-workspace/Sources/LayerEffect/LayerEffects.swift:60:15: error: 'VisualEffect' is only available in tvOS 17.0 or newer
10 | import SwiftUI
11 |
12 | public extension VisualEffect {
| `- note: add '@available' attribute to enclosing extension
13 |
14 | // MARK: - Bubble
:
52 | - `zoomFactor`: How much to zoom the contents of the loupe.
53 | */
54 | func warpingLoupe(
| `- note: add '@available' attribute to enclosing instance method
55 | size: CGSize,
56 | location: CGPoint,
:
58 | zoomFactor: Float = 2,
59 | maxSampleOffset: CGSize = .zero
60 | ) -> some VisualEffect {
| `- error: 'VisualEffect' is only available in tvOS 17.0 or newer
61 | return layerEffect(
62 | LayerEffectLibrary.warpingLoupe(
/Users/admin/builder/spi-builder-workspace/Sources/LayerEffect/LayerEffects.swift:12:18: error: 'VisualEffect' is only available in tvOS 17.0 or newer
10 | import SwiftUI
11 |
12 | public extension VisualEffect {
| | `- error: 'VisualEffect' is only available in tvOS 17.0 or newer
| `- note: add '@available' attribute to enclosing extension
13 |
14 | // MARK: - Bubble
Failed frontend command:
/Applications/Xcode-27.0.0-Release.Candidate.app/Contents/Developer/Toolchains/XcodeDefault.xctoolchain/usr/bin/swift-frontend -frontend -emit-module -experimental-skip-non-inlinable-function-bodies-without-types /Users/admin/builder/spi-builder-workspace/.derivedData/Build/Intermediates.noindex/iShader.build/Debug-appletvos/LayerEffect-t.build/DerivedSources/resource_bundle_accessor.swift /Users/admin/builder/spi-builder-workspace/Sources/LayerEffect/BundleExtensions.swift /Users/admin/builder/spi-builder-workspace/Sources/LayerEffect/LayerEffects.swift -target arm64-apple-tvos15.0 -disable-cross-import-overlay-search -load-resolved-plugin /Applications/Xcode-27.0.0-Release.Candidate.app/Contents/Developer/Platforms/AppleTVOS.platform/Developer/usr/lib/swift/host/plugins/libFoundationMacros.dylib\#/Applications/Xcode-27.0.0-Release.Candidate.app/Contents/Developer/Platforms/AppleTVOS.platform/Developer/usr/bin/swift-plugin-server\#FoundationMacros -load-resolved-plugin /Applications/Xcode-27.0.0-Release.Candidate.app/Contents/Developer/Platforms/AppleTVOS.platform/Developer/usr/lib/swift/host/plugins/libObservationMacros.dylib\#/Applications/Xcode-27.0.0-Release.Candidate.app/Contents/Developer/Platforms/AppleTVOS.platform/Developer/usr/bin/swift-plugin-server\#ObservationMacros -load-resolved-plugin /Applications/Xcode-27.0.0-Release.Candidate.app/Contents/Developer/Platforms/AppleTVOS.platform/Developer/usr/lib/swift/host/plugins/libPreviewsMacros.dylib\#/Applications/Xcode-27.0.0-Release.Candidate.app/Contents/Developer/Platforms/AppleTVOS.platform/Developer/usr/bin/swift-plugin-server\#PreviewsMacros -load-resolved-plugin /Applications/Xcode-27.0.0-Release.Candidate.app/Contents/Developer/Platforms/AppleTVOS.platform/Developer/usr/lib/swift/host/plugins/libSwiftMacros.dylib\#/Applications/Xcode-27.0.0-Release.Candidate.app/Contents/Developer/Platforms/AppleTVOS.platform/Developer/usr/bin/swift-plugin-server\#SwiftMacros -load-resolved-plugin /Applications/Xcode-27.0.0-Release.Candidate.app/Contents/Developer/Platforms/AppleTVOS.platform/Developer/usr/lib/swift/host/plugins/libSwiftUIMacros.dylib\#/Applications/Xcode-27.0.0-Release.Candidate.app/Contents/Developer/Platforms/AppleTVOS.platform/Developer/usr/bin/swift-plugin-server\#SwiftUIMacros -disable-implicit-swift-modules -Xcc -fno-implicit-modules -Xcc -fno-implicit-module-maps -explicit-swift-module-map-file /Users/admin/builder/spi-builder-workspace/.derivedData/Build/Intermediates.noindex/iShader.build/Debug-appletvos/LayerEffect-t.build/Objects-normal/arm64/LayerEffect-dependencies-1.json -Xllvm -aarch64-use-tbi -enable-objc-interop -stack-check -sdk /Applications/Xcode-27.0.0-Release.Candidate.app/Contents/Developer/Platforms/AppleTVOS.platform/Developer/SDKs/AppleTVOS27.0.sdk -I /Users/admin/builder/spi-builder-workspace/.derivedData/Build/Products/Debug-appletvos -Isystem /Applications/Xcode-27.0.0-Release.Candidate.app/Contents/Developer/Platforms/AppleTVOS.platform/Developer/usr/lib -F /Users/admin/builder/spi-builder-workspace/.derivedData/Build/Products/Debug-appletvos -F /Applications/Xcode-27.0.0-Release.Candidate.app/Contents/Developer/Platforms/AppleTVOS.platform/Developer/Library/Frameworks -F /Applications/Xcode-27.0.0-Release.Candidate.app/Contents/Developer/Platforms/AppleTVOS.platform/Developer/SDKs/AppleTVOS27.0.sdk/Developer/Library/Frameworks -module-cache-path /Users/admin/builder/spi-builder-workspace/.derivedData/Build/Intermediates.noindex/SwiftExplicitPrecompiledModules -no-color-diagnostics -Xcc -fno-color-diagnostics -enable-testing -g -debug-info-format\=dwarf -dwarf-version\=4 -profile-generate -profile-coverage-mapping -swift-version 5 -Onone -D SWIFT_PACKAGE -D DEBUG -D SWIFT_MODULE_RESOURCE_BUNDLE_AVAILABLE -D Xcode -serialize-debugging-options -enable-experimental-feature DebugDescriptionMacro -empty-abi-descriptor -validate-clang-modules-once -clang-build-session-file /Users/admin/builder/spi-builder-workspace/.derivedData/ModuleCache.noindex/Session.modulevalidation -Xcc -working-directory -Xcc /Users/admin/builder/spi-builder-workspace/.swiftpm/xcode -enable-anonymous-context-mangled-names -file-compilation-dir /Users/admin/builder/spi-builder-workspace/.swiftpm/xcode -Xcc -D_LIBCPP_HARDENING_MODE\=_LIBCPP_HARDENING_MODE_DEBUG -Xcc -ivfsstatcache -Xcc /Users/admin/builder/spi-builder-workspace/.derivedData/SDKStatCaches.noindex/appletvos27.0-24J360-e829b21a6f8c9b70876ba0858053c044b32bfd8d43560033f8d89884cdb90028.sdkstatcache -Xcc -fmodules-prune-interval\=86400 -Xcc -fmodules-prune-after\=345600 -Xcc -I/Users/admin/builder/spi-builder-workspace/.derivedData/Build/Products/Debug-appletvos/include -Xcc -I/Users/admin/builder/spi-builder-workspace/.derivedData/Build/Intermediates.noindex/iShader.build/Debug-appletvos/LayerEffect-t.build/DerivedSources-normal/arm64 -Xcc -I/Users/admin/builder/spi-builder-workspace/.derivedData/Build/Intermediates.noindex/iShader.build/Debug-appletvos/LayerEffect-t.build/DerivedSources/arm64 -Xcc -I/Users/admin/builder/spi-builder-workspace/.derivedData/Build/Intermediates.noindex/iShader.build/Debug-appletvos/LayerEffect-t.build/DerivedSources -Xcc -DSWIFT_PACKAGE -Xcc -DDEBUG\=1 -no-auto-bridging-header-chaining -module-name LayerEffect -package-name spi_builder_workspace -const-gather-protocols-file /Users/admin/builder/spi-builder-workspace/.derivedData/Build/Intermediates.noindex/iShader.build/Debug-appletvos/LayerEffect-t.build/Objects-normal/arm64/LayerEffect_const_extract_protocols.json -disable-clang-spi -clang-target arm64-apple-tvos27.0 -target-sdk-version 27.0 -target-sdk-name appletvos27.0 -in-process-plugin-server-path /Applications/Xcode-27.0.0-Release.Candidate.app/Contents/Developer/Toolchains/XcodeDefault.xctoolchain/usr/lib/swift/host/libSwiftInProcPluginServer.dylib -emit-module-doc-path /Users/admin/builder/spi-builder-workspace/.derivedData/Build/Intermediates.noindex/iShader.build/Debug-appletvos/LayerEffect-t.build/Objects-normal/arm64/LayerEffect.swiftdoc -emit-module-source-info-path /Users/admin/builder/spi-builder-workspace/.derivedData/Build/Intermediates.noindex/iShader.build/Debug-appletvos/LayerEffect-t.build/Objects-normal/arm64/LayerEffect.swiftsourceinfo -emit-objc-header-path /Users/admin/builder/spi-builder-workspace/.derivedData/Build/Intermediates.noindex/iShader.build/Debug-appletvos/LayerEffect-t.build/Objects-normal/arm64/LayerEffect-Swift.h -serialize-diagnostics-path /Users/admin/builder/spi-builder-workspace/.derivedData/Build/Intermediates.noindex/iShader.build/Debug-appletvos/LayerEffect-t.build/Objects-normal/arm64/LayerEffect-primary-emit-module.dia -emit-dependencies-path /Users/admin/builder/spi-builder-workspace/.derivedData/Build/Intermediates.noindex/iShader.build/Debug-appletvos/LayerEffect-t.build/Objects-normal/arm64/LayerEffect-primary-emit-module.d -parse-as-library -o /Users/admin/builder/spi-builder-workspace/.derivedData/Build/Intermediates.noindex/iShader.build/Debug-appletvos/LayerEffect-t.build/Objects-normal/arm64/LayerEffect.swiftmodule -emit-abi-descriptor-path /Users/admin/builder/spi-builder-workspace/.derivedData/Build/Intermediates.noindex/iShader.build/Debug-appletvos/LayerEffect-t.build/Objects-normal/arm64/LayerEffect.abi.json
SwiftCompile normal arm64 (in target 'LayerEffect' from project 'iShader')
cd /Users/admin/builder/spi-builder-workspace/.swiftpm/xcode
SwiftEmitModule normal arm64 Emitting\ module\ for\ ColorEffect (in target 'ColorEffect' from project 'iShader')
/Users/admin/builder/spi-builder-workspace/Sources/ColorEffect/BundleExtensions.swift:29:60: error: 'ShaderFunction' is only available in tvOS 17.0 or newer
14 | /// The **DistortionEffect** Metal shader library.
15 | @dynamicMemberLookup
16 | public enum ColorEffectLibrary {
| `- note: add '@available' attribute to enclosing enum
17 | /**
18 | Returns a new shader function representing the `[[ stitchable ]]` **MSL**
:
27 | `myFunction()`.
28 | */
29 | public static subscript(dynamicMember name: String) -> ShaderFunction {
| | `- error: 'ShaderFunction' is only available in tvOS 17.0 or newer
| `- note: add '@available' attribute to enclosing static subscript
30 | ShaderLibrary.bundle(.colorEffect)[dynamicMember: name]
31 | }
Failed frontend command:
/Applications/Xcode-27.0.0-Release.Candidate.app/Contents/Developer/Toolchains/XcodeDefault.xctoolchain/usr/bin/swift-frontend -frontend -emit-module -experimental-skip-non-inlinable-function-bodies-without-types /Users/admin/builder/spi-builder-workspace/.derivedData/Build/Intermediates.noindex/iShader.build/Debug-appletvos/ColorEffect-t.build/DerivedSources/resource_bundle_accessor.swift /Users/admin/builder/spi-builder-workspace/Sources/ColorEffect/BundleExtensions.swift /Users/admin/builder/spi-builder-workspace/Sources/ColorEffect/ColorEffects.swift -target arm64-apple-tvos15.0 -disable-cross-import-overlay-search -load-resolved-plugin /Applications/Xcode-27.0.0-Release.Candidate.app/Contents/Developer/Platforms/AppleTVOS.platform/Developer/usr/lib/swift/host/plugins/libFoundationMacros.dylib\#/Applications/Xcode-27.0.0-Release.Candidate.app/Contents/Developer/Platforms/AppleTVOS.platform/Developer/usr/bin/swift-plugin-server\#FoundationMacros -load-resolved-plugin /Applications/Xcode-27.0.0-Release.Candidate.app/Contents/Developer/Platforms/AppleTVOS.platform/Developer/usr/lib/swift/host/plugins/libObservationMacros.dylib\#/Applications/Xcode-27.0.0-Release.Candidate.app/Contents/Developer/Platforms/AppleTVOS.platform/Developer/usr/bin/swift-plugin-server\#ObservationMacros -load-resolved-plugin /Applications/Xcode-27.0.0-Release.Candidate.app/Contents/Developer/Platforms/AppleTVOS.platform/Developer/usr/lib/swift/host/plugins/libPreviewsMacros.dylib\#/Applications/Xcode-27.0.0-Release.Candidate.app/Contents/Developer/Platforms/AppleTVOS.platform/Developer/usr/bin/swift-plugin-server\#PreviewsMacros -load-resolved-plugin /Applications/Xcode-27.0.0-Release.Candidate.app/Contents/Developer/Platforms/AppleTVOS.platform/Developer/usr/lib/swift/host/plugins/libSwiftMacros.dylib\#/Applications/Xcode-27.0.0-Release.Candidate.app/Contents/Developer/Platforms/AppleTVOS.platform/Developer/usr/bin/swift-plugin-server\#SwiftMacros -load-resolved-plugin /Applications/Xcode-27.0.0-Release.Candidate.app/Contents/Developer/Platforms/AppleTVOS.platform/Developer/usr/lib/swift/host/plugins/libSwiftUIMacros.dylib\#/Applications/Xcode-27.0.0-Release.Candidate.app/Contents/Developer/Platforms/AppleTVOS.platform/Developer/usr/bin/swift-plugin-server\#SwiftUIMacros -disable-implicit-swift-modules -Xcc -fno-implicit-modules -Xcc -fno-implicit-module-maps -explicit-swift-module-map-file /Users/admin/builder/spi-builder-workspace/.derivedData/Build/Intermediates.noindex/iShader.build/Debug-appletvos/ColorEffect-t.build/Objects-normal/arm64/ColorEffect-dependencies-1.json -Xllvm -aarch64-use-tbi -enable-objc-interop -stack-check -sdk /Applications/Xcode-27.0.0-Release.Candidate.app/Contents/Developer/Platforms/AppleTVOS.platform/Developer/SDKs/AppleTVOS27.0.sdk -I /Users/admin/builder/spi-builder-workspace/.derivedData/Build/Products/Debug-appletvos -Isystem /Applications/Xcode-27.0.0-Release.Candidate.app/Contents/Developer/Platforms/AppleTVOS.platform/Developer/usr/lib -F /Users/admin/builder/spi-builder-workspace/.derivedData/Build/Products/Debug-appletvos -F /Applications/Xcode-27.0.0-Release.Candidate.app/Contents/Developer/Platforms/AppleTVOS.platform/Developer/Library/Frameworks -F /Applications/Xcode-27.0.0-Release.Candidate.app/Contents/Developer/Platforms/AppleTVOS.platform/Developer/SDKs/AppleTVOS27.0.sdk/Developer/Library/Frameworks -module-cache-path /Users/admin/builder/spi-builder-workspace/.derivedData/Build/Intermediates.noindex/SwiftExplicitPrecompiledModules -no-color-diagnostics -Xcc -fno-color-diagnostics -enable-testing -g -debug-info-format\=dwarf -dwarf-version\=4 -profile-generate -profile-coverage-mapping -swift-version 5 -Onone -D SWIFT_PACKAGE -D DEBUG -D SWIFT_MODULE_RESOURCE_BUNDLE_AVAILABLE -D Xcode -serialize-debugging-options -enable-experimental-feature DebugDescriptionMacro -empty-abi-descriptor -validate-clang-modules-once -clang-build-session-file /Users/admin/builder/spi-builder-workspace/.derivedData/ModuleCache.noindex/Session.modulevalidation -Xcc -working-directory -Xcc /Users/admin/builder/spi-builder-workspace/.swiftpm/xcode -enable-anonymous-context-mangled-names -file-compilation-dir /Users/admin/builder/spi-builder-workspace/.swiftpm/xcode -Xcc -D_LIBCPP_HARDENING_MODE\=_LIBCPP_HARDENING_MODE_DEBUG -Xcc -ivfsstatcache -Xcc /Users/admin/builder/spi-builder-workspace/.derivedData/SDKStatCaches.noindex/appletvos27.0-24J360-e829b21a6f8c9b70876ba0858053c044b32bfd8d43560033f8d89884cdb90028.sdkstatcache -Xcc -fmodules-prune-interval\=86400 -Xcc -fmodules-prune-after\=345600 -Xcc -I/Users/admin/builder/spi-builder-workspace/.derivedData/Build/Products/Debug-appletvos/include -Xcc -I/Users/admin/builder/spi-builder-workspace/.derivedData/Build/Intermediates.noindex/iShader.build/Debug-appletvos/ColorEffect-t.build/DerivedSources-normal/arm64 -Xcc -I/Users/admin/builder/spi-builder-workspace/.derivedData/Build/Intermediates.noindex/iShader.build/Debug-appletvos/ColorEffect-t.build/DerivedSources/arm64 -Xcc -I/Users/admin/builder/spi-builder-workspace/.derivedData/Build/Intermediates.noindex/iShader.build/Debug-appletvos/ColorEffect-t.build/DerivedSources -Xcc -DSWIFT_PACKAGE -Xcc -DDEBUG\=1 -no-auto-bridging-header-chaining -module-name ColorEffect -package-name spi_builder_workspace -const-gather-protocols-file /Users/admin/builder/spi-builder-workspace/.derivedData/Build/Intermediates.noindex/iShader.build/Debug-appletvos/ColorEffect-t.build/Objects-normal/arm64/ColorEffect_const_extract_protocols.json -disable-clang-spi -clang-target arm64-apple-tvos27.0 -target-sdk-version 27.0 -target-sdk-name appletvos27.0 -in-process-plugin-server-path /Applications/Xcode-27.0.0-Release.Candidate.app/Contents/Developer/Toolchains/XcodeDefault.xctoolchain/usr/lib/swift/host/libSwiftInProcPluginServer.dylib -emit-module-doc-path /Users/admin/builder/spi-builder-workspace/.derivedData/Build/Intermediates.noindex/iShader.build/Debug-appletvos/ColorEffect-t.build/Objects-normal/arm64/ColorEffect.swiftdoc -emit-module-source-info-path /Users/admin/builder/spi-builder-workspace/.derivedData/Build/Intermediates.noindex/iShader.build/Debug-appletvos/ColorEffect-t.build/Objects-normal/arm64/ColorEffect.swiftsourceinfo -emit-objc-header-path /Users/admin/builder/spi-builder-workspace/.derivedData/Build/Intermediates.noindex/iShader.build/Debug-appletvos/ColorEffect-t.build/Objects-normal/arm64/ColorEffect-Swift.h -serialize-diagnostics-path /Users/admin/builder/spi-builder-workspace/.derivedData/Build/Intermediates.noindex/iShader.build/Debug-appletvos/ColorEffect-t.build/Objects-normal/arm64/ColorEffect-primary-emit-module.dia -emit-dependencies-path /Users/admin/builder/spi-builder-workspace/.derivedData/Build/Intermediates.noindex/iShader.build/Debug-appletvos/ColorEffect-t.build/Objects-normal/arm64/ColorEffect-primary-emit-module.d -parse-as-library -o /Users/admin/builder/spi-builder-workspace/.derivedData/Build/Intermediates.noindex/iShader.build/Debug-appletvos/ColorEffect-t.build/Objects-normal/arm64/ColorEffect.swiftmodule -emit-abi-descriptor-path /Users/admin/builder/spi-builder-workspace/.derivedData/Build/Intermediates.noindex/iShader.build/Debug-appletvos/ColorEffect-t.build/Objects-normal/arm64/ColorEffect.abi.json
SwiftCompile normal arm64 (in target 'ColorEffect' from project 'iShader')
cd /Users/admin/builder/spi-builder-workspace/.swiftpm/xcode
SwiftEmitModule normal arm64 Emitting\ module\ for\ AudioVisualizer (in target 'AudioVisualizer' from project 'iShader')
SwiftCompile normal arm64 (in target 'AudioVisualizer' from project 'iShader')
cd /Users/admin/builder/spi-builder-workspace/.swiftpm/xcode
PruneExplicitPrecompiledModules /Users/admin/builder/spi-builder-workspace/.derivedData/SDKExplicitPrecompiledModules
PruneExplicitPrecompiledModules /Users/admin/builder/spi-builder-workspace/.derivedData/Build/Intermediates.noindex/ExplicitPrecompiledModules
PruneExplicitPrecompiledModules /Users/admin/builder/spi-builder-workspace/.derivedData/Build/Intermediates.noindex/SwiftExplicitPrecompiledModules
2026-09-20 15:34:28.406 xcodebuild[627:3913] [MT] IDERunDestination: Supported platforms for the buildables in the current scheme is empty.
** BUILD FAILED **
The following build commands failed:
SwiftEmitModule normal arm64 Emitting\ module\ for\ DistortionEffect (in target 'DistortionEffect' from project 'iShader')
SwiftCompile normal arm64 (in target 'DistortionEffect' from project 'iShader')
SwiftEmitModule normal arm64 Emitting\ module\ for\ LayerEffect (in target 'LayerEffect' from project 'iShader')
SwiftCompile normal arm64 (in target 'LayerEffect' from project 'iShader')
SwiftEmitModule normal arm64 Emitting\ module\ for\ ColorEffect (in target 'ColorEffect' from project 'iShader')
SwiftCompile normal arm64 (in target 'ColorEffect' from project 'iShader')
Building workspace iShader with scheme iShader-Package
(7 failures)
Command line invocation:
/Applications/Xcode-27.0.0-Release.Candidate.app/Contents/Developer/usr/bin/xcodebuild -IDEClonedSourcePackagesDirPathOverride=/Users/admin/builder/spi-builder-workspace/.dependencies -resolvePackageDependencies
Resolve Package Graph
Resolved source packages:
iShader: /Users/admin/builder/spi-builder-workspace
resolved source packages: iShader
2026-09-20 15:34:38.081 xcodebuild[836:5048] [MT] IDERunDestination: Supported platforms for the buildables in the current scheme is empty.
{
"dependencies" : [
],
"manifest_display_name" : "iShader",
"name" : "iShader",
"path" : "/Users/admin/builder/spi-builder-workspace",
"platforms" : [
{
"name" : "ios",
"version" : "17.0"
},
{
"name" : "macos",
"version" : "14.0"
},
{
"name" : "maccatalyst",
"version" : "15.0"
},
{
"name" : "tvos",
"version" : "15.0"
},
{
"name" : "visionos",
"version" : "1.0"
}
],
"products" : [
{
"name" : "iShader",
"targets" : [
"iShader"
],
"type" : {
"library" : [
"automatic"
]
}
},
{
"name" : "AudioVisualizer",
"targets" : [
"AudioVisualizer"
],
"type" : {
"library" : [
"automatic"
]
}
},
{
"name" : "ColorEffect",
"targets" : [
"ColorEffect"
],
"type" : {
"library" : [
"automatic"
]
}
},
{
"name" : "DistortionEffect",
"targets" : [
"DistortionEffect"
],
"type" : {
"library" : [
"automatic"
]
}
},
{
"name" : "LayerEffect",
"targets" : [
"LayerEffect"
],
"type" : {
"library" : [
"automatic"
]
}
},
{
"name" : "ShaderArt",
"targets" : [
"ShaderArt"
],
"type" : {
"library" : [
"automatic"
]
}
},
{
"name" : "Transition",
"targets" : [
"Transition"
],
"type" : {
"library" : [
"automatic"
]
}
}
],
"swift_languages_versions" : [
"5"
],
"targets" : [
{
"c99name" : "iShaderTests",
"module_type" : "SwiftTarget",
"name" : "iShaderTests",
"path" : "Tests/iShaderTests",
"sources" : [
"iShaderTests.swift"
],
"target_dependencies" : [
"iShader"
],
"type" : "test"
},
{
"c99name" : "iShader",
"module_type" : "SwiftTarget",
"name" : "iShader",
"path" : "Sources/iShader",
"product_memberships" : [
"iShader"
],
"sources" : [
"iShader.swift"
],
"target_dependencies" : [
"AudioVisualizer",
"ColorEffect",
"DistortionEffect",
"LayerEffect",
"ShaderArt",
"Transition"
],
"type" : "library"
},
{
"c99name" : "Transition",
"module_type" : "SwiftTarget",
"name" : "Transition",
"path" : "Sources/Transition",
"product_memberships" : [
"iShader",
"Transition"
],
"resources" : [
{
"path" : "/Users/admin/builder/spi-builder-workspace/Sources/Transition/Shaders/Circle.metal",
"rule" : {
"process" : {
}
}
},
{
"path" : "/Users/admin/builder/spi-builder-workspace/Sources/Transition/Shaders/Crosswarp.metal",
"rule" : {
"process" : {
}
}
},
{
"path" : "/Users/admin/builder/spi-builder-workspace/Sources/Transition/Shaders/Dreamy.metal",
"rule" : {
"process" : {
}
}
},
{
"path" : "/Users/admin/builder/spi-builder-workspace/Sources/Transition/Shaders/Genie.metal",
"rule" : {
"process" : {
}
}
},
{
"path" : "/Users/admin/builder/spi-builder-workspace/Sources/Transition/Shaders/Morph.metal",
"rule" : {
"process" : {
}
}
},
{
"path" : "/Users/admin/builder/spi-builder-workspace/Sources/Transition/Shaders/Radial.metal",
"rule" : {
"process" : {
}
}
},
{
"path" : "/Users/admin/builder/spi-builder-workspace/Sources/Transition/Shaders/Swirl.metal",
"rule" : {
"process" : {
}
}
},
{
"path" : "/Users/admin/builder/spi-builder-workspace/Sources/Transition/Shaders/Wind.metal",
"rule" : {
"process" : {
}
}
},
{
"path" : "/Users/admin/builder/spi-builder-workspace/Sources/Transition/Shaders/WindowBlinds.metal",
"rule" : {
"process" : {
}
}
}
],
"sources" : [
"BundleExtensions.swift",
"TransitionTypes.swift",
"Transitions.swift"
],
"type" : "library"
},
{
"c99name" : "ShaderArt",
"module_type" : "SwiftTarget",
"name" : "ShaderArt",
"path" : "Sources/ShaderArt",
"product_memberships" : [
"iShader",
"ShaderArt"
],
"resources" : [
{
"path" : "/Users/admin/builder/spi-builder-workspace/Sources/ShaderArt/2DArt/Shaders/2DClouds.metal",
"rule" : {
"process" : {
}
}
},
{
"path" : "/Users/admin/builder/spi-builder-workspace/Sources/ShaderArt/2DArt/Shaders/BaseWarpFBM.metal",
"rule" : {
"process" : {
}
}
},
{
"path" : "/Users/admin/builder/spi-builder-workspace/Sources/ShaderArt/2DArt/Shaders/BeamDroplet.metal",
"rule" : {
"process" : {
}
}
},
{
"path" : "/Users/admin/builder/spi-builder-workspace/Sources/ShaderArt/2DArt/Shaders/BlackHoleDawn.metal",
"rule" : {
"process" : {
}
}
},
{
"path" : "/Users/admin/builder/spi-builder-workspace/Sources/ShaderArt/2DArt/Shaders/BlueVoid.metal",
"rule" : {
"process" : {
}
}
},
{
"path" : "/Users/admin/builder/spi-builder-workspace/Sources/ShaderArt/2DArt/Shaders/CosmicBlood.metal",
"rule" : {
"process" : {
}
}
},
{
"path" : "/Users/admin/builder/spi-builder-workspace/Sources/ShaderArt/2DArt/Shaders/CrystalCaustic.metal",
"rule" : {
"process" : {
}
}
},
{
"path" : "/Users/admin/builder/spi-builder-workspace/Sources/ShaderArt/2DArt/Shaders/ElectricField.metal",
"rule" : {
"process" : {
}
}
},
{
"path" : "/Users/admin/builder/spi-builder-workspace/Sources/ShaderArt/2DArt/Shaders/ExplosionCloud.metal",
"rule" : {
"process" : {
}
}
},
{
"path" : "/Users/admin/builder/spi-builder-workspace/Sources/ShaderArt/2DArt/Shaders/FBMLightning.metal",
"rule" : {
"process" : {
}
}
},
{
"path" : "/Users/admin/builder/spi-builder-workspace/Sources/ShaderArt/2DArt/Shaders/Fireworks.metal",
"rule" : {
"process" : {
}
}
},
{
"path" : "/Users/admin/builder/spi-builder-workspace/Sources/ShaderArt/2DArt/Shaders/GlowingMarblingBlack.metal",
"rule" : {
"process" : {
}
}
},
{
"path" : "/Users/admin/builder/spi-builder-workspace/Sources/ShaderArt/2DArt/Shaders/Gradients/ChromaGradients.metal",
"rule" : {
"process" : {
}
}
},
{
"path" : "/Users/admin/builder/spi-builder-workspace/Sources/ShaderArt/2DArt/Shaders/Gradients/ColorWind.metal",
"rule" : {
"process" : {
}
}
},
{
"path" : "/Users/admin/builder/spi-builder-workspace/Sources/ShaderArt/2DArt/Shaders/Gradients/CrumpledWave.metal",
"rule" : {
"process" : {
}
}
},
{
"path" : "/Users/admin/builder/spi-builder-workspace/Sources/ShaderArt/2DArt/Shaders/Gradients/FluidGradient.metal",
"rule" : {
"process" : {
}
}
},
{
"path" : "/Users/admin/builder/spi-builder-workspace/Sources/ShaderArt/2DArt/Shaders/Gradients/GlossyGradients.metal",
"rule" : {
"process" : {
}
}
},
{
"path" : "/Users/admin/builder/spi-builder-workspace/Sources/ShaderArt/2DArt/Shaders/Gradients/GradientFlow.metal",
"rule" : {
"process" : {
}
}
},
{
"path" : "/Users/admin/builder/spi-builder-workspace/Sources/ShaderArt/2DArt/Shaders/Gradients/Gradientify.metal",
"rule" : {
"process" : {
}
}
},
{
"path" : "/Users/admin/builder/spi-builder-workspace/Sources/ShaderArt/2DArt/Shaders/Gradients/RainbowSherbet.metal",
"rule" : {
"process" : {
}
}
},
{
"path" : "/Users/admin/builder/spi-builder-workspace/Sources/ShaderArt/2DArt/Shaders/Gradients/RotatingGradient.metal",
"rule" : {
"process" : {
}
}
},
{
"path" : "/Users/admin/builder/spi-builder-workspace/Sources/ShaderArt/2DArt/Shaders/HypnoticRipples.metal",
"rule" : {
"process" : {
}
}
},
{
"path" : "/Users/admin/builder/spi-builder-workspace/Sources/ShaderArt/2DArt/Shaders/Iris.metal",
"rule" : {
"process" : {
}
}
},
{
"path" : "/Users/admin/builder/spi-builder-workspace/Sources/ShaderArt/2DArt/Shaders/LavaBlobs.metal",
"rule" : {
"process" : {
}
}
},
{
"path" : "/Users/admin/builder/spi-builder-workspace/Sources/ShaderArt/2DArt/Shaders/LensFlare.metal",
"rule" : {
"process" : {
}
}
},
{
"path" : "/Users/admin/builder/spi-builder-workspace/Sources/ShaderArt/2DArt/Shaders/Lightning01.metal",
"rule" : {
"process" : {
}
}
},
{
"path" : "/Users/admin/builder/spi-builder-workspace/Sources/ShaderArt/2DArt/Shaders/ModFan.metal",
"rule" : {
"process" : {
}
}
},
{
"path" : "/Users/admin/builder/spi-builder-workspace/Sources/ShaderArt/2DArt/Shaders/NeonRug.metal",
"rule" : {
"process" : {
}
}
},
{
"path" : "/Users/admin/builder/spi-builder-workspace/Sources/ShaderArt/2DArt/Shaders/Portal.metal",
"rule" : {
"process" : {
}
}
},
{
"path" : "/Users/admin/builder/spi-builder-workspace/Sources/ShaderArt/2DArt/Shaders/PulsatingFlesh.metal",
"rule" : {
"process" : {
}
}
},
{
"path" : "/Users/admin/builder/spi-builder-workspace/Sources/ShaderArt/2DArt/Shaders/RetroSun.metal",
"rule" : {
"process" : {
}
}
},
{
"path" : "/Users/admin/builder/spi-builder-workspace/Sources/ShaderArt/2DArt/Shaders/SineWaves.metal",
"rule" : {
"process" : {
}
}
},
{
"path" : "/Users/admin/builder/spi-builder-workspace/Sources/ShaderArt/2DArt/Shaders/Singularity.metal",
"rule" : {
"process" : {
}
}
},
{
"path" : "/Users/admin/builder/spi-builder-workspace/Sources/ShaderArt/2DArt/Shaders/SpiralRiders.metal",
"rule" : {
"process" : {
}
}
},
{
"path" : "/Users/admin/builder/spi-builder-workspace/Sources/ShaderArt/2DArt/Shaders/StarField.metal",
"rule" : {
"process" : {
}
}
},
{
"path" : "/Users/admin/builder/spi-builder-workspace/Sources/ShaderArt/2DArt/Shaders/StarNest.metal",
"rule" : {
"process" : {
}
}
},
{
"path" : "/Users/admin/builder/spi-builder-workspace/Sources/ShaderArt/2DArt/Shaders/TMGyroids.metal",
"rule" : {
"process" : {
}
}
},
{
"path" : "/Users/admin/builder/spi-builder-workspace/Sources/ShaderArt/2DArt/Shaders/Turbulence.metal",
"rule" : {
"process" : {
}
}
},
{
"path" : "/Users/admin/builder/spi-builder-workspace/Sources/ShaderArt/2DArt/Shaders/WetNeuralNetwork.metal",
"rule" : {
"process" : {
}
}
},
{
"path" : "/Users/admin/builder/spi-builder-workspace/Sources/ShaderArt/2DArt/Shaders/Writhe.metal",
"rule" : {
"process" : {
}
}
}
],
"sources" : [
"2DArt/ArtShaders.swift",
"2DArt/Gradients.swift",
"BundleExtensions.swift"
],
"type" : "library"
},
{
"c99name" : "LayerEffect",
"module_type" : "SwiftTarget",
"name" : "LayerEffect",
"path" : "Sources/LayerEffect",
"product_memberships" : [
"iShader",
"LayerEffect"
],
"resources" : [
{
"path" : "/Users/admin/builder/spi-builder-workspace/Sources/LayerEffect/Shaders/Bubble.metal",
"rule" : {
"process" : {
}
}
},
{
"path" : "/Users/admin/builder/spi-builder-workspace/Sources/LayerEffect/Shaders/ColorPlanes.metal",
"rule" : {
"process" : {
}
}
},
{
"path" : "/Users/admin/builder/spi-builder-workspace/Sources/LayerEffect/Shaders/Emboss.metal",
"rule" : {
"process" : {
}
}
},
{
"path" : "/Users/admin/builder/spi-builder-workspace/Sources/LayerEffect/Shaders/SineWave.metal",
"rule" : {
"process" : {
}
}
},
{
"path" : "/Users/admin/builder/spi-builder-workspace/Sources/LayerEffect/Shaders/Sobel.metal",
"rule" : {
"process" : {
}
}
},
{
"path" : "/Users/admin/builder/spi-builder-workspace/Sources/LayerEffect/Shaders/SoftThreshold.metal",
"rule" : {
"process" : {
}
}
},
{
"path" : "/Users/admin/builder/spi-builder-workspace/Sources/LayerEffect/Shaders/VHS.metal",
"rule" : {
"process" : {
}
}
},
{
"path" : "/Users/admin/builder/spi-builder-workspace/Sources/LayerEffect/Shaders/WarpingLoupe.metal",
"rule" : {
"process" : {
}
}
}
],
"sources" : [
"BundleExtensions.swift",
"LayerEffects.swift"
],
"type" : "library"
},
{
"c99name" : "DistortionEffect",
"module_type" : "SwiftTarget",
"name" : "DistortionEffect",
"path" : "Sources/DistortionEffect",
"product_memberships" : [
"iShader",
"DistortionEffect"
],
"resources" : [
{
"path" : "/Users/admin/builder/spi-builder-workspace/Sources/DistortionEffect/Shaders/BarrelDistortion.metal",
"rule" : {
"process" : {
}
}
},
{
"path" : "/Users/admin/builder/spi-builder-workspace/Sources/DistortionEffect/Shaders/Pinch.metal",
"rule" : {
"process" : {
}
}
},
{
"path" : "/Users/admin/builder/spi-builder-workspace/Sources/DistortionEffect/Shaders/RelativeWave.metal",
"rule" : {
"process" : {
}
}
},
{
"path" : "/Users/admin/builder/spi-builder-workspace/Sources/DistortionEffect/Shaders/SineDistortion.metal",
"rule" : {
"process" : {
}
}
},
{
"path" : "/Users/admin/builder/spi-builder-workspace/Sources/DistortionEffect/Shaders/Water.metal",
"rule" : {
"process" : {
}
}
},
{
"path" : "/Users/admin/builder/spi-builder-workspace/Sources/DistortionEffect/Shaders/Wave.metal",
"rule" : {
"process" : {
}
}
},
{
"path" : "/Users/admin/builder/spi-builder-workspace/Sources/DistortionEffect/Shaders/WorleyDisplacement.metal",
"rule" : {
"process" : {
}
}
}
],
"sources" : [
"BundleExtensions.swift",
"DistortionEffects.swift"
],
"type" : "library"
},
{
"c99name" : "ColorEffect",
"module_type" : "SwiftTarget",
"name" : "ColorEffect",
"path" : "Sources/ColorEffect",
"product_memberships" : [
"iShader",
"ColorEffect"
],
"resources" : [
{
"path" : "/Users/admin/builder/spi-builder-workspace/Sources/ColorEffect/Shaders/CRT.metal",
"rule" : {
"process" : {
}
}
},
{
"path" : "/Users/admin/builder/spi-builder-workspace/Sources/ColorEffect/Shaders/Exposure.metal",
"rule" : {
"process" : {
}
}
},
{
"path" : "/Users/admin/builder/spi-builder-workspace/Sources/ColorEffect/Shaders/FilmGrain.metal",
"rule" : {
"process" : {
}
}
},
{
"path" : "/Users/admin/builder/spi-builder-workspace/Sources/ColorEffect/Shaders/Gamma.metal",
"rule" : {
"process" : {
}
}
},
{
"path" : "/Users/admin/builder/spi-builder-workspace/Sources/ColorEffect/Shaders/Infrared.metal",
"rule" : {
"process" : {
}
}
},
{
"path" : "/Users/admin/builder/spi-builder-workspace/Sources/ColorEffect/Shaders/LightbulbScreen .metal",
"rule" : {
"process" : {
}
}
},
{
"path" : "/Users/admin/builder/spi-builder-workspace/Sources/ColorEffect/Shaders/Luminence.metal",
"rule" : {
"process" : {
}
}
},
{
"path" : "/Users/admin/builder/spi-builder-workspace/Sources/ColorEffect/Shaders/NightVision.metal",
"rule" : {
"process" : {
}
}
},
{
"path" : "/Users/admin/builder/spi-builder-workspace/Sources/ColorEffect/Shaders/TileableWaterCaustic.metal",
"rule" : {
"process" : {
}
}
},
{
"path" : "/Users/admin/builder/spi-builder-workspace/Sources/ColorEffect/Shaders/Vibrance.metal",
"rule" : {
"process" : {
}
}
},
{
"path" : "/Users/admin/builder/spi-builder-workspace/Sources/ColorEffect/Shaders/Vignette.metal",
"rule" : {
"process" : {
}
}
}
],
"sources" : [
"BundleExtensions.swift",
"ColorEffects.swift"
],
"type" : "library"
},
{
"c99name" : "AudioVisualizer",
"module_type" : "SwiftTarget",
"name" : "AudioVisualizer",
"path" : "Sources/AudioVisualizer",
"product_memberships" : [
"iShader",
"AudioVisualizer"
],
"resources" : [
{
"path" : "/Users/admin/builder/spi-builder-workspace/Sources/AudioVisualizer/Shaders/AudioEclipse.metal",
"rule" : {
"process" : {
}
}
},
{
"path" : "/Users/admin/builder/spi-builder-workspace/Sources/AudioVisualizer/Shaders/GalaxyVisuals.metal",
"rule" : {
"process" : {
}
}
},
{
"path" : "/Users/admin/builder/spi-builder-workspace/Sources/AudioVisualizer/Shaders/GlowingSoundParticles.metal",
"rule" : {
"process" : {
}
}
},
{
"path" : "/Users/admin/builder/spi-builder-workspace/Sources/AudioVisualizer/Shaders/RoundAudioSpecturm.metal",
"rule" : {
"process" : {
}
}
},
{
"path" : "/Users/admin/builder/spi-builder-workspace/Sources/AudioVisualizer/Shaders/ShadesOfMusic.metal",
"rule" : {
"process" : {
}
}
},
{
"path" : "/Users/admin/builder/spi-builder-workspace/Sources/AudioVisualizer/Shaders/SineSoundWaves.metal",
"rule" : {
"process" : {
}
}
},
{
"path" : "/Users/admin/builder/spi-builder-workspace/Sources/AudioVisualizer/Shaders/UniverseWithin.metal",
"rule" : {
"process" : {
}
}
},
{
"path" : "/Users/admin/builder/spi-builder-workspace/Sources/AudioVisualizer/Shaders/WavesRemix.metal",
"rule" : {
"process" : {
}
}
}
],
"sources" : [
"AudioVisualizers.swift",
"BundleExtensions.swift"
],
"type" : "library"
}
],
"tools_version" : "5.9"
}
{
"workspace" : {
"name" : "iShader",
"schemes" : [
"AudioVisualizer",
"ColorEffect",
"DistortionEffect",
"iShader",
"iShader-Package",
"LayerEffect",
"ShaderArt",
"Transition"
]
}
}
2026-09-20 15:34:39.359 xcodebuild[844:5120] [MT] IDERunDestination: Supported platforms for the buildables in the current scheme is empty.
Running build ...
env DEVELOPER_DIR=/Applications/Xcode-27.0.0-Release.Candidate.app xcrun xcodebuild -IDEClonedSourcePackagesDirPathOverride=$PWD/.dependencies -skipMacroValidation -skipPackagePluginValidation -derivedDataPath $PWD/.derivedData build -scheme iShader-Package -destination generic/platform=tvOS
Command line invocation:
/Applications/Xcode-27.0.0-Release.Candidate.app/Contents/Developer/usr/bin/xcodebuild -IDEClonedSourcePackagesDirPathOverride=/Users/admin/builder/spi-builder-workspace/.dependencies -skipMacroValidation -skipPackagePluginValidation -derivedDataPath /Users/admin/builder/spi-builder-workspace/.derivedData build -scheme iShader-Package -destination generic/platform=tvOS
Resolve Package Graph
Resolved source packages:
iShader: /Users/admin/builder/spi-builder-workspace
ComputePackagePrebuildTargetDependencyGraph
Prepare packages
CreateBuildRequest
SendProjectDescription
CreateBuildOperation
ComputeTargetDependencyGraph
note: Building targets in dependency order
note: Target dependency graph (20 targets)
Target 'Transition-product' in project 'iShader'
➜ Explicit dependency on target 'Transition' in project 'iShader'
➜ Explicit dependency on target 'iShader_Transition' in project 'iShader'
Target 'ShaderArt-product' in project 'iShader'
➜ Explicit dependency on target 'ShaderArt' in project 'iShader'
➜ Explicit dependency on target 'iShader_ShaderArt' in project 'iShader'
Target 'LayerEffect-product' in project 'iShader'
➜ Explicit dependency on target 'LayerEffect' in project 'iShader'
➜ Explicit dependency on target 'iShader_LayerEffect' in project 'iShader'
Target 'DistortionEffect-product' in project 'iShader'
➜ Explicit dependency on target 'DistortionEffect' in project 'iShader'
➜ Explicit dependency on target 'iShader_DistortionEffect' in project 'iShader'
Target 'ColorEffect-product' in project 'iShader'
➜ Explicit dependency on target 'ColorEffect' in project 'iShader'
➜ Explicit dependency on target 'iShader_ColorEffect' in project 'iShader'
Target 'AudioVisualizer-product' in project 'iShader'
➜ Explicit dependency on target 'AudioVisualizer' in project 'iShader'
➜ Explicit dependency on target 'iShader_AudioVisualizer' in project 'iShader'
Target 'iShader-product' in project 'iShader'
➜ Explicit dependency on target 'iShader' in project 'iShader'
➜ Explicit dependency on target 'AudioVisualizer' in project 'iShader'
➜ Explicit dependency on target 'ColorEffect' in project 'iShader'
➜ Explicit dependency on target 'DistortionEffect' in project 'iShader'
➜ Explicit dependency on target 'LayerEffect' in project 'iShader'
➜ Explicit dependency on target 'ShaderArt' in project 'iShader'
➜ Explicit dependency on target 'Transition' in project 'iShader'
Target 'iShader' in project 'iShader'
➜ Explicit dependency on target 'AudioVisualizer' in project 'iShader'
➜ Explicit dependency on target 'ColorEffect' in project 'iShader'
➜ Explicit dependency on target 'DistortionEffect' in project 'iShader'
➜ Explicit dependency on target 'LayerEffect' in project 'iShader'
➜ Explicit dependency on target 'ShaderArt' in project 'iShader'
➜ Explicit dependency on target 'Transition' in project 'iShader'
Target 'Transition' in project 'iShader'
➜ Explicit dependency on target 'iShader_Transition' in project 'iShader'
Target 'iShader_Transition' in project 'iShader' (no dependencies)
Target 'ShaderArt' in project 'iShader'
➜ Explicit dependency on target 'iShader_ShaderArt' in project 'iShader'
Target 'iShader_ShaderArt' in project 'iShader' (no dependencies)
Target 'LayerEffect' in project 'iShader'
➜ Explicit dependency on target 'iShader_LayerEffect' in project 'iShader'
Target 'iShader_LayerEffect' in project 'iShader' (no dependencies)
Target 'DistortionEffect' in project 'iShader'
➜ Explicit dependency on target 'iShader_DistortionEffect' in project 'iShader'
Target 'iShader_DistortionEffect' in project 'iShader' (no dependencies)
Target 'ColorEffect' in project 'iShader'
➜ Explicit dependency on target 'iShader_ColorEffect' in project 'iShader'
Target 'iShader_ColorEffect' in project 'iShader' (no dependencies)
Target 'AudioVisualizer' in project 'iShader'
➜ Explicit dependency on target 'iShader_AudioVisualizer' in project 'iShader'
Target 'iShader_AudioVisualizer' in project 'iShader' (no dependencies)
GatherProvisioningInputs
CreateBuildDescription
ClangStatCache /Applications/Xcode-27.0.0-Release.Candidate.app/Contents/Developer/Toolchains/XcodeDefault.xctoolchain/usr/bin/clang-stat-cache /Applications/Xcode-27.0.0-Release.Candidate.app/Contents/Developer/Platforms/AppleTVOS.platform/Developer/SDKs/AppleTVOS27.0.sdk /Users/admin/builder/spi-builder-workspace/.derivedData/SDKStatCaches.noindex/appletvos27.0-24J360-e829b21a6f8c9b70876ba0858053c044b32bfd8d43560033f8d89884cdb90028.sdkstatcache
cd /Users/admin/builder/spi-builder-workspace/.swiftpm/xcode
/Applications/Xcode-27.0.0-Release.Candidate.app/Contents/Developer/Toolchains/XcodeDefault.xctoolchain/usr/bin/clang-stat-cache /Applications/Xcode-27.0.0-Release.Candidate.app/Contents/Developer/Platforms/AppleTVOS.platform/Developer/SDKs/AppleTVOS27.0.sdk -o /Users/admin/builder/spi-builder-workspace/.derivedData/SDKStatCaches.noindex/appletvos27.0-24J360-e829b21a6f8c9b70876ba0858053c044b32bfd8d43560033f8d89884cdb90028.sdkstatcache
SwiftDriver Transition normal arm64 com.apple.xcode.tools.swift.compiler (in target 'Transition' from project 'iShader')
cd /Users/admin/builder/spi-builder-workspace/.swiftpm/xcode
builtin-SwiftDriver -- /Applications/Xcode-27.0.0-Release.Candidate.app/Contents/Developer/Toolchains/XcodeDefault.xctoolchain/usr/bin/swiftc -parse-as-library -module-name Transition -Onone @/Users/admin/builder/spi-builder-workspace/.derivedData/Build/Intermediates.noindex/iShader.build/Debug-appletvos/Transition-t.build/Objects-normal/arm64/Transition.SwiftFileList -DSWIFT_PACKAGE -DDEBUG -DSWIFT_MODULE_RESOURCE_BUNDLE_AVAILABLE -DXcode -plugin-path /Applications/Xcode-27.0.0-Release.Candidate.app/Contents/Developer/Toolchains/XcodeDefault.xctoolchain/usr/lib/swift/host/plugins/testing -enable-experimental-feature DebugDescriptionMacro -sdk /Applications/Xcode-27.0.0-Release.Candidate.app/Contents/Developer/Platforms/AppleTVOS.platform/Developer/SDKs/AppleTVOS27.0.sdk -target arm64-apple-tvos15.0 -g -module-cache-path /Users/admin/builder/spi-builder-workspace/.derivedData/ModuleCache.noindex -Xfrontend -serialize-debugging-options -profile-coverage-mapping -profile-generate -enable-testing -index-store-path /Users/admin/builder/spi-builder-workspace/.derivedData/Index.noindex/DataStore -Xcc -D_LIBCPP_HARDENING_MODE\=_LIBCPP_HARDENING_MODE_DEBUG -swift-version 5 -I /Users/admin/builder/spi-builder-workspace/.derivedData/Build/Products/Debug-appletvos -Isystem /Applications/Xcode-27.0.0-Release.Candidate.app/Contents/Developer/Platforms/AppleTVOS.platform/Developer/usr/lib -F /Users/admin/builder/spi-builder-workspace/.derivedData/Build/Products/Debug-appletvos -F /Applications/Xcode-27.0.0-Release.Candidate.app/Contents/Developer/Platforms/AppleTVOS.platform/Developer/Library/Frameworks -F /Applications/Xcode-27.0.0-Release.Candidate.app/Contents/Developer/Platforms/AppleTVOS.platform/Developer/SDKs/AppleTVOS27.0.sdk/Developer/Library/Frameworks -c -j10 -enable-batch-mode -incremental -Xcc -ivfsstatcache -Xcc /Users/admin/builder/spi-builder-workspace/.derivedData/SDKStatCaches.noindex/appletvos27.0-24J360-e829b21a6f8c9b70876ba0858053c044b32bfd8d43560033f8d89884cdb90028.sdkstatcache -output-file-map /Users/admin/builder/spi-builder-workspace/.derivedData/Build/Intermediates.noindex/iShader.build/Debug-appletvos/Transition-t.build/Objects-normal/arm64/Transition-OutputFileMap.json -save-temps -no-color-diagnostics -explicit-module-build -module-cache-path /Users/admin/builder/spi-builder-workspace/.derivedData/Build/Intermediates.noindex/SwiftExplicitPrecompiledModules -clang-scanner-module-cache-path /Users/admin/builder/spi-builder-workspace/.derivedData/ModuleCache.noindex -sdk-module-cache-path /Users/admin/builder/spi-builder-workspace/.derivedData/SDKExplicitPrecompiledModules -emit-dependencies -emit-module -emit-module-path /Users/admin/builder/spi-builder-workspace/.derivedData/Build/Intermediates.noindex/iShader.build/Debug-appletvos/Transition-t.build/Objects-normal/arm64/Transition.swiftmodule -serialize-diagnostics -dependency-scan-serialize-diagnostics-path /Users/admin/builder/spi-builder-workspace/.derivedData/Build/Intermediates.noindex/iShader.build/Debug-appletvos/Transition-t.build/Objects-normal/arm64/Transition-dependency-scan.dia -validate-clang-modules-once -clang-build-session-file /Users/admin/builder/spi-builder-workspace/.derivedData/ModuleCache.noindex/Session.modulevalidation -Xcc -fmodules-prune-interval\=86400 -Xcc -fmodules-prune-after\=345600 -package-name spi_builder_workspace -emit-const-values -const-gather-protocols-list /Users/admin/builder/spi-builder-workspace/.derivedData/Build/Intermediates.noindex/iShader.build/Debug-appletvos/Transition-t.build/Objects-normal/arm64/Transition_const_extract_protocols.json -Xcc -I/Users/admin/builder/spi-builder-workspace/.derivedData/Build/Products/Debug-appletvos/include -Xcc -I/Users/admin/builder/spi-builder-workspace/.derivedData/Build/Intermediates.noindex/iShader.build/Debug-appletvos/Transition-t.build/DerivedSources-normal/arm64 -Xcc -I/Users/admin/builder/spi-builder-workspace/.derivedData/Build/Intermediates.noindex/iShader.build/Debug-appletvos/Transition-t.build/DerivedSources/arm64 -Xcc -I/Users/admin/builder/spi-builder-workspace/.derivedData/Build/Intermediates.noindex/iShader.build/Debug-appletvos/Transition-t.build/DerivedSources -Xcc -DSWIFT_PACKAGE -Xcc -DDEBUG\=1 -emit-objc-header -emit-objc-header-path /Users/admin/builder/spi-builder-workspace/.derivedData/Build/Intermediates.noindex/iShader.build/Debug-appletvos/Transition-t.build/Objects-normal/arm64/Transition-Swift.h -working-directory /Users/admin/builder/spi-builder-workspace/.swiftpm/xcode -experimental-emit-module-separately -disable-cmo
SwiftDriver LayerEffect normal arm64 com.apple.xcode.tools.swift.compiler (in target 'LayerEffect' from project 'iShader')
cd /Users/admin/builder/spi-builder-workspace/.swiftpm/xcode
builtin-SwiftDriver -- /Applications/Xcode-27.0.0-Release.Candidate.app/Contents/Developer/Toolchains/XcodeDefault.xctoolchain/usr/bin/swiftc -parse-as-library -module-name LayerEffect -Onone @/Users/admin/builder/spi-builder-workspace/.derivedData/Build/Intermediates.noindex/iShader.build/Debug-appletvos/LayerEffect-t.build/Objects-normal/arm64/LayerEffect.SwiftFileList -DSWIFT_PACKAGE -DDEBUG -DSWIFT_MODULE_RESOURCE_BUNDLE_AVAILABLE -DXcode -plugin-path /Applications/Xcode-27.0.0-Release.Candidate.app/Contents/Developer/Toolchains/XcodeDefault.xctoolchain/usr/lib/swift/host/plugins/testing -enable-experimental-feature DebugDescriptionMacro -sdk /Applications/Xcode-27.0.0-Release.Candidate.app/Contents/Developer/Platforms/AppleTVOS.platform/Developer/SDKs/AppleTVOS27.0.sdk -target arm64-apple-tvos15.0 -g -module-cache-path /Users/admin/builder/spi-builder-workspace/.derivedData/ModuleCache.noindex -Xfrontend -serialize-debugging-options -profile-coverage-mapping -profile-generate -enable-testing -index-store-path /Users/admin/builder/spi-builder-workspace/.derivedData/Index.noindex/DataStore -Xcc -D_LIBCPP_HARDENING_MODE\=_LIBCPP_HARDENING_MODE_DEBUG -swift-version 5 -I /Users/admin/builder/spi-builder-workspace/.derivedData/Build/Products/Debug-appletvos -Isystem /Applications/Xcode-27.0.0-Release.Candidate.app/Contents/Developer/Platforms/AppleTVOS.platform/Developer/usr/lib -F /Users/admin/builder/spi-builder-workspace/.derivedData/Build/Products/Debug-appletvos -F /Applications/Xcode-27.0.0-Release.Candidate.app/Contents/Developer/Platforms/AppleTVOS.platform/Developer/Library/Frameworks -F /Applications/Xcode-27.0.0-Release.Candidate.app/Contents/Developer/Platforms/AppleTVOS.platform/Developer/SDKs/AppleTVOS27.0.sdk/Developer/Library/Frameworks -c -j10 -enable-batch-mode -incremental -Xcc -ivfsstatcache -Xcc /Users/admin/builder/spi-builder-workspace/.derivedData/SDKStatCaches.noindex/appletvos27.0-24J360-e829b21a6f8c9b70876ba0858053c044b32bfd8d43560033f8d89884cdb90028.sdkstatcache -output-file-map /Users/admin/builder/spi-builder-workspace/.derivedData/Build/Intermediates.noindex/iShader.build/Debug-appletvos/LayerEffect-t.build/Objects-normal/arm64/LayerEffect-OutputFileMap.json -save-temps -no-color-diagnostics -explicit-module-build -module-cache-path /Users/admin/builder/spi-builder-workspace/.derivedData/Build/Intermediates.noindex/SwiftExplicitPrecompiledModules -clang-scanner-module-cache-path /Users/admin/builder/spi-builder-workspace/.derivedData/ModuleCache.noindex -sdk-module-cache-path /Users/admin/builder/spi-builder-workspace/.derivedData/SDKExplicitPrecompiledModules -emit-dependencies -emit-module -emit-module-path /Users/admin/builder/spi-builder-workspace/.derivedData/Build/Intermediates.noindex/iShader.build/Debug-appletvos/LayerEffect-t.build/Objects-normal/arm64/LayerEffect.swiftmodule -serialize-diagnostics -dependency-scan-serialize-diagnostics-path /Users/admin/builder/spi-builder-workspace/.derivedData/Build/Intermediates.noindex/iShader.build/Debug-appletvos/LayerEffect-t.build/Objects-normal/arm64/LayerEffect-dependency-scan.dia -validate-clang-modules-once -clang-build-session-file /Users/admin/builder/spi-builder-workspace/.derivedData/ModuleCache.noindex/Session.modulevalidation -Xcc -fmodules-prune-interval\=86400 -Xcc -fmodules-prune-after\=345600 -package-name spi_builder_workspace -emit-const-values -const-gather-protocols-list /Users/admin/builder/spi-builder-workspace/.derivedData/Build/Intermediates.noindex/iShader.build/Debug-appletvos/LayerEffect-t.build/Objects-normal/arm64/LayerEffect_const_extract_protocols.json -Xcc -I/Users/admin/builder/spi-builder-workspace/.derivedData/Build/Products/Debug-appletvos/include -Xcc -I/Users/admin/builder/spi-builder-workspace/.derivedData/Build/Intermediates.noindex/iShader.build/Debug-appletvos/LayerEffect-t.build/DerivedSources-normal/arm64 -Xcc -I/Users/admin/builder/spi-builder-workspace/.derivedData/Build/Intermediates.noindex/iShader.build/Debug-appletvos/LayerEffect-t.build/DerivedSources/arm64 -Xcc -I/Users/admin/builder/spi-builder-workspace/.derivedData/Build/Intermediates.noindex/iShader.build/Debug-appletvos/LayerEffect-t.build/DerivedSources -Xcc -DSWIFT_PACKAGE -Xcc -DDEBUG\=1 -emit-objc-header -emit-objc-header-path /Users/admin/builder/spi-builder-workspace/.derivedData/Build/Intermediates.noindex/iShader.build/Debug-appletvos/LayerEffect-t.build/Objects-normal/arm64/LayerEffect-Swift.h -working-directory /Users/admin/builder/spi-builder-workspace/.swiftpm/xcode -experimental-emit-module-separately -disable-cmo
SwiftDriver ShaderArt normal arm64 com.apple.xcode.tools.swift.compiler (in target 'ShaderArt' from project 'iShader')
cd /Users/admin/builder/spi-builder-workspace/.swiftpm/xcode
builtin-SwiftDriver -- /Applications/Xcode-27.0.0-Release.Candidate.app/Contents/Developer/Toolchains/XcodeDefault.xctoolchain/usr/bin/swiftc -parse-as-library -module-name ShaderArt -Onone @/Users/admin/builder/spi-builder-workspace/.derivedData/Build/Intermediates.noindex/iShader.build/Debug-appletvos/ShaderArt-t.build/Objects-normal/arm64/ShaderArt.SwiftFileList -DSWIFT_PACKAGE -DDEBUG -DSWIFT_MODULE_RESOURCE_BUNDLE_AVAILABLE -DXcode -plugin-path /Applications/Xcode-27.0.0-Release.Candidate.app/Contents/Developer/Toolchains/XcodeDefault.xctoolchain/usr/lib/swift/host/plugins/testing -enable-experimental-feature DebugDescriptionMacro -sdk /Applications/Xcode-27.0.0-Release.Candidate.app/Contents/Developer/Platforms/AppleTVOS.platform/Developer/SDKs/AppleTVOS27.0.sdk -target arm64-apple-tvos15.0 -g -module-cache-path /Users/admin/builder/spi-builder-workspace/.derivedData/ModuleCache.noindex -Xfrontend -serialize-debugging-options -profile-coverage-mapping -profile-generate -enable-testing -index-store-path /Users/admin/builder/spi-builder-workspace/.derivedData/Index.noindex/DataStore -Xcc -D_LIBCPP_HARDENING_MODE\=_LIBCPP_HARDENING_MODE_DEBUG -swift-version 5 -I /Users/admin/builder/spi-builder-workspace/.derivedData/Build/Products/Debug-appletvos -Isystem /Applications/Xcode-27.0.0-Release.Candidate.app/Contents/Developer/Platforms/AppleTVOS.platform/Developer/usr/lib -F /Users/admin/builder/spi-builder-workspace/.derivedData/Build/Products/Debug-appletvos -F /Applications/Xcode-27.0.0-Release.Candidate.app/Contents/Developer/Platforms/AppleTVOS.platform/Developer/Library/Frameworks -F /Applications/Xcode-27.0.0-Release.Candidate.app/Contents/Developer/Platforms/AppleTVOS.platform/Developer/SDKs/AppleTVOS27.0.sdk/Developer/Library/Frameworks -c -j10 -enable-batch-mode -incremental -Xcc -ivfsstatcache -Xcc /Users/admin/builder/spi-builder-workspace/.derivedData/SDKStatCaches.noindex/appletvos27.0-24J360-e829b21a6f8c9b70876ba0858053c044b32bfd8d43560033f8d89884cdb90028.sdkstatcache -output-file-map /Users/admin/builder/spi-builder-workspace/.derivedData/Build/Intermediates.noindex/iShader.build/Debug-appletvos/ShaderArt-t.build/Objects-normal/arm64/ShaderArt-OutputFileMap.json -save-temps -no-color-diagnostics -explicit-module-build -module-cache-path /Users/admin/builder/spi-builder-workspace/.derivedData/Build/Intermediates.noindex/SwiftExplicitPrecompiledModules -clang-scanner-module-cache-path /Users/admin/builder/spi-builder-workspace/.derivedData/ModuleCache.noindex -sdk-module-cache-path /Users/admin/builder/spi-builder-workspace/.derivedData/SDKExplicitPrecompiledModules -emit-dependencies -emit-module -emit-module-path /Users/admin/builder/spi-builder-workspace/.derivedData/Build/Intermediates.noindex/iShader.build/Debug-appletvos/ShaderArt-t.build/Objects-normal/arm64/ShaderArt.swiftmodule -serialize-diagnostics -dependency-scan-serialize-diagnostics-path /Users/admin/builder/spi-builder-workspace/.derivedData/Build/Intermediates.noindex/iShader.build/Debug-appletvos/ShaderArt-t.build/Objects-normal/arm64/ShaderArt-dependency-scan.dia -validate-clang-modules-once -clang-build-session-file /Users/admin/builder/spi-builder-workspace/.derivedData/ModuleCache.noindex/Session.modulevalidation -Xcc -fmodules-prune-interval\=86400 -Xcc -fmodules-prune-after\=345600 -package-name spi_builder_workspace -emit-const-values -const-gather-protocols-list /Users/admin/builder/spi-builder-workspace/.derivedData/Build/Intermediates.noindex/iShader.build/Debug-appletvos/ShaderArt-t.build/Objects-normal/arm64/ShaderArt_const_extract_protocols.json -Xcc -I/Users/admin/builder/spi-builder-workspace/.derivedData/Build/Products/Debug-appletvos/include -Xcc -I/Users/admin/builder/spi-builder-workspace/.derivedData/Build/Intermediates.noindex/iShader.build/Debug-appletvos/ShaderArt-t.build/DerivedSources-normal/arm64 -Xcc -I/Users/admin/builder/spi-builder-workspace/.derivedData/Build/Intermediates.noindex/iShader.build/Debug-appletvos/ShaderArt-t.build/DerivedSources/arm64 -Xcc -I/Users/admin/builder/spi-builder-workspace/.derivedData/Build/Intermediates.noindex/iShader.build/Debug-appletvos/ShaderArt-t.build/DerivedSources -Xcc -DSWIFT_PACKAGE -Xcc -DDEBUG\=1 -emit-objc-header -emit-objc-header-path /Users/admin/builder/spi-builder-workspace/.derivedData/Build/Intermediates.noindex/iShader.build/Debug-appletvos/ShaderArt-t.build/Objects-normal/arm64/ShaderArt-Swift.h -working-directory /Users/admin/builder/spi-builder-workspace/.swiftpm/xcode -experimental-emit-module-separately -disable-cmo
SwiftDriver DistortionEffect normal arm64 com.apple.xcode.tools.swift.compiler (in target 'DistortionEffect' from project 'iShader')
cd /Users/admin/builder/spi-builder-workspace/.swiftpm/xcode
builtin-SwiftDriver -- /Applications/Xcode-27.0.0-Release.Candidate.app/Contents/Developer/Toolchains/XcodeDefault.xctoolchain/usr/bin/swiftc -parse-as-library -module-name DistortionEffect -Onone @/Users/admin/builder/spi-builder-workspace/.derivedData/Build/Intermediates.noindex/iShader.build/Debug-appletvos/DistortionEffect-t.build/Objects-normal/arm64/DistortionEffect.SwiftFileList -DSWIFT_PACKAGE -DDEBUG -DSWIFT_MODULE_RESOURCE_BUNDLE_AVAILABLE -DXcode -plugin-path /Applications/Xcode-27.0.0-Release.Candidate.app/Contents/Developer/Toolchains/XcodeDefault.xctoolchain/usr/lib/swift/host/plugins/testing -enable-experimental-feature DebugDescriptionMacro -sdk /Applications/Xcode-27.0.0-Release.Candidate.app/Contents/Developer/Platforms/AppleTVOS.platform/Developer/SDKs/AppleTVOS27.0.sdk -target arm64-apple-tvos15.0 -g -module-cache-path /Users/admin/builder/spi-builder-workspace/.derivedData/ModuleCache.noindex -Xfrontend -serialize-debugging-options -profile-coverage-mapping -profile-generate -enable-testing -index-store-path /Users/admin/builder/spi-builder-workspace/.derivedData/Index.noindex/DataStore -Xcc -D_LIBCPP_HARDENING_MODE\=_LIBCPP_HARDENING_MODE_DEBUG -swift-version 5 -I /Users/admin/builder/spi-builder-workspace/.derivedData/Build/Products/Debug-appletvos -Isystem /Applications/Xcode-27.0.0-Release.Candidate.app/Contents/Developer/Platforms/AppleTVOS.platform/Developer/usr/lib -F /Users/admin/builder/spi-builder-workspace/.derivedData/Build/Products/Debug-appletvos -F /Applications/Xcode-27.0.0-Release.Candidate.app/Contents/Developer/Platforms/AppleTVOS.platform/Developer/Library/Frameworks -F /Applications/Xcode-27.0.0-Release.Candidate.app/Contents/Developer/Platforms/AppleTVOS.platform/Developer/SDKs/AppleTVOS27.0.sdk/Developer/Library/Frameworks -c -j10 -enable-batch-mode -incremental -Xcc -ivfsstatcache -Xcc /Users/admin/builder/spi-builder-workspace/.derivedData/SDKStatCaches.noindex/appletvos27.0-24J360-e829b21a6f8c9b70876ba0858053c044b32bfd8d43560033f8d89884cdb90028.sdkstatcache -output-file-map /Users/admin/builder/spi-builder-workspace/.derivedData/Build/Intermediates.noindex/iShader.build/Debug-appletvos/DistortionEffect-t.build/Objects-normal/arm64/DistortionEffect-OutputFileMap.json -save-temps -no-color-diagnostics -explicit-module-build -module-cache-path /Users/admin/builder/spi-builder-workspace/.derivedData/Build/Intermediates.noindex/SwiftExplicitPrecompiledModules -clang-scanner-module-cache-path /Users/admin/builder/spi-builder-workspace/.derivedData/ModuleCache.noindex -sdk-module-cache-path /Users/admin/builder/spi-builder-workspace/.derivedData/SDKExplicitPrecompiledModules -emit-dependencies -emit-module -emit-module-path /Users/admin/builder/spi-builder-workspace/.derivedData/Build/Intermediates.noindex/iShader.build/Debug-appletvos/DistortionEffect-t.build/Objects-normal/arm64/DistortionEffect.swiftmodule -serialize-diagnostics -dependency-scan-serialize-diagnostics-path /Users/admin/builder/spi-builder-workspace/.derivedData/Build/Intermediates.noindex/iShader.build/Debug-appletvos/DistortionEffect-t.build/Objects-normal/arm64/DistortionEffect-dependency-scan.dia -validate-clang-modules-once -clang-build-session-file /Users/admin/builder/spi-builder-workspace/.derivedData/ModuleCache.noindex/Session.modulevalidation -Xcc -fmodules-prune-interval\=86400 -Xcc -fmodules-prune-after\=345600 -package-name spi_builder_workspace -emit-const-values -const-gather-protocols-list /Users/admin/builder/spi-builder-workspace/.derivedData/Build/Intermediates.noindex/iShader.build/Debug-appletvos/DistortionEffect-t.build/Objects-normal/arm64/DistortionEffect_const_extract_protocols.json -Xcc -I/Users/admin/builder/spi-builder-workspace/.derivedData/Build/Products/Debug-appletvos/include -Xcc -I/Users/admin/builder/spi-builder-workspace/.derivedData/Build/Intermediates.noindex/iShader.build/Debug-appletvos/DistortionEffect-t.build/DerivedSources-normal/arm64 -Xcc -I/Users/admin/builder/spi-builder-workspace/.derivedData/Build/Intermediates.noindex/iShader.build/Debug-appletvos/DistortionEffect-t.build/DerivedSources/arm64 -Xcc -I/Users/admin/builder/spi-builder-workspace/.derivedData/Build/Intermediates.noindex/iShader.build/Debug-appletvos/DistortionEffect-t.build/DerivedSources -Xcc -DSWIFT_PACKAGE -Xcc -DDEBUG\=1 -emit-objc-header -emit-objc-header-path /Users/admin/builder/spi-builder-workspace/.derivedData/Build/Intermediates.noindex/iShader.build/Debug-appletvos/DistortionEffect-t.build/Objects-normal/arm64/DistortionEffect-Swift.h -working-directory /Users/admin/builder/spi-builder-workspace/.swiftpm/xcode -experimental-emit-module-separately -disable-cmo
SwiftDriver ColorEffect normal arm64 com.apple.xcode.tools.swift.compiler (in target 'ColorEffect' from project 'iShader')
cd /Users/admin/builder/spi-builder-workspace/.swiftpm/xcode
builtin-SwiftDriver -- /Applications/Xcode-27.0.0-Release.Candidate.app/Contents/Developer/Toolchains/XcodeDefault.xctoolchain/usr/bin/swiftc -parse-as-library -module-name ColorEffect -Onone @/Users/admin/builder/spi-builder-workspace/.derivedData/Build/Intermediates.noindex/iShader.build/Debug-appletvos/ColorEffect-t.build/Objects-normal/arm64/ColorEffect.SwiftFileList -DSWIFT_PACKAGE -DDEBUG -DSWIFT_MODULE_RESOURCE_BUNDLE_AVAILABLE -DXcode -plugin-path /Applications/Xcode-27.0.0-Release.Candidate.app/Contents/Developer/Toolchains/XcodeDefault.xctoolchain/usr/lib/swift/host/plugins/testing -enable-experimental-feature DebugDescriptionMacro -sdk /Applications/Xcode-27.0.0-Release.Candidate.app/Contents/Developer/Platforms/AppleTVOS.platform/Developer/SDKs/AppleTVOS27.0.sdk -target arm64-apple-tvos15.0 -g -module-cache-path /Users/admin/builder/spi-builder-workspace/.derivedData/ModuleCache.noindex -Xfrontend -serialize-debugging-options -profile-coverage-mapping -profile-generate -enable-testing -index-store-path /Users/admin/builder/spi-builder-workspace/.derivedData/Index.noindex/DataStore -Xcc -D_LIBCPP_HARDENING_MODE\=_LIBCPP_HARDENING_MODE_DEBUG -swift-version 5 -I /Users/admin/builder/spi-builder-workspace/.derivedData/Build/Products/Debug-appletvos -Isystem /Applications/Xcode-27.0.0-Release.Candidate.app/Contents/Developer/Platforms/AppleTVOS.platform/Developer/usr/lib -F /Users/admin/builder/spi-builder-workspace/.derivedData/Build/Products/Debug-appletvos -F /Applications/Xcode-27.0.0-Release.Candidate.app/Contents/Developer/Platforms/AppleTVOS.platform/Developer/Library/Frameworks -F /Applications/Xcode-27.0.0-Release.Candidate.app/Contents/Developer/Platforms/AppleTVOS.platform/Developer/SDKs/AppleTVOS27.0.sdk/Developer/Library/Frameworks -c -j10 -enable-batch-mode -incremental -Xcc -ivfsstatcache -Xcc /Users/admin/builder/spi-builder-workspace/.derivedData/SDKStatCaches.noindex/appletvos27.0-24J360-e829b21a6f8c9b70876ba0858053c044b32bfd8d43560033f8d89884cdb90028.sdkstatcache -output-file-map /Users/admin/builder/spi-builder-workspace/.derivedData/Build/Intermediates.noindex/iShader.build/Debug-appletvos/ColorEffect-t.build/Objects-normal/arm64/ColorEffect-OutputFileMap.json -save-temps -no-color-diagnostics -explicit-module-build -module-cache-path /Users/admin/builder/spi-builder-workspace/.derivedData/Build/Intermediates.noindex/SwiftExplicitPrecompiledModules -clang-scanner-module-cache-path /Users/admin/builder/spi-builder-workspace/.derivedData/ModuleCache.noindex -sdk-module-cache-path /Users/admin/builder/spi-builder-workspace/.derivedData/SDKExplicitPrecompiledModules -emit-dependencies -emit-module -emit-module-path /Users/admin/builder/spi-builder-workspace/.derivedData/Build/Intermediates.noindex/iShader.build/Debug-appletvos/ColorEffect-t.build/Objects-normal/arm64/ColorEffect.swiftmodule -serialize-diagnostics -dependency-scan-serialize-diagnostics-path /Users/admin/builder/spi-builder-workspace/.derivedData/Build/Intermediates.noindex/iShader.build/Debug-appletvos/ColorEffect-t.build/Objects-normal/arm64/ColorEffect-dependency-scan.dia -validate-clang-modules-once -clang-build-session-file /Users/admin/builder/spi-builder-workspace/.derivedData/ModuleCache.noindex/Session.modulevalidation -Xcc -fmodules-prune-interval\=86400 -Xcc -fmodules-prune-after\=345600 -package-name spi_builder_workspace -emit-const-values -const-gather-protocols-list /Users/admin/builder/spi-builder-workspace/.derivedData/Build/Intermediates.noindex/iShader.build/Debug-appletvos/ColorEffect-t.build/Objects-normal/arm64/ColorEffect_const_extract_protocols.json -Xcc -I/Users/admin/builder/spi-builder-workspace/.derivedData/Build/Products/Debug-appletvos/include -Xcc -I/Users/admin/builder/spi-builder-workspace/.derivedData/Build/Intermediates.noindex/iShader.build/Debug-appletvos/ColorEffect-t.build/DerivedSources-normal/arm64 -Xcc -I/Users/admin/builder/spi-builder-workspace/.derivedData/Build/Intermediates.noindex/iShader.build/Debug-appletvos/ColorEffect-t.build/DerivedSources/arm64 -Xcc -I/Users/admin/builder/spi-builder-workspace/.derivedData/Build/Intermediates.noindex/iShader.build/Debug-appletvos/ColorEffect-t.build/DerivedSources -Xcc -DSWIFT_PACKAGE -Xcc -DDEBUG\=1 -emit-objc-header -emit-objc-header-path /Users/admin/builder/spi-builder-workspace/.derivedData/Build/Intermediates.noindex/iShader.build/Debug-appletvos/ColorEffect-t.build/Objects-normal/arm64/ColorEffect-Swift.h -working-directory /Users/admin/builder/spi-builder-workspace/.swiftpm/xcode -experimental-emit-module-separately -disable-cmo
SwiftDriver AudioVisualizer normal arm64 com.apple.xcode.tools.swift.compiler (in target 'AudioVisualizer' from project 'iShader')
cd /Users/admin/builder/spi-builder-workspace/.swiftpm/xcode
builtin-SwiftDriver -- /Applications/Xcode-27.0.0-Release.Candidate.app/Contents/Developer/Toolchains/XcodeDefault.xctoolchain/usr/bin/swiftc -parse-as-library -module-name AudioVisualizer -Onone @/Users/admin/builder/spi-builder-workspace/.derivedData/Build/Intermediates.noindex/iShader.build/Debug-appletvos/AudioVisualizer-t.build/Objects-normal/arm64/AudioVisualizer.SwiftFileList -DSWIFT_PACKAGE -DDEBUG -DSWIFT_MODULE_RESOURCE_BUNDLE_AVAILABLE -DXcode -plugin-path /Applications/Xcode-27.0.0-Release.Candidate.app/Contents/Developer/Toolchains/XcodeDefault.xctoolchain/usr/lib/swift/host/plugins/testing -enable-experimental-feature DebugDescriptionMacro -sdk /Applications/Xcode-27.0.0-Release.Candidate.app/Contents/Developer/Platforms/AppleTVOS.platform/Developer/SDKs/AppleTVOS27.0.sdk -target arm64-apple-tvos15.0 -g -module-cache-path /Users/admin/builder/spi-builder-workspace/.derivedData/ModuleCache.noindex -Xfrontend -serialize-debugging-options -profile-coverage-mapping -profile-generate -enable-testing -index-store-path /Users/admin/builder/spi-builder-workspace/.derivedData/Index.noindex/DataStore -Xcc -D_LIBCPP_HARDENING_MODE\=_LIBCPP_HARDENING_MODE_DEBUG -swift-version 5 -I /Users/admin/builder/spi-builder-workspace/.derivedData/Build/Products/Debug-appletvos -Isystem /Applications/Xcode-27.0.0-Release.Candidate.app/Contents/Developer/Platforms/AppleTVOS.platform/Developer/usr/lib -F /Users/admin/builder/spi-builder-workspace/.derivedData/Build/Products/Debug-appletvos -F /Applications/Xcode-27.0.0-Release.Candidate.app/Contents/Developer/Platforms/AppleTVOS.platform/Developer/Library/Frameworks -F /Applications/Xcode-27.0.0-Release.Candidate.app/Contents/Developer/Platforms/AppleTVOS.platform/Developer/SDKs/AppleTVOS27.0.sdk/Developer/Library/Frameworks -c -j10 -enable-batch-mode -incremental -Xcc -ivfsstatcache -Xcc /Users/admin/builder/spi-builder-workspace/.derivedData/SDKStatCaches.noindex/appletvos27.0-24J360-e829b21a6f8c9b70876ba0858053c044b32bfd8d43560033f8d89884cdb90028.sdkstatcache -output-file-map /Users/admin/builder/spi-builder-workspace/.derivedData/Build/Intermediates.noindex/iShader.build/Debug-appletvos/AudioVisualizer-t.build/Objects-normal/arm64/AudioVisualizer-OutputFileMap.json -save-temps -no-color-diagnostics -explicit-module-build -module-cache-path /Users/admin/builder/spi-builder-workspace/.derivedData/Build/Intermediates.noindex/SwiftExplicitPrecompiledModules -clang-scanner-module-cache-path /Users/admin/builder/spi-builder-workspace/.derivedData/ModuleCache.noindex -sdk-module-cache-path /Users/admin/builder/spi-builder-workspace/.derivedData/SDKExplicitPrecompiledModules -emit-dependencies -emit-module -emit-module-path /Users/admin/builder/spi-builder-workspace/.derivedData/Build/Intermediates.noindex/iShader.build/Debug-appletvos/AudioVisualizer-t.build/Objects-normal/arm64/AudioVisualizer.swiftmodule -serialize-diagnostics -dependency-scan-serialize-diagnostics-path /Users/admin/builder/spi-builder-workspace/.derivedData/Build/Intermediates.noindex/iShader.build/Debug-appletvos/AudioVisualizer-t.build/Objects-normal/arm64/AudioVisualizer-dependency-scan.dia -validate-clang-modules-once -clang-build-session-file /Users/admin/builder/spi-builder-workspace/.derivedData/ModuleCache.noindex/Session.modulevalidation -Xcc -fmodules-prune-interval\=86400 -Xcc -fmodules-prune-after\=345600 -package-name spi_builder_workspace -emit-const-values -const-gather-protocols-list /Users/admin/builder/spi-builder-workspace/.derivedData/Build/Intermediates.noindex/iShader.build/Debug-appletvos/AudioVisualizer-t.build/Objects-normal/arm64/AudioVisualizer_const_extract_protocols.json -Xcc -I/Users/admin/builder/spi-builder-workspace/.derivedData/Build/Products/Debug-appletvos/include -Xcc -I/Users/admin/builder/spi-builder-workspace/.derivedData/Build/Intermediates.noindex/iShader.build/Debug-appletvos/AudioVisualizer-t.build/DerivedSources-normal/arm64 -Xcc -I/Users/admin/builder/spi-builder-workspace/.derivedData/Build/Intermediates.noindex/iShader.build/Debug-appletvos/AudioVisualizer-t.build/DerivedSources/arm64 -Xcc -I/Users/admin/builder/spi-builder-workspace/.derivedData/Build/Intermediates.noindex/iShader.build/Debug-appletvos/AudioVisualizer-t.build/DerivedSources -Xcc -DSWIFT_PACKAGE -Xcc -DDEBUG\=1 -emit-objc-header -emit-objc-header-path /Users/admin/builder/spi-builder-workspace/.derivedData/Build/Intermediates.noindex/iShader.build/Debug-appletvos/AudioVisualizer-t.build/Objects-normal/arm64/AudioVisualizer-Swift.h -working-directory /Users/admin/builder/spi-builder-workspace/.swiftpm/xcode -experimental-emit-module-separately -disable-cmo
SwiftEmitModule normal arm64 Emitting\ module\ for\ ColorEffect (in target 'ColorEffect' from project 'iShader')
SwiftCompile normal arm64 (in target 'ColorEffect' from project 'iShader')
cd /Users/admin/builder/spi-builder-workspace/.swiftpm/xcode
/Users/admin/builder/spi-builder-workspace/Sources/ColorEffect/BundleExtensions.swift:29:60: error: 'ShaderFunction' is only available in tvOS 17.0 or newer
14 | /// The **DistortionEffect** Metal shader library.
15 | @dynamicMemberLookup
16 | public enum ColorEffectLibrary {
| `- note: add '@available' attribute to enclosing enum
17 | /**
18 | Returns a new shader function representing the `[[ stitchable ]]` **MSL**
:
27 | `myFunction()`.
28 | */
29 | public static subscript(dynamicMember name: String) -> ShaderFunction {
| | `- error: 'ShaderFunction' is only available in tvOS 17.0 or newer
| `- note: add '@available' attribute to enclosing static subscript
30 | ShaderLibrary.bundle(.colorEffect)[dynamicMember: name]
31 | }
Failed frontend command:
/Applications/Xcode-27.0.0-Release.Candidate.app/Contents/Developer/Toolchains/XcodeDefault.xctoolchain/usr/bin/swift-frontend -frontend -emit-module -experimental-skip-non-inlinable-function-bodies-without-types /Users/admin/builder/spi-builder-workspace/.derivedData/Build/Intermediates.noindex/iShader.build/Debug-appletvos/ColorEffect-t.build/DerivedSources/resource_bundle_accessor.swift /Users/admin/builder/spi-builder-workspace/Sources/ColorEffect/BundleExtensions.swift /Users/admin/builder/spi-builder-workspace/Sources/ColorEffect/ColorEffects.swift -target arm64-apple-tvos15.0 -disable-cross-import-overlay-search -load-resolved-plugin /Applications/Xcode-27.0.0-Release.Candidate.app/Contents/Developer/Platforms/AppleTVOS.platform/Developer/usr/lib/swift/host/plugins/libFoundationMacros.dylib\#/Applications/Xcode-27.0.0-Release.Candidate.app/Contents/Developer/Platforms/AppleTVOS.platform/Developer/usr/bin/swift-plugin-server\#FoundationMacros -load-resolved-plugin /Applications/Xcode-27.0.0-Release.Candidate.app/Contents/Developer/Platforms/AppleTVOS.platform/Developer/usr/lib/swift/host/plugins/libObservationMacros.dylib\#/Applications/Xcode-27.0.0-Release.Candidate.app/Contents/Developer/Platforms/AppleTVOS.platform/Developer/usr/bin/swift-plugin-server\#ObservationMacros -load-resolved-plugin /Applications/Xcode-27.0.0-Release.Candidate.app/Contents/Developer/Platforms/AppleTVOS.platform/Developer/usr/lib/swift/host/plugins/libPreviewsMacros.dylib\#/Applications/Xcode-27.0.0-Release.Candidate.app/Contents/Developer/Platforms/AppleTVOS.platform/Developer/usr/bin/swift-plugin-server\#PreviewsMacros -load-resolved-plugin /Applications/Xcode-27.0.0-Release.Candidate.app/Contents/Developer/Platforms/AppleTVOS.platform/Developer/usr/lib/swift/host/plugins/libSwiftMacros.dylib\#/Applications/Xcode-27.0.0-Release.Candidate.app/Contents/Developer/Platforms/AppleTVOS.platform/Developer/usr/bin/swift-plugin-server\#SwiftMacros -load-resolved-plugin /Applications/Xcode-27.0.0-Release.Candidate.app/Contents/Developer/Platforms/AppleTVOS.platform/Developer/usr/lib/swift/host/plugins/libSwiftUIMacros.dylib\#/Applications/Xcode-27.0.0-Release.Candidate.app/Contents/Developer/Platforms/AppleTVOS.platform/Developer/usr/bin/swift-plugin-server\#SwiftUIMacros -disable-implicit-swift-modules -Xcc -fno-implicit-modules -Xcc -fno-implicit-module-maps -explicit-swift-module-map-file /Users/admin/builder/spi-builder-workspace/.derivedData/Build/Intermediates.noindex/iShader.build/Debug-appletvos/ColorEffect-t.build/Objects-normal/arm64/ColorEffect-dependencies-1.json -Xllvm -aarch64-use-tbi -enable-objc-interop -stack-check -sdk /Applications/Xcode-27.0.0-Release.Candidate.app/Contents/Developer/Platforms/AppleTVOS.platform/Developer/SDKs/AppleTVOS27.0.sdk -I /Users/admin/builder/spi-builder-workspace/.derivedData/Build/Products/Debug-appletvos -Isystem /Applications/Xcode-27.0.0-Release.Candidate.app/Contents/Developer/Platforms/AppleTVOS.platform/Developer/usr/lib -F /Users/admin/builder/spi-builder-workspace/.derivedData/Build/Products/Debug-appletvos -F /Applications/Xcode-27.0.0-Release.Candidate.app/Contents/Developer/Platforms/AppleTVOS.platform/Developer/Library/Frameworks -F /Applications/Xcode-27.0.0-Release.Candidate.app/Contents/Developer/Platforms/AppleTVOS.platform/Developer/SDKs/AppleTVOS27.0.sdk/Developer/Library/Frameworks -module-cache-path /Users/admin/builder/spi-builder-workspace/.derivedData/Build/Intermediates.noindex/SwiftExplicitPrecompiledModules -no-color-diagnostics -Xcc -fno-color-diagnostics -enable-testing -g -debug-info-format\=dwarf -dwarf-version\=4 -profile-generate -profile-coverage-mapping -swift-version 5 -Onone -D SWIFT_PACKAGE -D DEBUG -D SWIFT_MODULE_RESOURCE_BUNDLE_AVAILABLE -D Xcode -serialize-debugging-options -enable-experimental-feature DebugDescriptionMacro -empty-abi-descriptor -validate-clang-modules-once -clang-build-session-file /Users/admin/builder/spi-builder-workspace/.derivedData/ModuleCache.noindex/Session.modulevalidation -Xcc -working-directory -Xcc /Users/admin/builder/spi-builder-workspace/.swiftpm/xcode -enable-anonymous-context-mangled-names -file-compilation-dir /Users/admin/builder/spi-builder-workspace/.swiftpm/xcode -Xcc -D_LIBCPP_HARDENING_MODE\=_LIBCPP_HARDENING_MODE_DEBUG -Xcc -ivfsstatcache -Xcc /Users/admin/builder/spi-builder-workspace/.derivedData/SDKStatCaches.noindex/appletvos27.0-24J360-e829b21a6f8c9b70876ba0858053c044b32bfd8d43560033f8d89884cdb90028.sdkstatcache -Xcc -fmodules-prune-interval\=86400 -Xcc -fmodules-prune-after\=345600 -Xcc -I/Users/admin/builder/spi-builder-workspace/.derivedData/Build/Products/Debug-appletvos/include -Xcc -I/Users/admin/builder/spi-builder-workspace/.derivedData/Build/Intermediates.noindex/iShader.build/Debug-appletvos/ColorEffect-t.build/DerivedSources-normal/arm64 -Xcc -I/Users/admin/builder/spi-builder-workspace/.derivedData/Build/Intermediates.noindex/iShader.build/Debug-appletvos/ColorEffect-t.build/DerivedSources/arm64 -Xcc -I/Users/admin/builder/spi-builder-workspace/.derivedData/Build/Intermediates.noindex/iShader.build/Debug-appletvos/ColorEffect-t.build/DerivedSources -Xcc -DSWIFT_PACKAGE -Xcc -DDEBUG\=1 -no-auto-bridging-header-chaining -module-name ColorEffect -package-name spi_builder_workspace -const-gather-protocols-file /Users/admin/builder/spi-builder-workspace/.derivedData/Build/Intermediates.noindex/iShader.build/Debug-appletvos/ColorEffect-t.build/Objects-normal/arm64/ColorEffect_const_extract_protocols.json -disable-clang-spi -clang-target arm64-apple-tvos27.0 -target-sdk-version 27.0 -target-sdk-name appletvos27.0 -in-process-plugin-server-path /Applications/Xcode-27.0.0-Release.Candidate.app/Contents/Developer/Toolchains/XcodeDefault.xctoolchain/usr/lib/swift/host/libSwiftInProcPluginServer.dylib -emit-module-doc-path /Users/admin/builder/spi-builder-workspace/.derivedData/Build/Intermediates.noindex/iShader.build/Debug-appletvos/ColorEffect-t.build/Objects-normal/arm64/ColorEffect.swiftdoc -emit-module-source-info-path /Users/admin/builder/spi-builder-workspace/.derivedData/Build/Intermediates.noindex/iShader.build/Debug-appletvos/ColorEffect-t.build/Objects-normal/arm64/ColorEffect.swiftsourceinfo -emit-objc-header-path /Users/admin/builder/spi-builder-workspace/.derivedData/Build/Intermediates.noindex/iShader.build/Debug-appletvos/ColorEffect-t.build/Objects-normal/arm64/ColorEffect-Swift.h -serialize-diagnostics-path /Users/admin/builder/spi-builder-workspace/.derivedData/Build/Intermediates.noindex/iShader.build/Debug-appletvos/ColorEffect-t.build/Objects-normal/arm64/ColorEffect-primary-emit-module.dia -emit-dependencies-path /Users/admin/builder/spi-builder-workspace/.derivedData/Build/Intermediates.noindex/iShader.build/Debug-appletvos/ColorEffect-t.build/Objects-normal/arm64/ColorEffect-primary-emit-module.d -parse-as-library -o /Users/admin/builder/spi-builder-workspace/.derivedData/Build/Intermediates.noindex/iShader.build/Debug-appletvos/ColorEffect-t.build/Objects-normal/arm64/ColorEffect.swiftmodule -emit-abi-descriptor-path /Users/admin/builder/spi-builder-workspace/.derivedData/Build/Intermediates.noindex/iShader.build/Debug-appletvos/ColorEffect-t.build/Objects-normal/arm64/ColorEffect.abi.json
SwiftCompile normal arm64 Compiling\ BundleExtensions.swift /Users/admin/builder/spi-builder-workspace/Sources/ColorEffect/BundleExtensions.swift (in target 'ColorEffect' from project 'iShader')
SwiftCompile normal arm64 /Users/admin/builder/spi-builder-workspace/Sources/ColorEffect/BundleExtensions.swift (in target 'ColorEffect' from project 'iShader')
cd /Users/admin/builder/spi-builder-workspace/.swiftpm/xcode
builtin-SwiftPerFileCompile BundleExtensions.swift
/Users/admin/builder/spi-builder-workspace/Sources/ColorEffect/BundleExtensions.swift:29:60: error: 'ShaderFunction' is only available in tvOS 17.0 or newer
14 | /// The **DistortionEffect** Metal shader library.
15 | @dynamicMemberLookup
16 | public enum ColorEffectLibrary {
| `- note: add '@available' attribute to enclosing enum
17 | /**
18 | Returns a new shader function representing the `[[ stitchable ]]` **MSL**
:
27 | `myFunction()`.
28 | */
29 | public static subscript(dynamicMember name: String) -> ShaderFunction {
| | `- error: 'ShaderFunction' is only available in tvOS 17.0 or newer
| `- note: add '@available' attribute to enclosing static subscript
30 | ShaderLibrary.bundle(.colorEffect)[dynamicMember: name]
31 | }
SwiftCompile normal arm64 Compiling\ ColorEffects.swift /Users/admin/builder/spi-builder-workspace/Sources/ColorEffect/ColorEffects.swift (in target 'ColorEffect' from project 'iShader')
SwiftCompile normal arm64 /Users/admin/builder/spi-builder-workspace/Sources/ColorEffect/ColorEffects.swift (in target 'ColorEffect' from project 'iShader')
cd /Users/admin/builder/spi-builder-workspace/.swiftpm/xcode
builtin-SwiftPerFileCompile ColorEffects.swift
/Users/admin/builder/spi-builder-workspace/Sources/ColorEffect/ColorEffects.swift:18:14: error: 'colorEffect(_:isEnabled:)' is only available in tvOS 17.0 or newer
11 | import SwiftUI
12 |
13 | public extension View {
| `- note: add '@available' attribute to enclosing extension
14 |
15 | // MARK: - Luminence
16 |
17 | func luminence(isEnabled: Bool = true) -> some View {
| `- note: add '@available' attribute to enclosing instance method
18 | self.colorEffect(
| |- error: 'colorEffect(_:isEnabled:)' is only available in tvOS 17.0 or newer
| `- note: add 'if #available' version check
19 | ColorEffectLibrary.luminence(),
20 | isEnabled: isEnabled)
/Users/admin/builder/spi-builder-workspace/Sources/ColorEffect/ColorEffects.swift:26:14: error: 'colorEffect(_:isEnabled:)' is only available in tvOS 17.0 or newer
11 | import SwiftUI
12 |
13 | public extension View {
| `- note: add '@available' attribute to enclosing extension
14 |
15 | // MARK: - Luminence
:
23 | // MARK: - Εxposure
24 |
25 | func exposure(value: Float, isEnabled: Bool = true) -> some View {
| `- note: add '@available' attribute to enclosing instance method
26 | self.colorEffect(
| |- error: 'colorEffect(_:isEnabled:)' is only available in tvOS 17.0 or newer
| `- note: add 'if #available' version check
27 | ColorEffectLibrary.exposure(.float(value)),
28 | isEnabled: isEnabled)
/Users/admin/builder/spi-builder-workspace/Sources/ColorEffect/ColorEffects.swift:34:14: error: 'colorEffect(_:isEnabled:)' is only available in tvOS 17.0 or newer
11 | import SwiftUI
12 |
13 | public extension View {
| `- note: add '@available' attribute to enclosing extension
14 |
15 | // MARK: - Luminence
:
31 | // MARK: - Gamma
32 |
33 | func gamma(value: Float, isEnabled: Bool = true) -> some View {
| `- note: add '@available' attribute to enclosing instance method
34 | self.colorEffect(
| |- error: 'colorEffect(_:isEnabled:)' is only available in tvOS 17.0 or newer
| `- note: add 'if #available' version check
35 | ColorEffectLibrary.gamma(.float(value)),
36 | isEnabled: isEnabled)
/Users/admin/builder/spi-builder-workspace/Sources/ColorEffect/ColorEffects.swift:42:14: error: 'colorEffect(_:isEnabled:)' is only available in tvOS 17.0 or newer
11 | import SwiftUI
12 |
13 | public extension View {
| `- note: add '@available' attribute to enclosing extension
14 |
15 | // MARK: - Luminence
:
39 | // MARK: - Vibrance
40 |
41 | func vibrance(value: Float, isEnabled: Bool = true) -> some View {
| `- note: add '@available' attribute to enclosing instance method
42 | self.colorEffect(
| |- error: 'colorEffect(_:isEnabled:)' is only available in tvOS 17.0 or newer
| `- note: add 'if #available' version check
43 | ColorEffectLibrary.vibrance(.float(value)),
44 | isEnabled: isEnabled
/Users/admin/builder/spi-builder-workspace/Sources/ColorEffect/ColorEffects.swift:52:14: error: 'colorEffect(_:isEnabled:)' is only available in tvOS 17.0 or newer
11 | import SwiftUI
12 |
13 | public extension View {
| `- note: add '@available' attribute to enclosing extension
14 |
15 | // MARK: - Luminence
:
49 |
50 | // FIXME: Very cheap for negative vignette
51 | func vignette(intensity: Float = 15, value: Float, isEnabled: Bool = true) -> some View {
| `- note: add '@available' attribute to enclosing instance method
52 | self.colorEffect(
| |- error: 'colorEffect(_:isEnabled:)' is only available in tvOS 17.0 or newer
| `- note: add 'if #available' version check
53 | ColorEffectLibrary.vignette(
54 | .boundingRect,
/Users/admin/builder/spi-builder-workspace/Sources/ColorEffect/ColorEffects.swift:66:14: error: 'colorEffect(_:isEnabled:)' is only available in tvOS 17.0 or newer
11 | import SwiftUI
12 |
13 | public extension View {
| `- note: add '@available' attribute to enclosing extension
14 |
15 | // MARK: - Luminence
:
63 |
64 | // Worth investing in
65 | func nightVision(time: TimeInterval, isEnabled: Bool = true) -> some View {
| `- note: add '@available' attribute to enclosing instance method
66 | self.colorEffect(
| |- error: 'colorEffect(_:isEnabled:)' is only available in tvOS 17.0 or newer
| `- note: add 'if #available' version check
67 | ColorEffectLibrary.nightVision(
68 | .boundingRect,
/Users/admin/builder/spi-builder-workspace/Sources/ColorEffect/ColorEffects.swift:85:21: error: 'colorEffect(_:isEnabled:)' is only available in tvOS 17.0 or newer
11 | import SwiftUI
12 |
13 | public extension View {
| `- note: add '@available' attribute to enclosing extension
14 |
15 | // MARK: - Luminence
:
82 | - None.
83 | */
84 | func infrared(isEnabled: Bool = true) -> some View {
| `- note: add '@available' attribute to enclosing instance method
85 | return self.colorEffect(
| |- error: 'colorEffect(_:isEnabled:)' is only available in tvOS 17.0 or newer
| `- note: add 'if #available' version check
86 | ColorEffectLibrary.infrared(),
87 | isEnabled: isEnabled
/Users/admin/builder/spi-builder-workspace/Sources/ColorEffect/ColorEffects.swift:94:21: error: 'colorEffect(_:isEnabled:)' is only available in tvOS 17.0 or newer
11 | import SwiftUI
12 |
13 | public extension View {
| `- note: add '@available' attribute to enclosing extension
14 |
15 | // MARK: - Luminence
:
91 | // MARK: - CRT
92 |
93 | func crt(xPass: Bool = true, yPass: Bool = true) -> some View {
| `- note: add '@available' attribute to enclosing instance method
94 | return self.colorEffect(
| |- error: 'colorEffect(_:isEnabled:)' is only available in tvOS 17.0 or newer
| `- note: add 'if #available' version check
95 | ColorEffectLibrary.crt(
96 | .boundingRect,
/Users/admin/builder/spi-builder-workspace/Sources/ColorEffect/ColorEffects.swift:106:21: error: 'colorEffect(_:isEnabled:)' is only available in tvOS 17.0 or newer
11 | import SwiftUI
12 |
13 | public extension View {
| `- note: add '@available' attribute to enclosing extension
14 |
15 | // MARK: - Luminence
:
103 | // MARK: - Lightbulb Screen
104 |
105 | func lightbulbScreen(bulbCount: Int = 32) -> some View {
| `- note: add '@available' attribute to enclosing instance method
106 | return self.colorEffect(
| |- error: 'colorEffect(_:isEnabled:)' is only available in tvOS 17.0 or newer
| `- note: add 'if #available' version check
107 | ColorEffectLibrary.lightbulbScreen(
108 | .boundingRect,
/Users/admin/builder/spi-builder-workspace/Sources/ColorEffect/ColorEffects.swift:117:21: error: 'colorEffect(_:isEnabled:)' is only available in tvOS 17.0 or newer
11 | import SwiftUI
12 |
13 | public extension View {
| `- note: add '@available' attribute to enclosing extension
14 |
15 | // MARK: - Luminence
:
114 | // MARK: - Film Grain
115 |
116 | func filmGrain(time: TimeInterval, strength: Float = 32, fineGrain: Bool = true, isEnabled: Bool = true) -> some View {
| `- note: add '@available' attribute to enclosing instance method
117 | return self.colorEffect(
| |- error: 'colorEffect(_:isEnabled:)' is only available in tvOS 17.0 or newer
| `- note: add 'if #available' version check
118 | ColorEffectLibrary.filmGrain(
119 | .boundingRect,
SwiftCompile normal arm64 Compiling\ resource_bundle_accessor.swift /Users/admin/builder/spi-builder-workspace/.derivedData/Build/Intermediates.noindex/iShader.build/Debug-appletvos/ColorEffect-t.build/DerivedSources/resource_bundle_accessor.swift (in target 'ColorEffect' from project 'iShader')
SwiftCompile normal arm64 /Users/admin/builder/spi-builder-workspace/.derivedData/Build/Intermediates.noindex/iShader.build/Debug-appletvos/ColorEffect-t.build/DerivedSources/resource_bundle_accessor.swift (in target 'ColorEffect' from project 'iShader')
cd /Users/admin/builder/spi-builder-workspace/.swiftpm/xcode
builtin-SwiftPerFileCompile resource_bundle_accessor.swift
SwiftCompile normal arm64 Compiling\ resource_bundle_accessor.swift /Users/admin/builder/spi-builder-workspace/.derivedData/Build/Intermediates.noindex/iShader.build/Debug-appletvos/DistortionEffect-t.build/DerivedSources/resource_bundle_accessor.swift (in target 'DistortionEffect' from project 'iShader')
SwiftCompile normal arm64 /Users/admin/builder/spi-builder-workspace/.derivedData/Build/Intermediates.noindex/iShader.build/Debug-appletvos/DistortionEffect-t.build/DerivedSources/resource_bundle_accessor.swift (in target 'DistortionEffect' from project 'iShader')
cd /Users/admin/builder/spi-builder-workspace/.swiftpm/xcode
builtin-SwiftPerFileCompile resource_bundle_accessor.swift
SwiftEmitModule normal arm64 Emitting\ module\ for\ DistortionEffect (in target 'DistortionEffect' from project 'iShader')
SwiftCompile normal arm64 (in target 'DistortionEffect' from project 'iShader')
cd /Users/admin/builder/spi-builder-workspace/.swiftpm/xcode
SwiftCompile normal arm64 Compiling\ DistortionEffects.swift /Users/admin/builder/spi-builder-workspace/Sources/DistortionEffect/DistortionEffects.swift (in target 'DistortionEffect' from project 'iShader')
SwiftCompile normal arm64 /Users/admin/builder/spi-builder-workspace/Sources/DistortionEffect/DistortionEffects.swift (in target 'DistortionEffect' from project 'iShader')
cd /Users/admin/builder/spi-builder-workspace/.swiftpm/xcode
builtin-SwiftPerFileCompile DistortionEffects.swift
SwiftCompile normal arm64 Compiling\ BundleExtensions.swift /Users/admin/builder/spi-builder-workspace/Sources/DistortionEffect/BundleExtensions.swift (in target 'DistortionEffect' from project 'iShader')
SwiftCompile normal arm64 /Users/admin/builder/spi-builder-workspace/Sources/DistortionEffect/BundleExtensions.swift (in target 'DistortionEffect' from project 'iShader')
cd /Users/admin/builder/spi-builder-workspace/.swiftpm/xcode
builtin-SwiftPerFileCompile BundleExtensions.swift
SwiftEmitModule normal arm64 Emitting\ module\ for\ AudioVisualizer (in target 'AudioVisualizer' from project 'iShader')
SwiftCompile normal arm64 (in target 'AudioVisualizer' from project 'iShader')
cd /Users/admin/builder/spi-builder-workspace/.swiftpm/xcode
SwiftCompile normal arm64 Compiling\ BundleExtensions.swift /Users/admin/builder/spi-builder-workspace/Sources/AudioVisualizer/BundleExtensions.swift (in target 'AudioVisualizer' from project 'iShader')
SwiftCompile normal arm64 /Users/admin/builder/spi-builder-workspace/Sources/AudioVisualizer/BundleExtensions.swift (in target 'AudioVisualizer' from project 'iShader')
cd /Users/admin/builder/spi-builder-workspace/.swiftpm/xcode
builtin-SwiftPerFileCompile BundleExtensions.swift
SwiftEmitModule normal arm64 Emitting\ module\ for\ Transition (in target 'Transition' from project 'iShader')
SwiftCompile normal arm64 (in target 'Transition' from project 'iShader')
cd /Users/admin/builder/spi-builder-workspace/.swiftpm/xcode
PruneExplicitPrecompiledModules /Users/admin/builder/spi-builder-workspace/.derivedData/Build/Intermediates.noindex/SwiftExplicitPrecompiledModules
PruneExplicitPrecompiledModules /Users/admin/builder/spi-builder-workspace/.derivedData/Build/Intermediates.noindex/ExplicitPrecompiledModules
PruneExplicitPrecompiledModules /Users/admin/builder/spi-builder-workspace/.derivedData/SDKExplicitPrecompiledModules
2026-09-20 15:34:40.384 xcodebuild[845:5151] [MT] IDERunDestination: Supported platforms for the buildables in the current scheme is empty.
** BUILD FAILED **
The following build commands failed:
SwiftCompile normal arm64 (in target 'ColorEffect' from project 'iShader')
SwiftEmitModule normal arm64 Emitting\ module\ for\ ColorEffect (in target 'ColorEffect' from project 'iShader')
Building workspace iShader with scheme iShader-Package
(3 failures)
BUILD FAILURE 6.4 tvOS