The Swift Package Index logo.Swift Package Index

Build Information

Failed to build SwiftRichString, reference 4.0.0-alpha-6 (a9f74e), with Swift 6.4 for visionOS using Xcode 27.0 on 16 Sep 2026 22:37:12 UTC.

Build Command

env DEVELOPER_DIR=/Applications/Xcode-27.0.0-Release.Candidate.app xcrun xcodebuild -IDEClonedSourcePackagesDirPathOverride=$PWD/.dependencies -skipMacroValidation -skipPackagePluginValidation -derivedDataPath $PWD/.derivedData build -scheme SwiftRichString -destination generic/platform=xrOS

Build Log

========================================
RunAll
========================================
Builder version: 5.1.0
Interrupt handler set up.
========================================
Checkout
========================================
Clone URL: https://github.com/malcommac/SwiftRichString.git
Reference: 4.0.0-alpha-6
Initialized empty Git repository in /Users/admin/builder/spi-builder-workspace/.git/
From https://github.com/malcommac/SwiftRichString
 * tag               4.0.0-alpha-6 -> FETCH_HEAD
HEAD is now at a9f74e9 fix applying base style to xml string
Cloned https://github.com/malcommac/SwiftRichString.git
Revision (git rev-parse @):
a9f74e9728a51f9caf12f85d252dba2759fde6c5
SUCCESS checkout https://github.com/malcommac/SwiftRichString.git at 4.0.0-alpha-6
========================================
Build
========================================
Selected platform:         visionOS
Swift version:             6.4
Building package at path:  $PWD
https://github.com/malcommac/SwiftRichString.git
Command line invocation:
    /Applications/Xcode-27.0.0-Release.Candidate.app/Contents/Developer/usr/bin/xcodebuild -IDEClonedSourcePackagesDirPathOverride=/Users/admin/builder/spi-builder-workspace/.dependencies -resolvePackageDependencies
Resolve Package Graph
Resolve Package Graph
Resolved source packages:
  SwiftRichString: /Users/admin/builder/spi-builder-workspace
resolved source packages: SwiftRichString
2026-09-16 18:36:15.467 xcodebuild[529:3062] [MT] IDERunDestination: Supported platforms for the buildables in the current scheme is empty.
{
  "dependencies" : [
  ],
  "manifest_display_name" : "SwiftRichString",
  "name" : "SwiftRichString",
  "path" : "/Users/admin/builder/spi-builder-workspace",
  "platforms" : [
  ],
  "products" : [
    {
      "name" : "SwiftRichString",
      "targets" : [
        "SwiftRichString"
      ],
      "type" : {
        "library" : [
          "automatic"
        ]
      }
    }
  ],
  "targets" : [
    {
      "c99name" : "SwiftRichStringTests",
      "module_type" : "SwiftTarget",
      "name" : "SwiftRichStringTests",
      "path" : "Tests/SwiftRichStringTests",
      "sources" : [
        "SwiftRichStringTests.swift",
        "XCTestManifests.swift"
      ],
      "target_dependencies" : [
        "SwiftRichString"
      ],
      "type" : "test"
    },
    {
      "c99name" : "SwiftRichString",
      "module_type" : "SwiftTarget",
      "name" : "SwiftRichString",
      "path" : "Sources/SwiftRichString",
      "product_memberships" : [
        "SwiftRichString"
      ],
      "sources" : [
        "Attributes/ColorConvertible.swift",
        "Attributes/CommonsAttributes.swift",
        "Attributes/DynamicText.swift",
        "Attributes/FontConvertible.swift",
        "Attributes/FontInfoAttribute.swift",
        "Attributes/FontStyle.swift",
        "Attributes/TextTransform.swift",
        "Attributes/URLRepresentable.swift",
        "Extensions/AttributedString+Attachments.swift",
        "Extensions/AttributedString+Extension.swift",
        "Extensions/AttributedString+FunctionBuilder.swift",
        "Extensions/String+Extension.swift",
        "Extensions/String+Subscript.swift",
        "Extensions/SystemFonts.swift",
        "Extensions/UIKit+Extras.swift",
        "Style/StyleDecorator.swift",
        "Style/Styles/Style.swift",
        "Style/Styles/StyleProtocol.swift",
        "Style/Styles/StyleRegEx.swift",
        "Style/Styles/StyleXML.swift",
        "Style/StylesManager.swift",
        "Support/AssociatedValues.swift",
        "Support/AsyncTextAttachment.swift",
        "Support/Compatibility.swift",
        "Support/Extensions.swift",
        "Support/OrderedDictionary.swift",
        "Support/XMLDynamicAttributesResolver.swift",
        "Support/XMLStringBuilder.swift",
        "XMLParser/HTMLSAXParser/EscapeSpecialCharacters.swift",
        "XMLParser/HTMLSAXParser/HTMLSAXParser+libxml2.swift",
        "XMLParser/HTMLSAXParser/HTMLSAXParser.swift"
      ],
      "target_dependencies" : [
        "CHTMLSAXParser"
      ],
      "type" : "library"
    },
    {
      "c99name" : "CHTMLSAXParser",
      "module_type" : "ClangTarget",
      "name" : "CHTMLSAXParser",
      "path" : "Sources/CHTMLSAXParser",
      "product_memberships" : [
        "SwiftRichString"
      ],
      "sources" : [
        "CHTMLSAXParser.c"
      ],
      "type" : "library"
    }
  ],
  "tools_version" : "5.3"
}
{
  "workspace" : {
    "name" : "SwiftRichString",
    "schemes" : [
      "SwiftRichString"
    ]
  }
}
2026-09-16 18:36:56.804 xcodebuild[651:4184] [MT] IDERunDestination: Supported platforms for the buildables in the current scheme is empty.
Running build ...
env DEVELOPER_DIR=/Applications/Xcode-27.0.0-Release.Candidate.app xcrun xcodebuild -IDEClonedSourcePackagesDirPathOverride=$PWD/.dependencies -skipMacroValidation -skipPackagePluginValidation -derivedDataPath $PWD/.derivedData build -scheme SwiftRichString -destination generic/platform=xrOS
Command line invocation:
    /Applications/Xcode-27.0.0-Release.Candidate.app/Contents/Developer/usr/bin/xcodebuild -IDEClonedSourcePackagesDirPathOverride=/Users/admin/builder/spi-builder-workspace/.dependencies -skipMacroValidation -skipPackagePluginValidation -derivedDataPath /Users/admin/builder/spi-builder-workspace/.derivedData build -scheme SwiftRichString -destination generic/platform=xrOS
Resolve Package Graph
Resolved source packages:
  SwiftRichString: /Users/admin/builder/spi-builder-workspace
ComputePackagePrebuildTargetDependencyGraph
Prepare packages
CreateBuildRequest
SendProjectDescription
CreateBuildOperation
ComputeTargetDependencyGraph
note: Building targets in dependency order
note: Target dependency graph (3 targets)
    Target 'SwiftRichString-product' in project 'SwiftRichString'
        ➜ Explicit dependency on target 'SwiftRichString' in project 'SwiftRichString'
        ➜ Explicit dependency on target 'CHTMLSAXParser' in project 'SwiftRichString'
    Target 'SwiftRichString' in project 'SwiftRichString'
        ➜ Explicit dependency on target 'CHTMLSAXParser' in project 'SwiftRichString'
    Target 'CHTMLSAXParser' in project 'SwiftRichString' (no dependencies)
GatherProvisioningInputs
CreateBuildDescription
ExecuteExternalTool /Applications/Xcode-27.0.0-Release.Candidate.app/Contents/Developer/Toolchains/XcodeDefault.xctoolchain/usr/bin/clang -v -E -dM -isysroot /Applications/Xcode-27.0.0-Release.Candidate.app/Contents/Developer/Platforms/XROS.platform/Developer/SDKs/XROS27.0.sdk -x c -c /dev/null
ExecuteExternalTool /Applications/Xcode-27.0.0-Release.Candidate.app/Contents/Developer/Toolchains/XcodeDefault.xctoolchain/usr/bin/clang -v -E -dM -arch arm64 -isysroot /Applications/Xcode-27.0.0-Release.Candidate.app/Contents/Developer/Platforms/XROS.platform/Developer/SDKs/XROS27.0.sdk -x c -c /dev/null
ExecuteExternalTool /Applications/Xcode-27.0.0-Release.Candidate.app/Contents/Developer/Toolchains/XcodeDefault.xctoolchain/usr/bin/swiftc --version
ExecuteExternalTool /Applications/Xcode-27.0.0-Release.Candidate.app/Contents/Developer/Toolchains/XcodeDefault.xctoolchain/usr/bin/ld -version_details
Build description signature: 7cf9f58f5a3f7f401866e108df10a2dd
Build description path: /Users/admin/builder/spi-builder-workspace/.derivedData/Build/Intermediates.noindex/XCBuildData/7cf9f58f5a3f7f401866e108df10a2dd.xcbuilddata
CreateBuildDirectory /Users/admin/builder/spi-builder-workspace/.derivedData/SDKExplicitPrecompiledModules
    cd /Users/admin/builder/spi-builder-workspace/.swiftpm/xcode
    builtin-create-build-directory /Users/admin/builder/spi-builder-workspace/.derivedData/SDKExplicitPrecompiledModules
CreateBuildDirectory /Users/admin/builder/spi-builder-workspace/.derivedData/ModuleCache.noindex
    cd /Users/admin/builder/spi-builder-workspace/.swiftpm/xcode
    builtin-create-build-directory /Users/admin/builder/spi-builder-workspace/.derivedData/ModuleCache.noindex
CreateBuildDirectory /Users/admin/builder/spi-builder-workspace/.derivedData/CompilationCache.noindex
    cd /Users/admin/builder/spi-builder-workspace/.swiftpm/xcode
    builtin-create-build-directory /Users/admin/builder/spi-builder-workspace/.derivedData/CompilationCache.noindex
ClangStatCache /Applications/Xcode-27.0.0-Release.Candidate.app/Contents/Developer/Toolchains/XcodeDefault.xctoolchain/usr/bin/clang-stat-cache /Applications/Xcode-27.0.0-Release.Candidate.app/Contents/Developer/Platforms/XROS.platform/Developer/SDKs/XROS27.0.sdk /Users/admin/builder/spi-builder-workspace/.derivedData/SDKStatCaches.noindex/xros27.0-24M361-e829b21a6f8c9b70876ba0858053c044735bd543db762f57723cac368afd1ce4.sdkstatcache
    cd /Users/admin/builder/spi-builder-workspace/.swiftpm/xcode
    /Applications/Xcode-27.0.0-Release.Candidate.app/Contents/Developer/Toolchains/XcodeDefault.xctoolchain/usr/bin/clang-stat-cache /Applications/Xcode-27.0.0-Release.Candidate.app/Contents/Developer/Platforms/XROS.platform/Developer/SDKs/XROS27.0.sdk -o /Users/admin/builder/spi-builder-workspace/.derivedData/SDKStatCaches.noindex/xros27.0-24M361-e829b21a6f8c9b70876ba0858053c044735bd543db762f57723cac368afd1ce4.sdkstatcache
CreateBuildDirectory /Users/admin/builder/spi-builder-workspace/.derivedData/Build/Intermediates.noindex
    cd /Users/admin/builder/spi-builder-workspace/.swiftpm/xcode
    builtin-create-build-directory /Users/admin/builder/spi-builder-workspace/.derivedData/Build/Intermediates.noindex
CreateBuildDirectory /Users/admin/builder/spi-builder-workspace/.derivedData/Build/Products
    cd /Users/admin/builder/spi-builder-workspace/.swiftpm/xcode
    builtin-create-build-directory /Users/admin/builder/spi-builder-workspace/.derivedData/Build/Products
CreateBuildDirectory /Users/admin/builder/spi-builder-workspace/.derivedData/Build/Intermediates.noindex/SwiftExplicitPrecompiledModules
    cd /Users/admin/builder/spi-builder-workspace/.swiftpm/xcode
    builtin-create-build-directory /Users/admin/builder/spi-builder-workspace/.derivedData/Build/Intermediates.noindex/SwiftExplicitPrecompiledModules
CreateBuildDirectory /Users/admin/builder/spi-builder-workspace/.derivedData/Build/Intermediates.noindex/PrecompiledHeaders
    cd /Users/admin/builder/spi-builder-workspace/.swiftpm/xcode
    builtin-create-build-directory /Users/admin/builder/spi-builder-workspace/.derivedData/Build/Intermediates.noindex/PrecompiledHeaders
CreateBuildDirectory /Users/admin/builder/spi-builder-workspace/.derivedData/Build/Intermediates.noindex/ExplicitPrecompiledModules
    cd /Users/admin/builder/spi-builder-workspace/.swiftpm/xcode
    builtin-create-build-directory /Users/admin/builder/spi-builder-workspace/.derivedData/Build/Intermediates.noindex/ExplicitPrecompiledModules
CreateBuildDirectory /Users/admin/builder/spi-builder-workspace/.derivedData/Build/Intermediates.noindex/EagerLinkingTBDs/Debug-xros
    cd /Users/admin/builder/spi-builder-workspace/.swiftpm/xcode
    builtin-create-build-directory /Users/admin/builder/spi-builder-workspace/.derivedData/Build/Intermediates.noindex/EagerLinkingTBDs/Debug-xros
CreateBuildDirectory /Users/admin/builder/spi-builder-workspace/.derivedData/Build/Products/Debug-xros
    cd /Users/admin/builder/spi-builder-workspace/.swiftpm/xcode
    builtin-create-build-directory /Users/admin/builder/spi-builder-workspace/.derivedData/Build/Products/Debug-xros
CreateBuildDirectory /Users/admin/builder/spi-builder-workspace/.derivedData/Build/Products/Debug-xros/PackageFrameworks
    cd /Users/admin/builder/spi-builder-workspace/.swiftpm/xcode
    builtin-create-build-directory /Users/admin/builder/spi-builder-workspace/.derivedData/Build/Products/Debug-xros/PackageFrameworks
WriteAuxiliaryFile /Users/admin/builder/spi-builder-workspace/.derivedData/Build/Intermediates.noindex/SwiftRichString.build/Debug-xros/SwiftRichString-t.build/SwiftRichString.DependencyStaticMetadataFileList (in target 'SwiftRichString' from project 'SwiftRichString')
    cd /Users/admin/builder/spi-builder-workspace
    write-file /Users/admin/builder/spi-builder-workspace/.derivedData/Build/Intermediates.noindex/SwiftRichString.build/Debug-xros/SwiftRichString-t.build/SwiftRichString.DependencyStaticMetadataFileList
WriteAuxiliaryFile /Users/admin/builder/spi-builder-workspace/.derivedData/Build/Intermediates.noindex/SwiftRichString.build/Debug-xros/SwiftRichString-t.build/SwiftRichString.modulemap (in target 'SwiftRichString' from project 'SwiftRichString')
    cd /Users/admin/builder/spi-builder-workspace
    write-file /Users/admin/builder/spi-builder-workspace/.derivedData/Build/Intermediates.noindex/SwiftRichString.build/Debug-xros/SwiftRichString-t.build/SwiftRichString.modulemap
WriteAuxiliaryFile /Users/admin/builder/spi-builder-workspace/.derivedData/Build/Intermediates.noindex/SwiftRichString.build/Debug-xros/SwiftRichString-t.build/SwiftRichString.DependencyMetadataFileList (in target 'SwiftRichString' from project 'SwiftRichString')
    cd /Users/admin/builder/spi-builder-workspace
    write-file /Users/admin/builder/spi-builder-workspace/.derivedData/Build/Intermediates.noindex/SwiftRichString.build/Debug-xros/SwiftRichString-t.build/SwiftRichString.DependencyMetadataFileList
WriteAuxiliaryFile /Users/admin/builder/spi-builder-workspace/.derivedData/Build/Intermediates.noindex/SwiftRichString.build/Debug-xros/SwiftRichString-t.build/Objects-normal/arm64/SwiftRichString-OutputFileMap.json (in target 'SwiftRichString' from project 'SwiftRichString')
    cd /Users/admin/builder/spi-builder-workspace
    write-file /Users/admin/builder/spi-builder-workspace/.derivedData/Build/Intermediates.noindex/SwiftRichString.build/Debug-xros/SwiftRichString-t.build/Objects-normal/arm64/SwiftRichString-OutputFileMap.json
WriteAuxiliaryFile /Users/admin/builder/spi-builder-workspace/.derivedData/Build/Intermediates.noindex/SwiftRichString.build/Debug-xros/SwiftRichString-t.build/Objects-normal/arm64/SwiftRichString_const_extract_protocols.json (in target 'SwiftRichString' from project 'SwiftRichString')
    cd /Users/admin/builder/spi-builder-workspace
    write-file /Users/admin/builder/spi-builder-workspace/.derivedData/Build/Intermediates.noindex/SwiftRichString.build/Debug-xros/SwiftRichString-t.build/Objects-normal/arm64/SwiftRichString_const_extract_protocols.json
WriteAuxiliaryFile /Users/admin/builder/spi-builder-workspace/.derivedData/Build/Intermediates.noindex/SwiftRichString.build/Debug-xros/SwiftRichString-t.build/Objects-normal/arm64/SwiftRichString.LinkFileList (in target 'SwiftRichString' from project 'SwiftRichString')
    cd /Users/admin/builder/spi-builder-workspace
    write-file /Users/admin/builder/spi-builder-workspace/.derivedData/Build/Intermediates.noindex/SwiftRichString.build/Debug-xros/SwiftRichString-t.build/Objects-normal/arm64/SwiftRichString.LinkFileList
WriteAuxiliaryFile /Users/admin/builder/spi-builder-workspace/.derivedData/Build/Intermediates.noindex/SwiftRichString.build/Debug-xros/SwiftRichString-t.build/Objects-normal/arm64/SwiftRichString.SwiftConstValuesFileList (in target 'SwiftRichString' from project 'SwiftRichString')
    cd /Users/admin/builder/spi-builder-workspace
    write-file /Users/admin/builder/spi-builder-workspace/.derivedData/Build/Intermediates.noindex/SwiftRichString.build/Debug-xros/SwiftRichString-t.build/Objects-normal/arm64/SwiftRichString.SwiftConstValuesFileList
WriteAuxiliaryFile /Users/admin/builder/spi-builder-workspace/.derivedData/Build/Intermediates.noindex/SwiftRichString.build/Debug-xros/SwiftRichString-t.build/Objects-normal/arm64/SwiftRichString.SwiftFileList (in target 'SwiftRichString' from project 'SwiftRichString')
    cd /Users/admin/builder/spi-builder-workspace
    write-file /Users/admin/builder/spi-builder-workspace/.derivedData/Build/Intermediates.noindex/SwiftRichString.build/Debug-xros/SwiftRichString-t.build/Objects-normal/arm64/SwiftRichString.SwiftFileList
WriteAuxiliaryFile /Users/admin/builder/spi-builder-workspace/.derivedData/Build/Intermediates.noindex/SwiftRichString.build/Debug-xros/CHTMLSAXParser-t.build/Objects-normal/arm64/CHTMLSAXParser.LinkFileList (in target 'CHTMLSAXParser' from project 'SwiftRichString')
    cd /Users/admin/builder/spi-builder-workspace
    write-file /Users/admin/builder/spi-builder-workspace/.derivedData/Build/Intermediates.noindex/SwiftRichString.build/Debug-xros/CHTMLSAXParser-t.build/Objects-normal/arm64/CHTMLSAXParser.LinkFileList
WriteAuxiliaryFile /Users/admin/builder/spi-builder-workspace/.derivedData/Build/Intermediates.noindex/SwiftRichString.build/Debug-xros/CHTMLSAXParser-t.build/Objects-normal/arm64/7187679823f38a2a940e0043cdf9d637-common-args.resp (in target 'CHTMLSAXParser' from project 'SwiftRichString')
    cd /Users/admin/builder/spi-builder-workspace
    write-file /Users/admin/builder/spi-builder-workspace/.derivedData/Build/Intermediates.noindex/SwiftRichString.build/Debug-xros/CHTMLSAXParser-t.build/Objects-normal/arm64/7187679823f38a2a940e0043cdf9d637-common-args.resp
-fmodules -gmodules '-fmodules-cache-path=/Users/admin/builder/spi-builder-workspace/.derivedData/ModuleCache.noindex' '-fmodule-name=CHTMLSAXParser' -fpascal-strings -O0 -DSWIFT_PACKAGE '-DDEBUG=1' -g -fprofile-instr-generate -fcoverage-mapping -I/Users/admin/builder/spi-builder-workspace/.derivedData/Build/Products/Debug-xros/include -I/Users/admin/builder/spi-builder-workspace/Sources/CHTMLSAXParser/include -I/Users/admin/builder/spi-builder-workspace/.derivedData/Build/Intermediates.noindex/SwiftRichString.build/Debug-xros/CHTMLSAXParser-t.build/DerivedSources-normal/arm64 -I/Users/admin/builder/spi-builder-workspace/.derivedData/Build/Intermediates.noindex/SwiftRichString.build/Debug-xros/CHTMLSAXParser-t.build/DerivedSources/arm64 -I/Users/admin/builder/spi-builder-workspace/.derivedData/Build/Intermediates.noindex/SwiftRichString.build/Debug-xros/CHTMLSAXParser-t.build/DerivedSources -F/Users/admin/builder/spi-builder-workspace/.derivedData/Build/Products/Debug-xros -iframework /Applications/Xcode-27.0.0-Release.Candidate.app/Contents/Developer/Platforms/XROS.platform/Developer/Library/Frameworks -iframework /Applications/Xcode-27.0.0-Release.Candidate.app/Contents/Developer/Platforms/XROS.platform/Developer/SDKs/XROS27.0.sdk/Developer/Library/Frameworks -DXcode
WriteAuxiliaryFile /Users/admin/builder/spi-builder-workspace/.derivedData/Build/Intermediates.noindex/SwiftRichString.build/Debug-xros/CHTMLSAXParser-t.build/CHTMLSAXParser.DependencyStaticMetadataFileList (in target 'CHTMLSAXParser' from project 'SwiftRichString')
    cd /Users/admin/builder/spi-builder-workspace
    write-file /Users/admin/builder/spi-builder-workspace/.derivedData/Build/Intermediates.noindex/SwiftRichString.build/Debug-xros/CHTMLSAXParser-t.build/CHTMLSAXParser.DependencyStaticMetadataFileList
WriteAuxiliaryFile /Users/admin/builder/spi-builder-workspace/.derivedData/Build/Intermediates.noindex/SwiftRichString.build/Debug-xros/CHTMLSAXParser-t.build/CHTMLSAXParser.DependencyMetadataFileList (in target 'CHTMLSAXParser' from project 'SwiftRichString')
    cd /Users/admin/builder/spi-builder-workspace
    write-file /Users/admin/builder/spi-builder-workspace/.derivedData/Build/Intermediates.noindex/SwiftRichString.build/Debug-xros/CHTMLSAXParser-t.build/CHTMLSAXParser.DependencyMetadataFileList
Copy /Users/admin/builder/spi-builder-workspace/.derivedData/Build/Intermediates.noindex/GeneratedModuleMaps-xros/SwiftRichString.modulemap /Users/admin/builder/spi-builder-workspace/.derivedData/Build/Intermediates.noindex/SwiftRichString.build/Debug-xros/SwiftRichString-t.build/SwiftRichString.modulemap (in target 'SwiftRichString' from project 'SwiftRichString')
    cd /Users/admin/builder/spi-builder-workspace
    builtin-copy -exclude .DS_Store -exclude CVS -exclude .svn -exclude .git -exclude .hg -resolve-src-symlinks /Users/admin/builder/spi-builder-workspace/.derivedData/Build/Intermediates.noindex/SwiftRichString.build/Debug-xros/SwiftRichString-t.build/SwiftRichString.modulemap /Users/admin/builder/spi-builder-workspace/.derivedData/Build/Intermediates.noindex/GeneratedModuleMaps-xros
ScanDependencies /Users/admin/builder/spi-builder-workspace/.derivedData/Build/Intermediates.noindex/SwiftRichString.build/Debug-xros/CHTMLSAXParser-t.build/Objects-normal/arm64/CHTMLSAXParser.o /Users/admin/builder/spi-builder-workspace/Sources/CHTMLSAXParser/CHTMLSAXParser.c normal arm64 c com.apple.compilers.llvm.clang.1_0.compiler (in target 'CHTMLSAXParser' from project 'SwiftRichString')
    cd /Users/admin/builder/spi-builder-workspace/.swiftpm/xcode

    Using response file: /Users/admin/builder/spi-builder-workspace/.derivedData/Build/Intermediates.noindex/SwiftRichString.build/Debug-xros/CHTMLSAXParser-t.build/Objects-normal/arm64/7187679823f38a2a940e0043cdf9d637-common-args.resp

    builtin-ScanDependencies -o /Users/admin/builder/spi-builder-workspace/.derivedData/Build/Intermediates.noindex/SwiftRichString.build/Debug-xros/CHTMLSAXParser-t.build/Objects-normal/arm64/CHTMLSAXParser.o.scan -- /Applications/Xcode-27.0.0-Release.Candidate.app/Contents/Developer/Toolchains/XcodeDefault.xctoolchain/usr/bin/clang -x c -ivfsstatcache /Users/admin/builder/spi-builder-workspace/.derivedData/SDKStatCaches.noindex/xros27.0-24M361-e829b21a6f8c9b70876ba0858053c044735bd543db762f57723cac368afd1ce4.sdkstatcache -target arm64-apple-xros1.0 -fmessage-length\=0 -fdiagnostics-show-note-include-stack -fmacro-backtrace-limit\=0 -fno-color-diagnostics -fmodules-prune-interval\=86400 -fmodules-prune-after\=345600 -fbuild-session-file\=/Users/admin/builder/spi-builder-workspace/.derivedData/ModuleCache.noindex/Session.modulevalidation -fmodules-validate-once-per-build-session -Wnon-modular-include-in-framework-module -Werror\=non-modular-include-in-framework-module -Wno-trigraphs -Wno-missing-field-initializers -Wno-missing-prototypes -Wno-return-type -Wno-missing-braces -Wparentheses -Wswitch -Wno-unused-function -Wno-unused-label -Wno-unused-parameter -Wno-unused-variable -Wunused-value -Wno-empty-body -Wno-uninitialized -Wno-unknown-pragmas -Wno-shadow -Wno-four-char-constants -Wno-conversion -Wno-constant-conversion -Wno-int-conversion -Wno-bool-conversion -Wno-enum-conversion -Wno-float-conversion -Wno-non-literal-null-conversion -Wno-objc-literal-conversion -Wshorten-64-to-32 -Wpointer-sign -Wno-newline-eof -Wno-implicit-fallthrough -isysroot /Applications/Xcode-27.0.0-Release.Candidate.app/Contents/Developer/Platforms/XROS.platform/Developer/SDKs/XROS27.0.sdk -fstrict-aliasing -Wdeprecated-declarations -Wno-sign-conversion -Wno-infinite-recursion -Wno-comma -Wno-block-capture-autoreleasing -Wno-strict-prototypes -Wno-semicolon-before-method-body -index-store-path /Users/admin/builder/spi-builder-workspace/.derivedData/Index.noindex/DataStore @/Users/admin/builder/spi-builder-workspace/.derivedData/Build/Intermediates.noindex/SwiftRichString.build/Debug-xros/CHTMLSAXParser-t.build/Objects-normal/arm64/7187679823f38a2a940e0043cdf9d637-common-args.resp -MMD -MT dependencies -MF /Users/admin/builder/spi-builder-workspace/.derivedData/Build/Intermediates.noindex/SwiftRichString.build/Debug-xros/CHTMLSAXParser-t.build/Objects-normal/arm64/CHTMLSAXParser.d --serialize-diagnostics /Users/admin/builder/spi-builder-workspace/.derivedData/Build/Intermediates.noindex/SwiftRichString.build/Debug-xros/CHTMLSAXParser-t.build/Objects-normal/arm64/CHTMLSAXParser.dia -c /Users/admin/builder/spi-builder-workspace/Sources/CHTMLSAXParser/CHTMLSAXParser.c -o /Users/admin/builder/spi-builder-workspace/.derivedData/Build/Intermediates.noindex/SwiftRichString.build/Debug-xros/CHTMLSAXParser-t.build/Objects-normal/arm64/CHTMLSAXParser.o -index-unit-output-path /SwiftRichString.build/Debug-xros/CHTMLSAXParser-t.build/Objects-normal/arm64/CHTMLSAXParser.o
SwiftDriver SwiftRichString normal arm64 com.apple.xcode.tools.swift.compiler (in target 'SwiftRichString' from project 'SwiftRichString')
    cd /Users/admin/builder/spi-builder-workspace/.swiftpm/xcode
    builtin-SwiftDriver -- /Applications/Xcode-27.0.0-Release.Candidate.app/Contents/Developer/Toolchains/XcodeDefault.xctoolchain/usr/bin/swiftc -parse-as-library -module-name SwiftRichString -Onone @/Users/admin/builder/spi-builder-workspace/.derivedData/Build/Intermediates.noindex/SwiftRichString.build/Debug-xros/SwiftRichString-t.build/Objects-normal/arm64/SwiftRichString.SwiftFileList -DSWIFT_PACKAGE -DDEBUG -DSWIFT_MODULE_RESOURCE_BUNDLE_UNAVAILABLE -Xcc -fmodule-map-file\=/Users/admin/builder/spi-builder-workspace/Sources/CHTMLSAXParser/include/module.modulemap -DXcode -plugin-path /Applications/Xcode-27.0.0-Release.Candidate.app/Contents/Developer/Toolchains/XcodeDefault.xctoolchain/usr/lib/swift/host/plugins/testing -enable-experimental-feature DebugDescriptionMacro -sdk /Applications/Xcode-27.0.0-Release.Candidate.app/Contents/Developer/Platforms/XROS.platform/Developer/SDKs/XROS27.0.sdk -target arm64-apple-xros1.0 -g -module-cache-path /Users/admin/builder/spi-builder-workspace/.derivedData/ModuleCache.noindex -Xfrontend -serialize-debugging-options -profile-coverage-mapping -profile-generate -enable-testing -index-store-path /Users/admin/builder/spi-builder-workspace/.derivedData/Index.noindex/DataStore -Xcc -D_LIBCPP_HARDENING_MODE\=_LIBCPP_HARDENING_MODE_DEBUG -swift-version 5 -I /Users/admin/builder/spi-builder-workspace/.derivedData/Build/Products/Debug-xros -Isystem /Applications/Xcode-27.0.0-Release.Candidate.app/Contents/Developer/Platforms/XROS.platform/Developer/usr/lib -F /Users/admin/builder/spi-builder-workspace/.derivedData/Build/Products/Debug-xros/PackageFrameworks -F /Users/admin/builder/spi-builder-workspace/.derivedData/Build/Products/Debug-xros -F /Applications/Xcode-27.0.0-Release.Candidate.app/Contents/Developer/Platforms/XROS.platform/Developer/Library/Frameworks -F /Applications/Xcode-27.0.0-Release.Candidate.app/Contents/Developer/Platforms/XROS.platform/Developer/SDKs/XROS27.0.sdk/Developer/Library/Frameworks -c -j10 -enable-batch-mode -incremental -Xcc -ivfsstatcache -Xcc /Users/admin/builder/spi-builder-workspace/.derivedData/SDKStatCaches.noindex/xros27.0-24M361-e829b21a6f8c9b70876ba0858053c044735bd543db762f57723cac368afd1ce4.sdkstatcache -output-file-map /Users/admin/builder/spi-builder-workspace/.derivedData/Build/Intermediates.noindex/SwiftRichString.build/Debug-xros/SwiftRichString-t.build/Objects-normal/arm64/SwiftRichString-OutputFileMap.json -save-temps -no-color-diagnostics -explicit-module-build -module-cache-path /Users/admin/builder/spi-builder-workspace/.derivedData/Build/Intermediates.noindex/SwiftExplicitPrecompiledModules -clang-scanner-module-cache-path /Users/admin/builder/spi-builder-workspace/.derivedData/ModuleCache.noindex -sdk-module-cache-path /Users/admin/builder/spi-builder-workspace/.derivedData/SDKExplicitPrecompiledModules -emit-dependencies -emit-module -emit-module-path /Users/admin/builder/spi-builder-workspace/.derivedData/Build/Intermediates.noindex/SwiftRichString.build/Debug-xros/SwiftRichString-t.build/Objects-normal/arm64/SwiftRichString.swiftmodule -serialize-diagnostics -dependency-scan-serialize-diagnostics-path /Users/admin/builder/spi-builder-workspace/.derivedData/Build/Intermediates.noindex/SwiftRichString.build/Debug-xros/SwiftRichString-t.build/Objects-normal/arm64/SwiftRichString-dependency-scan.dia -validate-clang-modules-once -clang-build-session-file /Users/admin/builder/spi-builder-workspace/.derivedData/ModuleCache.noindex/Session.modulevalidation -Xcc -fmodules-prune-interval\=86400 -Xcc -fmodules-prune-after\=345600 -emit-const-values -const-gather-protocols-list /Users/admin/builder/spi-builder-workspace/.derivedData/Build/Intermediates.noindex/SwiftRichString.build/Debug-xros/SwiftRichString-t.build/Objects-normal/arm64/SwiftRichString_const_extract_protocols.json -Xcc -I/Users/admin/builder/spi-builder-workspace/Sources/CHTMLSAXParser/include -Xcc -I/Users/admin/builder/spi-builder-workspace/.derivedData/Build/Products/Debug-xros/include -Xcc -I/Users/admin/builder/spi-builder-workspace/.derivedData/Build/Intermediates.noindex/SwiftRichString.build/Debug-xros/SwiftRichString-t.build/DerivedSources-normal/arm64 -Xcc -I/Users/admin/builder/spi-builder-workspace/.derivedData/Build/Intermediates.noindex/SwiftRichString.build/Debug-xros/SwiftRichString-t.build/DerivedSources/arm64 -Xcc -I/Users/admin/builder/spi-builder-workspace/.derivedData/Build/Intermediates.noindex/SwiftRichString.build/Debug-xros/SwiftRichString-t.build/DerivedSources -Xcc -DSWIFT_PACKAGE -Xcc -DDEBUG\=1 -emit-objc-header -emit-objc-header-path /Users/admin/builder/spi-builder-workspace/.derivedData/Build/Intermediates.noindex/SwiftRichString.build/Debug-xros/SwiftRichString-t.build/Objects-normal/arm64/SwiftRichString-Swift.h -working-directory /Users/admin/builder/spi-builder-workspace/.swiftpm/xcode -experimental-emit-module-separately -disable-cmo
/Users/admin/builder/spi-builder-workspace/Sources/SwiftRichString/Extensions/AttributedString+FunctionBuilder.swift:27:2: warning: '@_functionBuilder' has been renamed to '@resultBuilder' (in target 'SwiftRichString' from project 'SwiftRichString')
PrecompileModule /Users/admin/builder/spi-builder-workspace/.derivedData/Build/Intermediates.noindex/ExplicitPrecompiledModules/_Builtin_stddef-AS4MB2HV8QC6GE0NAAETS75WZ.scan
    cd /
    builtin-precompileModule /Users/admin/builder/spi-builder-workspace/.derivedData/Build/Intermediates.noindex/ExplicitPrecompiledModules/_Builtin_stddef-AS4MB2HV8QC6GE0NAAETS75WZ.scan
PrecompileModule /Users/admin/builder/spi-builder-workspace/.derivedData/Build/Intermediates.noindex/ExplicitPrecompiledModules/_Builtin_stdarg-55NSLPY0JQ3SERZETECSKZM25.scan
    cd /
    builtin-precompileModule /Users/admin/builder/spi-builder-workspace/.derivedData/Build/Intermediates.noindex/ExplicitPrecompiledModules/_Builtin_stdarg-55NSLPY0JQ3SERZETECSKZM25.scan
PrecompileModule /Users/admin/builder/spi-builder-workspace/.derivedData/Build/Intermediates.noindex/ExplicitPrecompiledModules/_AvailabilityInternal-9DGIW3JF4W8ZHAEXGJYWGHHLK.scan
    cd /
    builtin-precompileModule /Users/admin/builder/spi-builder-workspace/.derivedData/Build/Intermediates.noindex/ExplicitPrecompiledModules/_AvailabilityInternal-9DGIW3JF4W8ZHAEXGJYWGHHLK.scan
PrecompileModule /Users/admin/builder/spi-builder-workspace/.derivedData/Build/Intermediates.noindex/ExplicitPrecompiledModules/ptrcheck-2GE7S23GCNFBZIRZTRJ8UJYU7.scan
    cd /
    builtin-precompileModule /Users/admin/builder/spi-builder-workspace/.derivedData/Build/Intermediates.noindex/ExplicitPrecompiledModules/ptrcheck-2GE7S23GCNFBZIRZTRJ8UJYU7.scan
PrecompileModule /Users/admin/builder/spi-builder-workspace/.derivedData/Build/Intermediates.noindex/ExplicitPrecompiledModules/_Builtin_float-BPYYCNQPVVJ2H1RIXUQENTK3G.scan
    cd /
    builtin-precompileModule /Users/admin/builder/spi-builder-workspace/.derivedData/Build/Intermediates.noindex/ExplicitPrecompiledModules/_Builtin_float-BPYYCNQPVVJ2H1RIXUQENTK3G.scan
PrecompileModule /Users/admin/builder/spi-builder-workspace/.derivedData/Build/Intermediates.noindex/ExplicitPrecompiledModules/_DarwinFoundation1-4M28S2D3PPHBC1MEN83J3AJ8.scan
    cd /
    builtin-precompileModule /Users/admin/builder/spi-builder-workspace/.derivedData/Build/Intermediates.noindex/ExplicitPrecompiledModules/_DarwinFoundation1-4M28S2D3PPHBC1MEN83J3AJ8.scan
PrecompileModule /Users/admin/builder/spi-builder-workspace/.derivedData/Build/Intermediates.noindex/ExplicitPrecompiledModules/_Builtin_limits-DEP7JUUEKXUWCZG5O02ERSHE7.scan
    cd /
    builtin-precompileModule /Users/admin/builder/spi-builder-workspace/.derivedData/Build/Intermediates.noindex/ExplicitPrecompiledModules/_Builtin_limits-DEP7JUUEKXUWCZG5O02ERSHE7.scan
PrecompileModule /Users/admin/builder/spi-builder-workspace/.derivedData/Build/Intermediates.noindex/ExplicitPrecompiledModules/_DarwinFoundation2-1P181XVKLE8LEGPF4SQU25MOP.scan
    cd /
    builtin-precompileModule /Users/admin/builder/spi-builder-workspace/.derivedData/Build/Intermediates.noindex/ExplicitPrecompiledModules/_DarwinFoundation2-1P181XVKLE8LEGPF4SQU25MOP.scan
PrecompileModule /Users/admin/builder/spi-builder-workspace/.derivedData/Build/Intermediates.noindex/ExplicitPrecompiledModules/_Builtin_stdint-2YFZ96FHFR6QB7L313B65NK10.scan
    cd /
    builtin-precompileModule /Users/admin/builder/spi-builder-workspace/.derivedData/Build/Intermediates.noindex/ExplicitPrecompiledModules/_Builtin_stdint-2YFZ96FHFR6QB7L313B65NK10.scan
PrecompileModule /Users/admin/builder/spi-builder-workspace/.derivedData/Build/Intermediates.noindex/ExplicitPrecompiledModules/_DarwinFoundation3-5M1ODUSDVZDVIHBUULUYVH4OL.scan
    cd /
    builtin-precompileModule /Users/admin/builder/spi-builder-workspace/.derivedData/Build/Intermediates.noindex/ExplicitPrecompiledModules/_DarwinFoundation3-5M1ODUSDVZDVIHBUULUYVH4OL.scan
PrecompileModule /Users/admin/builder/spi-builder-workspace/.derivedData/Build/Intermediates.noindex/ExplicitPrecompiledModules/libxml2-38H9SMAKKH5KYNEIXDQ4U0A31.scan
    cd /
    builtin-precompileModule /Users/admin/builder/spi-builder-workspace/.derivedData/Build/Intermediates.noindex/ExplicitPrecompiledModules/libxml2-38H9SMAKKH5KYNEIXDQ4U0A31.scan
CompileC /Users/admin/builder/spi-builder-workspace/.derivedData/Build/Intermediates.noindex/SwiftRichString.build/Debug-xros/CHTMLSAXParser-t.build/Objects-normal/arm64/CHTMLSAXParser.o /Users/admin/builder/spi-builder-workspace/Sources/CHTMLSAXParser/CHTMLSAXParser.c normal arm64 c com.apple.compilers.llvm.clang.1_0.compiler (in target 'CHTMLSAXParser' from project 'SwiftRichString')
    cd /Users/admin/builder/spi-builder-workspace/.swiftpm/xcode

    Using response file: /Users/admin/builder/spi-builder-workspace/.derivedData/Build/Intermediates.noindex/SwiftRichString.build/Debug-xros/CHTMLSAXParser-t.build/Objects-normal/arm64/7187679823f38a2a940e0043cdf9d637-common-args.resp

    /Applications/Xcode-27.0.0-Release.Candidate.app/Contents/Developer/Toolchains/XcodeDefault.xctoolchain/usr/bin/clang -x c -ivfsstatcache /Users/admin/builder/spi-builder-workspace/.derivedData/SDKStatCaches.noindex/xros27.0-24M361-e829b21a6f8c9b70876ba0858053c044735bd543db762f57723cac368afd1ce4.sdkstatcache -target arm64-apple-xros1.0 -fmessage-length\=0 -fdiagnostics-show-note-include-stack -fmacro-backtrace-limit\=0 -fno-color-diagnostics -fmodules-prune-interval\=86400 -fmodules-prune-after\=345600 -fbuild-session-file\=/Users/admin/builder/spi-builder-workspace/.derivedData/ModuleCache.noindex/Session.modulevalidation -fmodules-validate-once-per-build-session -Wnon-modular-include-in-framework-module -Werror\=non-modular-include-in-framework-module -Wno-trigraphs -Wno-missing-field-initializers -Wno-missing-prototypes -Wno-return-type -Wno-missing-braces -Wparentheses -Wswitch -Wno-unused-function -Wno-unused-label -Wno-unused-parameter -Wno-unused-variable -Wunused-value -Wno-empty-body -Wno-uninitialized -Wno-unknown-pragmas -Wno-shadow -Wno-four-char-constants -Wno-conversion -Wno-constant-conversion -Wno-int-conversion -Wno-bool-conversion -Wno-enum-conversion -Wno-float-conversion -Wno-non-literal-null-conversion -Wno-objc-literal-conversion -Wshorten-64-to-32 -Wpointer-sign -Wno-newline-eof -Wno-implicit-fallthrough -isysroot /Applications/Xcode-27.0.0-Release.Candidate.app/Contents/Developer/Platforms/XROS.platform/Developer/SDKs/XROS27.0.sdk -fstrict-aliasing -Wdeprecated-declarations -Wno-sign-conversion -Wno-infinite-recursion -Wno-comma -Wno-block-capture-autoreleasing -Wno-strict-prototypes -Wno-semicolon-before-method-body -index-store-path /Users/admin/builder/spi-builder-workspace/.derivedData/Index.noindex/DataStore @/Users/admin/builder/spi-builder-workspace/.derivedData/Build/Intermediates.noindex/SwiftRichString.build/Debug-xros/CHTMLSAXParser-t.build/Objects-normal/arm64/7187679823f38a2a940e0043cdf9d637-common-args.resp -MMD -MT dependencies -MF /Users/admin/builder/spi-builder-workspace/.derivedData/Build/Intermediates.noindex/SwiftRichString.build/Debug-xros/CHTMLSAXParser-t.build/Objects-normal/arm64/CHTMLSAXParser.d --serialize-diagnostics /Users/admin/builder/spi-builder-workspace/.derivedData/Build/Intermediates.noindex/SwiftRichString.build/Debug-xros/CHTMLSAXParser-t.build/Objects-normal/arm64/CHTMLSAXParser.dia -c /Users/admin/builder/spi-builder-workspace/Sources/CHTMLSAXParser/CHTMLSAXParser.c -o /Users/admin/builder/spi-builder-workspace/.derivedData/Build/Intermediates.noindex/SwiftRichString.build/Debug-xros/CHTMLSAXParser-t.build/Objects-normal/arm64/CHTMLSAXParser.o -index-unit-output-path /SwiftRichString.build/Debug-xros/CHTMLSAXParser-t.build/Objects-normal/arm64/CHTMLSAXParser.o
Ld /Users/admin/builder/spi-builder-workspace/.derivedData/Build/Products/Debug-xros/CHTMLSAXParser.o normal (in target 'CHTMLSAXParser' from project 'SwiftRichString')
    cd /Users/admin/builder/spi-builder-workspace
    /Applications/Xcode-27.0.0-Release.Candidate.app/Contents/Developer/Toolchains/XcodeDefault.xctoolchain/usr/bin/clang -Xlinker -reproducible -target arm64-apple-xros1.0 -r -isysroot /Applications/Xcode-27.0.0-Release.Candidate.app/Contents/Developer/Platforms/XROS.platform/Developer/SDKs/XROS27.0.sdk -O0 -Xlinker -no_warn_duplicate_libraries -F/Users/admin/builder/spi-builder-workspace/.derivedData/Build/Intermediates.noindex/EagerLinkingTBDs/Debug-xros -F/Users/admin/builder/spi-builder-workspace/.derivedData/Build/Products/Debug-xros -iframework /Applications/Xcode-27.0.0-Release.Candidate.app/Contents/Developer/Platforms/XROS.platform/Developer/Library/Frameworks -iframework /Applications/Xcode-27.0.0-Release.Candidate.app/Contents/Developer/Platforms/XROS.platform/Developer/SDKs/XROS27.0.sdk/Developer/Library/Frameworks -filelist /Users/admin/builder/spi-builder-workspace/.derivedData/Build/Intermediates.noindex/SwiftRichString.build/Debug-xros/CHTMLSAXParser-t.build/Objects-normal/arm64/CHTMLSAXParser.LinkFileList -nostdlib -Xlinker -object_path_lto -Xlinker /Users/admin/builder/spi-builder-workspace/.derivedData/Build/Intermediates.noindex/SwiftRichString.build/Debug-xros/CHTMLSAXParser-t.build/Objects-normal/arm64/CHTMLSAXParser_lto.o -Xlinker -no_deduplicate -Xlinker -debug_variant -Xlinker -dependency_info -Xlinker /Users/admin/builder/spi-builder-workspace/.derivedData/Build/Intermediates.noindex/SwiftRichString.build/Debug-xros/CHTMLSAXParser-t.build/Objects-normal/arm64/CHTMLSAXParser_dependency_info.dat -o /Users/admin/builder/spi-builder-workspace/.derivedData/Build/Products/Debug-xros/CHTMLSAXParser.o
SwiftExplicitDependencyGeneratePcm arm64 /Users/admin/builder/spi-builder-workspace/.derivedData/SDKExplicitPrecompiledModules/DeveloperToolsSupport-46GOQP8J1QTHLYQSJW81T8UZ3.pcm
SwiftExplicitDependencyGeneratePcm arm64 /Users/admin/builder/spi-builder-workspace/.derivedData/SDKExplicitPrecompiledModules/_AvailabilityInternal-1Q8IQP6M38UWSGZ95UCEY2M44.pcm
SwiftExplicitDependencyGeneratePcm arm64 /Users/admin/builder/spi-builder-workspace/.derivedData/SDKExplicitPrecompiledModules/_Builtin_stdbool-5BU2ADS7JXQMYENKQHW9X8XOU.pcm
SwiftExplicitDependencyGeneratePcm arm64 /Users/admin/builder/spi-builder-workspace/.derivedData/SDKExplicitPrecompiledModules/_SwiftConcurrencyShims-C8XHKSHX96D5YYALNM4W70Z0O.pcm
SwiftExplicitDependencyGeneratePcm arm64 /Users/admin/builder/spi-builder-workspace/.derivedData/SDKExplicitPrecompiledModules/ptrauth-1WBA714DZSVUL5JQDJ08CLKZ.pcm
SwiftExplicitDependencyGeneratePcm arm64 /Users/admin/builder/spi-builder-workspace/.derivedData/SDKExplicitPrecompiledModules/_Builtin_float-6WKHNW5S40U2QGHXXGETUDIRA.pcm
SwiftExplicitDependencyGeneratePcm arm64 /Users/admin/builder/spi-builder-workspace/.derivedData/SDKExplicitPrecompiledModules/ptrcheck-BXA97MNLI4BB0HF5I8MJE403D.pcm
SwiftExplicitDependencyGeneratePcm arm64 /Users/admin/builder/spi-builder-workspace/.derivedData/SDKExplicitPrecompiledModules/_Builtin_stdarg-CDA349K2K4US766844K8E0PVA.pcm
SwiftExplicitDependencyGeneratePcm arm64 /Users/admin/builder/spi-builder-workspace/.derivedData/SDKExplicitPrecompiledModules/_Builtin_stddef-5NQ9Z1GV07GBSRQGAQCGXGVRI.pcm
SwiftExplicitDependencyGeneratePcm arm64 /Users/admin/builder/spi-builder-workspace/.derivedData/SDKExplicitPrecompiledModules/SwiftShims-CI4H5RO9IYFFWQ2COB512Q2S9.pcm
SwiftExplicitDependencyGeneratePcm arm64 /Users/admin/builder/spi-builder-workspace/.derivedData/SDKExplicitPrecompiledModules/_DarwinFoundation1-5RGRVV2TZ6WC4WZW5IXF8NQ04.pcm
SwiftExplicitDependencyGeneratePcm arm64 /Users/admin/builder/spi-builder-workspace/.derivedData/SDKExplicitPrecompiledModules/_DarwinFoundation2-ENTECK156YEWITZRRBTOCE4KR.pcm
SwiftExplicitDependencyGeneratePcm arm64 /Users/admin/builder/spi-builder-workspace/.derivedData/SDKExplicitPrecompiledModules/_Builtin_limits-425JDMN5HPM3D0UEI8LEHP6NM.pcm
SwiftExplicitDependencyGeneratePcm arm64 /Users/admin/builder/spi-builder-workspace/.derivedData/SDKExplicitPrecompiledModules/_Builtin_tgmath-BPYSMHWI520EQRL2HW519ZY7Z.pcm
SwiftExplicitDependencyGeneratePcm arm64 /Users/admin/builder/spi-builder-workspace/.derivedData/SDKExplicitPrecompiledModules/_Builtin_stdint-8OR6T47OOYJA90ZBO3N1USDE.pcm
SwiftExplicitDependencyGeneratePcm arm64 /Users/admin/builder/spi-builder-workspace/.derivedData/SDKExplicitPrecompiledModules/string_h-2GT67HHHHK5CF1V1S31LH0PU2.pcm
SwiftExplicitDependencyGeneratePcm arm64 /Users/admin/builder/spi-builder-workspace/.derivedData/SDKExplicitPrecompiledModules/sys_types-AYM0BHR77VKMWZCO2T0XGV2HF.pcm
SwiftExplicitDependencyGeneratePcm arm64 /Users/admin/builder/spi-builder-workspace/.derivedData/SDKExplicitPrecompiledModules/_Builtin_stdatomic-1VUZPM79PNCAHXVBERD53WRSF.pcm
SwiftExplicitDependencyGeneratePcm arm64 /Users/admin/builder/spi-builder-workspace/.derivedData/SDKExplicitPrecompiledModules/_DarwinFoundation3-9ZHN6JKBS40BBA81RQMV8H0IC.pcm
SwiftExplicitDependencyGeneratePcm arm64 /Users/admin/builder/spi-builder-workspace/.derivedData/SDKExplicitPrecompiledModules/_Builtin_intrinsics-BC5IJI3YI34RQ61ZNVDRDZ6RN.pcm
SwiftExplicitDependencyGeneratePcm arm64 /Users/admin/builder/spi-builder-workspace/.derivedData/SDKExplicitPrecompiledModules/libxml2-BZ38TULPV4D3KMAPJYIR10XB6.pcm
SwiftExplicitDependencyGeneratePcm arm64 /Users/admin/builder/spi-builder-workspace/.derivedData/SDKExplicitPrecompiledModules/_Builtin_inttypes-11B64KJD36B3YOHBR1BBXBJY8.pcm
SwiftExplicitDependencyGeneratePcm arm64 /Users/admin/builder/spi-builder-workspace/.derivedData/SDKExplicitPrecompiledModules/Darwin-60P5LVNQO3ESRRM5DCJ05PFNK.pcm
SwiftExplicitDependencyGeneratePcm arm64 /Users/admin/builder/spi-builder-workspace/.derivedData/SDKExplicitPrecompiledModules/simd-9XXAB17Y6E4BBPQADD61NZ23.pcm
SwiftExplicitDependencyGeneratePcm arm64 /Users/admin/builder/spi-builder-workspace/.derivedData/Build/Intermediates.noindex/SwiftExplicitPrecompiledModules/CHTMLSAXParser-4Q0D1EIVBGW9QTVCVSP22YWFP.pcm
SwiftExplicitDependencyGeneratePcm arm64 /Users/admin/builder/spi-builder-workspace/.derivedData/SDKExplicitPrecompiledModules/MachO-3XTHY7HWV6RF3KXKYQVHUBUXK.pcm
SwiftExplicitDependencyGeneratePcm arm64 /Users/admin/builder/spi-builder-workspace/.derivedData/SDKExplicitPrecompiledModules/ObjectiveC-26TIBFYCEJZVP216ZZAU1X8KN.pcm
SwiftExplicitDependencyGeneratePcm arm64 /Users/admin/builder/spi-builder-workspace/.derivedData/SDKExplicitPrecompiledModules/os_object-692CJ8BG6RE5H04487EJJOVXW.pcm
SwiftExplicitDependencyGeneratePcm arm64 /Users/admin/builder/spi-builder-workspace/.derivedData/SDKExplicitPrecompiledModules/os_workgroup-4U1VXMWIZD80E7PRUQF2G7P9X.pcm
SwiftExplicitDependencyGeneratePcm arm64 /Users/admin/builder/spi-builder-workspace/.derivedData/SDKExplicitPrecompiledModules/Dispatch-CLT3466HKC22GCKAWSCNG0H7T.pcm
SwiftExplicitDependencyGeneratePcm arm64 /Users/admin/builder/spi-builder-workspace/.derivedData/SDKExplicitPrecompiledModules/Spatial-5E0I2846LO3ZE24CSVR2O57TI.pcm
SwiftExplicitDependencyGeneratePcm arm64 /Users/admin/builder/spi-builder-workspace/.derivedData/SDKExplicitPrecompiledModules/XPC-EP5EU7FNGP4VOA3EDM18P1KHO.pcm
SwiftExplicitDependencyGeneratePcm arm64 /Users/admin/builder/spi-builder-workspace/.derivedData/SDKExplicitPrecompiledModules/CoreFoundation-AVLTZVCXBU2TO75JCN4AGU8XJ.pcm
SwiftExplicitDependencyGeneratePcm arm64 /Users/admin/builder/spi-builder-workspace/.derivedData/SDKExplicitPrecompiledModules/os-1004XEJ3IXOOAU0KL58SM3D0K.pcm
SwiftExplicitDependencyGeneratePcm arm64 /Users/admin/builder/spi-builder-workspace/.derivedData/SDKExplicitPrecompiledModules/CFNetwork-5MI70N1VLDQSWTX4COWLMSIRO.pcm
SwiftExplicitDependencyGeneratePcm arm64 /Users/admin/builder/spi-builder-workspace/.derivedData/SDKExplicitPrecompiledModules/CoreServices-E5J3ISJP36PGDWYO5RAH4PILU.pcm
SwiftExplicitDependencyGeneratePcm arm64 /Users/admin/builder/spi-builder-workspace/.derivedData/SDKExplicitPrecompiledModules/CoreGraphics-BFUJ177R223UT2ZI327ZTZY91.pcm
SwiftExplicitDependencyGeneratePcm arm64 /Users/admin/builder/spi-builder-workspace/.derivedData/SDKExplicitPrecompiledModules/Security-8TH2M8WJIQMET4SADWX0N8372.pcm
SwiftExplicitDependencyGeneratePcm arm64 /Users/admin/builder/spi-builder-workspace/.derivedData/SDKExplicitPrecompiledModules/MobileCoreServices-AADI7E3RIPQSOP5W22F0QWXV6.pcm
SwiftExplicitDependencyGeneratePcm arm64 /Users/admin/builder/spi-builder-workspace/.derivedData/SDKExplicitPrecompiledModules/Foundation-8GON1KVEKRN3NOQI8RETBRWJP.pcm
SwiftExplicitDependencyGeneratePcm arm64 /Users/admin/builder/spi-builder-workspace/.derivedData/SDKExplicitPrecompiledModules/CoreText-6F9TY5TEPCCZ1K2KYM4GMEGHD.pcm
SwiftExplicitDependencyGeneratePcm arm64 /Users/admin/builder/spi-builder-workspace/.derivedData/SDKExplicitPrecompiledModules/ImageIO-5CC6COR9KJYI1UBL7CSHLU2OG.pcm
SwiftExplicitDependencyGeneratePcm arm64 /Users/admin/builder/spi-builder-workspace/.derivedData/SDKExplicitPrecompiledModules/Symbols-8G2XC01RPQ5HYIZE6JNUT864I.pcm
SwiftExplicitDependencyGeneratePcm arm64 /Users/admin/builder/spi-builder-workspace/.derivedData/SDKExplicitPrecompiledModules/OSLog-BNGT87TS0GMBFF7TY70HHB69.pcm
SwiftExplicitDependencyGeneratePcm arm64 /Users/admin/builder/spi-builder-workspace/.derivedData/SDKExplicitPrecompiledModules/DataDetection-BANTQ3WXXGKZJYC0LLB3MD9K0.pcm
SwiftExplicitDependencyGeneratePcm arm64 /Users/admin/builder/spi-builder-workspace/.derivedData/SDKExplicitPrecompiledModules/IOSurface-5FE9U89GVFF9A7X7AGO2R8ENI.pcm
SwiftExplicitDependencyGeneratePcm arm64 /Users/admin/builder/spi-builder-workspace/.derivedData/SDKExplicitPrecompiledModules/_LocationEssentials-8GQGFVARUE99D8VJX3TINY0VP.pcm
SwiftExplicitDependencyGeneratePcm arm64 /Users/admin/builder/spi-builder-workspace/.derivedData/SDKExplicitPrecompiledModules/CoreTransferable-8TBYAKHCX6UC8QQSS7BD8GQK5.pcm
SwiftExplicitDependencyGeneratePcm arm64 /Users/admin/builder/spi-builder-workspace/.derivedData/SDKExplicitPrecompiledModules/UIUtilities-AOVGLUWEAN6CG2UZFNESGSP6C.pcm
SwiftExplicitDependencyGeneratePcm arm64 /Users/admin/builder/spi-builder-workspace/.derivedData/SDKExplicitPrecompiledModules/UniformTypeIdentifiers-E5KMWDZEKS4QW9RO1KBRDEXV6.pcm
SwiftExplicitDependencyGeneratePcm arm64 /Users/admin/builder/spi-builder-workspace/.derivedData/SDKExplicitPrecompiledModules/UserNotifications-8IIV1V1FPNAPA4LY1Y23LOM2N.pcm
SwiftExplicitDependencyGeneratePcm arm64 /Users/admin/builder/spi-builder-workspace/.derivedData/SDKExplicitPrecompiledModules/Accessibility-1DR4J4YDVDGAYQTZ0FKZ1PU09.pcm
SwiftExplicitDependencyGeneratePcm arm64 /Users/admin/builder/spi-builder-workspace/.derivedData/SDKExplicitPrecompiledModules/FileProvider-C9I28SI56F2SEVH1BCWTKGODO.pcm
SwiftExplicitDependencyGeneratePcm arm64 /Users/admin/builder/spi-builder-workspace/.derivedData/SDKExplicitPrecompiledModules/CoreLocation-1SN37095DAPVJ068LLP9TBDQX.pcm
SwiftExplicitDependencyGeneratePcm arm64 /Users/admin/builder/spi-builder-workspace/.derivedData/SDKExplicitPrecompiledModules/Metal-EKNUM9P3PRIBHZK1ZBD6BA2T7.pcm
SwiftExplicitDependencyGeneratePcm arm64 /Users/admin/builder/spi-builder-workspace/.derivedData/SDKExplicitPrecompiledModules/OpenGLES-56BKSYXNVAP91BYZRWAKQZKGI.pcm
SwiftExplicitDependencyGeneratePcm arm64 /Users/admin/builder/spi-builder-workspace/.derivedData/SDKExplicitPrecompiledModules/CoreMotion-10LV922UPGE28QX2SOIO7ALIZ.pcm
SwiftExplicitDependencyGeneratePcm arm64 /Users/admin/builder/spi-builder-workspace/.derivedData/SDKExplicitPrecompiledModules/CoreVideo-E12HJSJSLO0YKWYBES11UKJ02.pcm
SwiftExplicitDependencyGeneratePcm arm64 /Users/admin/builder/spi-builder-workspace/.derivedData/SDKExplicitPrecompiledModules/QuartzCore-12T8WVKUNCL1N7VXH87MM4YOB.pcm
SwiftExplicitDependencyGeneratePcm arm64 /Users/admin/builder/spi-builder-workspace/.derivedData/SDKExplicitPrecompiledModules/CoreImage-8WF1P230U10QM666EQMNV7OF1.pcm
SwiftExplicitDependencyGeneratePcm arm64 /Users/admin/builder/spi-builder-workspace/.derivedData/SDKExplicitPrecompiledModules/SwiftUICore-6OBBMA39VFD4CB6SG2PE41FAP.pcm
SwiftExplicitDependencyGeneratePcm arm64 /Users/admin/builder/spi-builder-workspace/.derivedData/SDKExplicitPrecompiledModules/UIKit-2D2PMAAE45TMO6S28UCGCO5BR.pcm
SwiftEmitModule normal arm64 Emitting\ module\ for\ SwiftRichString (in target 'SwiftRichString' from project 'SwiftRichString')
SwiftCompile normal arm64 (in target 'SwiftRichString' from project 'SwiftRichString')
    cd /Users/admin/builder/spi-builder-workspace/.swiftpm/xcode

/Users/admin/builder/spi-builder-workspace/Sources/SwiftRichString/Extensions/AttributedString+FunctionBuilder.swift:27:2: warning: '@_functionBuilder' has been renamed to '@resultBuilder'
25 | import Foundation
26 |
27 | @_functionBuilder
   |  `- warning: '@_functionBuilder' has been renamed to '@resultBuilder'
28 | public class AttributedStringBuilder {
29 |
/Users/admin/builder/spi-builder-workspace/Sources/SwiftRichString/Attributes/CommonsAttributes.swift:55:65: warning: 'featureIdentifier' was deprecated in visionOS 1.0 [#DeprecatedDeclaration]
 53 |
 54 | 	let FontDescriptorFeatureSettingsAttribute = UIFontDescriptor.AttributeName.featureSettings
 55 | 	let FontFeatureTypeIdentifierKey = UIFontDescriptor.FeatureKey.featureIdentifier
    |                                                                 `- warning: 'featureIdentifier' was deprecated in visionOS 1.0 [#DeprecatedDeclaration]
 56 | 	let FontFeatureSelectorIdentifierKey = UIFontDescriptor.FeatureKey.typeIdentifier
 57 |
/Users/admin/builder/spi-builder-workspace/Sources/SwiftRichString/Attributes/CommonsAttributes.swift:56:69: warning: 'typeIdentifier' was deprecated in visionOS 1.0 [#DeprecatedDeclaration]
 54 | 	let FontDescriptorFeatureSettingsAttribute = UIFontDescriptor.AttributeName.featureSettings
 55 | 	let FontFeatureTypeIdentifierKey = UIFontDescriptor.FeatureKey.featureIdentifier
 56 | 	let FontFeatureSelectorIdentifierKey = UIFontDescriptor.FeatureKey.typeIdentifier
    |                                                                     `- warning: 'typeIdentifier' was deprecated in visionOS 1.0 [#DeprecatedDeclaration]
 57 |
 58 | #endif
[#DeprecatedDeclaration]: <https://docs.swift.org/compiler/documentation/diagnostics/deprecated-declaration>
SwiftCompile normal arm64 Compiling\ OrderedDictionary.swift,\ XMLDynamicAttributesResolver.swift,\ XMLStringBuilder.swift /Users/admin/builder/spi-builder-workspace/Sources/SwiftRichString/Support/OrderedDictionary.swift /Users/admin/builder/spi-builder-workspace/Sources/SwiftRichString/Support/XMLDynamicAttributesResolver.swift /Users/admin/builder/spi-builder-workspace/Sources/SwiftRichString/Support/XMLStringBuilder.swift (in target 'SwiftRichString' from project 'SwiftRichString')
SwiftCompile normal arm64 /Users/admin/builder/spi-builder-workspace/Sources/SwiftRichString/Support/OrderedDictionary.swift (in target 'SwiftRichString' from project 'SwiftRichString')
    cd /Users/admin/builder/spi-builder-workspace/.swiftpm/xcode
    builtin-SwiftPerFileCompile OrderedDictionary.swift
SwiftCompile normal arm64 /Users/admin/builder/spi-builder-workspace/Sources/SwiftRichString/Support/XMLDynamicAttributesResolver.swift (in target 'SwiftRichString' from project 'SwiftRichString')
    cd /Users/admin/builder/spi-builder-workspace/.swiftpm/xcode
    builtin-SwiftPerFileCompile XMLDynamicAttributesResolver.swift
SwiftCompile normal arm64 /Users/admin/builder/spi-builder-workspace/Sources/SwiftRichString/Support/XMLStringBuilder.swift (in target 'SwiftRichString' from project 'SwiftRichString')
    cd /Users/admin/builder/spi-builder-workspace/.swiftpm/xcode
    builtin-SwiftPerFileCompile XMLStringBuilder.swift
SwiftCompile normal arm64 Compiling\ SystemFonts.swift,\ UIKit+Extras.swift,\ StyleDecorator.swift /Users/admin/builder/spi-builder-workspace/Sources/SwiftRichString/Extensions/SystemFonts.swift /Users/admin/builder/spi-builder-workspace/Sources/SwiftRichString/Extensions/UIKit+Extras.swift /Users/admin/builder/spi-builder-workspace/Sources/SwiftRichString/Style/StyleDecorator.swift (in target 'SwiftRichString' from project 'SwiftRichString')
SwiftCompile normal arm64 /Users/admin/builder/spi-builder-workspace/Sources/SwiftRichString/Extensions/SystemFonts.swift (in target 'SwiftRichString' from project 'SwiftRichString')
    cd /Users/admin/builder/spi-builder-workspace/.swiftpm/xcode
    builtin-SwiftPerFileCompile SystemFonts.swift
SwiftCompile normal arm64 /Users/admin/builder/spi-builder-workspace/Sources/SwiftRichString/Extensions/UIKit+Extras.swift (in target 'SwiftRichString' from project 'SwiftRichString')
    cd /Users/admin/builder/spi-builder-workspace/.swiftpm/xcode
    builtin-SwiftPerFileCompile UIKit+Extras.swift
SwiftCompile normal arm64 /Users/admin/builder/spi-builder-workspace/Sources/SwiftRichString/Style/StyleDecorator.swift (in target 'SwiftRichString' from project 'SwiftRichString')
    cd /Users/admin/builder/spi-builder-workspace/.swiftpm/xcode
    builtin-SwiftPerFileCompile StyleDecorator.swift
SwiftCompile normal arm64 Compiling\ Style.swift,\ StyleProtocol.swift,\ StyleRegEx.swift /Users/admin/builder/spi-builder-workspace/Sources/SwiftRichString/Style/Styles/Style.swift /Users/admin/builder/spi-builder-workspace/Sources/SwiftRichString/Style/Styles/StyleProtocol.swift /Users/admin/builder/spi-builder-workspace/Sources/SwiftRichString/Style/Styles/StyleRegEx.swift (in target 'SwiftRichString' from project 'SwiftRichString')
SwiftCompile normal arm64 /Users/admin/builder/spi-builder-workspace/Sources/SwiftRichString/Style/Styles/Style.swift (in target 'SwiftRichString' from project 'SwiftRichString')
    cd /Users/admin/builder/spi-builder-workspace/.swiftpm/xcode
    builtin-SwiftPerFileCompile Style.swift
SwiftCompile normal arm64 /Users/admin/builder/spi-builder-workspace/Sources/SwiftRichString/Style/Styles/StyleProtocol.swift (in target 'SwiftRichString' from project 'SwiftRichString')
    cd /Users/admin/builder/spi-builder-workspace/.swiftpm/xcode
    builtin-SwiftPerFileCompile StyleProtocol.swift
SwiftCompile normal arm64 /Users/admin/builder/spi-builder-workspace/Sources/SwiftRichString/Style/Styles/StyleRegEx.swift (in target 'SwiftRichString' from project 'SwiftRichString')
    cd /Users/admin/builder/spi-builder-workspace/.swiftpm/xcode
    builtin-SwiftPerFileCompile StyleRegEx.swift
SwiftCompile normal arm64 Compiling\ FontInfoAttribute.swift,\ FontStyle.swift,\ TextTransform.swift /Users/admin/builder/spi-builder-workspace/Sources/SwiftRichString/Attributes/FontInfoAttribute.swift /Users/admin/builder/spi-builder-workspace/Sources/SwiftRichString/Attributes/FontStyle.swift /Users/admin/builder/spi-builder-workspace/Sources/SwiftRichString/Attributes/TextTransform.swift (in target 'SwiftRichString' from project 'SwiftRichString')
SwiftCompile normal arm64 /Users/admin/builder/spi-builder-workspace/Sources/SwiftRichString/Attributes/FontInfoAttribute.swift (in target 'SwiftRichString' from project 'SwiftRichString')
    cd /Users/admin/builder/spi-builder-workspace/.swiftpm/xcode
    builtin-SwiftPerFileCompile FontInfoAttribute.swift
SwiftCompile normal arm64 /Users/admin/builder/spi-builder-workspace/Sources/SwiftRichString/Attributes/FontStyle.swift (in target 'SwiftRichString' from project 'SwiftRichString')
    cd /Users/admin/builder/spi-builder-workspace/.swiftpm/xcode
    builtin-SwiftPerFileCompile FontStyle.swift
SwiftCompile normal arm64 /Users/admin/builder/spi-builder-workspace/Sources/SwiftRichString/Attributes/TextTransform.swift (in target 'SwiftRichString' from project 'SwiftRichString')
    cd /Users/admin/builder/spi-builder-workspace/.swiftpm/xcode
    builtin-SwiftPerFileCompile TextTransform.swift
SwiftCompile normal arm64 Compiling\ URLRepresentable.swift,\ AttributedString+Attachments.swift,\ AttributedString+Extension.swift /Users/admin/builder/spi-builder-workspace/Sources/SwiftRichString/Attributes/URLRepresentable.swift /Users/admin/builder/spi-builder-workspace/Sources/SwiftRichString/Extensions/AttributedString+Attachments.swift /Users/admin/builder/spi-builder-workspace/Sources/SwiftRichString/Extensions/AttributedString+Extension.swift (in target 'SwiftRichString' from project 'SwiftRichString')
SwiftCompile normal arm64 /Users/admin/builder/spi-builder-workspace/Sources/SwiftRichString/Attributes/URLRepresentable.swift (in target 'SwiftRichString' from project 'SwiftRichString')
    cd /Users/admin/builder/spi-builder-workspace/.swiftpm/xcode
    builtin-SwiftPerFileCompile URLRepresentable.swift
SwiftCompile normal arm64 /Users/admin/builder/spi-builder-workspace/Sources/SwiftRichString/Extensions/AttributedString+Attachments.swift (in target 'SwiftRichString' from project 'SwiftRichString')
    cd /Users/admin/builder/spi-builder-workspace/.swiftpm/xcode
    builtin-SwiftPerFileCompile AttributedString+Attachments.swift
SwiftCompile normal arm64 /Users/admin/builder/spi-builder-workspace/Sources/SwiftRichString/Extensions/AttributedString+Extension.swift (in target 'SwiftRichString' from project 'SwiftRichString')
    cd /Users/admin/builder/spi-builder-workspace/.swiftpm/xcode
    builtin-SwiftPerFileCompile AttributedString+Extension.swift
SwiftCompile normal arm64 Compiling\ ColorConvertible.swift,\ CommonsAttributes.swift,\ DynamicText.swift,\ FontConvertible.swift /Users/admin/builder/spi-builder-workspace/Sources/SwiftRichString/Attributes/ColorConvertible.swift /Users/admin/builder/spi-builder-workspace/Sources/SwiftRichString/Attributes/CommonsAttributes.swift /Users/admin/builder/spi-builder-workspace/Sources/SwiftRichString/Attributes/DynamicText.swift /Users/admin/builder/spi-builder-workspace/Sources/SwiftRichString/Attributes/FontConvertible.swift (in target 'SwiftRichString' from project 'SwiftRichString')
/Users/admin/builder/spi-builder-workspace/Sources/SwiftRichString/Attributes/ColorConvertible.swift:60:12: warning: 'scanLocation' was deprecated in visionOS 1.0 [#DeprecatedDeclaration]
 58 |
 59 | 		if hexString.hasPrefix("#") {
 60 | 			scanner.scanLocation = 1
    |            `- warning: 'scanLocation' was deprecated in visionOS 1.0 [#DeprecatedDeclaration]
 61 | 		}
 62 |
/Users/admin/builder/spi-builder-workspace/Sources/SwiftRichString/Attributes/ColorConvertible.swift:65:14: warning: 'scanHexInt32' was deprecated in visionOS 1.0 [#DeprecatedDeclaration]
 63 | 		var color: UInt32 = 0
 64 |
 65 | 		if scanner.scanHexInt32(&color) {
    |              `- warning: 'scanHexInt32' was deprecated in visionOS 1.0 [#DeprecatedDeclaration]
 66 | 			self.init(hex: color, useAlpha: hexString.count > 7)
 67 | 		} else {
/Users/admin/builder/spi-builder-workspace/Sources/SwiftRichString/Attributes/CommonsAttributes.swift:55:65: warning: 'featureIdentifier' was deprecated in visionOS 1.0 [#DeprecatedDeclaration]
 53 |
 54 | 	let FontDescriptorFeatureSettingsAttribute = UIFontDescriptor.AttributeName.featureSettings
 55 | 	let FontFeatureTypeIdentifierKey = UIFontDescriptor.FeatureKey.featureIdentifier
    |                                                                 `- warning: 'featureIdentifier' was deprecated in visionOS 1.0 [#DeprecatedDeclaration]
 56 | 	let FontFeatureSelectorIdentifierKey = UIFontDescriptor.FeatureKey.typeIdentifier
 57 |
/Users/admin/builder/spi-builder-workspace/Sources/SwiftRichString/Attributes/CommonsAttributes.swift:56:69: warning: 'typeIdentifier' was deprecated in visionOS 1.0 [#DeprecatedDeclaration]
 54 | 	let FontDescriptorFeatureSettingsAttribute = UIFontDescriptor.AttributeName.featureSettings
 55 | 	let FontFeatureTypeIdentifierKey = UIFontDescriptor.FeatureKey.featureIdentifier
 56 | 	let FontFeatureSelectorIdentifierKey = UIFontDescriptor.FeatureKey.typeIdentifier
    |                                                                     `- warning: 'typeIdentifier' was deprecated in visionOS 1.0 [#DeprecatedDeclaration]
 57 |
 58 | #endif
/Users/admin/builder/spi-builder-workspace/Sources/SwiftRichString/Attributes/CommonsAttributes.swift:169:33: error: type 'SymbolicTraits' (aka 'UIFontDescriptor.SymbolicTraits') has no case 'italic', but it does have a case named 'traitItalic'; if 'italic' worked before, a recent change to the underlying C enum may have affected how prefixes are stripped from its case names
167 | 		var traits: SymbolicTraits = []
168 | 		if contains(.italic) {
169 | 			traits.insert(SymbolicTraits.italic)
    |                                 `- error: type 'SymbolicTraits' (aka 'UIFontDescriptor.SymbolicTraits') has no case 'italic', but it does have a case named 'traitItalic'; if 'italic' worked before, a recent change to the underlying C enum may have affected how prefixes are stripped from its case names
170 | 		}
171 | 		if contains(.bold) {
/Users/admin/builder/spi-builder-workspace/Sources/SwiftRichString/Attributes/CommonsAttributes.swift:172:19: error: type 'UIFontDescriptor.SymbolicTraits.Element' (aka 'UIFontDescriptor.SymbolicTraits') has no case 'bold', but it does have a case named 'traitBold'; if 'bold' worked before, a recent change to the underlying C enum may have affected how prefixes are stripped from its case names
170 | 		}
171 | 		if contains(.bold) {
172 | 			traits.insert(.bold)
    |                   `- error: type 'UIFontDescriptor.SymbolicTraits.Element' (aka 'UIFontDescriptor.SymbolicTraits') has no case 'bold', but it does have a case named 'traitBold'; if 'bold' worked before, a recent change to the underlying C enum may have affected how prefixes are stripped from its case names
173 | 		}
174 | 		if contains(.expanded) {
/Users/admin/builder/spi-builder-workspace/Sources/SwiftRichString/Attributes/CommonsAttributes.swift:175:19: error: type 'UIFontDescriptor.SymbolicTraits.Element' (aka 'UIFontDescriptor.SymbolicTraits') has no case 'expanded', but it does have a case named 'traitExpanded'; if 'expanded' worked before, a recent change to the underlying C enum may have affected how prefixes are stripped from its case names
173 | 		}
174 | 		if contains(.expanded) {
175 | 			traits.insert(.expanded)
    |                   `- error: type 'UIFontDescriptor.SymbolicTraits.Element' (aka 'UIFontDescriptor.SymbolicTraits') has no case 'expanded', but it does have a case named 'traitExpanded'; if 'expanded' worked before, a recent change to the underlying C enum may have affected how prefixes are stripped from its case names
176 | 		}
177 | 		if contains(.condensed) {
/Users/admin/builder/spi-builder-workspace/Sources/SwiftRichString/Attributes/CommonsAttributes.swift:178:19: error: type 'UIFontDescriptor.SymbolicTraits.Element' (aka 'UIFontDescriptor.SymbolicTraits') has no case 'condensed', but it does have a case named 'traitCondensed'; if 'condensed' worked before, a recent change to the underlying C enum may have affected how prefixes are stripped from its case names
176 | 		}
177 | 		if contains(.condensed) {
178 | 			traits.insert(.condensed)
    |                   `- error: type 'UIFontDescriptor.SymbolicTraits.Element' (aka 'UIFontDescriptor.SymbolicTraits') has no case 'condensed', but it does have a case named 'traitCondensed'; if 'condensed' worked before, a recent change to the underlying C enum may have affected how prefixes are stripped from its case names
179 | 		}
180 | 		if contains(.vertical) {
/Users/admin/builder/spi-builder-workspace/Sources/SwiftRichString/Attributes/CommonsAttributes.swift:181:19: error: type 'UIFontDescriptor.SymbolicTraits.Element' (aka 'UIFontDescriptor.SymbolicTraits') has no case 'vertical', but it does have a case named 'traitVertical'; if 'vertical' worked before, a recent change to the underlying C enum may have affected how prefixes are stripped from its case names
179 | 		}
180 | 		if contains(.vertical) {
181 | 			traits.insert(.vertical)
    |                   `- error: type 'UIFontDescriptor.SymbolicTraits.Element' (aka 'UIFontDescriptor.SymbolicTraits') has no case 'vertical', but it does have a case named 'traitVertical'; if 'vertical' worked before, a recent change to the underlying C enum may have affected how prefixes are stripped from its case names
182 | 		}
183 | 		if contains(.uiOptimized) {
/Users/admin/builder/spi-builder-workspace/Sources/SwiftRichString/Attributes/CommonsAttributes.swift:228:11: error: type 'SymbolicTraits' (aka 'UIFontDescriptor.SymbolicTraits') has no case 'UIOptimized', but it does have a case named 'traitUIOptimized'; if 'UIOptimized' worked before, a recent change to the underlying C enum may have affected how prefixes are stripped from its case names
226 | 	#else
227 | 	static var uiOptimized: SymbolicTraits {
228 | 		return .UIOptimized
    |           `- error: type 'SymbolicTraits' (aka 'UIFontDescriptor.SymbolicTraits') has no case 'UIOptimized', but it does have a case named 'traitUIOptimized'; if 'UIOptimized' worked before, a recent change to the underlying C enum may have affected how prefixes are stripped from its case names
229 | 	}
230 | 	static var tightLineSpacing: SymbolicTraits {
/Users/admin/builder/spi-builder-workspace/Sources/SwiftRichString/Attributes/CommonsAttributes.swift:231:11: error: type 'SymbolicTraits' (aka 'UIFontDescriptor.SymbolicTraits') has no case 'tightLeading', but it does have a case named 'traitTightLeading'; if 'tightLeading' worked before, a recent change to the underlying C enum may have affected how prefixes are stripped from its case names
229 | 	}
230 | 	static var tightLineSpacing: SymbolicTraits {
231 | 		return .tightLeading
    |           `- error: type 'SymbolicTraits' (aka 'UIFontDescriptor.SymbolicTraits') has no case 'tightLeading', but it does have a case named 'traitTightLeading'; if 'tightLeading' worked before, a recent change to the underlying C enum may have affected how prefixes are stripped from its case names
232 | 	}
233 | 	static var looseLineSpacing: SymbolicTraits {
/Users/admin/builder/spi-builder-workspace/Sources/SwiftRichString/Attributes/CommonsAttributes.swift:234:11: error: type 'SymbolicTraits' (aka 'UIFontDescriptor.SymbolicTraits') has no case 'looseLeading', but it does have a case named 'traitLooseLeading'; if 'looseLeading' worked before, a recent change to the underlying C enum may have affected how prefixes are stripped from its case names
232 | 	}
233 | 	static var looseLineSpacing: SymbolicTraits {
234 | 		return .looseLeading
    |           `- error: type 'SymbolicTraits' (aka 'UIFontDescriptor.SymbolicTraits') has no case 'looseLeading', but it does have a case named 'traitLooseLeading'; if 'looseLeading' worked before, a recent change to the underlying C enum may have affected how prefixes are stripped from its case names
235 | 	}
236 | 	#endif
[#DeprecatedDeclaration]: <https://docs.swift.org/compiler/documentation/diagnostics/deprecated-declaration>
Failed frontend command:
/Applications/Xcode-27.0.0-Release.Candidate.app/Contents/Developer/Toolchains/XcodeDefault.xctoolchain/usr/bin/swift-frontend -frontend -c -primary-file /Users/admin/builder/spi-builder-workspace/Sources/SwiftRichString/Attributes/ColorConvertible.swift -primary-file /Users/admin/builder/spi-builder-workspace/Sources/SwiftRichString/Attributes/CommonsAttributes.swift -primary-file /Users/admin/builder/spi-builder-workspace/Sources/SwiftRichString/Attributes/DynamicText.swift -primary-file /Users/admin/builder/spi-builder-workspace/Sources/SwiftRichString/Attributes/FontConvertible.swift /Users/admin/builder/spi-builder-workspace/Sources/SwiftRichString/Attributes/FontInfoAttribute.swift /Users/admin/builder/spi-builder-workspace/Sources/SwiftRichString/Attributes/FontStyle.swift /Users/admin/builder/spi-builder-workspace/Sources/SwiftRichString/Attributes/TextTransform.swift /Users/admin/builder/spi-builder-workspace/Sources/SwiftRichString/Attributes/URLRepresentable.swift /Users/admin/builder/spi-builder-workspace/Sources/SwiftRichString/Extensions/AttributedString+Attachments.swift /Users/admin/builder/spi-builder-workspace/Sources/SwiftRichString/Extensions/AttributedString+Extension.swift /Users/admin/builder/spi-builder-workspace/Sources/SwiftRichString/Extensions/AttributedString+FunctionBuilder.swift /Users/admin/builder/spi-builder-workspace/Sources/SwiftRichString/Extensions/String+Extension.swift /Users/admin/builder/spi-builder-workspace/Sources/SwiftRichString/Extensions/String+Subscript.swift /Users/admin/builder/spi-builder-workspace/Sources/SwiftRichString/Extensions/SystemFonts.swift /Users/admin/builder/spi-builder-workspace/Sources/SwiftRichString/Extensions/UIKit+Extras.swift /Users/admin/builder/spi-builder-workspace/Sources/SwiftRichString/Style/StyleDecorator.swift /Users/admin/builder/spi-builder-workspace/Sources/SwiftRichString/Style/Styles/Style.swift /Users/admin/builder/spi-builder-workspace/Sources/SwiftRichString/Style/Styles/StyleProtocol.swift /Users/admin/builder/spi-builder-workspace/Sources/SwiftRichString/Style/Styles/StyleRegEx.swift /Users/admin/builder/spi-builder-workspace/Sources/SwiftRichString/Style/Styles/StyleXML.swift /Users/admin/builder/spi-builder-workspace/Sources/SwiftRichString/Style/StylesManager.swift /Users/admin/builder/spi-builder-workspace/Sources/SwiftRichString/Support/AssociatedValues.swift /Users/admin/builder/spi-builder-workspace/Sources/SwiftRichString/Support/AsyncTextAttachment.swift /Users/admin/builder/spi-builder-workspace/Sources/SwiftRichString/Support/Compatibility.swift /Users/admin/builder/spi-builder-workspace/Sources/SwiftRichString/Support/Extensions.swift /Users/admin/builder/spi-builder-workspace/Sources/SwiftRichString/Support/OrderedDictionary.swift /Users/admin/builder/spi-builder-workspace/Sources/SwiftRichString/Support/XMLDynamicAttributesResolver.swift /Users/admin/builder/spi-builder-workspace/Sources/SwiftRichString/Support/XMLStringBuilder.swift /Users/admin/builder/spi-builder-workspace/Sources/SwiftRichString/XMLParser/HTMLSAXParser/EscapeSpecialCharacters.swift /Users/admin/builder/spi-builder-workspace/Sources/SwiftRichString/XMLParser/HTMLSAXParser/HTMLSAXParser+libxml2.swift /Users/admin/builder/spi-builder-workspace/Sources/SwiftRichString/XMLParser/HTMLSAXParser/HTMLSAXParser.swift -supplementary-output-file-map /Users/admin/builder/spi-builder-workspace/.derivedData/Build/Intermediates.noindex/SwiftRichString.build/Debug-xros/SwiftRichString-t.build/Objects-normal/arm64/supplementaryOutputs-1 -target arm64-apple-xros1.0 -module-can-import CHTMLSAXParser -disable-cross-import-overlay-search -load-resolved-plugin /Applications/Xcode-27.0.0-Release.Candidate.app/Contents/Developer/Platforms/XROS.platform/Developer/usr/lib/swift/host/plugins/libFoundationMacros.dylib\#/Applications/Xcode-27.0.0-Release.Candidate.app/Contents/Developer/Platforms/XROS.platform/Developer/usr/bin/swift-plugin-server\#FoundationMacros -load-resolved-plugin /Applications/Xcode-27.0.0-Release.Candidate.app/Contents/Developer/Platforms/XROS.platform/Developer/usr/lib/swift/host/plugins/libObservationMacros.dylib\#/Applications/Xcode-27.0.0-Release.Candidate.app/Contents/Developer/Platforms/XROS.platform/Developer/usr/bin/swift-plugin-server\#ObservationMacros -load-resolved-plugin /Applications/Xcode-27.0.0-Release.Candidate.app/Contents/Developer/Platforms/XROS.platform/Developer/usr/lib/swift/host/plugins/libPreviewsMacros.dylib\#/Applications/Xcode-27.0.0-Release.Candidate.app/Contents/Developer/Platforms/XROS.platform/Developer/usr/bin/swift-plugin-server\#PreviewsMacros -load-resolved-plugin /Applications/Xcode-27.0.0-Release.Candidate.app/Contents/Developer/Platforms/XROS.platform/Developer/usr/lib/swift/host/plugins/libSwiftMacros.dylib\#/Applications/Xcode-27.0.0-Release.Candidate.app/Contents/Developer/Platforms/XROS.platform/Developer/usr/bin/swift-plugin-server\#SwiftMacros -load-resolved-plugin /Applications/Xcode-27.0.0-Release.Candidate.app/Contents/Developer/Platforms/XROS.platform/Developer/usr/lib/swift/host/plugins/libSwiftUIMacros.dylib\#/Applications/Xcode-27.0.0-Release.Candidate.app/Contents/Developer/Platforms/XROS.platform/Developer/usr/bin/swift-plugin-server\#SwiftUIMacros -disable-implicit-swift-modules -Xcc -fno-implicit-modules -Xcc -fno-implicit-module-maps -explicit-swift-module-map-file /Users/admin/builder/spi-builder-workspace/.derivedData/Build/Intermediates.noindex/SwiftRichString.build/Debug-xros/SwiftRichString-t.build/Objects-normal/arm64/SwiftRichString-dependencies-1.json -Xllvm -aarch64-use-tbi -enable-objc-interop -stack-check -sdk /Applications/Xcode-27.0.0-Release.Candidate.app/Contents/Developer/Platforms/XROS.platform/Developer/SDKs/XROS27.0.sdk -I /Users/admin/builder/spi-builder-workspace/.derivedData/Build/Products/Debug-xros -Isystem /Applications/Xcode-27.0.0-Release.Candidate.app/Contents/Developer/Platforms/XROS.platform/Developer/usr/lib -F /Users/admin/builder/spi-builder-workspace/.derivedData/Build/Products/Debug-xros/PackageFrameworks -F /Users/admin/builder/spi-builder-workspace/.derivedData/Build/Products/Debug-xros -F /Applications/Xcode-27.0.0-Release.Candidate.app/Contents/Developer/Platforms/XROS.platform/Developer/Library/Frameworks -F /Applications/Xcode-27.0.0-Release.Candidate.app/Contents/Developer/Platforms/XROS.platform/Developer/SDKs/XROS27.0.sdk/Developer/Library/Frameworks -module-cache-path /Users/admin/builder/spi-builder-workspace/.derivedData/Build/Intermediates.noindex/SwiftExplicitPrecompiledModules -no-color-diagnostics -Xcc -fno-color-diagnostics -enable-testing -g -debug-info-format\=dwarf -dwarf-version\=4 -profile-generate -profile-coverage-mapping -swift-version 5 -Onone -D SWIFT_PACKAGE -D DEBUG -D SWIFT_MODULE_RESOURCE_BUNDLE_UNAVAILABLE -D Xcode -serialize-debugging-options -enable-experimental-feature DebugDescriptionMacro -empty-abi-descriptor -validate-clang-modules-once -clang-build-session-file /Users/admin/builder/spi-builder-workspace/.derivedData/ModuleCache.noindex/Session.modulevalidation -Xcc -working-directory -Xcc /Users/admin/builder/spi-builder-workspace/.swiftpm/xcode -enable-anonymous-context-mangled-names -file-compilation-dir /Users/admin/builder/spi-builder-workspace/.swiftpm/xcode -Xcc -fmodule-map-file\=/Users/admin/builder/spi-builder-workspace/Sources/CHTMLSAXParser/include/module.modulemap -Xcc -D_LIBCPP_HARDENING_MODE\=_LIBCPP_HARDENING_MODE_DEBUG -Xcc -ivfsstatcache -Xcc /Users/admin/builder/spi-builder-workspace/.derivedData/SDKStatCaches.noindex/xros27.0-24M361-e829b21a6f8c9b70876ba0858053c044735bd543db762f57723cac368afd1ce4.sdkstatcache -Xcc -fmodules-prune-interval\=86400 -Xcc -fmodules-prune-after\=345600 -Xcc -I/Users/admin/builder/spi-builder-workspace/Sources/CHTMLSAXParser/include -Xcc -I/Users/admin/builder/spi-builder-workspace/.derivedData/Build/Products/Debug-xros/include -Xcc -I/Users/admin/builder/spi-builder-workspace/.derivedData/Build/Intermediates.noindex/SwiftRichString.build/Debug-xros/SwiftRichString-t.build/DerivedSources-normal/arm64 -Xcc -I/Users/admin/builder/spi-builder-workspace/.derivedData/Build/Intermediates.noindex/SwiftRichString.build/Debug-xros/SwiftRichString-t.build/DerivedSources/arm64 -Xcc -I/Users/admin/builder/spi-builder-workspace/.derivedData/Build/Intermediates.noindex/SwiftRichString.build/Debug-xros/SwiftRichString-t.build/DerivedSources -Xcc -DSWIFT_PACKAGE -Xcc -DDEBUG\=1 -no-auto-bridging-header-chaining -module-name SwiftRichString -const-gather-protocols-file /Users/admin/builder/spi-builder-workspace/.derivedData/Build/Intermediates.noindex/SwiftRichString.build/Debug-xros/SwiftRichString-t.build/Objects-normal/arm64/SwiftRichString_const_extract_protocols.json -disable-clang-spi -clang-target arm64-apple-xros27.0 -target-sdk-version 27.0 -target-sdk-name xros27.0 -in-process-plugin-server-path /Applications/Xcode-27.0.0-Release.Candidate.app/Contents/Developer/Toolchains/XcodeDefault.xctoolchain/usr/lib/swift/host/libSwiftInProcPluginServer.dylib -parse-as-library -o /Users/admin/builder/spi-builder-workspace/.derivedData/Build/Intermediates.noindex/SwiftRichString.build/Debug-xros/SwiftRichString-t.build/Objects-normal/arm64/ColorConvertible.o -o /Users/admin/builder/spi-builder-workspace/.derivedData/Build/Intermediates.noindex/SwiftRichString.build/Debug-xros/SwiftRichString-t.build/Objects-normal/arm64/CommonsAttributes.o -o /Users/admin/builder/spi-builder-workspace/.derivedData/Build/Intermediates.noindex/SwiftRichString.build/Debug-xros/SwiftRichString-t.build/Objects-normal/arm64/DynamicText.o -o /Users/admin/builder/spi-builder-workspace/.derivedData/Build/Intermediates.noindex/SwiftRichString.build/Debug-xros/SwiftRichString-t.build/Objects-normal/arm64/FontConvertible.o -debug-module-path /Users/admin/builder/spi-builder-workspace/.derivedData/Build/Intermediates.noindex/SwiftRichString.build/Debug-xros/SwiftRichString-t.build/Objects-normal/arm64/SwiftRichString.swiftmodule -index-unit-output-path /SwiftRichString.build/Debug-xros/SwiftRichString-t.build/Objects-normal/arm64/ColorConvertible.o -index-unit-output-path /SwiftRichString.build/Debug-xros/SwiftRichString-t.build/Objects-normal/arm64/CommonsAttributes.o -index-unit-output-path /SwiftRichString.build/Debug-xros/SwiftRichString-t.build/Objects-normal/arm64/DynamicText.o -index-unit-output-path /SwiftRichString.build/Debug-xros/SwiftRichString-t.build/Objects-normal/arm64/FontConvertible.o -index-store-path /Users/admin/builder/spi-builder-workspace/.derivedData/Index.noindex/DataStore -index-system-modules
SwiftCompile normal arm64 /Users/admin/builder/spi-builder-workspace/Sources/SwiftRichString/Attributes/ColorConvertible.swift (in target 'SwiftRichString' from project 'SwiftRichString')
    cd /Users/admin/builder/spi-builder-workspace/.swiftpm/xcode
    builtin-SwiftPerFileCompile ColorConvertible.swift
SwiftCompile normal arm64 /Users/admin/builder/spi-builder-workspace/Sources/SwiftRichString/Attributes/CommonsAttributes.swift (in target 'SwiftRichString' from project 'SwiftRichString')
    cd /Users/admin/builder/spi-builder-workspace/.swiftpm/xcode
    builtin-SwiftPerFileCompile CommonsAttributes.swift
SwiftCompile normal arm64 /Users/admin/builder/spi-builder-workspace/Sources/SwiftRichString/Attributes/DynamicText.swift (in target 'SwiftRichString' from project 'SwiftRichString')
    cd /Users/admin/builder/spi-builder-workspace/.swiftpm/xcode
    builtin-SwiftPerFileCompile DynamicText.swift
SwiftCompile normal arm64 /Users/admin/builder/spi-builder-workspace/Sources/SwiftRichString/Attributes/FontConvertible.swift (in target 'SwiftRichString' from project 'SwiftRichString')
    cd /Users/admin/builder/spi-builder-workspace/.swiftpm/xcode
    builtin-SwiftPerFileCompile FontConvertible.swift
SwiftCompile normal arm64 Compiling\ AttributedString+FunctionBuilder.swift,\ String+Extension.swift,\ String+Subscript.swift /Users/admin/builder/spi-builder-workspace/Sources/SwiftRichString/Extensions/AttributedString+FunctionBuilder.swift /Users/admin/builder/spi-builder-workspace/Sources/SwiftRichString/Extensions/String+Extension.swift /Users/admin/builder/spi-builder-workspace/Sources/SwiftRichString/Extensions/String+Subscript.swift (in target 'SwiftRichString' from project 'SwiftRichString')
/Users/admin/builder/spi-builder-workspace/Sources/SwiftRichString/Extensions/AttributedString+FunctionBuilder.swift:27:2: warning: '@_functionBuilder' has been renamed to '@resultBuilder'
25 | import Foundation
26 |
27 | @_functionBuilder
   |  `- warning: '@_functionBuilder' has been renamed to '@resultBuilder'
28 | public class AttributedStringBuilder {
29 |
SwiftCompile normal arm64 /Users/admin/builder/spi-builder-workspace/Sources/SwiftRichString/Extensions/AttributedString+FunctionBuilder.swift (in target 'SwiftRichString' from project 'SwiftRichString')
    cd /Users/admin/builder/spi-builder-workspace/.swiftpm/xcode
    builtin-SwiftPerFileCompile AttributedString+FunctionBuilder.swift
SwiftCompile normal arm64 /Users/admin/builder/spi-builder-workspace/Sources/SwiftRichString/Extensions/String+Extension.swift (in target 'SwiftRichString' from project 'SwiftRichString')
    cd /Users/admin/builder/spi-builder-workspace/.swiftpm/xcode
    builtin-SwiftPerFileCompile String+Extension.swift
SwiftCompile normal arm64 /Users/admin/builder/spi-builder-workspace/Sources/SwiftRichString/Extensions/String+Subscript.swift (in target 'SwiftRichString' from project 'SwiftRichString')
    cd /Users/admin/builder/spi-builder-workspace/.swiftpm/xcode
    builtin-SwiftPerFileCompile String+Subscript.swift
SwiftCompile normal arm64 Compiling\ AsyncTextAttachment.swift,\ Compatibility.swift,\ Extensions.swift /Users/admin/builder/spi-builder-workspace/Sources/SwiftRichString/Support/AsyncTextAttachment.swift /Users/admin/builder/spi-builder-workspace/Sources/SwiftRichString/Support/Compatibility.swift /Users/admin/builder/spi-builder-workspace/Sources/SwiftRichString/Support/Extensions.swift (in target 'SwiftRichString' from project 'SwiftRichString')
SwiftCompile normal arm64 /Users/admin/builder/spi-builder-workspace/Sources/SwiftRichString/Support/AsyncTextAttachment.swift (in target 'SwiftRichString' from project 'SwiftRichString')
    cd /Users/admin/builder/spi-builder-workspace/.swiftpm/xcode
    builtin-SwiftPerFileCompile AsyncTextAttachment.swift
SwiftCompile normal arm64 /Users/admin/builder/spi-builder-workspace/Sources/SwiftRichString/Support/Compatibility.swift (in target 'SwiftRichString' from project 'SwiftRichString')
    cd /Users/admin/builder/spi-builder-workspace/.swiftpm/xcode
    builtin-SwiftPerFileCompile Compatibility.swift
SwiftCompile normal arm64 /Users/admin/builder/spi-builder-workspace/Sources/SwiftRichString/Support/Extensions.swift (in target 'SwiftRichString' from project 'SwiftRichString')
    cd /Users/admin/builder/spi-builder-workspace/.swiftpm/xcode
    builtin-SwiftPerFileCompile Extensions.swift
SwiftCompile normal arm64 Compiling\ StyleXML.swift,\ StylesManager.swift,\ AssociatedValues.swift /Users/admin/builder/spi-builder-workspace/Sources/SwiftRichString/Style/Styles/StyleXML.swift /Users/admin/builder/spi-builder-workspace/Sources/SwiftRichString/Style/StylesManager.swift /Users/admin/builder/spi-builder-workspace/Sources/SwiftRichString/Support/AssociatedValues.swift (in target 'SwiftRichString' from project 'SwiftRichString')
SwiftCompile normal arm64 /Users/admin/builder/spi-builder-workspace/Sources/SwiftRichString/Style/Styles/StyleXML.swift (in target 'SwiftRichString' from project 'SwiftRichString')
    cd /Users/admin/builder/spi-builder-workspace/.swiftpm/xcode
    builtin-SwiftPerFileCompile StyleXML.swift
SwiftCompile normal arm64 /Users/admin/builder/spi-builder-workspace/Sources/SwiftRichString/Style/StylesManager.swift (in target 'SwiftRichString' from project 'SwiftRichString')
    cd /Users/admin/builder/spi-builder-workspace/.swiftpm/xcode
    builtin-SwiftPerFileCompile StylesManager.swift
SwiftCompile normal arm64 /Users/admin/builder/spi-builder-workspace/Sources/SwiftRichString/Support/AssociatedValues.swift (in target 'SwiftRichString' from project 'SwiftRichString')
    cd /Users/admin/builder/spi-builder-workspace/.swiftpm/xcode
    builtin-SwiftPerFileCompile AssociatedValues.swift
SwiftCompile normal arm64 Compiling\ EscapeSpecialCharacters.swift,\ HTMLSAXParser+libxml2.swift,\ HTMLSAXParser.swift /Users/admin/builder/spi-builder-workspace/Sources/SwiftRichString/XMLParser/HTMLSAXParser/EscapeSpecialCharacters.swift /Users/admin/builder/spi-builder-workspace/Sources/SwiftRichString/XMLParser/HTMLSAXParser/HTMLSAXParser+libxml2.swift /Users/admin/builder/spi-builder-workspace/Sources/SwiftRichString/XMLParser/HTMLSAXParser/HTMLSAXParser.swift (in target 'SwiftRichString' from project 'SwiftRichString')
/Users/admin/builder/spi-builder-workspace/Sources/SwiftRichString/XMLParser/HTMLSAXParser/EscapeSpecialCharacters.swift:53:21: warning: 'withUnsafeBytes' is deprecated: use `withUnsafeBytes<R>(_: (UnsafeRawBufferPointer) throws -> R) rethrows -> R` instead [#DeprecatedDeclaration]
 51 |                                              _ loop: inout Bool,
 52 |                                              _ bufferGrowthFactor: Double) -> Data? {
 53 |         return self.withUnsafeBytes { (inputBytes: UnsafePointer<UInt8>) -> Data? in
    |                     `- warning: 'withUnsafeBytes' is deprecated: use `withUnsafeBytes<R>(_: (UnsafeRawBufferPointer) throws -> R) rethrows -> R` instead [#DeprecatedDeclaration]
 54 |             let outputBufferCapacity = outputLength
 55 |             let outputBuffer = UnsafeMutablePointer<UInt8>.allocate(capacity: outputBufferCapacity)
/Users/admin/builder/spi-builder-workspace/Sources/SwiftRichString/XMLParser/HTMLSAXParser/HTMLSAXParser+libxml2.swift:38:18: warning: 'withUnsafeBytes' is deprecated: use `withUnsafeBytes<R>(_: (UnsafeRawBufferPointer) throws -> R) rethrows -> R` instead [#DeprecatedDeclaration]
 36 |             charEncoding = convert(from: encoding)
 37 |         } else {
 38 |             data.withUnsafeBytes { (dataBytes: UnsafePointer<UInt8>) -> Void in
    |                  `- warning: 'withUnsafeBytes' is deprecated: use `withUnsafeBytes<R>(_: (UnsafeRawBufferPointer) throws -> R) rethrows -> R` instead [#DeprecatedDeclaration]
 39 |                 charEncoding = xmlDetectCharEncoding(dataBytes, Int32(dataLength))
 40 |             }
/Users/admin/builder/spi-builder-workspace/Sources/SwiftRichString/XMLParser/HTMLSAXParser/HTMLSAXParser+libxml2.swift:47:18: warning: 'withUnsafeBytes' is deprecated: use `withUnsafeBytes<R>(_: (UnsafeRawBufferPointer) throws -> R) rethrows -> R` instead [#DeprecatedDeclaration]
 45 |         }
 46 |
 47 |         try data.withUnsafeBytes { (dataBytes: UnsafePointer<Int8>) -> Void in
    |                  `- warning: 'withUnsafeBytes' is deprecated: use `withUnsafeBytes<R>(_: (UnsafeRawBufferPointer) throws -> R) rethrows -> R` instead [#DeprecatedDeclaration]
 48 |             let handlerContext = HandlerContext(handler: handler)
 49 |             let handlerContextPtr = Unmanaged<HandlerContext>.passUnretained(handlerContext).toOpaque()
[#DeprecatedDeclaration]: <https://docs.swift.org/compiler/documentation/diagnostics/deprecated-declaration>
SwiftCompile normal arm64 /Users/admin/builder/spi-builder-workspace/Sources/SwiftRichString/XMLParser/HTMLSAXParser/EscapeSpecialCharacters.swift (in target 'SwiftRichString' from project 'SwiftRichString')
    cd /Users/admin/builder/spi-builder-workspace/.swiftpm/xcode
    builtin-SwiftPerFileCompile EscapeSpecialCharacters.swift
SwiftCompile normal arm64 /Users/admin/builder/spi-builder-workspace/Sources/SwiftRichString/XMLParser/HTMLSAXParser/HTMLSAXParser+libxml2.swift (in target 'SwiftRichString' from project 'SwiftRichString')
    cd /Users/admin/builder/spi-builder-workspace/.swiftpm/xcode
    builtin-SwiftPerFileCompile HTMLSAXParser+libxml2.swift
SwiftCompile normal arm64 /Users/admin/builder/spi-builder-workspace/Sources/SwiftRichString/XMLParser/HTMLSAXParser/HTMLSAXParser.swift (in target 'SwiftRichString' from project 'SwiftRichString')
    cd /Users/admin/builder/spi-builder-workspace/.swiftpm/xcode
    builtin-SwiftPerFileCompile HTMLSAXParser.swift
SwiftDriverJobDiscovery normal arm64 Emitting module for SwiftRichString (in target 'SwiftRichString' from project 'SwiftRichString')
SwiftDriver\ Compilation\ Requirements SwiftRichString normal arm64 com.apple.xcode.tools.swift.compiler (in target 'SwiftRichString' from project 'SwiftRichString')
    cd /Users/admin/builder/spi-builder-workspace/.swiftpm/xcode
    builtin-Swift-Compilation-Requirements -- /Applications/Xcode-27.0.0-Release.Candidate.app/Contents/Developer/Toolchains/XcodeDefault.xctoolchain/usr/bin/swiftc -parse-as-library -module-name SwiftRichString -Onone @/Users/admin/builder/spi-builder-workspace/.derivedData/Build/Intermediates.noindex/SwiftRichString.build/Debug-xros/SwiftRichString-t.build/Objects-normal/arm64/SwiftRichString.SwiftFileList -DSWIFT_PACKAGE -DDEBUG -DSWIFT_MODULE_RESOURCE_BUNDLE_UNAVAILABLE -Xcc -fmodule-map-file\=/Users/admin/builder/spi-builder-workspace/Sources/CHTMLSAXParser/include/module.modulemap -DXcode -plugin-path /Applications/Xcode-27.0.0-Release.Candidate.app/Contents/Developer/Toolchains/XcodeDefault.xctoolchain/usr/lib/swift/host/plugins/testing -enable-experimental-feature DebugDescriptionMacro -sdk /Applications/Xcode-27.0.0-Release.Candidate.app/Contents/Developer/Platforms/XROS.platform/Developer/SDKs/XROS27.0.sdk -target arm64-apple-xros1.0 -g -module-cache-path /Users/admin/builder/spi-builder-workspace/.derivedData/ModuleCache.noindex -Xfrontend -serialize-debugging-options -profile-coverage-mapping -profile-generate -enable-testing -index-store-path /Users/admin/builder/spi-builder-workspace/.derivedData/Index.noindex/DataStore -Xcc -D_LIBCPP_HARDENING_MODE\=_LIBCPP_HARDENING_MODE_DEBUG -swift-version 5 -I /Users/admin/builder/spi-builder-workspace/.derivedData/Build/Products/Debug-xros -Isystem /Applications/Xcode-27.0.0-Release.Candidate.app/Contents/Developer/Platforms/XROS.platform/Developer/usr/lib -F /Users/admin/builder/spi-builder-workspace/.derivedData/Build/Products/Debug-xros/PackageFrameworks -F /Users/admin/builder/spi-builder-workspace/.derivedData/Build/Products/Debug-xros -F /Applications/Xcode-27.0.0-Release.Candidate.app/Contents/Developer/Platforms/XROS.platform/Developer/Library/Frameworks -F /Applications/Xcode-27.0.0-Release.Candidate.app/Contents/Developer/Platforms/XROS.platform/Developer/SDKs/XROS27.0.sdk/Developer/Library/Frameworks -c -j10 -enable-batch-mode -incremental -Xcc -ivfsstatcache -Xcc /Users/admin/builder/spi-builder-workspace/.derivedData/SDKStatCaches.noindex/xros27.0-24M361-e829b21a6f8c9b70876ba0858053c044735bd543db762f57723cac368afd1ce4.sdkstatcache -output-file-map /Users/admin/builder/spi-builder-workspace/.derivedData/Build/Intermediates.noindex/SwiftRichString.build/Debug-xros/SwiftRichString-t.build/Objects-normal/arm64/SwiftRichString-OutputFileMap.json -save-temps -no-color-diagnostics -explicit-module-build -module-cache-path /Users/admin/builder/spi-builder-workspace/.derivedData/Build/Intermediates.noindex/SwiftExplicitPrecompiledModules -clang-scanner-module-cache-path /Users/admin/builder/spi-builder-workspace/.derivedData/ModuleCache.noindex -sdk-module-cache-path /Users/admin/builder/spi-builder-workspace/.derivedData/SDKExplicitPrecompiledModules -emit-dependencies -emit-module -emit-module-path /Users/admin/builder/spi-builder-workspace/.derivedData/Build/Intermediates.noindex/SwiftRichString.build/Debug-xros/SwiftRichString-t.build/Objects-normal/arm64/SwiftRichString.swiftmodule -serialize-diagnostics -dependency-scan-serialize-diagnostics-path /Users/admin/builder/spi-builder-workspace/.derivedData/Build/Intermediates.noindex/SwiftRichString.build/Debug-xros/SwiftRichString-t.build/Objects-normal/arm64/SwiftRichString-dependency-scan.dia -validate-clang-modules-once -clang-build-session-file /Users/admin/builder/spi-builder-workspace/.derivedData/ModuleCache.noindex/Session.modulevalidation -Xcc -fmodules-prune-interval\=86400 -Xcc -fmodules-prune-after\=345600 -emit-const-values -const-gather-protocols-list /Users/admin/builder/spi-builder-workspace/.derivedData/Build/Intermediates.noindex/SwiftRichString.build/Debug-xros/SwiftRichString-t.build/Objects-normal/arm64/SwiftRichString_const_extract_protocols.json -Xcc -I/Users/admin/builder/spi-builder-workspace/Sources/CHTMLSAXParser/include -Xcc -I/Users/admin/builder/spi-builder-workspace/.derivedData/Build/Products/Debug-xros/include -Xcc -I/Users/admin/builder/spi-builder-workspace/.derivedData/Build/Intermediates.noindex/SwiftRichString.build/Debug-xros/SwiftRichString-t.build/DerivedSources-normal/arm64 -Xcc -I/Users/admin/builder/spi-builder-workspace/.derivedData/Build/Intermediates.noindex/SwiftRichString.build/Debug-xros/SwiftRichString-t.build/DerivedSources/arm64 -Xcc -I/Users/admin/builder/spi-builder-workspace/.derivedData/Build/Intermediates.noindex/SwiftRichString.build/Debug-xros/SwiftRichString-t.build/DerivedSources -Xcc -DSWIFT_PACKAGE -Xcc -DDEBUG\=1 -emit-objc-header -emit-objc-header-path /Users/admin/builder/spi-builder-workspace/.derivedData/Build/Intermediates.noindex/SwiftRichString.build/Debug-xros/SwiftRichString-t.build/Objects-normal/arm64/SwiftRichString-Swift.h -working-directory /Users/admin/builder/spi-builder-workspace/.swiftpm/xcode -experimental-emit-module-separately -disable-cmo
SwiftDriverJobDiscovery normal arm64 Compiling SystemFonts.swift, UIKit+Extras.swift, StyleDecorator.swift (in target 'SwiftRichString' from project 'SwiftRichString')
SwiftMergeGeneratedHeaders /Users/admin/builder/spi-builder-workspace/.derivedData/Build/Intermediates.noindex/GeneratedModuleMaps-xros/SwiftRichString-Swift.h /Users/admin/builder/spi-builder-workspace/.derivedData/Build/Intermediates.noindex/SwiftRichString.build/Debug-xros/SwiftRichString-t.build/Objects-normal/arm64/SwiftRichString-Swift.h (in target 'SwiftRichString' from project 'SwiftRichString')
    cd /Users/admin/builder/spi-builder-workspace
    builtin-swiftHeaderTool -arch arm64 /Users/admin/builder/spi-builder-workspace/.derivedData/Build/Intermediates.noindex/SwiftRichString.build/Debug-xros/SwiftRichString-t.build/Objects-normal/arm64/SwiftRichString-Swift.h -o /Users/admin/builder/spi-builder-workspace/.derivedData/Build/Intermediates.noindex/GeneratedModuleMaps-xros/SwiftRichString-Swift.h
Copy /Users/admin/builder/spi-builder-workspace/.derivedData/Build/Products/Debug-xros/SwiftRichString.swiftmodule/arm64-apple-xros.swiftmodule /Users/admin/builder/spi-builder-workspace/.derivedData/Build/Intermediates.noindex/SwiftRichString.build/Debug-xros/SwiftRichString-t.build/Objects-normal/arm64/SwiftRichString.swiftmodule (in target 'SwiftRichString' from project 'SwiftRichString')
    cd /Users/admin/builder/spi-builder-workspace
    builtin-copy -exclude .DS_Store -exclude CVS -exclude .svn -exclude .git -exclude .hg -resolve-src-symlinks -rename /Users/admin/builder/spi-builder-workspace/.derivedData/Build/Intermediates.noindex/SwiftRichString.build/Debug-xros/SwiftRichString-t.build/Objects-normal/arm64/SwiftRichString.swiftmodule /Users/admin/builder/spi-builder-workspace/.derivedData/Build/Products/Debug-xros/SwiftRichString.swiftmodule/arm64-apple-xros.swiftmodule
Copy /Users/admin/builder/spi-builder-workspace/.derivedData/Build/Products/Debug-xros/SwiftRichString.swiftmodule/arm64-apple-xros.swiftdoc /Users/admin/builder/spi-builder-workspace/.derivedData/Build/Intermediates.noindex/SwiftRichString.build/Debug-xros/SwiftRichString-t.build/Objects-normal/arm64/SwiftRichString.swiftdoc (in target 'SwiftRichString' from project 'SwiftRichString')
    cd /Users/admin/builder/spi-builder-workspace
    builtin-copy -exclude .DS_Store -exclude CVS -exclude .svn -exclude .git -exclude .hg -resolve-src-symlinks -rename /Users/admin/builder/spi-builder-workspace/.derivedData/Build/Intermediates.noindex/SwiftRichString.build/Debug-xros/SwiftRichString-t.build/Objects-normal/arm64/SwiftRichString.swiftdoc /Users/admin/builder/spi-builder-workspace/.derivedData/Build/Products/Debug-xros/SwiftRichString.swiftmodule/arm64-apple-xros.swiftdoc
Copy /Users/admin/builder/spi-builder-workspace/.derivedData/Build/Products/Debug-xros/SwiftRichString.swiftmodule/arm64-apple-xros.abi.json /Users/admin/builder/spi-builder-workspace/.derivedData/Build/Intermediates.noindex/SwiftRichString.build/Debug-xros/SwiftRichString-t.build/Objects-normal/arm64/SwiftRichString.abi.json (in target 'SwiftRichString' from project 'SwiftRichString')
    cd /Users/admin/builder/spi-builder-workspace
    builtin-copy -exclude .DS_Store -exclude CVS -exclude .svn -exclude .git -exclude .hg -resolve-src-symlinks -rename /Users/admin/builder/spi-builder-workspace/.derivedData/Build/Intermediates.noindex/SwiftRichString.build/Debug-xros/SwiftRichString-t.build/Objects-normal/arm64/SwiftRichString.abi.json /Users/admin/builder/spi-builder-workspace/.derivedData/Build/Products/Debug-xros/SwiftRichString.swiftmodule/arm64-apple-xros.abi.json
Copy /Users/admin/builder/spi-builder-workspace/.derivedData/Build/Products/Debug-xros/SwiftRichString.swiftmodule/Project/arm64-apple-xros.swiftsourceinfo /Users/admin/builder/spi-builder-workspace/.derivedData/Build/Intermediates.noindex/SwiftRichString.build/Debug-xros/SwiftRichString-t.build/Objects-normal/arm64/SwiftRichString.swiftsourceinfo (in target 'SwiftRichString' from project 'SwiftRichString')
    cd /Users/admin/builder/spi-builder-workspace
    builtin-copy -exclude .DS_Store -exclude CVS -exclude .svn -exclude .git -exclude .hg -resolve-src-symlinks -rename /Users/admin/builder/spi-builder-workspace/.derivedData/Build/Intermediates.noindex/SwiftRichString.build/Debug-xros/SwiftRichString-t.build/Objects-normal/arm64/SwiftRichString.swiftsourceinfo /Users/admin/builder/spi-builder-workspace/.derivedData/Build/Products/Debug-xros/SwiftRichString.swiftmodule/Project/arm64-apple-xros.swiftsourceinfo
SwiftDriverJobDiscovery normal arm64 Compiling EscapeSpecialCharacters.swift, HTMLSAXParser+libxml2.swift, HTMLSAXParser.swift (in target 'SwiftRichString' from project 'SwiftRichString')
SwiftDriverJobDiscovery normal arm64 Compiling AsyncTextAttachment.swift, Compatibility.swift, Extensions.swift (in target 'SwiftRichString' from project 'SwiftRichString')
PruneExplicitPrecompiledModules /Users/admin/builder/spi-builder-workspace/.derivedData/Build/Intermediates.noindex/ExplicitPrecompiledModules
PruneExplicitPrecompiledModules /Users/admin/builder/spi-builder-workspace/.derivedData/Build/Intermediates.noindex/SwiftExplicitPrecompiledModules
PruneExplicitPrecompiledModules /Users/admin/builder/spi-builder-workspace/.derivedData/SDKExplicitPrecompiledModules
2026-09-16 18:36:58.378 xcodebuild[652:4224] [MT] IDERunDestination: Supported platforms for the buildables in the current scheme is empty.
** BUILD FAILED **
The following build commands failed:
	SwiftCompile normal arm64 Compiling\ ColorConvertible.swift,\ CommonsAttributes.swift,\ DynamicText.swift,\ FontConvertible.swift /Users/admin/builder/spi-builder-workspace/Sources/SwiftRichString/Attributes/ColorConvertible.swift /Users/admin/builder/spi-builder-workspace/Sources/SwiftRichString/Attributes/CommonsAttributes.swift /Users/admin/builder/spi-builder-workspace/Sources/SwiftRichString/Attributes/DynamicText.swift /Users/admin/builder/spi-builder-workspace/Sources/SwiftRichString/Attributes/FontConvertible.swift (in target 'SwiftRichString' from project 'SwiftRichString')
	SwiftCompile normal arm64 /Users/admin/builder/spi-builder-workspace/Sources/SwiftRichString/Attributes/CommonsAttributes.swift (in target 'SwiftRichString' from project 'SwiftRichString')
	Building workspace SwiftRichString with scheme SwiftRichString
(3 failures)
Command line invocation:
    /Applications/Xcode-27.0.0-Release.Candidate.app/Contents/Developer/usr/bin/xcodebuild -IDEClonedSourcePackagesDirPathOverride=/Users/admin/builder/spi-builder-workspace/.dependencies -resolvePackageDependencies
Resolve Package Graph
Resolved source packages:
  SwiftRichString: /Users/admin/builder/spi-builder-workspace
resolved source packages: SwiftRichString
2026-09-16 18:37:08.906 xcodebuild[765:4687] [MT] IDERunDestination: Supported platforms for the buildables in the current scheme is empty.
{
  "dependencies" : [
  ],
  "manifest_display_name" : "SwiftRichString",
  "name" : "SwiftRichString",
  "path" : "/Users/admin/builder/spi-builder-workspace",
  "platforms" : [
  ],
  "products" : [
    {
      "name" : "SwiftRichString",
      "targets" : [
        "SwiftRichString"
      ],
      "type" : {
        "library" : [
          "automatic"
        ]
      }
    }
  ],
  "targets" : [
    {
      "c99name" : "SwiftRichStringTests",
      "module_type" : "SwiftTarget",
      "name" : "SwiftRichStringTests",
      "path" : "Tests/SwiftRichStringTests",
      "sources" : [
        "SwiftRichStringTests.swift",
        "XCTestManifests.swift"
      ],
      "target_dependencies" : [
        "SwiftRichString"
      ],
      "type" : "test"
    },
    {
      "c99name" : "SwiftRichString",
      "module_type" : "SwiftTarget",
      "name" : "SwiftRichString",
      "path" : "Sources/SwiftRichString",
      "product_memberships" : [
        "SwiftRichString"
      ],
      "sources" : [
        "Attributes/ColorConvertible.swift",
        "Attributes/CommonsAttributes.swift",
        "Attributes/DynamicText.swift",
        "Attributes/FontConvertible.swift",
        "Attributes/FontInfoAttribute.swift",
        "Attributes/FontStyle.swift",
        "Attributes/TextTransform.swift",
        "Attributes/URLRepresentable.swift",
        "Extensions/AttributedString+Attachments.swift",
        "Extensions/AttributedString+Extension.swift",
        "Extensions/AttributedString+FunctionBuilder.swift",
        "Extensions/String+Extension.swift",
        "Extensions/String+Subscript.swift",
        "Extensions/SystemFonts.swift",
        "Extensions/UIKit+Extras.swift",
        "Style/StyleDecorator.swift",
        "Style/Styles/Style.swift",
        "Style/Styles/StyleProtocol.swift",
        "Style/Styles/StyleRegEx.swift",
        "Style/Styles/StyleXML.swift",
        "Style/StylesManager.swift",
        "Support/AssociatedValues.swift",
        "Support/AsyncTextAttachment.swift",
        "Support/Compatibility.swift",
        "Support/Extensions.swift",
        "Support/OrderedDictionary.swift",
        "Support/XMLDynamicAttributesResolver.swift",
        "Support/XMLStringBuilder.swift",
        "XMLParser/HTMLSAXParser/EscapeSpecialCharacters.swift",
        "XMLParser/HTMLSAXParser/HTMLSAXParser+libxml2.swift",
        "XMLParser/HTMLSAXParser/HTMLSAXParser.swift"
      ],
      "target_dependencies" : [
        "CHTMLSAXParser"
      ],
      "type" : "library"
    },
    {
      "c99name" : "CHTMLSAXParser",
      "module_type" : "ClangTarget",
      "name" : "CHTMLSAXParser",
      "path" : "Sources/CHTMLSAXParser",
      "product_memberships" : [
        "SwiftRichString"
      ],
      "sources" : [
        "CHTMLSAXParser.c"
      ],
      "type" : "library"
    }
  ],
  "tools_version" : "5.3"
}
{
  "workspace" : {
    "name" : "SwiftRichString",
    "schemes" : [
      "SwiftRichString"
    ]
  }
}
2026-09-16 18:37:10.138 xcodebuild[773:4760] [MT] IDERunDestination: Supported platforms for the buildables in the current scheme is empty.
Running build ...
env DEVELOPER_DIR=/Applications/Xcode-27.0.0-Release.Candidate.app xcrun xcodebuild -IDEClonedSourcePackagesDirPathOverride=$PWD/.dependencies -skipMacroValidation -skipPackagePluginValidation -derivedDataPath $PWD/.derivedData build -scheme SwiftRichString -destination generic/platform=xrOS
Command line invocation:
    /Applications/Xcode-27.0.0-Release.Candidate.app/Contents/Developer/usr/bin/xcodebuild -IDEClonedSourcePackagesDirPathOverride=/Users/admin/builder/spi-builder-workspace/.dependencies -skipMacroValidation -skipPackagePluginValidation -derivedDataPath /Users/admin/builder/spi-builder-workspace/.derivedData build -scheme SwiftRichString -destination generic/platform=xrOS
Resolve Package Graph
Resolved source packages:
  SwiftRichString: /Users/admin/builder/spi-builder-workspace
ComputePackagePrebuildTargetDependencyGraph
Prepare packages
CreateBuildRequest
SendProjectDescription
CreateBuildOperation
ComputeTargetDependencyGraph
note: Building targets in dependency order
note: Target dependency graph (3 targets)
    Target 'SwiftRichString-product' in project 'SwiftRichString'
        ➜ Explicit dependency on target 'SwiftRichString' in project 'SwiftRichString'
        ➜ Explicit dependency on target 'CHTMLSAXParser' in project 'SwiftRichString'
    Target 'SwiftRichString' in project 'SwiftRichString'
        ➜ Explicit dependency on target 'CHTMLSAXParser' in project 'SwiftRichString'
    Target 'CHTMLSAXParser' in project 'SwiftRichString' (no dependencies)
GatherProvisioningInputs
CreateBuildDescription
ClangStatCache /Applications/Xcode-27.0.0-Release.Candidate.app/Contents/Developer/Toolchains/XcodeDefault.xctoolchain/usr/bin/clang-stat-cache /Applications/Xcode-27.0.0-Release.Candidate.app/Contents/Developer/Platforms/XROS.platform/Developer/SDKs/XROS27.0.sdk /Users/admin/builder/spi-builder-workspace/.derivedData/SDKStatCaches.noindex/xros27.0-24M361-e829b21a6f8c9b70876ba0858053c044735bd543db762f57723cac368afd1ce4.sdkstatcache
    cd /Users/admin/builder/spi-builder-workspace/.swiftpm/xcode
    /Applications/Xcode-27.0.0-Release.Candidate.app/Contents/Developer/Toolchains/XcodeDefault.xctoolchain/usr/bin/clang-stat-cache /Applications/Xcode-27.0.0-Release.Candidate.app/Contents/Developer/Platforms/XROS.platform/Developer/SDKs/XROS27.0.sdk -o /Users/admin/builder/spi-builder-workspace/.derivedData/SDKStatCaches.noindex/xros27.0-24M361-e829b21a6f8c9b70876ba0858053c044735bd543db762f57723cac368afd1ce4.sdkstatcache
SwiftDriver SwiftRichString normal arm64 com.apple.xcode.tools.swift.compiler (in target 'SwiftRichString' from project 'SwiftRichString')
    cd /Users/admin/builder/spi-builder-workspace/.swiftpm/xcode
    builtin-SwiftDriver -- /Applications/Xcode-27.0.0-Release.Candidate.app/Contents/Developer/Toolchains/XcodeDefault.xctoolchain/usr/bin/swiftc -parse-as-library -module-name SwiftRichString -Onone @/Users/admin/builder/spi-builder-workspace/.derivedData/Build/Intermediates.noindex/SwiftRichString.build/Debug-xros/SwiftRichString-t.build/Objects-normal/arm64/SwiftRichString.SwiftFileList -DSWIFT_PACKAGE -DDEBUG -DSWIFT_MODULE_RESOURCE_BUNDLE_UNAVAILABLE -Xcc -fmodule-map-file\=/Users/admin/builder/spi-builder-workspace/Sources/CHTMLSAXParser/include/module.modulemap -DXcode -plugin-path /Applications/Xcode-27.0.0-Release.Candidate.app/Contents/Developer/Toolchains/XcodeDefault.xctoolchain/usr/lib/swift/host/plugins/testing -enable-experimental-feature DebugDescriptionMacro -sdk /Applications/Xcode-27.0.0-Release.Candidate.app/Contents/Developer/Platforms/XROS.platform/Developer/SDKs/XROS27.0.sdk -target arm64-apple-xros1.0 -g -module-cache-path /Users/admin/builder/spi-builder-workspace/.derivedData/ModuleCache.noindex -Xfrontend -serialize-debugging-options -profile-coverage-mapping -profile-generate -enable-testing -index-store-path /Users/admin/builder/spi-builder-workspace/.derivedData/Index.noindex/DataStore -Xcc -D_LIBCPP_HARDENING_MODE\=_LIBCPP_HARDENING_MODE_DEBUG -swift-version 5 -I /Users/admin/builder/spi-builder-workspace/.derivedData/Build/Products/Debug-xros -Isystem /Applications/Xcode-27.0.0-Release.Candidate.app/Contents/Developer/Platforms/XROS.platform/Developer/usr/lib -F /Users/admin/builder/spi-builder-workspace/.derivedData/Build/Products/Debug-xros/PackageFrameworks -F /Users/admin/builder/spi-builder-workspace/.derivedData/Build/Products/Debug-xros -F /Applications/Xcode-27.0.0-Release.Candidate.app/Contents/Developer/Platforms/XROS.platform/Developer/Library/Frameworks -F /Applications/Xcode-27.0.0-Release.Candidate.app/Contents/Developer/Platforms/XROS.platform/Developer/SDKs/XROS27.0.sdk/Developer/Library/Frameworks -c -j10 -enable-batch-mode -incremental -Xcc -ivfsstatcache -Xcc /Users/admin/builder/spi-builder-workspace/.derivedData/SDKStatCaches.noindex/xros27.0-24M361-e829b21a6f8c9b70876ba0858053c044735bd543db762f57723cac368afd1ce4.sdkstatcache -output-file-map /Users/admin/builder/spi-builder-workspace/.derivedData/Build/Intermediates.noindex/SwiftRichString.build/Debug-xros/SwiftRichString-t.build/Objects-normal/arm64/SwiftRichString-OutputFileMap.json -save-temps -no-color-diagnostics -explicit-module-build -module-cache-path /Users/admin/builder/spi-builder-workspace/.derivedData/Build/Intermediates.noindex/SwiftExplicitPrecompiledModules -clang-scanner-module-cache-path /Users/admin/builder/spi-builder-workspace/.derivedData/ModuleCache.noindex -sdk-module-cache-path /Users/admin/builder/spi-builder-workspace/.derivedData/SDKExplicitPrecompiledModules -emit-dependencies -emit-module -emit-module-path /Users/admin/builder/spi-builder-workspace/.derivedData/Build/Intermediates.noindex/SwiftRichString.build/Debug-xros/SwiftRichString-t.build/Objects-normal/arm64/SwiftRichString.swiftmodule -serialize-diagnostics -dependency-scan-serialize-diagnostics-path /Users/admin/builder/spi-builder-workspace/.derivedData/Build/Intermediates.noindex/SwiftRichString.build/Debug-xros/SwiftRichString-t.build/Objects-normal/arm64/SwiftRichString-dependency-scan.dia -validate-clang-modules-once -clang-build-session-file /Users/admin/builder/spi-builder-workspace/.derivedData/ModuleCache.noindex/Session.modulevalidation -Xcc -fmodules-prune-interval\=86400 -Xcc -fmodules-prune-after\=345600 -emit-const-values -const-gather-protocols-list /Users/admin/builder/spi-builder-workspace/.derivedData/Build/Intermediates.noindex/SwiftRichString.build/Debug-xros/SwiftRichString-t.build/Objects-normal/arm64/SwiftRichString_const_extract_protocols.json -Xcc -I/Users/admin/builder/spi-builder-workspace/Sources/CHTMLSAXParser/include -Xcc -I/Users/admin/builder/spi-builder-workspace/.derivedData/Build/Products/Debug-xros/include -Xcc -I/Users/admin/builder/spi-builder-workspace/.derivedData/Build/Intermediates.noindex/SwiftRichString.build/Debug-xros/SwiftRichString-t.build/DerivedSources-normal/arm64 -Xcc -I/Users/admin/builder/spi-builder-workspace/.derivedData/Build/Intermediates.noindex/SwiftRichString.build/Debug-xros/SwiftRichString-t.build/DerivedSources/arm64 -Xcc -I/Users/admin/builder/spi-builder-workspace/.derivedData/Build/Intermediates.noindex/SwiftRichString.build/Debug-xros/SwiftRichString-t.build/DerivedSources -Xcc -DSWIFT_PACKAGE -Xcc -DDEBUG\=1 -emit-objc-header -emit-objc-header-path /Users/admin/builder/spi-builder-workspace/.derivedData/Build/Intermediates.noindex/SwiftRichString.build/Debug-xros/SwiftRichString-t.build/Objects-normal/arm64/SwiftRichString-Swift.h -working-directory /Users/admin/builder/spi-builder-workspace/.swiftpm/xcode -experimental-emit-module-separately -disable-cmo
/Users/admin/builder/spi-builder-workspace/Sources/SwiftRichString/Extensions/AttributedString+FunctionBuilder.swift:27:2: warning: '@_functionBuilder' has been renamed to '@resultBuilder' (in target 'SwiftRichString' from project 'SwiftRichString')
SwiftCompile normal arm64 Compiling\ FontConvertible.swift,\ FontInfoAttribute.swift,\ FontStyle.swift /Users/admin/builder/spi-builder-workspace/Sources/SwiftRichString/Attributes/FontConvertible.swift /Users/admin/builder/spi-builder-workspace/Sources/SwiftRichString/Attributes/FontInfoAttribute.swift /Users/admin/builder/spi-builder-workspace/Sources/SwiftRichString/Attributes/FontStyle.swift (in target 'SwiftRichString' from project 'SwiftRichString')
SwiftCompile normal arm64 /Users/admin/builder/spi-builder-workspace/Sources/SwiftRichString/Attributes/FontConvertible.swift (in target 'SwiftRichString' from project 'SwiftRichString')
    cd /Users/admin/builder/spi-builder-workspace/.swiftpm/xcode
    builtin-SwiftPerFileCompile FontConvertible.swift
SwiftCompile normal arm64 /Users/admin/builder/spi-builder-workspace/Sources/SwiftRichString/Attributes/FontInfoAttribute.swift (in target 'SwiftRichString' from project 'SwiftRichString')
    cd /Users/admin/builder/spi-builder-workspace/.swiftpm/xcode
    builtin-SwiftPerFileCompile FontInfoAttribute.swift
SwiftCompile normal arm64 /Users/admin/builder/spi-builder-workspace/Sources/SwiftRichString/Attributes/FontStyle.swift (in target 'SwiftRichString' from project 'SwiftRichString')
    cd /Users/admin/builder/spi-builder-workspace/.swiftpm/xcode
    builtin-SwiftPerFileCompile FontStyle.swift
SwiftCompile normal arm64 Compiling\ TextTransform.swift,\ URLRepresentable.swift /Users/admin/builder/spi-builder-workspace/Sources/SwiftRichString/Attributes/TextTransform.swift /Users/admin/builder/spi-builder-workspace/Sources/SwiftRichString/Attributes/URLRepresentable.swift (in target 'SwiftRichString' from project 'SwiftRichString')
SwiftCompile normal arm64 /Users/admin/builder/spi-builder-workspace/Sources/SwiftRichString/Attributes/TextTransform.swift (in target 'SwiftRichString' from project 'SwiftRichString')
    cd /Users/admin/builder/spi-builder-workspace/.swiftpm/xcode
    builtin-SwiftPerFileCompile TextTransform.swift
SwiftCompile normal arm64 /Users/admin/builder/spi-builder-workspace/Sources/SwiftRichString/Attributes/URLRepresentable.swift (in target 'SwiftRichString' from project 'SwiftRichString')
    cd /Users/admin/builder/spi-builder-workspace/.swiftpm/xcode
    builtin-SwiftPerFileCompile URLRepresentable.swift
SwiftCompile normal arm64 Compiling\ String+Subscript.swift,\ Style.swift /Users/admin/builder/spi-builder-workspace/Sources/SwiftRichString/Extensions/String+Subscript.swift /Users/admin/builder/spi-builder-workspace/Sources/SwiftRichString/Style/Styles/Style.swift (in target 'SwiftRichString' from project 'SwiftRichString')
SwiftCompile normal arm64 /Users/admin/builder/spi-builder-workspace/Sources/SwiftRichString/Extensions/String+Subscript.swift (in target 'SwiftRichString' from project 'SwiftRichString')
    cd /Users/admin/builder/spi-builder-workspace/.swiftpm/xcode
    builtin-SwiftPerFileCompile String+Subscript.swift
SwiftCompile normal arm64 /Users/admin/builder/spi-builder-workspace/Sources/SwiftRichString/Style/Styles/Style.swift (in target 'SwiftRichString' from project 'SwiftRichString')
    cd /Users/admin/builder/spi-builder-workspace/.swiftpm/xcode
    builtin-SwiftPerFileCompile Style.swift
SwiftCompile normal arm64 Compiling\ ColorConvertible.swift,\ CommonsAttributes.swift,\ DynamicText.swift /Users/admin/builder/spi-builder-workspace/Sources/SwiftRichString/Attributes/ColorConvertible.swift /Users/admin/builder/spi-builder-workspace/Sources/SwiftRichString/Attributes/CommonsAttributes.swift /Users/admin/builder/spi-builder-workspace/Sources/SwiftRichString/Attributes/DynamicText.swift (in target 'SwiftRichString' from project 'SwiftRichString')
/Users/admin/builder/spi-builder-workspace/Sources/SwiftRichString/Attributes/ColorConvertible.swift:60:12: warning: 'scanLocation' was deprecated in visionOS 1.0 [#DeprecatedDeclaration]
 58 |
 59 | 		if hexString.hasPrefix("#") {
 60 | 			scanner.scanLocation = 1
    |            `- warning: 'scanLocation' was deprecated in visionOS 1.0 [#DeprecatedDeclaration]
 61 | 		}
 62 |
/Users/admin/builder/spi-builder-workspace/Sources/SwiftRichString/Attributes/ColorConvertible.swift:65:14: warning: 'scanHexInt32' was deprecated in visionOS 1.0 [#DeprecatedDeclaration]
 63 | 		var color: UInt32 = 0
 64 |
 65 | 		if scanner.scanHexInt32(&color) {
    |              `- warning: 'scanHexInt32' was deprecated in visionOS 1.0 [#DeprecatedDeclaration]
 66 | 			self.init(hex: color, useAlpha: hexString.count > 7)
 67 | 		} else {
/Users/admin/builder/spi-builder-workspace/Sources/SwiftRichString/Attributes/CommonsAttributes.swift:55:65: warning: 'featureIdentifier' was deprecated in visionOS 1.0 [#DeprecatedDeclaration]
 53 |
 54 | 	let FontDescriptorFeatureSettingsAttribute = UIFontDescriptor.AttributeName.featureSettings
 55 | 	let FontFeatureTypeIdentifierKey = UIFontDescriptor.FeatureKey.featureIdentifier
    |                                                                 `- warning: 'featureIdentifier' was deprecated in visionOS 1.0 [#DeprecatedDeclaration]
 56 | 	let FontFeatureSelectorIdentifierKey = UIFontDescriptor.FeatureKey.typeIdentifier
 57 |
/Users/admin/builder/spi-builder-workspace/Sources/SwiftRichString/Attributes/CommonsAttributes.swift:56:69: warning: 'typeIdentifier' was deprecated in visionOS 1.0 [#DeprecatedDeclaration]
 54 | 	let FontDescriptorFeatureSettingsAttribute = UIFontDescriptor.AttributeName.featureSettings
 55 | 	let FontFeatureTypeIdentifierKey = UIFontDescriptor.FeatureKey.featureIdentifier
 56 | 	let FontFeatureSelectorIdentifierKey = UIFontDescriptor.FeatureKey.typeIdentifier
    |                                                                     `- warning: 'typeIdentifier' was deprecated in visionOS 1.0 [#DeprecatedDeclaration]
 57 |
 58 | #endif
/Users/admin/builder/spi-builder-workspace/Sources/SwiftRichString/Attributes/CommonsAttributes.swift:169:33: error: type 'SymbolicTraits' (aka 'UIFontDescriptor.SymbolicTraits') has no case 'italic', but it does have a case named 'traitItalic'; if 'italic' worked before, a recent change to the underlying C enum may have affected how prefixes are stripped from its case names
167 | 		var traits: SymbolicTraits = []
168 | 		if contains(.italic) {
169 | 			traits.insert(SymbolicTraits.italic)
    |                                 `- error: type 'SymbolicTraits' (aka 'UIFontDescriptor.SymbolicTraits') has no case 'italic', but it does have a case named 'traitItalic'; if 'italic' worked before, a recent change to the underlying C enum may have affected how prefixes are stripped from its case names
170 | 		}
171 | 		if contains(.bold) {
/Users/admin/builder/spi-builder-workspace/Sources/SwiftRichString/Attributes/CommonsAttributes.swift:172:19: error: type 'UIFontDescriptor.SymbolicTraits.Element' (aka 'UIFontDescriptor.SymbolicTraits') has no case 'bold', but it does have a case named 'traitBold'; if 'bold' worked before, a recent change to the underlying C enum may have affected how prefixes are stripped from its case names
170 | 		}
171 | 		if contains(.bold) {
172 | 			traits.insert(.bold)
    |                   `- error: type 'UIFontDescriptor.SymbolicTraits.Element' (aka 'UIFontDescriptor.SymbolicTraits') has no case 'bold', but it does have a case named 'traitBold'; if 'bold' worked before, a recent change to the underlying C enum may have affected how prefixes are stripped from its case names
173 | 		}
174 | 		if contains(.expanded) {
/Users/admin/builder/spi-builder-workspace/Sources/SwiftRichString/Attributes/CommonsAttributes.swift:175:19: error: type 'UIFontDescriptor.SymbolicTraits.Element' (aka 'UIFontDescriptor.SymbolicTraits') has no case 'expanded', but it does have a case named 'traitExpanded'; if 'expanded' worked before, a recent change to the underlying C enum may have affected how prefixes are stripped from its case names
173 | 		}
174 | 		if contains(.expanded) {
175 | 			traits.insert(.expanded)
    |                   `- error: type 'UIFontDescriptor.SymbolicTraits.Element' (aka 'UIFontDescriptor.SymbolicTraits') has no case 'expanded', but it does have a case named 'traitExpanded'; if 'expanded' worked before, a recent change to the underlying C enum may have affected how prefixes are stripped from its case names
176 | 		}
177 | 		if contains(.condensed) {
/Users/admin/builder/spi-builder-workspace/Sources/SwiftRichString/Attributes/CommonsAttributes.swift:178:19: error: type 'UIFontDescriptor.SymbolicTraits.Element' (aka 'UIFontDescriptor.SymbolicTraits') has no case 'condensed', but it does have a case named 'traitCondensed'; if 'condensed' worked before, a recent change to the underlying C enum may have affected how prefixes are stripped from its case names
176 | 		}
177 | 		if contains(.condensed) {
178 | 			traits.insert(.condensed)
    |                   `- error: type 'UIFontDescriptor.SymbolicTraits.Element' (aka 'UIFontDescriptor.SymbolicTraits') has no case 'condensed', but it does have a case named 'traitCondensed'; if 'condensed' worked before, a recent change to the underlying C enum may have affected how prefixes are stripped from its case names
179 | 		}
180 | 		if contains(.vertical) {
/Users/admin/builder/spi-builder-workspace/Sources/SwiftRichString/Attributes/CommonsAttributes.swift:181:19: error: type 'UIFontDescriptor.SymbolicTraits.Element' (aka 'UIFontDescriptor.SymbolicTraits') has no case 'vertical', but it does have a case named 'traitVertical'; if 'vertical' worked before, a recent change to the underlying C enum may have affected how prefixes are stripped from its case names
179 | 		}
180 | 		if contains(.vertical) {
181 | 			traits.insert(.vertical)
    |                   `- error: type 'UIFontDescriptor.SymbolicTraits.Element' (aka 'UIFontDescriptor.SymbolicTraits') has no case 'vertical', but it does have a case named 'traitVertical'; if 'vertical' worked before, a recent change to the underlying C enum may have affected how prefixes are stripped from its case names
182 | 		}
183 | 		if contains(.uiOptimized) {
/Users/admin/builder/spi-builder-workspace/Sources/SwiftRichString/Attributes/CommonsAttributes.swift:228:11: error: type 'SymbolicTraits' (aka 'UIFontDescriptor.SymbolicTraits') has no case 'UIOptimized', but it does have a case named 'traitUIOptimized'; if 'UIOptimized' worked before, a recent change to the underlying C enum may have affected how prefixes are stripped from its case names
226 | 	#else
227 | 	static var uiOptimized: SymbolicTraits {
228 | 		return .UIOptimized
    |           `- error: type 'SymbolicTraits' (aka 'UIFontDescriptor.SymbolicTraits') has no case 'UIOptimized', but it does have a case named 'traitUIOptimized'; if 'UIOptimized' worked before, a recent change to the underlying C enum may have affected how prefixes are stripped from its case names
229 | 	}
230 | 	static var tightLineSpacing: SymbolicTraits {
/Users/admin/builder/spi-builder-workspace/Sources/SwiftRichString/Attributes/CommonsAttributes.swift:231:11: error: type 'SymbolicTraits' (aka 'UIFontDescriptor.SymbolicTraits') has no case 'tightLeading', but it does have a case named 'traitTightLeading'; if 'tightLeading' worked before, a recent change to the underlying C enum may have affected how prefixes are stripped from its case names
229 | 	}
230 | 	static var tightLineSpacing: SymbolicTraits {
231 | 		return .tightLeading
    |           `- error: type 'SymbolicTraits' (aka 'UIFontDescriptor.SymbolicTraits') has no case 'tightLeading', but it does have a case named 'traitTightLeading'; if 'tightLeading' worked before, a recent change to the underlying C enum may have affected how prefixes are stripped from its case names
232 | 	}
233 | 	static var looseLineSpacing: SymbolicTraits {
/Users/admin/builder/spi-builder-workspace/Sources/SwiftRichString/Attributes/CommonsAttributes.swift:234:11: error: type 'SymbolicTraits' (aka 'UIFontDescriptor.SymbolicTraits') has no case 'looseLeading', but it does have a case named 'traitLooseLeading'; if 'looseLeading' worked before, a recent change to the underlying C enum may have affected how prefixes are stripped from its case names
232 | 	}
233 | 	static var looseLineSpacing: SymbolicTraits {
234 | 		return .looseLeading
    |           `- error: type 'SymbolicTraits' (aka 'UIFontDescriptor.SymbolicTraits') has no case 'looseLeading', but it does have a case named 'traitLooseLeading'; if 'looseLeading' worked before, a recent change to the underlying C enum may have affected how prefixes are stripped from its case names
235 | 	}
236 | 	#endif
[#DeprecatedDeclaration]: <https://docs.swift.org/compiler/documentation/diagnostics/deprecated-declaration>
Failed frontend command:
/Applications/Xcode-27.0.0-Release.Candidate.app/Contents/Developer/Toolchains/XcodeDefault.xctoolchain/usr/bin/swift-frontend -frontend -c -primary-file /Users/admin/builder/spi-builder-workspace/Sources/SwiftRichString/Attributes/ColorConvertible.swift -primary-file /Users/admin/builder/spi-builder-workspace/Sources/SwiftRichString/Attributes/CommonsAttributes.swift -primary-file /Users/admin/builder/spi-builder-workspace/Sources/SwiftRichString/Attributes/DynamicText.swift /Users/admin/builder/spi-builder-workspace/Sources/SwiftRichString/Attributes/FontConvertible.swift /Users/admin/builder/spi-builder-workspace/Sources/SwiftRichString/Attributes/FontInfoAttribute.swift /Users/admin/builder/spi-builder-workspace/Sources/SwiftRichString/Attributes/FontStyle.swift /Users/admin/builder/spi-builder-workspace/Sources/SwiftRichString/Attributes/TextTransform.swift /Users/admin/builder/spi-builder-workspace/Sources/SwiftRichString/Attributes/URLRepresentable.swift /Users/admin/builder/spi-builder-workspace/Sources/SwiftRichString/Extensions/AttributedString+Attachments.swift /Users/admin/builder/spi-builder-workspace/Sources/SwiftRichString/Extensions/AttributedString+Extension.swift /Users/admin/builder/spi-builder-workspace/Sources/SwiftRichString/Extensions/AttributedString+FunctionBuilder.swift /Users/admin/builder/spi-builder-workspace/Sources/SwiftRichString/Extensions/String+Extension.swift /Users/admin/builder/spi-builder-workspace/Sources/SwiftRichString/Extensions/String+Subscript.swift /Users/admin/builder/spi-builder-workspace/Sources/SwiftRichString/Extensions/SystemFonts.swift /Users/admin/builder/spi-builder-workspace/Sources/SwiftRichString/Extensions/UIKit+Extras.swift /Users/admin/builder/spi-builder-workspace/Sources/SwiftRichString/Style/StyleDecorator.swift /Users/admin/builder/spi-builder-workspace/Sources/SwiftRichString/Style/Styles/Style.swift /Users/admin/builder/spi-builder-workspace/Sources/SwiftRichString/Style/Styles/StyleProtocol.swift /Users/admin/builder/spi-builder-workspace/Sources/SwiftRichString/Style/Styles/StyleRegEx.swift /Users/admin/builder/spi-builder-workspace/Sources/SwiftRichString/Style/Styles/StyleXML.swift /Users/admin/builder/spi-builder-workspace/Sources/SwiftRichString/Style/StylesManager.swift /Users/admin/builder/spi-builder-workspace/Sources/SwiftRichString/Support/AssociatedValues.swift /Users/admin/builder/spi-builder-workspace/Sources/SwiftRichString/Support/AsyncTextAttachment.swift /Users/admin/builder/spi-builder-workspace/Sources/SwiftRichString/Support/Compatibility.swift /Users/admin/builder/spi-builder-workspace/Sources/SwiftRichString/Support/Extensions.swift /Users/admin/builder/spi-builder-workspace/Sources/SwiftRichString/Support/OrderedDictionary.swift /Users/admin/builder/spi-builder-workspace/Sources/SwiftRichString/Support/XMLDynamicAttributesResolver.swift /Users/admin/builder/spi-builder-workspace/Sources/SwiftRichString/Support/XMLStringBuilder.swift /Users/admin/builder/spi-builder-workspace/Sources/SwiftRichString/XMLParser/HTMLSAXParser/EscapeSpecialCharacters.swift /Users/admin/builder/spi-builder-workspace/Sources/SwiftRichString/XMLParser/HTMLSAXParser/HTMLSAXParser+libxml2.swift /Users/admin/builder/spi-builder-workspace/Sources/SwiftRichString/XMLParser/HTMLSAXParser/HTMLSAXParser.swift -supplementary-output-file-map /Users/admin/builder/spi-builder-workspace/.derivedData/Build/Intermediates.noindex/SwiftRichString.build/Debug-xros/SwiftRichString-t.build/Objects-normal/arm64/supplementaryOutputs-1 -target arm64-apple-xros1.0 -module-can-import CHTMLSAXParser -disable-cross-import-overlay-search -load-resolved-plugin /Applications/Xcode-27.0.0-Release.Candidate.app/Contents/Developer/Platforms/XROS.platform/Developer/usr/lib/swift/host/plugins/libFoundationMacros.dylib\#/Applications/Xcode-27.0.0-Release.Candidate.app/Contents/Developer/Platforms/XROS.platform/Developer/usr/bin/swift-plugin-server\#FoundationMacros -load-resolved-plugin /Applications/Xcode-27.0.0-Release.Candidate.app/Contents/Developer/Platforms/XROS.platform/Developer/usr/lib/swift/host/plugins/libObservationMacros.dylib\#/Applications/Xcode-27.0.0-Release.Candidate.app/Contents/Developer/Platforms/XROS.platform/Developer/usr/bin/swift-plugin-server\#ObservationMacros -load-resolved-plugin /Applications/Xcode-27.0.0-Release.Candidate.app/Contents/Developer/Platforms/XROS.platform/Developer/usr/lib/swift/host/plugins/libPreviewsMacros.dylib\#/Applications/Xcode-27.0.0-Release.Candidate.app/Contents/Developer/Platforms/XROS.platform/Developer/usr/bin/swift-plugin-server\#PreviewsMacros -load-resolved-plugin /Applications/Xcode-27.0.0-Release.Candidate.app/Contents/Developer/Platforms/XROS.platform/Developer/usr/lib/swift/host/plugins/libSwiftMacros.dylib\#/Applications/Xcode-27.0.0-Release.Candidate.app/Contents/Developer/Platforms/XROS.platform/Developer/usr/bin/swift-plugin-server\#SwiftMacros -load-resolved-plugin /Applications/Xcode-27.0.0-Release.Candidate.app/Contents/Developer/Platforms/XROS.platform/Developer/usr/lib/swift/host/plugins/libSwiftUIMacros.dylib\#/Applications/Xcode-27.0.0-Release.Candidate.app/Contents/Developer/Platforms/XROS.platform/Developer/usr/bin/swift-plugin-server\#SwiftUIMacros -disable-implicit-swift-modules -Xcc -fno-implicit-modules -Xcc -fno-implicit-module-maps -explicit-swift-module-map-file /Users/admin/builder/spi-builder-workspace/.derivedData/Build/Intermediates.noindex/SwiftRichString.build/Debug-xros/SwiftRichString-t.build/Objects-normal/arm64/SwiftRichString-dependencies-1.json -Xllvm -aarch64-use-tbi -enable-objc-interop -stack-check -sdk /Applications/Xcode-27.0.0-Release.Candidate.app/Contents/Developer/Platforms/XROS.platform/Developer/SDKs/XROS27.0.sdk -I /Users/admin/builder/spi-builder-workspace/.derivedData/Build/Products/Debug-xros -Isystem /Applications/Xcode-27.0.0-Release.Candidate.app/Contents/Developer/Platforms/XROS.platform/Developer/usr/lib -F /Users/admin/builder/spi-builder-workspace/.derivedData/Build/Products/Debug-xros/PackageFrameworks -F /Users/admin/builder/spi-builder-workspace/.derivedData/Build/Products/Debug-xros -F /Applications/Xcode-27.0.0-Release.Candidate.app/Contents/Developer/Platforms/XROS.platform/Developer/Library/Frameworks -F /Applications/Xcode-27.0.0-Release.Candidate.app/Contents/Developer/Platforms/XROS.platform/Developer/SDKs/XROS27.0.sdk/Developer/Library/Frameworks -module-cache-path /Users/admin/builder/spi-builder-workspace/.derivedData/Build/Intermediates.noindex/SwiftExplicitPrecompiledModules -no-color-diagnostics -Xcc -fno-color-diagnostics -enable-testing -g -debug-info-format\=dwarf -dwarf-version\=4 -profile-generate -profile-coverage-mapping -swift-version 5 -Onone -D SWIFT_PACKAGE -D DEBUG -D SWIFT_MODULE_RESOURCE_BUNDLE_UNAVAILABLE -D Xcode -serialize-debugging-options -enable-experimental-feature DebugDescriptionMacro -empty-abi-descriptor -validate-clang-modules-once -clang-build-session-file /Users/admin/builder/spi-builder-workspace/.derivedData/ModuleCache.noindex/Session.modulevalidation -Xcc -working-directory -Xcc /Users/admin/builder/spi-builder-workspace/.swiftpm/xcode -enable-anonymous-context-mangled-names -file-compilation-dir /Users/admin/builder/spi-builder-workspace/.swiftpm/xcode -Xcc -fmodule-map-file\=/Users/admin/builder/spi-builder-workspace/Sources/CHTMLSAXParser/include/module.modulemap -Xcc -D_LIBCPP_HARDENING_MODE\=_LIBCPP_HARDENING_MODE_DEBUG -Xcc -ivfsstatcache -Xcc /Users/admin/builder/spi-builder-workspace/.derivedData/SDKStatCaches.noindex/xros27.0-24M361-e829b21a6f8c9b70876ba0858053c044735bd543db762f57723cac368afd1ce4.sdkstatcache -Xcc -fmodules-prune-interval\=86400 -Xcc -fmodules-prune-after\=345600 -Xcc -I/Users/admin/builder/spi-builder-workspace/Sources/CHTMLSAXParser/include -Xcc -I/Users/admin/builder/spi-builder-workspace/.derivedData/Build/Products/Debug-xros/include -Xcc -I/Users/admin/builder/spi-builder-workspace/.derivedData/Build/Intermediates.noindex/SwiftRichString.build/Debug-xros/SwiftRichString-t.build/DerivedSources-normal/arm64 -Xcc -I/Users/admin/builder/spi-builder-workspace/.derivedData/Build/Intermediates.noindex/SwiftRichString.build/Debug-xros/SwiftRichString-t.build/DerivedSources/arm64 -Xcc -I/Users/admin/builder/spi-builder-workspace/.derivedData/Build/Intermediates.noindex/SwiftRichString.build/Debug-xros/SwiftRichString-t.build/DerivedSources -Xcc -DSWIFT_PACKAGE -Xcc -DDEBUG\=1 -no-auto-bridging-header-chaining -module-name SwiftRichString -const-gather-protocols-file /Users/admin/builder/spi-builder-workspace/.derivedData/Build/Intermediates.noindex/SwiftRichString.build/Debug-xros/SwiftRichString-t.build/Objects-normal/arm64/SwiftRichString_const_extract_protocols.json -disable-clang-spi -clang-target arm64-apple-xros27.0 -target-sdk-version 27.0 -target-sdk-name xros27.0 -in-process-plugin-server-path /Applications/Xcode-27.0.0-Release.Candidate.app/Contents/Developer/Toolchains/XcodeDefault.xctoolchain/usr/lib/swift/host/libSwiftInProcPluginServer.dylib -parse-as-library -o /Users/admin/builder/spi-builder-workspace/.derivedData/Build/Intermediates.noindex/SwiftRichString.build/Debug-xros/SwiftRichString-t.build/Objects-normal/arm64/ColorConvertible.o -o /Users/admin/builder/spi-builder-workspace/.derivedData/Build/Intermediates.noindex/SwiftRichString.build/Debug-xros/SwiftRichString-t.build/Objects-normal/arm64/CommonsAttributes.o -o /Users/admin/builder/spi-builder-workspace/.derivedData/Build/Intermediates.noindex/SwiftRichString.build/Debug-xros/SwiftRichString-t.build/Objects-normal/arm64/DynamicText.o -debug-module-path /Users/admin/builder/spi-builder-workspace/.derivedData/Build/Intermediates.noindex/SwiftRichString.build/Debug-xros/SwiftRichString-t.build/Objects-normal/arm64/SwiftRichString.swiftmodule -index-unit-output-path /SwiftRichString.build/Debug-xros/SwiftRichString-t.build/Objects-normal/arm64/ColorConvertible.o -index-unit-output-path /SwiftRichString.build/Debug-xros/SwiftRichString-t.build/Objects-normal/arm64/CommonsAttributes.o -index-unit-output-path /SwiftRichString.build/Debug-xros/SwiftRichString-t.build/Objects-normal/arm64/DynamicText.o -index-store-path /Users/admin/builder/spi-builder-workspace/.derivedData/Index.noindex/DataStore -index-system-modules
SwiftCompile normal arm64 /Users/admin/builder/spi-builder-workspace/Sources/SwiftRichString/Attributes/ColorConvertible.swift (in target 'SwiftRichString' from project 'SwiftRichString')
    cd /Users/admin/builder/spi-builder-workspace/.swiftpm/xcode
    builtin-SwiftPerFileCompile ColorConvertible.swift
SwiftCompile normal arm64 /Users/admin/builder/spi-builder-workspace/Sources/SwiftRichString/Attributes/CommonsAttributes.swift (in target 'SwiftRichString' from project 'SwiftRichString')
    cd /Users/admin/builder/spi-builder-workspace/.swiftpm/xcode
    builtin-SwiftPerFileCompile CommonsAttributes.swift
SwiftCompile normal arm64 /Users/admin/builder/spi-builder-workspace/Sources/SwiftRichString/Attributes/DynamicText.swift (in target 'SwiftRichString' from project 'SwiftRichString')
    cd /Users/admin/builder/spi-builder-workspace/.swiftpm/xcode
    builtin-SwiftPerFileCompile DynamicText.swift
SwiftCompile normal arm64 Compiling\ AttributedString+Attachments.swift,\ AttributedString+Extension.swift /Users/admin/builder/spi-builder-workspace/Sources/SwiftRichString/Extensions/AttributedString+Attachments.swift /Users/admin/builder/spi-builder-workspace/Sources/SwiftRichString/Extensions/AttributedString+Extension.swift (in target 'SwiftRichString' from project 'SwiftRichString')
SwiftCompile normal arm64 /Users/admin/builder/spi-builder-workspace/Sources/SwiftRichString/Extensions/AttributedString+Attachments.swift (in target 'SwiftRichString' from project 'SwiftRichString')
    cd /Users/admin/builder/spi-builder-workspace/.swiftpm/xcode
    builtin-SwiftPerFileCompile AttributedString+Attachments.swift
SwiftCompile normal arm64 /Users/admin/builder/spi-builder-workspace/Sources/SwiftRichString/Extensions/AttributedString+Extension.swift (in target 'SwiftRichString' from project 'SwiftRichString')
    cd /Users/admin/builder/spi-builder-workspace/.swiftpm/xcode
    builtin-SwiftPerFileCompile AttributedString+Extension.swift
SwiftCompile normal arm64 Compiling\ StyleProtocol.swift,\ StyleRegEx.swift /Users/admin/builder/spi-builder-workspace/Sources/SwiftRichString/Style/Styles/StyleProtocol.swift /Users/admin/builder/spi-builder-workspace/Sources/SwiftRichString/Style/Styles/StyleRegEx.swift (in target 'SwiftRichString' from project 'SwiftRichString')
SwiftCompile normal arm64 /Users/admin/builder/spi-builder-workspace/Sources/SwiftRichString/Style/Styles/StyleProtocol.swift (in target 'SwiftRichString' from project 'SwiftRichString')
    cd /Users/admin/builder/spi-builder-workspace/.swiftpm/xcode
    builtin-SwiftPerFileCompile StyleProtocol.swift
SwiftCompile normal arm64 /Users/admin/builder/spi-builder-workspace/Sources/SwiftRichString/Style/Styles/StyleRegEx.swift (in target 'SwiftRichString' from project 'SwiftRichString')
    cd /Users/admin/builder/spi-builder-workspace/.swiftpm/xcode
    builtin-SwiftPerFileCompile StyleRegEx.swift
SwiftCompile normal arm64 Compiling\ AttributedString+FunctionBuilder.swift,\ String+Extension.swift /Users/admin/builder/spi-builder-workspace/Sources/SwiftRichString/Extensions/AttributedString+FunctionBuilder.swift /Users/admin/builder/spi-builder-workspace/Sources/SwiftRichString/Extensions/String+Extension.swift (in target 'SwiftRichString' from project 'SwiftRichString')
/Users/admin/builder/spi-builder-workspace/Sources/SwiftRichString/Extensions/AttributedString+FunctionBuilder.swift:27:2: warning: '@_functionBuilder' has been renamed to '@resultBuilder'
25 | import Foundation
26 |
27 | @_functionBuilder
   |  `- warning: '@_functionBuilder' has been renamed to '@resultBuilder'
28 | public class AttributedStringBuilder {
29 |
SwiftCompile normal arm64 /Users/admin/builder/spi-builder-workspace/Sources/SwiftRichString/Extensions/AttributedString+FunctionBuilder.swift (in target 'SwiftRichString' from project 'SwiftRichString')
    cd /Users/admin/builder/spi-builder-workspace/.swiftpm/xcode
    builtin-SwiftPerFileCompile AttributedString+FunctionBuilder.swift
SwiftCompile normal arm64 /Users/admin/builder/spi-builder-workspace/Sources/SwiftRichString/Extensions/String+Extension.swift (in target 'SwiftRichString' from project 'SwiftRichString')
    cd /Users/admin/builder/spi-builder-workspace/.swiftpm/xcode
    builtin-SwiftPerFileCompile String+Extension.swift
SwiftCompile normal arm64 Compiling\ XMLDynamicAttributesResolver.swift,\ XMLStringBuilder.swift /Users/admin/builder/spi-builder-workspace/Sources/SwiftRichString/Support/XMLDynamicAttributesResolver.swift /Users/admin/builder/spi-builder-workspace/Sources/SwiftRichString/Support/XMLStringBuilder.swift (in target 'SwiftRichString' from project 'SwiftRichString')
SwiftCompile normal arm64 /Users/admin/builder/spi-builder-workspace/Sources/SwiftRichString/Support/XMLDynamicAttributesResolver.swift (in target 'SwiftRichString' from project 'SwiftRichString')
    cd /Users/admin/builder/spi-builder-workspace/.swiftpm/xcode
    builtin-SwiftPerFileCompile XMLDynamicAttributesResolver.swift
SwiftCompile normal arm64 /Users/admin/builder/spi-builder-workspace/Sources/SwiftRichString/Support/XMLStringBuilder.swift (in target 'SwiftRichString' from project 'SwiftRichString')
    cd /Users/admin/builder/spi-builder-workspace/.swiftpm/xcode
    builtin-SwiftPerFileCompile XMLStringBuilder.swift
SwiftEmitModule normal arm64 Emitting\ module\ for\ SwiftRichString (in target 'SwiftRichString' from project 'SwiftRichString')
SwiftCompile normal arm64 (in target 'SwiftRichString' from project 'SwiftRichString')
    cd /Users/admin/builder/spi-builder-workspace/.swiftpm/xcode

/Users/admin/builder/spi-builder-workspace/Sources/SwiftRichString/Extensions/AttributedString+FunctionBuilder.swift:27:2: warning: '@_functionBuilder' has been renamed to '@resultBuilder'
25 | import Foundation
26 |
27 | @_functionBuilder
   |  `- warning: '@_functionBuilder' has been renamed to '@resultBuilder'
28 | public class AttributedStringBuilder {
29 |
/Users/admin/builder/spi-builder-workspace/Sources/SwiftRichString/Attributes/CommonsAttributes.swift:55:65: warning: 'featureIdentifier' was deprecated in visionOS 1.0 [#DeprecatedDeclaration]
 53 |
 54 | 	let FontDescriptorFeatureSettingsAttribute = UIFontDescriptor.AttributeName.featureSettings
 55 | 	let FontFeatureTypeIdentifierKey = UIFontDescriptor.FeatureKey.featureIdentifier
    |                                                                 `- warning: 'featureIdentifier' was deprecated in visionOS 1.0 [#DeprecatedDeclaration]
 56 | 	let FontFeatureSelectorIdentifierKey = UIFontDescriptor.FeatureKey.typeIdentifier
 57 |
SwiftCompile normal arm64 Compiling\ AssociatedValues.swift,\ OrderedDictionary.swift /Users/admin/builder/spi-builder-workspace/Sources/SwiftRichString/Support/AssociatedValues.swift /Users/admin/builder/spi-builder-workspace/Sources/SwiftRichString/Support/OrderedDictionary.swift (in target 'SwiftRichString' from project 'SwiftRichString')
SwiftCompile normal arm64 /Users/admin/builder/spi-builder-workspace/Sources/SwiftRichString/Support/AssociatedValues.swift (in target 'SwiftRichString' from project 'SwiftRichString')
    cd /Users/admin/builder/spi-builder-workspace/.swiftpm/xcode
    builtin-SwiftPerFileCompile AssociatedValues.swift
SwiftCompile normal arm64 /Users/admin/builder/spi-builder-workspace/Sources/SwiftRichString/Support/OrderedDictionary.swift (in target 'SwiftRichString' from project 'SwiftRichString')
    cd /Users/admin/builder/spi-builder-workspace/.swiftpm/xcode
    builtin-SwiftPerFileCompile OrderedDictionary.swift
SwiftCompile normal arm64 Compiling\ StyleXML.swift,\ StylesManager.swift /Users/admin/builder/spi-builder-workspace/Sources/SwiftRichString/Style/Styles/StyleXML.swift /Users/admin/builder/spi-builder-workspace/Sources/SwiftRichString/Style/StylesManager.swift (in target 'SwiftRichString' from project 'SwiftRichString')
SwiftCompile normal arm64 /Users/admin/builder/spi-builder-workspace/Sources/SwiftRichString/Style/Styles/StyleXML.swift (in target 'SwiftRichString' from project 'SwiftRichString')
    cd /Users/admin/builder/spi-builder-workspace/.swiftpm/xcode
    builtin-SwiftPerFileCompile StyleXML.swift
SwiftCompile normal arm64 /Users/admin/builder/spi-builder-workspace/Sources/SwiftRichString/Style/StylesManager.swift (in target 'SwiftRichString' from project 'SwiftRichString')
    cd /Users/admin/builder/spi-builder-workspace/.swiftpm/xcode
    builtin-SwiftPerFileCompile StylesManager.swift
SwiftDriverJobDiscovery normal arm64 Compiling TextTransform.swift, URLRepresentable.swift (in target 'SwiftRichString' from project 'SwiftRichString')
SwiftCompile normal arm64 Compiling\ StyleDecorator.swift /Users/admin/builder/spi-builder-workspace/Sources/SwiftRichString/Style/StyleDecorator.swift (in target 'SwiftRichString' from project 'SwiftRichString')
SwiftCompile normal arm64 /Users/admin/builder/spi-builder-workspace/Sources/SwiftRichString/Style/StyleDecorator.swift (in target 'SwiftRichString' from project 'SwiftRichString')
    cd /Users/admin/builder/spi-builder-workspace/.swiftpm/xcode
    builtin-SwiftPerFileCompile StyleDecorator.swift
SwiftDriverJobDiscovery normal arm64 Compiling AttributedString+FunctionBuilder.swift, String+Extension.swift (in target 'SwiftRichString' from project 'SwiftRichString')
SwiftCompile normal arm64 Compiling\ HTMLSAXParser+libxml2.swift /Users/admin/builder/spi-builder-workspace/Sources/SwiftRichString/XMLParser/HTMLSAXParser/HTMLSAXParser+libxml2.swift (in target 'SwiftRichString' from project 'SwiftRichString')
SwiftCompile normal arm64 /Users/admin/builder/spi-builder-workspace/Sources/SwiftRichString/XMLParser/HTMLSAXParser/HTMLSAXParser+libxml2.swift (in target 'SwiftRichString' from project 'SwiftRichString')
    cd /Users/admin/builder/spi-builder-workspace/.swiftpm/xcode
    builtin-SwiftPerFileCompile HTMLSAXParser+libxml2.swift
SwiftDriverJobDiscovery normal arm64 Compiling StyleProtocol.swift, StyleRegEx.swift (in target 'SwiftRichString' from project 'SwiftRichString')
SwiftCompile normal arm64 Compiling\ HTMLSAXParser.swift /Users/admin/builder/spi-builder-workspace/Sources/SwiftRichString/XMLParser/HTMLSAXParser/HTMLSAXParser.swift (in target 'SwiftRichString' from project 'SwiftRichString')
SwiftCompile normal arm64 /Users/admin/builder/spi-builder-workspace/Sources/SwiftRichString/XMLParser/HTMLSAXParser/HTMLSAXParser.swift (in target 'SwiftRichString' from project 'SwiftRichString')
    cd /Users/admin/builder/spi-builder-workspace/.swiftpm/xcode
    builtin-SwiftPerFileCompile HTMLSAXParser.swift
SwiftDriverJobDiscovery normal arm64 Compiling AttributedString+Attachments.swift, AttributedString+Extension.swift (in target 'SwiftRichString' from project 'SwiftRichString')
SwiftCompile normal arm64 Compiling\ EscapeSpecialCharacters.swift /Users/admin/builder/spi-builder-workspace/Sources/SwiftRichString/XMLParser/HTMLSAXParser/EscapeSpecialCharacters.swift (in target 'SwiftRichString' from project 'SwiftRichString')
SwiftCompile normal arm64 /Users/admin/builder/spi-builder-workspace/Sources/SwiftRichString/XMLParser/HTMLSAXParser/EscapeSpecialCharacters.swift (in target 'SwiftRichString' from project 'SwiftRichString')
    cd /Users/admin/builder/spi-builder-workspace/.swiftpm/xcode
    builtin-SwiftPerFileCompile EscapeSpecialCharacters.swift
PruneExplicitPrecompiledModules /Users/admin/builder/spi-builder-workspace/.derivedData/Build/Intermediates.noindex/ExplicitPrecompiledModules
PruneExplicitPrecompiledModules /Users/admin/builder/spi-builder-workspace/.derivedData/Build/Intermediates.noindex/SwiftExplicitPrecompiledModules
PruneExplicitPrecompiledModules /Users/admin/builder/spi-builder-workspace/.derivedData/SDKExplicitPrecompiledModules
2026-09-16 18:37:11.184 xcodebuild[774:4783] [MT] IDERunDestination: Supported platforms for the buildables in the current scheme is empty.
** BUILD FAILED **
The following build commands failed:
	SwiftCompile normal arm64 Compiling\ ColorConvertible.swift,\ CommonsAttributes.swift,\ DynamicText.swift /Users/admin/builder/spi-builder-workspace/Sources/SwiftRichString/Attributes/ColorConvertible.swift /Users/admin/builder/spi-builder-workspace/Sources/SwiftRichString/Attributes/CommonsAttributes.swift /Users/admin/builder/spi-builder-workspace/Sources/SwiftRichString/Attributes/DynamicText.swift (in target 'SwiftRichString' from project 'SwiftRichString')
	SwiftCompile normal arm64 /Users/admin/builder/spi-builder-workspace/Sources/SwiftRichString/Attributes/CommonsAttributes.swift (in target 'SwiftRichString' from project 'SwiftRichString')
	Building workspace SwiftRichString with scheme SwiftRichString
(3 failures)
BUILD FAILURE 6.4 visionOS