Build Information
Failed to build CodyFire, reference master (20d139), with Swift 6.4 for watchOS using Xcode 27.0 on 17 Sep 2026 17:25:02 UTC.
Build Command
No build command. This typically means the build failed at an early stage where we determine the build command.Build Log
========================================
RunAll
========================================
Builder version: 5.1.0
Interrupt handler set up.
========================================
Checkout
========================================
Clone URL: https://github.com/CodyFlame/CodyFire.git
Reference: master
Initialized empty Git repository in /Users/admin/builder/spi-builder-workspace/.git/
From https://github.com/CodyFlame/CodyFire
* branch master -> FETCH_HEAD
* [new branch] master -> origin/master
HEAD is now at 20d1392 😊 Add `isConnected` for websocket
Cloned https://github.com/CodyFlame/CodyFire.git
Revision (git rev-parse @):
20d13929853087e61307149816faeef95d6e111c
SUCCESS checkout https://github.com/CodyFlame/CodyFire.git at master
========================================
Build
========================================
Selected platform: watchOS
Swift version: 6.4
Building package at path: $PWD
https://github.com/CodyFlame/CodyFire.git
Command line invocation:
/Applications/Xcode-27.0.0-Release.Candidate.app/Contents/Developer/usr/bin/xcodebuild -IDEClonedSourcePackagesDirPathOverride=/Users/admin/builder/spi-builder-workspace/.dependencies -resolvePackageDependencies
2026-09-17 13:25:00.931 xcodebuild[525:2993] Writing error result bundle to /var/folders/xq/y_g06wb113726d38xsyx71_h0000gn/T/ResultBundle_2026-17-09_13-25-0000.xcresult
xcodebuild: error: '_Pods.xcodeproj' does not exist.
Command line invocation:
/Applications/Xcode-27.0.0-Release.Candidate.app/Contents/Developer/usr/bin/xcodebuild -IDEClonedSourcePackagesDirPathOverride=/Users/admin/builder/spi-builder-workspace/.dependencies -resolvePackageDependencies
2026-09-17 13:25:01.960 xcodebuild[535:3079] Writing error result bundle to /var/folders/xq/y_g06wb113726d38xsyx71_h0000gn/T/ResultBundle_2026-17-09_13-25-0001.xcresult
xcodebuild: error: '_Pods.xcodeproj' does not exist.
BUILD FAILURE 6.4 watchOS