Build Information
Failed to build DevCycle, reference v1.26.0 (199ec3), with Swift 6.4 for visionOS using Xcode 27.0 on 25 Sep 2026 03:41:17 UTC.
Build Command
env DEVELOPER_DIR=/Applications/Xcode-27.0.0-Release.Candidate.app xcrun xcodebuild -IDEClonedSourcePackagesDirPathOverride=$PWD/.dependencies -skipMacroValidation -skipPackagePluginValidation -derivedDataPath $PWD/.derivedData build -scheme DevCycle -destination generic/platform=xrOSBuild Log
========================================
RunAll
========================================
Builder version: 5.1.0
Interrupt handler set up.
========================================
Checkout
========================================
Clone URL: https://github.com/DevCycleHQ/ios-client-sdk.git
Reference: v1.26.0
Initialized empty Git repository in /Users/admin/builder/spi-builder-workspace/.git/
From https://github.com/DevCycleHQ/ios-client-sdk
* tag v1.26.0 -> FETCH_HEAD
HEAD is now at 199ec32 Release 1.26.0
Cloned https://github.com/DevCycleHQ/ios-client-sdk.git
Revision (git rev-parse @):
199ec326e3e0b0ccc774354b361860a212c21bb0
SUCCESS checkout https://github.com/DevCycleHQ/ios-client-sdk.git at v1.26.0
========================================
Build
========================================
Selected platform: visionOS
Swift version: 6.4
Building package at path: $PWD
https://github.com/DevCycleHQ/ios-client-sdk.git
Command line invocation:
/Applications/Xcode-27.0.0-Release.Candidate.app/Contents/Developer/usr/bin/xcodebuild -IDEClonedSourcePackagesDirPathOverride=/Users/admin/builder/spi-builder-workspace/.dependencies -resolvePackageDependencies
resolved source packages:
{
"dependencies" : [
{
"identity" : "swift-eventsource",
"requirement" : {
"range" : [
{
"lower_bound" : "3.3.0",
"upper_bound" : "4.0.0"
}
]
},
"type" : "sourceControl",
"url" : "https://github.com/LaunchDarkly/swift-eventsource.git"
}
],
"manifest_display_name" : "DevCycle",
"name" : "DevCycle",
"path" : "/Users/admin/builder/spi-builder-workspace",
"platforms" : [
{
"name" : "ios",
"version" : "12.0"
},
{
"name" : "tvos",
"version" : "12.0"
},
{
"name" : "macos",
"version" : "10.13"
},
{
"name" : "watchos",
"version" : "7.0"
}
],
"products" : [
{
"name" : "DevCycle",
"targets" : [
"DevCycle"
],
"type" : {
"library" : [
"automatic"
]
}
}
],
"swift_languages_versions" : [
"5"
],
"targets" : [
{
"c99name" : "DevCycleTests_ObjC",
"module_type" : "ClangTarget",
"name" : "DevCycleTests-ObjC",
"path" : "DevCycleTests/ObjC",
"sources" : [
"ObjCDevCycleClientTests.m",
"ObjcDVCVariableTests.m",
"ObjcDevCycleUserTests.m"
],
"target_dependencies" : [
"DevCycle"
],
"type" : "test"
},
{
"c99name" : "DevCycleTests",
"module_type" : "SwiftTarget",
"name" : "DevCycleTests",
"path" : "DevCycleTests",
"sources" : [
"Mocks/URLSessionMock.swift",
"Models/DVCConfigTests.swift",
"Models/DVCVariableTests.swift",
"Models/DevCycleClientTests.swift",
"Models/DevCycleEventTests.swift",
"Models/DevCycleOptionsTest.swift",
"Models/DevCycleUserTest.swift",
"Models/EventQueueTests.swift",
"Models/SSEMessage.swift",
"Models/ThreadingTests.swift",
"Models/UserConfigTests.swift",
"Networking/DevCycleServiceTests.swift",
"Utils/GetTestConfig.swift",
"Utils/IsEqualTests.swift",
"Utils/RequestConsolidatorTests.swift"
],
"target_dependencies" : [
"DevCycle"
],
"type" : "test"
},
{
"c99name" : "DevCycle",
"module_type" : "SwiftTarget",
"name" : "DevCycle",
"path" : "DevCycle",
"product_dependencies" : [
"LDSwiftEventSource"
],
"product_memberships" : [
"DevCycle"
],
"resources" : [
{
"path" : "/Users/admin/builder/spi-builder-workspace/DevCycle/PrivacyInfo.xcprivacy",
"rule" : {
"process" : {
}
}
}
],
"sources" : [
"DVCVariable.swift",
"DevCycleClient.swift",
"DevCycleUser.swift",
"Models/Cache.swift",
"Models/CustomData.swift",
"Models/DVCConfig.swift",
"Models/DevCycleEvent.swift",
"Models/DevCycleOptions.swift",
"Models/EventQueue.swift",
"Models/PlatformDetails.swift",
"Models/UserConfig.swift",
"Networking/DevCycleService.swift",
"ObjC/ObjCDVCVariable.swift",
"ObjC/ObjCDevCycleClient.swift",
"ObjC/ObjCDevCycleEvent.swift",
"ObjC/ObjCDevCycleOptions.swift",
"ObjC/ObjCDevCycleUser.swift",
"ObjC/ObjCErrors.swift",
"ObjC/ObjCUserConfig.swift",
"SSEConnection.swift",
"Utils/Log.swift",
"Utils/NotificationNames.swift",
"Utils/ProcessConfig.swift",
"Utils/RequestConsolidator.swift",
"Utils/isEqual.swift"
],
"type" : "library"
}
],
"tools_version" : "5.3"
}
{
"project" : {
"configurations" : [
"Debug",
"Release"
],
"name" : "DevCycle",
"schemes" : [
"DevCycle",
"DevCycleTests"
],
"targets" : [
"DevCycle",
"DevCycleTests"
]
}
}
{
"workspace" : {
"name" : "DevCycle",
"schemes" : [
"DevCycle"
]
}
}
2026-09-24 23:41:01.836 xcodebuild[654:4137] [MT] IDERunDestination: Supported platforms for the buildables in the current scheme is empty.
Running build ...
env DEVELOPER_DIR=/Applications/Xcode-27.0.0-Release.Candidate.app xcrun xcodebuild -IDEClonedSourcePackagesDirPathOverride=$PWD/.dependencies -skipMacroValidation -skipPackagePluginValidation -derivedDataPath $PWD/.derivedData build -scheme DevCycle -destination generic/platform=xrOS
Command line invocation:
/Applications/Xcode-27.0.0-Release.Candidate.app/Contents/Developer/usr/bin/xcodebuild -IDEClonedSourcePackagesDirPathOverride=/Users/admin/builder/spi-builder-workspace/.dependencies -skipMacroValidation -skipPackagePluginValidation -derivedDataPath /Users/admin/builder/spi-builder-workspace/.derivedData build -scheme DevCycle -destination generic/platform=xrOS
Resolve Package Graph
Resolve Package Graph
Resolved source packages:
LDSwiftEventSource: https://github.com/LaunchDarkly/swift-eventsource.git @ 3.3.1
DevCycle: /Users/admin/builder/spi-builder-workspace
ComputePackagePrebuildTargetDependencyGraph
Prepare packages
CreateBuildRequest
SendProjectDescription
CreateBuildOperation
ComputeTargetDependencyGraph
note: Building targets in dependency order
note: Target dependency graph (5 targets)
Target 'DevCycle-product' in project 'DevCycle'
➜ Explicit dependency on target 'DevCycle' in project 'DevCycle'
➜ Explicit dependency on target 'DevCycle_DevCycle' in project 'DevCycle'
➜ Explicit dependency on target 'LDSwiftEventSource-product' in project 'LDSwiftEventSource'
Target 'DevCycle' in project 'DevCycle'
➜ Explicit dependency on target 'DevCycle_DevCycle' in project 'DevCycle'
➜ Explicit dependency on target 'LDSwiftEventSource-product' in project 'LDSwiftEventSource'
Target 'LDSwiftEventSource-product' in project 'LDSwiftEventSource'
➜ Explicit dependency on target 'LDSwiftEventSource' in project 'LDSwiftEventSource'
Target 'LDSwiftEventSource' in project 'LDSwiftEventSource' (no dependencies)
Target 'DevCycle_DevCycle' in project 'DevCycle' (no dependencies)
GatherProvisioningInputs
CreateBuildDescription
ExecuteExternalTool /Applications/Xcode-27.0.0-Release.Candidate.app/Contents/Developer/Toolchains/XcodeDefault.xctoolchain/usr/bin/swiftc --version
ExecuteExternalTool /Applications/Xcode-27.0.0-Release.Candidate.app/Contents/Developer/Toolchains/XcodeDefault.xctoolchain/usr/bin/clang -v -E -dM -isysroot /Applications/Xcode-27.0.0-Release.Candidate.app/Contents/Developer/Platforms/XROS.platform/Developer/SDKs/XROS27.0.sdk -x c -c /dev/null
ExecuteExternalTool /Applications/Xcode-27.0.0-Release.Candidate.app/Contents/Developer/Toolchains/XcodeDefault.xctoolchain/usr/bin/ld -version_details
Build description signature: 9cf2bc4a5fdb98a2342ada13bdc84bbf
Build description path: /Users/admin/builder/spi-builder-workspace/.derivedData/Build/Intermediates.noindex/XCBuildData/9cf2bc4a5fdb98a2342ada13bdc84bbf.xcbuilddata
CreateBuildDirectory /Users/admin/builder/spi-builder-workspace/.derivedData/SDKExplicitPrecompiledModules
cd /Users/admin/builder/spi-builder-workspace/.swiftpm/xcode
builtin-create-build-directory /Users/admin/builder/spi-builder-workspace/.derivedData/SDKExplicitPrecompiledModules
CreateBuildDirectory /Users/admin/builder/spi-builder-workspace/.derivedData/ModuleCache.noindex
cd /Users/admin/builder/spi-builder-workspace/.swiftpm/xcode
builtin-create-build-directory /Users/admin/builder/spi-builder-workspace/.derivedData/ModuleCache.noindex
CreateBuildDirectory /Users/admin/builder/spi-builder-workspace/.derivedData/CompilationCache.noindex
cd /Users/admin/builder/spi-builder-workspace/.swiftpm/xcode
builtin-create-build-directory /Users/admin/builder/spi-builder-workspace/.derivedData/CompilationCache.noindex
ClangStatCache /Applications/Xcode-27.0.0-Release.Candidate.app/Contents/Developer/Toolchains/XcodeDefault.xctoolchain/usr/bin/clang-stat-cache /Applications/Xcode-27.0.0-Release.Candidate.app/Contents/Developer/Platforms/XROS.platform/Developer/SDKs/XROS27.0.sdk /Users/admin/builder/spi-builder-workspace/.derivedData/SDKStatCaches.noindex/xros27.0-24M361-e829b21a6f8c9b70876ba0858053c044735bd543db762f57723cac368afd1ce4.sdkstatcache
cd /Users/admin/builder/spi-builder-workspace/.swiftpm/xcode
/Applications/Xcode-27.0.0-Release.Candidate.app/Contents/Developer/Toolchains/XcodeDefault.xctoolchain/usr/bin/clang-stat-cache /Applications/Xcode-27.0.0-Release.Candidate.app/Contents/Developer/Platforms/XROS.platform/Developer/SDKs/XROS27.0.sdk -o /Users/admin/builder/spi-builder-workspace/.derivedData/SDKStatCaches.noindex/xros27.0-24M361-e829b21a6f8c9b70876ba0858053c044735bd543db762f57723cac368afd1ce4.sdkstatcache
CreateBuildDirectory /Users/admin/builder/spi-builder-workspace/.derivedData/Build/Products
cd /Users/admin/builder/spi-builder-workspace/.swiftpm/xcode
builtin-create-build-directory /Users/admin/builder/spi-builder-workspace/.derivedData/Build/Products
CreateBuildDirectory /Users/admin/builder/spi-builder-workspace/.derivedData/Build/Intermediates.noindex
cd /Users/admin/builder/spi-builder-workspace/.swiftpm/xcode
builtin-create-build-directory /Users/admin/builder/spi-builder-workspace/.derivedData/Build/Intermediates.noindex
CreateBuildDirectory /Users/admin/builder/spi-builder-workspace/.derivedData/Build/Products/Debug-xros
cd /Users/admin/builder/spi-builder-workspace/.swiftpm/xcode
builtin-create-build-directory /Users/admin/builder/spi-builder-workspace/.derivedData/Build/Products/Debug-xros
CreateBuildDirectory /Users/admin/builder/spi-builder-workspace/.derivedData/Build/Intermediates.noindex/SwiftExplicitPrecompiledModules
cd /Users/admin/builder/spi-builder-workspace/.swiftpm/xcode
builtin-create-build-directory /Users/admin/builder/spi-builder-workspace/.derivedData/Build/Intermediates.noindex/SwiftExplicitPrecompiledModules
CreateBuildDirectory /Users/admin/builder/spi-builder-workspace/.derivedData/Build/Intermediates.noindex/PrecompiledHeaders
cd /Users/admin/builder/spi-builder-workspace/.swiftpm/xcode
builtin-create-build-directory /Users/admin/builder/spi-builder-workspace/.derivedData/Build/Intermediates.noindex/PrecompiledHeaders
CreateBuildDirectory /Users/admin/builder/spi-builder-workspace/.derivedData/Build/Intermediates.noindex/ExplicitPrecompiledModules
cd /Users/admin/builder/spi-builder-workspace/.swiftpm/xcode
builtin-create-build-directory /Users/admin/builder/spi-builder-workspace/.derivedData/Build/Intermediates.noindex/ExplicitPrecompiledModules
CreateBuildDirectory /Users/admin/builder/spi-builder-workspace/.derivedData/Build/Intermediates.noindex/EagerLinkingTBDs/Debug-xros
cd /Users/admin/builder/spi-builder-workspace/.swiftpm/xcode
builtin-create-build-directory /Users/admin/builder/spi-builder-workspace/.derivedData/Build/Intermediates.noindex/EagerLinkingTBDs/Debug-xros
CreateBuildDirectory /Users/admin/builder/spi-builder-workspace/.derivedData/Build/Products/Debug-xros/PackageFrameworks
cd /Users/admin/builder/spi-builder-workspace/.swiftpm/xcode
builtin-create-build-directory /Users/admin/builder/spi-builder-workspace/.derivedData/Build/Products/Debug-xros/PackageFrameworks
WriteAuxiliaryFile /Users/admin/builder/spi-builder-workspace/.derivedData/Build/Intermediates.noindex/LDSwiftEventSource.build/Debug-xros/LDSwiftEventSource-t.build/LDSwiftEventSource.modulemap (in target 'LDSwiftEventSource' from project 'LDSwiftEventSource')
cd /Users/admin/builder/spi-builder-workspace/.dependencies/checkouts/swift-eventsource
write-file /Users/admin/builder/spi-builder-workspace/.derivedData/Build/Intermediates.noindex/LDSwiftEventSource.build/Debug-xros/LDSwiftEventSource-t.build/LDSwiftEventSource.modulemap
WriteAuxiliaryFile /Users/admin/builder/spi-builder-workspace/.derivedData/Build/Intermediates.noindex/LDSwiftEventSource.build/Debug-xros/LDSwiftEventSource-t.build/LDSwiftEventSource.DependencyStaticMetadataFileList (in target 'LDSwiftEventSource' from project 'LDSwiftEventSource')
cd /Users/admin/builder/spi-builder-workspace/.dependencies/checkouts/swift-eventsource
write-file /Users/admin/builder/spi-builder-workspace/.derivedData/Build/Intermediates.noindex/LDSwiftEventSource.build/Debug-xros/LDSwiftEventSource-t.build/LDSwiftEventSource.DependencyStaticMetadataFileList
WriteAuxiliaryFile /Users/admin/builder/spi-builder-workspace/.derivedData/Build/Intermediates.noindex/LDSwiftEventSource.build/Debug-xros/LDSwiftEventSource-t.build/LDSwiftEventSource.DependencyMetadataFileList (in target 'LDSwiftEventSource' from project 'LDSwiftEventSource')
cd /Users/admin/builder/spi-builder-workspace/.dependencies/checkouts/swift-eventsource
write-file /Users/admin/builder/spi-builder-workspace/.derivedData/Build/Intermediates.noindex/LDSwiftEventSource.build/Debug-xros/LDSwiftEventSource-t.build/LDSwiftEventSource.DependencyMetadataFileList
WriteAuxiliaryFile /Users/admin/builder/spi-builder-workspace/.derivedData/Build/Intermediates.noindex/LDSwiftEventSource.build/Debug-xros/LDSwiftEventSource-t.build/Objects-normal/arm64/LDSwiftEventSource.SwiftFileList (in target 'LDSwiftEventSource' from project 'LDSwiftEventSource')
cd /Users/admin/builder/spi-builder-workspace/.dependencies/checkouts/swift-eventsource
write-file /Users/admin/builder/spi-builder-workspace/.derivedData/Build/Intermediates.noindex/LDSwiftEventSource.build/Debug-xros/LDSwiftEventSource-t.build/Objects-normal/arm64/LDSwiftEventSource.SwiftFileList
WriteAuxiliaryFile /Users/admin/builder/spi-builder-workspace/.derivedData/Build/Intermediates.noindex/LDSwiftEventSource.build/Debug-xros/LDSwiftEventSource-t.build/Objects-normal/arm64/LDSwiftEventSource.LinkFileList (in target 'LDSwiftEventSource' from project 'LDSwiftEventSource')
cd /Users/admin/builder/spi-builder-workspace/.dependencies/checkouts/swift-eventsource
write-file /Users/admin/builder/spi-builder-workspace/.derivedData/Build/Intermediates.noindex/LDSwiftEventSource.build/Debug-xros/LDSwiftEventSource-t.build/Objects-normal/arm64/LDSwiftEventSource.LinkFileList
WriteAuxiliaryFile /Users/admin/builder/spi-builder-workspace/.derivedData/Build/Intermediates.noindex/LDSwiftEventSource.build/Debug-xros/LDSwiftEventSource-t.build/Objects-normal/arm64/LDSwiftEventSource_const_extract_protocols.json (in target 'LDSwiftEventSource' from project 'LDSwiftEventSource')
cd /Users/admin/builder/spi-builder-workspace/.dependencies/checkouts/swift-eventsource
write-file /Users/admin/builder/spi-builder-workspace/.derivedData/Build/Intermediates.noindex/LDSwiftEventSource.build/Debug-xros/LDSwiftEventSource-t.build/Objects-normal/arm64/LDSwiftEventSource_const_extract_protocols.json
WriteAuxiliaryFile /Users/admin/builder/spi-builder-workspace/.derivedData/Build/Intermediates.noindex/LDSwiftEventSource.build/Debug-xros/LDSwiftEventSource-t.build/Objects-normal/arm64/LDSwiftEventSource.SwiftConstValuesFileList (in target 'LDSwiftEventSource' from project 'LDSwiftEventSource')
cd /Users/admin/builder/spi-builder-workspace/.dependencies/checkouts/swift-eventsource
write-file /Users/admin/builder/spi-builder-workspace/.derivedData/Build/Intermediates.noindex/LDSwiftEventSource.build/Debug-xros/LDSwiftEventSource-t.build/Objects-normal/arm64/LDSwiftEventSource.SwiftConstValuesFileList
WriteAuxiliaryFile /Users/admin/builder/spi-builder-workspace/.derivedData/Build/Intermediates.noindex/LDSwiftEventSource.build/Debug-xros/LDSwiftEventSource-t.build/Objects-normal/arm64/LDSwiftEventSource-OutputFileMap.json (in target 'LDSwiftEventSource' from project 'LDSwiftEventSource')
cd /Users/admin/builder/spi-builder-workspace/.dependencies/checkouts/swift-eventsource
write-file /Users/admin/builder/spi-builder-workspace/.derivedData/Build/Intermediates.noindex/LDSwiftEventSource.build/Debug-xros/LDSwiftEventSource-t.build/Objects-normal/arm64/LDSwiftEventSource-OutputFileMap.json
WriteAuxiliaryFile /Users/admin/builder/spi-builder-workspace/.derivedData/Build/Intermediates.noindex/DevCycle.build/Debug-xros/DevCycle_DevCycle-b.build/empty-DevCycle_DevCycle.plist (in target 'DevCycle_DevCycle' from project 'DevCycle')
cd /Users/admin/builder/spi-builder-workspace
write-file /Users/admin/builder/spi-builder-workspace/.derivedData/Build/Intermediates.noindex/DevCycle.build/Debug-xros/DevCycle_DevCycle-b.build/empty-DevCycle_DevCycle.plist
WriteAuxiliaryFile /Users/admin/builder/spi-builder-workspace/.derivedData/Build/Intermediates.noindex/DevCycle.build/Debug-xros/DevCycle_DevCycle-b.build/DevCycle_DevCycle.DependencyStaticMetadataFileList (in target 'DevCycle_DevCycle' from project 'DevCycle')
cd /Users/admin/builder/spi-builder-workspace
write-file /Users/admin/builder/spi-builder-workspace/.derivedData/Build/Intermediates.noindex/DevCycle.build/Debug-xros/DevCycle_DevCycle-b.build/DevCycle_DevCycle.DependencyStaticMetadataFileList
WriteAuxiliaryFile /Users/admin/builder/spi-builder-workspace/.derivedData/Build/Intermediates.noindex/DevCycle.build/Debug-xros/DevCycle_DevCycle-b.build/DevCycle_DevCycle.DependencyMetadataFileList (in target 'DevCycle_DevCycle' from project 'DevCycle')
cd /Users/admin/builder/spi-builder-workspace
write-file /Users/admin/builder/spi-builder-workspace/.derivedData/Build/Intermediates.noindex/DevCycle.build/Debug-xros/DevCycle_DevCycle-b.build/DevCycle_DevCycle.DependencyMetadataFileList
Copy /Users/admin/builder/spi-builder-workspace/.derivedData/Build/Intermediates.noindex/GeneratedModuleMaps-xros/LDSwiftEventSource.modulemap /Users/admin/builder/spi-builder-workspace/.derivedData/Build/Intermediates.noindex/LDSwiftEventSource.build/Debug-xros/LDSwiftEventSource-t.build/LDSwiftEventSource.modulemap (in target 'LDSwiftEventSource' from project 'LDSwiftEventSource')
cd /Users/admin/builder/spi-builder-workspace/.dependencies/checkouts/swift-eventsource
builtin-copy -exclude .DS_Store -exclude CVS -exclude .svn -exclude .git -exclude .hg -resolve-src-symlinks /Users/admin/builder/spi-builder-workspace/.derivedData/Build/Intermediates.noindex/LDSwiftEventSource.build/Debug-xros/LDSwiftEventSource-t.build/LDSwiftEventSource.modulemap /Users/admin/builder/spi-builder-workspace/.derivedData/Build/Intermediates.noindex/GeneratedModuleMaps-xros
WriteAuxiliaryFile /Users/admin/builder/spi-builder-workspace/.derivedData/Build/Intermediates.noindex/DevCycle.build/Debug-xros/DevCycle-t.build/Objects-normal/arm64/DevCycle_const_extract_protocols.json (in target 'DevCycle' from project 'DevCycle')
cd /Users/admin/builder/spi-builder-workspace
write-file /Users/admin/builder/spi-builder-workspace/.derivedData/Build/Intermediates.noindex/DevCycle.build/Debug-xros/DevCycle-t.build/Objects-normal/arm64/DevCycle_const_extract_protocols.json
WriteAuxiliaryFile /Users/admin/builder/spi-builder-workspace/.derivedData/Build/Intermediates.noindex/DevCycle.build/Debug-xros/DevCycle-t.build/Objects-normal/arm64/DevCycle.SwiftFileList (in target 'DevCycle' from project 'DevCycle')
cd /Users/admin/builder/spi-builder-workspace
write-file /Users/admin/builder/spi-builder-workspace/.derivedData/Build/Intermediates.noindex/DevCycle.build/Debug-xros/DevCycle-t.build/Objects-normal/arm64/DevCycle.SwiftFileList
WriteAuxiliaryFile /Users/admin/builder/spi-builder-workspace/.derivedData/Build/Intermediates.noindex/DevCycle.build/Debug-xros/DevCycle-t.build/Objects-normal/arm64/DevCycle.SwiftConstValuesFileList (in target 'DevCycle' from project 'DevCycle')
cd /Users/admin/builder/spi-builder-workspace
write-file /Users/admin/builder/spi-builder-workspace/.derivedData/Build/Intermediates.noindex/DevCycle.build/Debug-xros/DevCycle-t.build/Objects-normal/arm64/DevCycle.SwiftConstValuesFileList
WriteAuxiliaryFile /Users/admin/builder/spi-builder-workspace/.derivedData/Build/Intermediates.noindex/DevCycle.build/Debug-xros/DevCycle-t.build/Objects-normal/arm64/DevCycle.LinkFileList (in target 'DevCycle' from project 'DevCycle')
cd /Users/admin/builder/spi-builder-workspace
write-file /Users/admin/builder/spi-builder-workspace/.derivedData/Build/Intermediates.noindex/DevCycle.build/Debug-xros/DevCycle-t.build/Objects-normal/arm64/DevCycle.LinkFileList
WriteAuxiliaryFile /Users/admin/builder/spi-builder-workspace/.derivedData/Build/Intermediates.noindex/DevCycle.build/Debug-xros/DevCycle-t.build/Objects-normal/arm64/DevCycle-OutputFileMap.json (in target 'DevCycle' from project 'DevCycle')
cd /Users/admin/builder/spi-builder-workspace
write-file /Users/admin/builder/spi-builder-workspace/.derivedData/Build/Intermediates.noindex/DevCycle.build/Debug-xros/DevCycle-t.build/Objects-normal/arm64/DevCycle-OutputFileMap.json
WriteAuxiliaryFile /Users/admin/builder/spi-builder-workspace/.derivedData/Build/Intermediates.noindex/DevCycle.build/Debug-xros/DevCycle-t.build/DevCycle.modulemap (in target 'DevCycle' from project 'DevCycle')
cd /Users/admin/builder/spi-builder-workspace
write-file /Users/admin/builder/spi-builder-workspace/.derivedData/Build/Intermediates.noindex/DevCycle.build/Debug-xros/DevCycle-t.build/DevCycle.modulemap
WriteAuxiliaryFile /Users/admin/builder/spi-builder-workspace/.derivedData/Build/Intermediates.noindex/DevCycle.build/Debug-xros/DevCycle-t.build/DevCycle.DependencyStaticMetadataFileList (in target 'DevCycle' from project 'DevCycle')
cd /Users/admin/builder/spi-builder-workspace
write-file /Users/admin/builder/spi-builder-workspace/.derivedData/Build/Intermediates.noindex/DevCycle.build/Debug-xros/DevCycle-t.build/DevCycle.DependencyStaticMetadataFileList
WriteAuxiliaryFile /Users/admin/builder/spi-builder-workspace/.derivedData/Build/Intermediates.noindex/DevCycle.build/Debug-xros/DevCycle-t.build/DevCycle.DependencyMetadataFileList (in target 'DevCycle' from project 'DevCycle')
cd /Users/admin/builder/spi-builder-workspace
write-file /Users/admin/builder/spi-builder-workspace/.derivedData/Build/Intermediates.noindex/DevCycle.build/Debug-xros/DevCycle-t.build/DevCycle.DependencyMetadataFileList
MkDir /Users/admin/builder/spi-builder-workspace/.derivedData/Build/Products/Debug-xros/DevCycle_DevCycle.bundle (in target 'DevCycle_DevCycle' from project 'DevCycle')
cd /Users/admin/builder/spi-builder-workspace
/bin/mkdir -p /Users/admin/builder/spi-builder-workspace/.derivedData/Build/Products/Debug-xros/DevCycle_DevCycle.bundle
WriteAuxiliaryFile /Users/admin/builder/spi-builder-workspace/.derivedData/Build/Intermediates.noindex/DevCycle.build/Debug-xros/DevCycle-t.build/DerivedSources/resource_bundle_accessor.swift (in target 'DevCycle' from project 'DevCycle')
cd /Users/admin/builder/spi-builder-workspace
write-file /Users/admin/builder/spi-builder-workspace/.derivedData/Build/Intermediates.noindex/DevCycle.build/Debug-xros/DevCycle-t.build/DerivedSources/resource_bundle_accessor.swift
Copy /Users/admin/builder/spi-builder-workspace/.derivedData/Build/Intermediates.noindex/GeneratedModuleMaps-xros/DevCycle.modulemap /Users/admin/builder/spi-builder-workspace/.derivedData/Build/Intermediates.noindex/DevCycle.build/Debug-xros/DevCycle-t.build/DevCycle.modulemap (in target 'DevCycle' from project 'DevCycle')
cd /Users/admin/builder/spi-builder-workspace
builtin-copy -exclude .DS_Store -exclude CVS -exclude .svn -exclude .git -exclude .hg -resolve-src-symlinks /Users/admin/builder/spi-builder-workspace/.derivedData/Build/Intermediates.noindex/DevCycle.build/Debug-xros/DevCycle-t.build/DevCycle.modulemap /Users/admin/builder/spi-builder-workspace/.derivedData/Build/Intermediates.noindex/GeneratedModuleMaps-xros
CpResource /Users/admin/builder/spi-builder-workspace/.derivedData/Build/Products/Debug-xros/DevCycle_DevCycle.bundle/PrivacyInfo.xcprivacy /Users/admin/builder/spi-builder-workspace/DevCycle/PrivacyInfo.xcprivacy (in target 'DevCycle_DevCycle' from project 'DevCycle')
cd /Users/admin/builder/spi-builder-workspace
builtin-copy -exclude .DS_Store -exclude CVS -exclude .svn -exclude .git -exclude .hg -resolve-src-symlinks /Users/admin/builder/spi-builder-workspace/DevCycle/PrivacyInfo.xcprivacy /Users/admin/builder/spi-builder-workspace/.derivedData/Build/Products/Debug-xros/DevCycle_DevCycle.bundle
ProcessInfoPlistFile /Users/admin/builder/spi-builder-workspace/.derivedData/Build/Products/Debug-xros/DevCycle_DevCycle.bundle/Info.plist /Users/admin/builder/spi-builder-workspace/.derivedData/Build/Intermediates.noindex/DevCycle.build/Debug-xros/DevCycle_DevCycle-b.build/empty-DevCycle_DevCycle.plist (in target 'DevCycle_DevCycle' from project 'DevCycle')
cd /Users/admin/builder/spi-builder-workspace
builtin-infoPlistUtility /Users/admin/builder/spi-builder-workspace/.derivedData/Build/Intermediates.noindex/DevCycle.build/Debug-xros/DevCycle_DevCycle-b.build/empty-DevCycle_DevCycle.plist -producttype com.apple.product-type.bundle -expandbuildsettings -format binary -platform xros -o /Users/admin/builder/spi-builder-workspace/.derivedData/Build/Products/Debug-xros/DevCycle_DevCycle.bundle/Info.plist
RegisterExecutionPolicyException /Users/admin/builder/spi-builder-workspace/.derivedData/Build/Products/Debug-xros/DevCycle_DevCycle.bundle (in target 'DevCycle_DevCycle' from project 'DevCycle')
cd /Users/admin/builder/spi-builder-workspace
builtin-RegisterExecutionPolicyException /Users/admin/builder/spi-builder-workspace/.derivedData/Build/Products/Debug-xros/DevCycle_DevCycle.bundle
Touch /Users/admin/builder/spi-builder-workspace/.derivedData/Build/Products/Debug-xros/DevCycle_DevCycle.bundle (in target 'DevCycle_DevCycle' from project 'DevCycle')
cd /Users/admin/builder/spi-builder-workspace
/usr/bin/touch -c /Users/admin/builder/spi-builder-workspace/.derivedData/Build/Products/Debug-xros/DevCycle_DevCycle.bundle
SwiftDriver LDSwiftEventSource normal arm64 com.apple.xcode.tools.swift.compiler (in target 'LDSwiftEventSource' from project 'LDSwiftEventSource')
cd /Users/admin/builder/spi-builder-workspace/.swiftpm/xcode
builtin-SwiftDriver -- /Applications/Xcode-27.0.0-Release.Candidate.app/Contents/Developer/Toolchains/XcodeDefault.xctoolchain/usr/bin/swiftc -parse-as-library -module-name LDSwiftEventSource -Onone @/Users/admin/builder/spi-builder-workspace/.derivedData/Build/Intermediates.noindex/LDSwiftEventSource.build/Debug-xros/LDSwiftEventSource-t.build/Objects-normal/arm64/LDSwiftEventSource.SwiftFileList -DSWIFT_PACKAGE -DDEBUG -DSWIFT_MODULE_RESOURCE_BUNDLE_UNAVAILABLE -DXcode -plugin-path /Applications/Xcode-27.0.0-Release.Candidate.app/Contents/Developer/Toolchains/XcodeDefault.xctoolchain/usr/lib/swift/host/plugins/testing -enable-experimental-feature DebugDescriptionMacro -sdk /Applications/Xcode-27.0.0-Release.Candidate.app/Contents/Developer/Platforms/XROS.platform/Developer/SDKs/XROS27.0.sdk -target arm64-apple-xros1.0 -g -module-cache-path /Users/admin/builder/spi-builder-workspace/.derivedData/ModuleCache.noindex -Xfrontend -serialize-debugging-options -profile-coverage-mapping -profile-generate -enable-testing -suppress-warnings -index-store-path /Users/admin/builder/spi-builder-workspace/.derivedData/Index.noindex/DataStore -Xcc -D_LIBCPP_HARDENING_MODE\=_LIBCPP_HARDENING_MODE_DEBUG -swift-version 5 -I /Users/admin/builder/spi-builder-workspace/.derivedData/Build/Products/Debug-xros -Isystem /Applications/Xcode-27.0.0-Release.Candidate.app/Contents/Developer/Platforms/XROS.platform/Developer/usr/lib -F /Users/admin/builder/spi-builder-workspace/.derivedData/Build/Products/Debug-xros -F /Applications/Xcode-27.0.0-Release.Candidate.app/Contents/Developer/Platforms/XROS.platform/Developer/Library/Frameworks -F /Applications/Xcode-27.0.0-Release.Candidate.app/Contents/Developer/Platforms/XROS.platform/Developer/SDKs/XROS27.0.sdk/Developer/Library/Frameworks -c -j10 -enable-batch-mode -incremental -Xcc -ivfsstatcache -Xcc /Users/admin/builder/spi-builder-workspace/.derivedData/SDKStatCaches.noindex/xros27.0-24M361-e829b21a6f8c9b70876ba0858053c044735bd543db762f57723cac368afd1ce4.sdkstatcache -output-file-map /Users/admin/builder/spi-builder-workspace/.derivedData/Build/Intermediates.noindex/LDSwiftEventSource.build/Debug-xros/LDSwiftEventSource-t.build/Objects-normal/arm64/LDSwiftEventSource-OutputFileMap.json -save-temps -no-color-diagnostics -explicit-module-build -module-cache-path /Users/admin/builder/spi-builder-workspace/.derivedData/Build/Intermediates.noindex/SwiftExplicitPrecompiledModules -clang-scanner-module-cache-path /Users/admin/builder/spi-builder-workspace/.derivedData/ModuleCache.noindex -sdk-module-cache-path /Users/admin/builder/spi-builder-workspace/.derivedData/SDKExplicitPrecompiledModules -emit-dependencies -emit-module -emit-module-path /Users/admin/builder/spi-builder-workspace/.derivedData/Build/Intermediates.noindex/LDSwiftEventSource.build/Debug-xros/LDSwiftEventSource-t.build/Objects-normal/arm64/LDSwiftEventSource.swiftmodule -serialize-diagnostics -dependency-scan-serialize-diagnostics-path /Users/admin/builder/spi-builder-workspace/.derivedData/Build/Intermediates.noindex/LDSwiftEventSource.build/Debug-xros/LDSwiftEventSource-t.build/Objects-normal/arm64/LDSwiftEventSource-dependency-scan.dia -validate-clang-modules-once -clang-build-session-file /Users/admin/builder/spi-builder-workspace/.derivedData/ModuleCache.noindex/Session.modulevalidation -Xcc -fmodules-prune-interval\=86400 -Xcc -fmodules-prune-after\=345600 -emit-const-values -const-gather-protocols-list /Users/admin/builder/spi-builder-workspace/.derivedData/Build/Intermediates.noindex/LDSwiftEventSource.build/Debug-xros/LDSwiftEventSource-t.build/Objects-normal/arm64/LDSwiftEventSource_const_extract_protocols.json -Xcc -I/Users/admin/builder/spi-builder-workspace/.derivedData/Build/Products/Debug-xros/include -Xcc -I/Users/admin/builder/spi-builder-workspace/.derivedData/Build/Intermediates.noindex/LDSwiftEventSource.build/Debug-xros/LDSwiftEventSource-t.build/DerivedSources-normal/arm64 -Xcc -I/Users/admin/builder/spi-builder-workspace/.derivedData/Build/Intermediates.noindex/LDSwiftEventSource.build/Debug-xros/LDSwiftEventSource-t.build/DerivedSources/arm64 -Xcc -I/Users/admin/builder/spi-builder-workspace/.derivedData/Build/Intermediates.noindex/LDSwiftEventSource.build/Debug-xros/LDSwiftEventSource-t.build/DerivedSources -Xcc -DSWIFT_PACKAGE -Xcc -DDEBUG\=1 -emit-objc-header -emit-objc-header-path /Users/admin/builder/spi-builder-workspace/.derivedData/Build/Intermediates.noindex/LDSwiftEventSource.build/Debug-xros/LDSwiftEventSource-t.build/Objects-normal/arm64/LDSwiftEventSource-Swift.h -working-directory /Users/admin/builder/spi-builder-workspace/.swiftpm/xcode -experimental-emit-module-separately -disable-cmo
SwiftExplicitDependencyGeneratePcm arm64 /Users/admin/builder/spi-builder-workspace/.derivedData/SDKExplicitPrecompiledModules/ptrauth-1WBA714DZSVUL5JQDJ08CLKZ.pcm
SwiftExplicitDependencyGeneratePcm arm64 /Users/admin/builder/spi-builder-workspace/.derivedData/SDKExplicitPrecompiledModules/ptrcheck-BXA97MNLI4BB0HF5I8MJE403D.pcm
SwiftExplicitDependencyGeneratePcm arm64 /Users/admin/builder/spi-builder-workspace/.derivedData/SDKExplicitPrecompiledModules/_Builtin_stdbool-5BU2ADS7JXQMYENKQHW9X8XOU.pcm
SwiftExplicitDependencyGeneratePcm arm64 /Users/admin/builder/spi-builder-workspace/.derivedData/SDKExplicitPrecompiledModules/_Builtin_stddef-5NQ9Z1GV07GBSRQGAQCGXGVRI.pcm
SwiftExplicitDependencyGeneratePcm arm64 /Users/admin/builder/spi-builder-workspace/.derivedData/SDKExplicitPrecompiledModules/_AvailabilityInternal-1Q8IQP6M38UWSGZ95UCEY2M44.pcm
SwiftExplicitDependencyGeneratePcm arm64 /Users/admin/builder/spi-builder-workspace/.derivedData/SDKExplicitPrecompiledModules/_Builtin_stdarg-CDA349K2K4US766844K8E0PVA.pcm
SwiftExplicitDependencyGeneratePcm arm64 /Users/admin/builder/spi-builder-workspace/.derivedData/SDKExplicitPrecompiledModules/SwiftShims-CI4H5RO9IYFFWQ2COB512Q2S9.pcm
SwiftExplicitDependencyGeneratePcm arm64 /Users/admin/builder/spi-builder-workspace/.derivedData/SDKExplicitPrecompiledModules/_SwiftConcurrencyShims-C8XHKSHX96D5YYALNM4W70Z0O.pcm
SwiftExplicitDependencyGeneratePcm arm64 /Users/admin/builder/spi-builder-workspace/.derivedData/SDKExplicitPrecompiledModules/_Builtin_float-6WKHNW5S40U2QGHXXGETUDIRA.pcm
SwiftExplicitDependencyGeneratePcm arm64 /Users/admin/builder/spi-builder-workspace/.derivedData/SDKExplicitPrecompiledModules/_DarwinFoundation1-5RGRVV2TZ6WC4WZW5IXF8NQ04.pcm
SwiftExplicitDependencyGeneratePcm arm64 /Users/admin/builder/spi-builder-workspace/.derivedData/SDKExplicitPrecompiledModules/_Builtin_limits-425JDMN5HPM3D0UEI8LEHP6NM.pcm
SwiftExplicitDependencyGeneratePcm arm64 /Users/admin/builder/spi-builder-workspace/.derivedData/SDKExplicitPrecompiledModules/_DarwinFoundation2-ENTECK156YEWITZRRBTOCE4KR.pcm
SwiftExplicitDependencyGeneratePcm arm64 /Users/admin/builder/spi-builder-workspace/.derivedData/SDKExplicitPrecompiledModules/sys_types-AYM0BHR77VKMWZCO2T0XGV2HF.pcm
SwiftExplicitDependencyGeneratePcm arm64 /Users/admin/builder/spi-builder-workspace/.derivedData/SDKExplicitPrecompiledModules/_Builtin_stdint-8OR6T47OOYJA90ZBO3N1USDE.pcm
SwiftExplicitDependencyGeneratePcm arm64 /Users/admin/builder/spi-builder-workspace/.derivedData/SDKExplicitPrecompiledModules/string_h-2GT67HHHHK5CF1V1S31LH0PU2.pcm
SwiftExplicitDependencyGeneratePcm arm64 /Users/admin/builder/spi-builder-workspace/.derivedData/SDKExplicitPrecompiledModules/_DarwinFoundation3-9ZHN6JKBS40BBA81RQMV8H0IC.pcm
SwiftExplicitDependencyGeneratePcm arm64 /Users/admin/builder/spi-builder-workspace/.derivedData/SDKExplicitPrecompiledModules/_Builtin_stdatomic-1VUZPM79PNCAHXVBERD53WRSF.pcm
SwiftExplicitDependencyGeneratePcm arm64 /Users/admin/builder/spi-builder-workspace/.derivedData/SDKExplicitPrecompiledModules/_Builtin_inttypes-11B64KJD36B3YOHBR1BBXBJY8.pcm
SwiftExplicitDependencyGeneratePcm arm64 /Users/admin/builder/spi-builder-workspace/.derivedData/SDKExplicitPrecompiledModules/Darwin-60P5LVNQO3ESRRM5DCJ05PFNK.pcm
SwiftExplicitDependencyGeneratePcm arm64 /Users/admin/builder/spi-builder-workspace/.derivedData/SDKExplicitPrecompiledModules/ObjectiveC-26TIBFYCEJZVP216ZZAU1X8KN.pcm
SwiftExplicitDependencyGeneratePcm arm64 /Users/admin/builder/spi-builder-workspace/.derivedData/SDKExplicitPrecompiledModules/MachO-3XTHY7HWV6RF3KXKYQVHUBUXK.pcm
SwiftExplicitDependencyGeneratePcm arm64 /Users/admin/builder/spi-builder-workspace/.derivedData/SDKExplicitPrecompiledModules/os_object-692CJ8BG6RE5H04487EJJOVXW.pcm
SwiftExplicitDependencyGeneratePcm arm64 /Users/admin/builder/spi-builder-workspace/.derivedData/SDKExplicitPrecompiledModules/os_workgroup-4U1VXMWIZD80E7PRUQF2G7P9X.pcm
SwiftExplicitDependencyGeneratePcm arm64 /Users/admin/builder/spi-builder-workspace/.derivedData/SDKExplicitPrecompiledModules/Dispatch-CLT3466HKC22GCKAWSCNG0H7T.pcm
SwiftExplicitDependencyGeneratePcm arm64 /Users/admin/builder/spi-builder-workspace/.derivedData/SDKExplicitPrecompiledModules/XPC-EP5EU7FNGP4VOA3EDM18P1KHO.pcm
SwiftExplicitDependencyGeneratePcm arm64 /Users/admin/builder/spi-builder-workspace/.derivedData/SDKExplicitPrecompiledModules/CoreFoundation-AVLTZVCXBU2TO75JCN4AGU8XJ.pcm
SwiftExplicitDependencyGeneratePcm arm64 /Users/admin/builder/spi-builder-workspace/.derivedData/SDKExplicitPrecompiledModules/os-1004XEJ3IXOOAU0KL58SM3D0K.pcm
SwiftExplicitDependencyGeneratePcm arm64 /Users/admin/builder/spi-builder-workspace/.derivedData/SDKExplicitPrecompiledModules/Security-8TH2M8WJIQMET4SADWX0N8372.pcm
SwiftExplicitDependencyGeneratePcm arm64 /Users/admin/builder/spi-builder-workspace/.derivedData/SDKExplicitPrecompiledModules/CFNetwork-5MI70N1VLDQSWTX4COWLMSIRO.pcm
SwiftExplicitDependencyGeneratePcm arm64 /Users/admin/builder/spi-builder-workspace/.derivedData/SDKExplicitPrecompiledModules/Foundation-8GON1KVEKRN3NOQI8RETBRWJP.pcm
SwiftEmitModule normal arm64 Emitting\ module\ for\ LDSwiftEventSource (in target 'LDSwiftEventSource' from project 'LDSwiftEventSource')
SwiftCompile normal arm64 (in target 'LDSwiftEventSource' from project 'LDSwiftEventSource')
cd /Users/admin/builder/spi-builder-workspace/.swiftpm/xcode
SwiftCompile normal arm64 Compiling\ UTF8LineParser.swift /Users/admin/builder/spi-builder-workspace/.dependencies/checkouts/swift-eventsource/Source/UTF8LineParser.swift (in target 'LDSwiftEventSource' from project 'LDSwiftEventSource')
SwiftCompile normal arm64 /Users/admin/builder/spi-builder-workspace/.dependencies/checkouts/swift-eventsource/Source/UTF8LineParser.swift (in target 'LDSwiftEventSource' from project 'LDSwiftEventSource')
cd /Users/admin/builder/spi-builder-workspace/.swiftpm/xcode
builtin-SwiftPerFileCompile UTF8LineParser.swift
SwiftCompile normal arm64 Compiling\ EventParser.swift /Users/admin/builder/spi-builder-workspace/.dependencies/checkouts/swift-eventsource/Source/EventParser.swift (in target 'LDSwiftEventSource' from project 'LDSwiftEventSource')
SwiftCompile normal arm64 /Users/admin/builder/spi-builder-workspace/.dependencies/checkouts/swift-eventsource/Source/EventParser.swift (in target 'LDSwiftEventSource' from project 'LDSwiftEventSource')
cd /Users/admin/builder/spi-builder-workspace/.swiftpm/xcode
builtin-SwiftPerFileCompile EventParser.swift
SwiftCompile normal arm64 Compiling\ LDSwiftEventSource.swift /Users/admin/builder/spi-builder-workspace/.dependencies/checkouts/swift-eventsource/Source/LDSwiftEventSource.swift (in target 'LDSwiftEventSource' from project 'LDSwiftEventSource')
SwiftCompile normal arm64 /Users/admin/builder/spi-builder-workspace/.dependencies/checkouts/swift-eventsource/Source/LDSwiftEventSource.swift (in target 'LDSwiftEventSource' from project 'LDSwiftEventSource')
cd /Users/admin/builder/spi-builder-workspace/.swiftpm/xcode
builtin-SwiftPerFileCompile LDSwiftEventSource.swift
SwiftCompile normal arm64 Compiling\ Logs.swift /Users/admin/builder/spi-builder-workspace/.dependencies/checkouts/swift-eventsource/Source/Logs.swift (in target 'LDSwiftEventSource' from project 'LDSwiftEventSource')
SwiftCompile normal arm64 /Users/admin/builder/spi-builder-workspace/.dependencies/checkouts/swift-eventsource/Source/Logs.swift (in target 'LDSwiftEventSource' from project 'LDSwiftEventSource')
cd /Users/admin/builder/spi-builder-workspace/.swiftpm/xcode
builtin-SwiftPerFileCompile Logs.swift
SwiftCompile normal arm64 Compiling\ Types.swift /Users/admin/builder/spi-builder-workspace/.dependencies/checkouts/swift-eventsource/Source/Types.swift (in target 'LDSwiftEventSource' from project 'LDSwiftEventSource')
SwiftCompile normal arm64 /Users/admin/builder/spi-builder-workspace/.dependencies/checkouts/swift-eventsource/Source/Types.swift (in target 'LDSwiftEventSource' from project 'LDSwiftEventSource')
cd /Users/admin/builder/spi-builder-workspace/.swiftpm/xcode
builtin-SwiftPerFileCompile Types.swift
SwiftDriverJobDiscovery normal arm64 Emitting module for LDSwiftEventSource (in target 'LDSwiftEventSource' from project 'LDSwiftEventSource')
SwiftDriver\ Compilation\ Requirements LDSwiftEventSource normal arm64 com.apple.xcode.tools.swift.compiler (in target 'LDSwiftEventSource' from project 'LDSwiftEventSource')
cd /Users/admin/builder/spi-builder-workspace/.swiftpm/xcode
builtin-Swift-Compilation-Requirements -- /Applications/Xcode-27.0.0-Release.Candidate.app/Contents/Developer/Toolchains/XcodeDefault.xctoolchain/usr/bin/swiftc -parse-as-library -module-name LDSwiftEventSource -Onone @/Users/admin/builder/spi-builder-workspace/.derivedData/Build/Intermediates.noindex/LDSwiftEventSource.build/Debug-xros/LDSwiftEventSource-t.build/Objects-normal/arm64/LDSwiftEventSource.SwiftFileList -DSWIFT_PACKAGE -DDEBUG -DSWIFT_MODULE_RESOURCE_BUNDLE_UNAVAILABLE -DXcode -plugin-path /Applications/Xcode-27.0.0-Release.Candidate.app/Contents/Developer/Toolchains/XcodeDefault.xctoolchain/usr/lib/swift/host/plugins/testing -enable-experimental-feature DebugDescriptionMacro -sdk /Applications/Xcode-27.0.0-Release.Candidate.app/Contents/Developer/Platforms/XROS.platform/Developer/SDKs/XROS27.0.sdk -target arm64-apple-xros1.0 -g -module-cache-path /Users/admin/builder/spi-builder-workspace/.derivedData/ModuleCache.noindex -Xfrontend -serialize-debugging-options -profile-coverage-mapping -profile-generate -enable-testing -suppress-warnings -index-store-path /Users/admin/builder/spi-builder-workspace/.derivedData/Index.noindex/DataStore -Xcc -D_LIBCPP_HARDENING_MODE\=_LIBCPP_HARDENING_MODE_DEBUG -swift-version 5 -I /Users/admin/builder/spi-builder-workspace/.derivedData/Build/Products/Debug-xros -Isystem /Applications/Xcode-27.0.0-Release.Candidate.app/Contents/Developer/Platforms/XROS.platform/Developer/usr/lib -F /Users/admin/builder/spi-builder-workspace/.derivedData/Build/Products/Debug-xros -F /Applications/Xcode-27.0.0-Release.Candidate.app/Contents/Developer/Platforms/XROS.platform/Developer/Library/Frameworks -F /Applications/Xcode-27.0.0-Release.Candidate.app/Contents/Developer/Platforms/XROS.platform/Developer/SDKs/XROS27.0.sdk/Developer/Library/Frameworks -c -j10 -enable-batch-mode -incremental -Xcc -ivfsstatcache -Xcc /Users/admin/builder/spi-builder-workspace/.derivedData/SDKStatCaches.noindex/xros27.0-24M361-e829b21a6f8c9b70876ba0858053c044735bd543db762f57723cac368afd1ce4.sdkstatcache -output-file-map /Users/admin/builder/spi-builder-workspace/.derivedData/Build/Intermediates.noindex/LDSwiftEventSource.build/Debug-xros/LDSwiftEventSource-t.build/Objects-normal/arm64/LDSwiftEventSource-OutputFileMap.json -save-temps -no-color-diagnostics -explicit-module-build -module-cache-path /Users/admin/builder/spi-builder-workspace/.derivedData/Build/Intermediates.noindex/SwiftExplicitPrecompiledModules -clang-scanner-module-cache-path /Users/admin/builder/spi-builder-workspace/.derivedData/ModuleCache.noindex -sdk-module-cache-path /Users/admin/builder/spi-builder-workspace/.derivedData/SDKExplicitPrecompiledModules -emit-dependencies -emit-module -emit-module-path /Users/admin/builder/spi-builder-workspace/.derivedData/Build/Intermediates.noindex/LDSwiftEventSource.build/Debug-xros/LDSwiftEventSource-t.build/Objects-normal/arm64/LDSwiftEventSource.swiftmodule -serialize-diagnostics -dependency-scan-serialize-diagnostics-path /Users/admin/builder/spi-builder-workspace/.derivedData/Build/Intermediates.noindex/LDSwiftEventSource.build/Debug-xros/LDSwiftEventSource-t.build/Objects-normal/arm64/LDSwiftEventSource-dependency-scan.dia -validate-clang-modules-once -clang-build-session-file /Users/admin/builder/spi-builder-workspace/.derivedData/ModuleCache.noindex/Session.modulevalidation -Xcc -fmodules-prune-interval\=86400 -Xcc -fmodules-prune-after\=345600 -emit-const-values -const-gather-protocols-list /Users/admin/builder/spi-builder-workspace/.derivedData/Build/Intermediates.noindex/LDSwiftEventSource.build/Debug-xros/LDSwiftEventSource-t.build/Objects-normal/arm64/LDSwiftEventSource_const_extract_protocols.json -Xcc -I/Users/admin/builder/spi-builder-workspace/.derivedData/Build/Products/Debug-xros/include -Xcc -I/Users/admin/builder/spi-builder-workspace/.derivedData/Build/Intermediates.noindex/LDSwiftEventSource.build/Debug-xros/LDSwiftEventSource-t.build/DerivedSources-normal/arm64 -Xcc -I/Users/admin/builder/spi-builder-workspace/.derivedData/Build/Intermediates.noindex/LDSwiftEventSource.build/Debug-xros/LDSwiftEventSource-t.build/DerivedSources/arm64 -Xcc -I/Users/admin/builder/spi-builder-workspace/.derivedData/Build/Intermediates.noindex/LDSwiftEventSource.build/Debug-xros/LDSwiftEventSource-t.build/DerivedSources -Xcc -DSWIFT_PACKAGE -Xcc -DDEBUG\=1 -emit-objc-header -emit-objc-header-path /Users/admin/builder/spi-builder-workspace/.derivedData/Build/Intermediates.noindex/LDSwiftEventSource.build/Debug-xros/LDSwiftEventSource-t.build/Objects-normal/arm64/LDSwiftEventSource-Swift.h -working-directory /Users/admin/builder/spi-builder-workspace/.swiftpm/xcode -experimental-emit-module-separately -disable-cmo
SwiftMergeGeneratedHeaders /Users/admin/builder/spi-builder-workspace/.derivedData/Build/Intermediates.noindex/GeneratedModuleMaps-xros/LDSwiftEventSource-Swift.h /Users/admin/builder/spi-builder-workspace/.derivedData/Build/Intermediates.noindex/LDSwiftEventSource.build/Debug-xros/LDSwiftEventSource-t.build/Objects-normal/arm64/LDSwiftEventSource-Swift.h (in target 'LDSwiftEventSource' from project 'LDSwiftEventSource')
cd /Users/admin/builder/spi-builder-workspace/.dependencies/checkouts/swift-eventsource
builtin-swiftHeaderTool -arch arm64 /Users/admin/builder/spi-builder-workspace/.derivedData/Build/Intermediates.noindex/LDSwiftEventSource.build/Debug-xros/LDSwiftEventSource-t.build/Objects-normal/arm64/LDSwiftEventSource-Swift.h -o /Users/admin/builder/spi-builder-workspace/.derivedData/Build/Intermediates.noindex/GeneratedModuleMaps-xros/LDSwiftEventSource-Swift.h
Copy /Users/admin/builder/spi-builder-workspace/.derivedData/Build/Products/Debug-xros/LDSwiftEventSource.swiftmodule/arm64-apple-xros.swiftmodule /Users/admin/builder/spi-builder-workspace/.derivedData/Build/Intermediates.noindex/LDSwiftEventSource.build/Debug-xros/LDSwiftEventSource-t.build/Objects-normal/arm64/LDSwiftEventSource.swiftmodule (in target 'LDSwiftEventSource' from project 'LDSwiftEventSource')
cd /Users/admin/builder/spi-builder-workspace/.dependencies/checkouts/swift-eventsource
builtin-copy -exclude .DS_Store -exclude CVS -exclude .svn -exclude .git -exclude .hg -resolve-src-symlinks -rename /Users/admin/builder/spi-builder-workspace/.derivedData/Build/Intermediates.noindex/LDSwiftEventSource.build/Debug-xros/LDSwiftEventSource-t.build/Objects-normal/arm64/LDSwiftEventSource.swiftmodule /Users/admin/builder/spi-builder-workspace/.derivedData/Build/Products/Debug-xros/LDSwiftEventSource.swiftmodule/arm64-apple-xros.swiftmodule
Copy /Users/admin/builder/spi-builder-workspace/.derivedData/Build/Products/Debug-xros/LDSwiftEventSource.swiftmodule/arm64-apple-xros.swiftdoc /Users/admin/builder/spi-builder-workspace/.derivedData/Build/Intermediates.noindex/LDSwiftEventSource.build/Debug-xros/LDSwiftEventSource-t.build/Objects-normal/arm64/LDSwiftEventSource.swiftdoc (in target 'LDSwiftEventSource' from project 'LDSwiftEventSource')
cd /Users/admin/builder/spi-builder-workspace/.dependencies/checkouts/swift-eventsource
builtin-copy -exclude .DS_Store -exclude CVS -exclude .svn -exclude .git -exclude .hg -resolve-src-symlinks -rename /Users/admin/builder/spi-builder-workspace/.derivedData/Build/Intermediates.noindex/LDSwiftEventSource.build/Debug-xros/LDSwiftEventSource-t.build/Objects-normal/arm64/LDSwiftEventSource.swiftdoc /Users/admin/builder/spi-builder-workspace/.derivedData/Build/Products/Debug-xros/LDSwiftEventSource.swiftmodule/arm64-apple-xros.swiftdoc
Copy /Users/admin/builder/spi-builder-workspace/.derivedData/Build/Products/Debug-xros/LDSwiftEventSource.swiftmodule/arm64-apple-xros.abi.json /Users/admin/builder/spi-builder-workspace/.derivedData/Build/Intermediates.noindex/LDSwiftEventSource.build/Debug-xros/LDSwiftEventSource-t.build/Objects-normal/arm64/LDSwiftEventSource.abi.json (in target 'LDSwiftEventSource' from project 'LDSwiftEventSource')
cd /Users/admin/builder/spi-builder-workspace/.dependencies/checkouts/swift-eventsource
builtin-copy -exclude .DS_Store -exclude CVS -exclude .svn -exclude .git -exclude .hg -resolve-src-symlinks -rename /Users/admin/builder/spi-builder-workspace/.derivedData/Build/Intermediates.noindex/LDSwiftEventSource.build/Debug-xros/LDSwiftEventSource-t.build/Objects-normal/arm64/LDSwiftEventSource.abi.json /Users/admin/builder/spi-builder-workspace/.derivedData/Build/Products/Debug-xros/LDSwiftEventSource.swiftmodule/arm64-apple-xros.abi.json
Copy /Users/admin/builder/spi-builder-workspace/.derivedData/Build/Products/Debug-xros/LDSwiftEventSource.swiftmodule/Project/arm64-apple-xros.swiftsourceinfo /Users/admin/builder/spi-builder-workspace/.derivedData/Build/Intermediates.noindex/LDSwiftEventSource.build/Debug-xros/LDSwiftEventSource-t.build/Objects-normal/arm64/LDSwiftEventSource.swiftsourceinfo (in target 'LDSwiftEventSource' from project 'LDSwiftEventSource')
cd /Users/admin/builder/spi-builder-workspace/.dependencies/checkouts/swift-eventsource
builtin-copy -exclude .DS_Store -exclude CVS -exclude .svn -exclude .git -exclude .hg -resolve-src-symlinks -rename /Users/admin/builder/spi-builder-workspace/.derivedData/Build/Intermediates.noindex/LDSwiftEventSource.build/Debug-xros/LDSwiftEventSource-t.build/Objects-normal/arm64/LDSwiftEventSource.swiftsourceinfo /Users/admin/builder/spi-builder-workspace/.derivedData/Build/Products/Debug-xros/LDSwiftEventSource.swiftmodule/Project/arm64-apple-xros.swiftsourceinfo
SwiftDriver DevCycle normal arm64 com.apple.xcode.tools.swift.compiler (in target 'DevCycle' from project 'DevCycle')
cd /Users/admin/builder/spi-builder-workspace/.swiftpm/xcode
builtin-SwiftDriver -- /Applications/Xcode-27.0.0-Release.Candidate.app/Contents/Developer/Toolchains/XcodeDefault.xctoolchain/usr/bin/swiftc -parse-as-library -module-name DevCycle -Onone @/Users/admin/builder/spi-builder-workspace/.derivedData/Build/Intermediates.noindex/DevCycle.build/Debug-xros/DevCycle-t.build/Objects-normal/arm64/DevCycle.SwiftFileList -DSWIFT_PACKAGE -DDEBUG -DSWIFT_MODULE_RESOURCE_BUNDLE_AVAILABLE -DXcode -plugin-path /Applications/Xcode-27.0.0-Release.Candidate.app/Contents/Developer/Toolchains/XcodeDefault.xctoolchain/usr/lib/swift/host/plugins/testing -enable-experimental-feature DebugDescriptionMacro -sdk /Applications/Xcode-27.0.0-Release.Candidate.app/Contents/Developer/Platforms/XROS.platform/Developer/SDKs/XROS27.0.sdk -target arm64-apple-xros1.0 -g -module-cache-path /Users/admin/builder/spi-builder-workspace/.derivedData/ModuleCache.noindex -Xfrontend -serialize-debugging-options -profile-coverage-mapping -profile-generate -enable-testing -index-store-path /Users/admin/builder/spi-builder-workspace/.derivedData/Index.noindex/DataStore -Xcc -D_LIBCPP_HARDENING_MODE\=_LIBCPP_HARDENING_MODE_DEBUG -swift-version 5 -I /Users/admin/builder/spi-builder-workspace/.derivedData/Build/Products/Debug-xros -Isystem /Applications/Xcode-27.0.0-Release.Candidate.app/Contents/Developer/Platforms/XROS.platform/Developer/usr/lib -F /Users/admin/builder/spi-builder-workspace/.derivedData/Build/Products/Debug-xros/PackageFrameworks -F /Users/admin/builder/spi-builder-workspace/.derivedData/Build/Products/Debug-xros -F /Applications/Xcode-27.0.0-Release.Candidate.app/Contents/Developer/Platforms/XROS.platform/Developer/Library/Frameworks -F /Applications/Xcode-27.0.0-Release.Candidate.app/Contents/Developer/Platforms/XROS.platform/Developer/SDKs/XROS27.0.sdk/Developer/Library/Frameworks -c -j10 -enable-batch-mode -incremental -Xcc -ivfsstatcache -Xcc /Users/admin/builder/spi-builder-workspace/.derivedData/SDKStatCaches.noindex/xros27.0-24M361-e829b21a6f8c9b70876ba0858053c044735bd543db762f57723cac368afd1ce4.sdkstatcache -output-file-map /Users/admin/builder/spi-builder-workspace/.derivedData/Build/Intermediates.noindex/DevCycle.build/Debug-xros/DevCycle-t.build/Objects-normal/arm64/DevCycle-OutputFileMap.json -save-temps -no-color-diagnostics -explicit-module-build -module-cache-path /Users/admin/builder/spi-builder-workspace/.derivedData/Build/Intermediates.noindex/SwiftExplicitPrecompiledModules -clang-scanner-module-cache-path /Users/admin/builder/spi-builder-workspace/.derivedData/ModuleCache.noindex -sdk-module-cache-path /Users/admin/builder/spi-builder-workspace/.derivedData/SDKExplicitPrecompiledModules -emit-dependencies -emit-module -emit-module-path /Users/admin/builder/spi-builder-workspace/.derivedData/Build/Intermediates.noindex/DevCycle.build/Debug-xros/DevCycle-t.build/Objects-normal/arm64/DevCycle.swiftmodule -serialize-diagnostics -dependency-scan-serialize-diagnostics-path /Users/admin/builder/spi-builder-workspace/.derivedData/Build/Intermediates.noindex/DevCycle.build/Debug-xros/DevCycle-t.build/Objects-normal/arm64/DevCycle-dependency-scan.dia -validate-clang-modules-once -clang-build-session-file /Users/admin/builder/spi-builder-workspace/.derivedData/ModuleCache.noindex/Session.modulevalidation -Xcc -fmodules-prune-interval\=86400 -Xcc -fmodules-prune-after\=345600 -emit-const-values -const-gather-protocols-list /Users/admin/builder/spi-builder-workspace/.derivedData/Build/Intermediates.noindex/DevCycle.build/Debug-xros/DevCycle-t.build/Objects-normal/arm64/DevCycle_const_extract_protocols.json -Xcc -I/Users/admin/builder/spi-builder-workspace/.derivedData/Build/Products/Debug-xros/include -Xcc -I/Users/admin/builder/spi-builder-workspace/.derivedData/Build/Intermediates.noindex/DevCycle.build/Debug-xros/DevCycle-t.build/DerivedSources-normal/arm64 -Xcc -I/Users/admin/builder/spi-builder-workspace/.derivedData/Build/Intermediates.noindex/DevCycle.build/Debug-xros/DevCycle-t.build/DerivedSources/arm64 -Xcc -I/Users/admin/builder/spi-builder-workspace/.derivedData/Build/Intermediates.noindex/DevCycle.build/Debug-xros/DevCycle-t.build/DerivedSources -Xcc -DSWIFT_PACKAGE -Xcc -DDEBUG\=1 -emit-objc-header -emit-objc-header-path /Users/admin/builder/spi-builder-workspace/.derivedData/Build/Intermediates.noindex/DevCycle.build/Debug-xros/DevCycle-t.build/Objects-normal/arm64/DevCycle-Swift.h -working-directory /Users/admin/builder/spi-builder-workspace/.swiftpm/xcode -experimental-emit-module-separately -disable-cmo
SwiftExplicitDependencyGeneratePcm arm64 /Users/admin/builder/spi-builder-workspace/.derivedData/SDKExplicitPrecompiledModules/OSLog-BNGT87TS0GMBFF7TY70HHB69.pcm
SwiftExplicitDependencyGeneratePcm arm64 /Users/admin/builder/spi-builder-workspace/.derivedData/SDKExplicitPrecompiledModules/CoreGraphics-BFUJ177R223UT2ZI327ZTZY91.pcm
SwiftExplicitDependencyGeneratePcm arm64 /Users/admin/builder/spi-builder-workspace/.derivedData/SDKExplicitPrecompiledModules/DataDetection-BANTQ3WXXGKZJYC0LLB3MD9K0.pcm
SwiftExplicitDependencyGeneratePcm arm64 /Users/admin/builder/spi-builder-workspace/.derivedData/SDKExplicitPrecompiledModules/DeveloperToolsSupport-46GOQP8J1QTHLYQSJW81T8UZ3.pcm
SwiftExplicitDependencyGeneratePcm arm64 /Users/admin/builder/spi-builder-workspace/.derivedData/SDKExplicitPrecompiledModules/UniformTypeIdentifiers-E5KMWDZEKS4QW9RO1KBRDEXV6.pcm
SwiftExplicitDependencyGeneratePcm arm64 /Users/admin/builder/spi-builder-workspace/.derivedData/SDKExplicitPrecompiledModules/_LocationEssentials-8GQGFVARUE99D8VJX3TINY0VP.pcm
SwiftExplicitDependencyGeneratePcm arm64 /Users/admin/builder/spi-builder-workspace/.derivedData/SDKExplicitPrecompiledModules/IOSurface-5FE9U89GVFF9A7X7AGO2R8ENI.pcm
SwiftExplicitDependencyGeneratePcm arm64 /Users/admin/builder/spi-builder-workspace/.derivedData/SDKExplicitPrecompiledModules/_Builtin_intrinsics-BC5IJI3YI34RQ61ZNVDRDZ6RN.pcm
SwiftExplicitDependencyGeneratePcm arm64 /Users/admin/builder/spi-builder-workspace/.derivedData/SDKExplicitPrecompiledModules/UserNotifications-8IIV1V1FPNAPA4LY1Y23LOM2N.pcm
SwiftExplicitDependencyGeneratePcm arm64 /Users/admin/builder/spi-builder-workspace/.derivedData/SDKExplicitPrecompiledModules/CoreTransferable-8TBYAKHCX6UC8QQSS7BD8GQK5.pcm
SwiftExplicitDependencyGeneratePcm arm64 /Users/admin/builder/spi-builder-workspace/.derivedData/SDKExplicitPrecompiledModules/Accessibility-1DR4J4YDVDGAYQTZ0FKZ1PU09.pcm
SwiftExplicitDependencyGeneratePcm arm64 /Users/admin/builder/spi-builder-workspace/.derivedData/SDKExplicitPrecompiledModules/CoreLocation-1SN37095DAPVJ068LLP9TBDQX.pcm
SwiftExplicitDependencyGeneratePcm arm64 /Users/admin/builder/spi-builder-workspace/.derivedData/SDKExplicitPrecompiledModules/CoreText-6F9TY5TEPCCZ1K2KYM4GMEGHD.pcm
SwiftExplicitDependencyGeneratePcm arm64 /Users/admin/builder/spi-builder-workspace/.derivedData/SDKExplicitPrecompiledModules/OpenGLES-56BKSYXNVAP91BYZRWAKQZKGI.pcm
SwiftExplicitDependencyGeneratePcm arm64 /Users/admin/builder/spi-builder-workspace/.derivedData/SDKExplicitPrecompiledModules/Metal-EKNUM9P3PRIBHZK1ZBD6BA2T7.pcm
SwiftExplicitDependencyGeneratePcm arm64 /Users/admin/builder/spi-builder-workspace/.derivedData/SDKExplicitPrecompiledModules/_Builtin_tgmath-BPYSMHWI520EQRL2HW519ZY7Z.pcm
SwiftExplicitDependencyGeneratePcm arm64 /Users/admin/builder/spi-builder-workspace/.derivedData/SDKExplicitPrecompiledModules/CoreMotion-10LV922UPGE28QX2SOIO7ALIZ.pcm
SwiftExplicitDependencyGeneratePcm arm64 /Users/admin/builder/spi-builder-workspace/.derivedData/SDKExplicitPrecompiledModules/UIUtilities-AOVGLUWEAN6CG2UZFNESGSP6C.pcm
SwiftExplicitDependencyGeneratePcm arm64 /Users/admin/builder/spi-builder-workspace/.derivedData/SDKExplicitPrecompiledModules/ImageIO-5CC6COR9KJYI1UBL7CSHLU2OG.pcm
SwiftExplicitDependencyGeneratePcm arm64 /Users/admin/builder/spi-builder-workspace/.derivedData/SDKExplicitPrecompiledModules/Symbols-8G2XC01RPQ5HYIZE6JNUT864I.pcm
SwiftExplicitDependencyGeneratePcm arm64 /Users/admin/builder/spi-builder-workspace/.derivedData/SDKExplicitPrecompiledModules/simd-9XXAB17Y6E4BBPQADD61NZ23.pcm
SwiftExplicitDependencyGeneratePcm arm64 /Users/admin/builder/spi-builder-workspace/.derivedData/SDKExplicitPrecompiledModules/FileProvider-C9I28SI56F2SEVH1BCWTKGODO.pcm
SwiftExplicitDependencyGeneratePcm arm64 /Users/admin/builder/spi-builder-workspace/.derivedData/SDKExplicitPrecompiledModules/CoreVideo-E12HJSJSLO0YKWYBES11UKJ02.pcm
SwiftExplicitDependencyGeneratePcm arm64 /Users/admin/builder/spi-builder-workspace/.derivedData/SDKExplicitPrecompiledModules/QuartzCore-12T8WVKUNCL1N7VXH87MM4YOB.pcm
SwiftExplicitDependencyGeneratePcm arm64 /Users/admin/builder/spi-builder-workspace/.derivedData/SDKExplicitPrecompiledModules/CoreImage-8WF1P230U10QM666EQMNV7OF1.pcm
SwiftDriverJobDiscovery normal arm64 Compiling Types.swift (in target 'LDSwiftEventSource' from project 'LDSwiftEventSource')
SwiftDriverJobDiscovery normal arm64 Compiling UTF8LineParser.swift (in target 'LDSwiftEventSource' from project 'LDSwiftEventSource')
SwiftDriverJobDiscovery normal arm64 Compiling EventParser.swift (in target 'LDSwiftEventSource' from project 'LDSwiftEventSource')
SwiftDriverJobDiscovery normal arm64 Compiling Logs.swift (in target 'LDSwiftEventSource' from project 'LDSwiftEventSource')
SwiftExplicitDependencyGeneratePcm arm64 /Users/admin/builder/spi-builder-workspace/.derivedData/SDKExplicitPrecompiledModules/UIKit-2D2PMAAE45TMO6S28UCGCO5BR.pcm
SwiftDriverJobDiscovery normal arm64 Compiling LDSwiftEventSource.swift (in target 'LDSwiftEventSource' from project 'LDSwiftEventSource')
SwiftDriver\ Compilation LDSwiftEventSource normal arm64 com.apple.xcode.tools.swift.compiler (in target 'LDSwiftEventSource' from project 'LDSwiftEventSource')
cd /Users/admin/builder/spi-builder-workspace/.swiftpm/xcode
builtin-Swift-Compilation -- /Applications/Xcode-27.0.0-Release.Candidate.app/Contents/Developer/Toolchains/XcodeDefault.xctoolchain/usr/bin/swiftc -parse-as-library -module-name LDSwiftEventSource -Onone @/Users/admin/builder/spi-builder-workspace/.derivedData/Build/Intermediates.noindex/LDSwiftEventSource.build/Debug-xros/LDSwiftEventSource-t.build/Objects-normal/arm64/LDSwiftEventSource.SwiftFileList -DSWIFT_PACKAGE -DDEBUG -DSWIFT_MODULE_RESOURCE_BUNDLE_UNAVAILABLE -DXcode -plugin-path /Applications/Xcode-27.0.0-Release.Candidate.app/Contents/Developer/Toolchains/XcodeDefault.xctoolchain/usr/lib/swift/host/plugins/testing -enable-experimental-feature DebugDescriptionMacro -sdk /Applications/Xcode-27.0.0-Release.Candidate.app/Contents/Developer/Platforms/XROS.platform/Developer/SDKs/XROS27.0.sdk -target arm64-apple-xros1.0 -g -module-cache-path /Users/admin/builder/spi-builder-workspace/.derivedData/ModuleCache.noindex -Xfrontend -serialize-debugging-options -profile-coverage-mapping -profile-generate -enable-testing -suppress-warnings -index-store-path /Users/admin/builder/spi-builder-workspace/.derivedData/Index.noindex/DataStore -Xcc -D_LIBCPP_HARDENING_MODE\=_LIBCPP_HARDENING_MODE_DEBUG -swift-version 5 -I /Users/admin/builder/spi-builder-workspace/.derivedData/Build/Products/Debug-xros -Isystem /Applications/Xcode-27.0.0-Release.Candidate.app/Contents/Developer/Platforms/XROS.platform/Developer/usr/lib -F /Users/admin/builder/spi-builder-workspace/.derivedData/Build/Products/Debug-xros -F /Applications/Xcode-27.0.0-Release.Candidate.app/Contents/Developer/Platforms/XROS.platform/Developer/Library/Frameworks -F /Applications/Xcode-27.0.0-Release.Candidate.app/Contents/Developer/Platforms/XROS.platform/Developer/SDKs/XROS27.0.sdk/Developer/Library/Frameworks -c -j10 -enable-batch-mode -incremental -Xcc -ivfsstatcache -Xcc /Users/admin/builder/spi-builder-workspace/.derivedData/SDKStatCaches.noindex/xros27.0-24M361-e829b21a6f8c9b70876ba0858053c044735bd543db762f57723cac368afd1ce4.sdkstatcache -output-file-map /Users/admin/builder/spi-builder-workspace/.derivedData/Build/Intermediates.noindex/LDSwiftEventSource.build/Debug-xros/LDSwiftEventSource-t.build/Objects-normal/arm64/LDSwiftEventSource-OutputFileMap.json -save-temps -no-color-diagnostics -explicit-module-build -module-cache-path /Users/admin/builder/spi-builder-workspace/.derivedData/Build/Intermediates.noindex/SwiftExplicitPrecompiledModules -clang-scanner-module-cache-path /Users/admin/builder/spi-builder-workspace/.derivedData/ModuleCache.noindex -sdk-module-cache-path /Users/admin/builder/spi-builder-workspace/.derivedData/SDKExplicitPrecompiledModules -emit-dependencies -emit-module -emit-module-path /Users/admin/builder/spi-builder-workspace/.derivedData/Build/Intermediates.noindex/LDSwiftEventSource.build/Debug-xros/LDSwiftEventSource-t.build/Objects-normal/arm64/LDSwiftEventSource.swiftmodule -serialize-diagnostics -dependency-scan-serialize-diagnostics-path /Users/admin/builder/spi-builder-workspace/.derivedData/Build/Intermediates.noindex/LDSwiftEventSource.build/Debug-xros/LDSwiftEventSource-t.build/Objects-normal/arm64/LDSwiftEventSource-dependency-scan.dia -validate-clang-modules-once -clang-build-session-file /Users/admin/builder/spi-builder-workspace/.derivedData/ModuleCache.noindex/Session.modulevalidation -Xcc -fmodules-prune-interval\=86400 -Xcc -fmodules-prune-after\=345600 -emit-const-values -const-gather-protocols-list /Users/admin/builder/spi-builder-workspace/.derivedData/Build/Intermediates.noindex/LDSwiftEventSource.build/Debug-xros/LDSwiftEventSource-t.build/Objects-normal/arm64/LDSwiftEventSource_const_extract_protocols.json -Xcc -I/Users/admin/builder/spi-builder-workspace/.derivedData/Build/Products/Debug-xros/include -Xcc -I/Users/admin/builder/spi-builder-workspace/.derivedData/Build/Intermediates.noindex/LDSwiftEventSource.build/Debug-xros/LDSwiftEventSource-t.build/DerivedSources-normal/arm64 -Xcc -I/Users/admin/builder/spi-builder-workspace/.derivedData/Build/Intermediates.noindex/LDSwiftEventSource.build/Debug-xros/LDSwiftEventSource-t.build/DerivedSources/arm64 -Xcc -I/Users/admin/builder/spi-builder-workspace/.derivedData/Build/Intermediates.noindex/LDSwiftEventSource.build/Debug-xros/LDSwiftEventSource-t.build/DerivedSources -Xcc -DSWIFT_PACKAGE -Xcc -DDEBUG\=1 -emit-objc-header -emit-objc-header-path /Users/admin/builder/spi-builder-workspace/.derivedData/Build/Intermediates.noindex/LDSwiftEventSource.build/Debug-xros/LDSwiftEventSource-t.build/Objects-normal/arm64/LDSwiftEventSource-Swift.h -working-directory /Users/admin/builder/spi-builder-workspace/.swiftpm/xcode -experimental-emit-module-separately -disable-cmo
Ld /Users/admin/builder/spi-builder-workspace/.derivedData/Build/Products/Debug-xros/LDSwiftEventSource.o normal (in target 'LDSwiftEventSource' from project 'LDSwiftEventSource')
cd /Users/admin/builder/spi-builder-workspace/.dependencies/checkouts/swift-eventsource
/Applications/Xcode-27.0.0-Release.Candidate.app/Contents/Developer/Toolchains/XcodeDefault.xctoolchain/usr/bin/clang -Xlinker -reproducible -target arm64-apple-xros1.0 -r -isysroot /Applications/Xcode-27.0.0-Release.Candidate.app/Contents/Developer/Platforms/XROS.platform/Developer/SDKs/XROS27.0.sdk -O0 -w -Xlinker -no_warn_duplicate_libraries -F/Users/admin/builder/spi-builder-workspace/.derivedData/Build/Intermediates.noindex/EagerLinkingTBDs/Debug-xros -F/Users/admin/builder/spi-builder-workspace/.derivedData/Build/Products/Debug-xros -iframework /Applications/Xcode-27.0.0-Release.Candidate.app/Contents/Developer/Platforms/XROS.platform/Developer/Library/Frameworks -iframework /Applications/Xcode-27.0.0-Release.Candidate.app/Contents/Developer/Platforms/XROS.platform/Developer/SDKs/XROS27.0.sdk/Developer/Library/Frameworks -filelist /Users/admin/builder/spi-builder-workspace/.derivedData/Build/Intermediates.noindex/LDSwiftEventSource.build/Debug-xros/LDSwiftEventSource-t.build/Objects-normal/arm64/LDSwiftEventSource.LinkFileList -nostdlib -Xlinker -object_path_lto -Xlinker /Users/admin/builder/spi-builder-workspace/.derivedData/Build/Intermediates.noindex/LDSwiftEventSource.build/Debug-xros/LDSwiftEventSource-t.build/Objects-normal/arm64/LDSwiftEventSource_lto.o -Xlinker -no_deduplicate -Xlinker -debug_variant -Xlinker -dependency_info -Xlinker /Users/admin/builder/spi-builder-workspace/.derivedData/Build/Intermediates.noindex/LDSwiftEventSource.build/Debug-xros/LDSwiftEventSource-t.build/Objects-normal/arm64/LDSwiftEventSource_dependency_info.dat -fobjc-link-runtime -L/Applications/Xcode-27.0.0-Release.Candidate.app/Contents/Developer/Toolchains/XcodeDefault.xctoolchain/usr/lib/swift/xros -L/usr/lib/swift -Xlinker -add_ast_path -Xlinker /Users/admin/builder/spi-builder-workspace/.derivedData/Build/Intermediates.noindex/LDSwiftEventSource.build/Debug-xros/LDSwiftEventSource-t.build/Objects-normal/arm64/LDSwiftEventSource.swiftmodule -o /Users/admin/builder/spi-builder-workspace/.derivedData/Build/Products/Debug-xros/LDSwiftEventSource.o
ExtractAppIntentsMetadata (in target 'LDSwiftEventSource' from project 'LDSwiftEventSource')
cd /Users/admin/builder/spi-builder-workspace/.dependencies/checkouts/swift-eventsource
/Applications/Xcode-27.0.0-Release.Candidate.app/Contents/Developer/Toolchains/XcodeDefault.xctoolchain/usr/bin/appintentsmetadataprocessor --toolchain-dir /var/run/com.apple.security.cryptexd/mnt/com.apple.MobileAsset.MetalToolchain-v27.1.266.1.mLQQNf/Metal.xctoolchain --module-name LDSwiftEventSource --sdk-root /Applications/Xcode-27.0.0-Release.Candidate.app/Contents/Developer/Platforms/XROS.platform/Developer/SDKs/XROS27.0.sdk --xcode-version 27A266a --platform-family xrOS --deployment-target 1.0 --bundle-identifier swift-eventsource.LDSwiftEventSource --output /Users/admin/builder/spi-builder-workspace/.derivedData/Build/Products/Debug-xros/LDSwiftEventSource.appintents --target-triple arm64-apple-xros1.0 --binary-file /Users/admin/builder/spi-builder-workspace/.derivedData/Build/Products/Debug-xros/LDSwiftEventSource.o --dependency-file /Users/admin/builder/spi-builder-workspace/.derivedData/Build/Intermediates.noindex/LDSwiftEventSource.build/Debug-xros/LDSwiftEventSource-t.build/Objects-normal/arm64/LDSwiftEventSource_dependency_info.dat --stringsdata-file /Users/admin/builder/spi-builder-workspace/.derivedData/Build/Intermediates.noindex/LDSwiftEventSource.build/Debug-xros/LDSwiftEventSource-t.build/Objects-normal/arm64/ExtractedAppShortcutsMetadata.stringsdata --source-file-list /Users/admin/builder/spi-builder-workspace/.derivedData/Build/Intermediates.noindex/LDSwiftEventSource.build/Debug-xros/LDSwiftEventSource-t.build/Objects-normal/arm64/LDSwiftEventSource.SwiftFileList --metadata-file-list /Users/admin/builder/spi-builder-workspace/.derivedData/Build/Intermediates.noindex/LDSwiftEventSource.build/Debug-xros/LDSwiftEventSource-t.build/LDSwiftEventSource.DependencyMetadataFileList --static-metadata-file-list /Users/admin/builder/spi-builder-workspace/.derivedData/Build/Intermediates.noindex/LDSwiftEventSource.build/Debug-xros/LDSwiftEventSource-t.build/LDSwiftEventSource.DependencyStaticMetadataFileList --swift-const-vals-list /Users/admin/builder/spi-builder-workspace/.derivedData/Build/Intermediates.noindex/LDSwiftEventSource.build/Debug-xros/LDSwiftEventSource-t.build/Objects-normal/arm64/LDSwiftEventSource.SwiftConstValuesFileList --force --compile-time-extraction --deployment-aware-processing --no-app-shortcuts-localization
2026-09-24 23:41:10.909 appintentsmetadataprocessor[803:4928] Starting appintentsmetadataprocessor export
2026-09-24 23:41:11.004 appintentsmetadataprocessor[803:4928] Extracted no relevant App Intents symbols, skipping writing output
SwiftExplicitDependencyGeneratePcm arm64 /Users/admin/builder/spi-builder-workspace/.derivedData/SDKExplicitPrecompiledModules/Spatial-5E0I2846LO3ZE24CSVR2O57TI.pcm
SwiftExplicitDependencyGeneratePcm arm64 /Users/admin/builder/spi-builder-workspace/.derivedData/SDKExplicitPrecompiledModules/SwiftUICore-6OBBMA39VFD4CB6SG2PE41FAP.pcm
SwiftEmitModule normal arm64 Emitting\ module\ for\ DevCycle (in target 'DevCycle' from project 'DevCycle')
SwiftCompile normal arm64 (in target 'DevCycle' from project 'DevCycle')
cd /Users/admin/builder/spi-builder-workspace/.swiftpm/xcode
SwiftCompile normal arm64 Compiling\ ObjCDevCycleEvent.swift,\ ObjCDevCycleOptions.swift,\ ObjCDevCycleUser.swift /Users/admin/builder/spi-builder-workspace/DevCycle/ObjC/ObjCDevCycleEvent.swift /Users/admin/builder/spi-builder-workspace/DevCycle/ObjC/ObjCDevCycleOptions.swift /Users/admin/builder/spi-builder-workspace/DevCycle/ObjC/ObjCDevCycleUser.swift (in target 'DevCycle' from project 'DevCycle')
/Users/admin/builder/spi-builder-workspace/DevCycle/ObjC/ObjCDevCycleOptions.swift:35:52: warning: 'flushEventsIntervalMs' is deprecated: Use eventFlushIntervalMS [#DeprecatedDeclaration]
33 | let interval = eventFlushIntervalMS as? Int {
34 | optionsBuilder = optionsBuilder.eventFlushIntervalMS(interval)
35 | } else if let flushEventsIntervalMs = self.flushEventsIntervalMs,
| `- warning: 'flushEventsIntervalMs' is deprecated: Use eventFlushIntervalMS [#DeprecatedDeclaration]
36 | let interval = flushEventsIntervalMs as? Int {
37 | optionsBuilder = optionsBuilder.eventFlushIntervalMS(interval)
/Users/admin/builder/spi-builder-workspace/DevCycle/ObjC/ObjCDevCycleOptions.swift:42:45: warning: 'disableEventLogging' is deprecated: Use disableAutomaticEventLogging or disableCustomEventLogging [#DeprecatedDeclaration]
40 | if let disableEventLogging = self.disableEventLogging,
41 | let disable = disableEventLogging as? Bool {
42 | optionsBuilder = optionsBuilder.disableEventLogging(disable)
| `- warning: 'disableEventLogging' is deprecated: Use disableAutomaticEventLogging or disableCustomEventLogging [#DeprecatedDeclaration]
43 | }
44 |
/Users/admin/builder/spi-builder-workspace/DevCycle/ObjC/ObjCDevCycleOptions.swift:76:39: warning: conditional cast from 'NSString' to 'String' always succeeds
74 |
75 | if let apiProxyURL = self.apiProxyURL,
76 | let proxyURL = apiProxyURL as? String {
| `- warning: conditional cast from 'NSString' to 'String' always succeeds
77 | optionsBuilder = optionsBuilder.apiProxyURL(proxyURL)
78 | }
[#DeprecatedDeclaration]: <https://docs.swift.org/compiler/documentation/diagnostics/deprecated-declaration>
SwiftCompile normal arm64 /Users/admin/builder/spi-builder-workspace/DevCycle/ObjC/ObjCDevCycleEvent.swift (in target 'DevCycle' from project 'DevCycle')
cd /Users/admin/builder/spi-builder-workspace/.swiftpm/xcode
builtin-SwiftPerFileCompile ObjCDevCycleEvent.swift
SwiftCompile normal arm64 /Users/admin/builder/spi-builder-workspace/DevCycle/ObjC/ObjCDevCycleOptions.swift (in target 'DevCycle' from project 'DevCycle')
cd /Users/admin/builder/spi-builder-workspace/.swiftpm/xcode
builtin-SwiftPerFileCompile ObjCDevCycleOptions.swift
SwiftCompile normal arm64 /Users/admin/builder/spi-builder-workspace/DevCycle/ObjC/ObjCDevCycleUser.swift (in target 'DevCycle' from project 'DevCycle')
cd /Users/admin/builder/spi-builder-workspace/.swiftpm/xcode
builtin-SwiftPerFileCompile ObjCDevCycleUser.swift
SwiftCompile normal arm64 Compiling\ RequestConsolidator.swift,\ isEqual.swift /Users/admin/builder/spi-builder-workspace/DevCycle/Utils/RequestConsolidator.swift /Users/admin/builder/spi-builder-workspace/DevCycle/Utils/isEqual.swift (in target 'DevCycle' from project 'DevCycle')
SwiftCompile normal arm64 /Users/admin/builder/spi-builder-workspace/DevCycle/Utils/RequestConsolidator.swift (in target 'DevCycle' from project 'DevCycle')
cd /Users/admin/builder/spi-builder-workspace/.swiftpm/xcode
builtin-SwiftPerFileCompile RequestConsolidator.swift
SwiftCompile normal arm64 /Users/admin/builder/spi-builder-workspace/DevCycle/Utils/isEqual.swift (in target 'DevCycle' from project 'DevCycle')
cd /Users/admin/builder/spi-builder-workspace/.swiftpm/xcode
builtin-SwiftPerFileCompile isEqual.swift
SwiftCompile normal arm64 Compiling\ ObjCErrors.swift,\ ObjCUserConfig.swift /Users/admin/builder/spi-builder-workspace/DevCycle/ObjC/ObjCErrors.swift /Users/admin/builder/spi-builder-workspace/DevCycle/ObjC/ObjCUserConfig.swift (in target 'DevCycle' from project 'DevCycle')
SwiftCompile normal arm64 /Users/admin/builder/spi-builder-workspace/DevCycle/ObjC/ObjCErrors.swift (in target 'DevCycle' from project 'DevCycle')
cd /Users/admin/builder/spi-builder-workspace/.swiftpm/xcode
builtin-SwiftPerFileCompile ObjCErrors.swift
SwiftCompile normal arm64 /Users/admin/builder/spi-builder-workspace/DevCycle/ObjC/ObjCUserConfig.swift (in target 'DevCycle' from project 'DevCycle')
cd /Users/admin/builder/spi-builder-workspace/.swiftpm/xcode
builtin-SwiftPerFileCompile ObjCUserConfig.swift
SwiftCompile normal arm64 Compiling\ DevCycleService.swift,\ ObjCDVCVariable.swift,\ ObjCDevCycleClient.swift /Users/admin/builder/spi-builder-workspace/DevCycle/Networking/DevCycleService.swift /Users/admin/builder/spi-builder-workspace/DevCycle/ObjC/ObjCDVCVariable.swift /Users/admin/builder/spi-builder-workspace/DevCycle/ObjC/ObjCDevCycleClient.swift (in target 'DevCycle' from project 'DevCycle')
SwiftCompile normal arm64 /Users/admin/builder/spi-builder-workspace/DevCycle/Networking/DevCycleService.swift (in target 'DevCycle' from project 'DevCycle')
cd /Users/admin/builder/spi-builder-workspace/.swiftpm/xcode
builtin-SwiftPerFileCompile DevCycleService.swift
SwiftCompile normal arm64 /Users/admin/builder/spi-builder-workspace/DevCycle/ObjC/ObjCDVCVariable.swift (in target 'DevCycle' from project 'DevCycle')
cd /Users/admin/builder/spi-builder-workspace/.swiftpm/xcode
builtin-SwiftPerFileCompile ObjCDVCVariable.swift
SwiftCompile normal arm64 /Users/admin/builder/spi-builder-workspace/DevCycle/ObjC/ObjCDevCycleClient.swift (in target 'DevCycle' from project 'DevCycle')
cd /Users/admin/builder/spi-builder-workspace/.swiftpm/xcode
builtin-SwiftPerFileCompile ObjCDevCycleClient.swift
/Users/admin/builder/spi-builder-workspace/DevCycle/ObjC/ObjCDevCycleClient.swift:62:23: warning: comparing non-optional value of type 'String' to 'nil' always returns false
60 | ) {
61 | do {
62 | if sdkKey == nil || sdkKey == "" {
| `- warning: comparing non-optional value of type 'String' to 'nil' always returns false
63 | Log.error("SDK Key missing", tags: ["build", "objc"])
64 | throw ObjCClientErrors.MissingSDKKey
/Users/admin/builder/spi-builder-workspace/DevCycle/ObjC/ObjCDevCycleClient.swift:65:28: warning: comparing non-optional value of type 'ObjCDevCycleUser' to 'nil' always returns false
63 | Log.error("SDK Key missing", tags: ["build", "objc"])
64 | throw ObjCClientErrors.MissingSDKKey
65 | } else if user == nil {
| `- warning: comparing non-optional value of type 'ObjCDevCycleUser' to 'nil' always returns false
66 | Log.error("User missing", tags: ["build", "objc"])
67 | throw ObjCClientErrors.MissingUser
SwiftCompile normal arm64 Compiling\ NotificationNames.swift,\ ProcessConfig.swift /Users/admin/builder/spi-builder-workspace/DevCycle/Utils/NotificationNames.swift /Users/admin/builder/spi-builder-workspace/DevCycle/Utils/ProcessConfig.swift (in target 'DevCycle' from project 'DevCycle')
SwiftCompile normal arm64 /Users/admin/builder/spi-builder-workspace/DevCycle/Utils/NotificationNames.swift (in target 'DevCycle' from project 'DevCycle')
cd /Users/admin/builder/spi-builder-workspace/.swiftpm/xcode
builtin-SwiftPerFileCompile NotificationNames.swift
SwiftCompile normal arm64 /Users/admin/builder/spi-builder-workspace/DevCycle/Utils/ProcessConfig.swift (in target 'DevCycle' from project 'DevCycle')
cd /Users/admin/builder/spi-builder-workspace/.swiftpm/xcode
builtin-SwiftPerFileCompile ProcessConfig.swift
SwiftCompile normal arm64 Compiling\ SSEConnection.swift,\ Log.swift /Users/admin/builder/spi-builder-workspace/DevCycle/SSEConnection.swift /Users/admin/builder/spi-builder-workspace/DevCycle/Utils/Log.swift (in target 'DevCycle' from project 'DevCycle')
SwiftCompile normal arm64 /Users/admin/builder/spi-builder-workspace/DevCycle/SSEConnection.swift (in target 'DevCycle' from project 'DevCycle')
cd /Users/admin/builder/spi-builder-workspace/.swiftpm/xcode
builtin-SwiftPerFileCompile SSEConnection.swift
SwiftCompile normal arm64 /Users/admin/builder/spi-builder-workspace/DevCycle/Utils/Log.swift (in target 'DevCycle' from project 'DevCycle')
cd /Users/admin/builder/spi-builder-workspace/.swiftpm/xcode
builtin-SwiftPerFileCompile Log.swift
SwiftCompile normal arm64 Compiling\ DVCConfig.swift,\ DevCycleEvent.swift,\ DevCycleOptions.swift /Users/admin/builder/spi-builder-workspace/DevCycle/Models/DVCConfig.swift /Users/admin/builder/spi-builder-workspace/DevCycle/Models/DevCycleEvent.swift /Users/admin/builder/spi-builder-workspace/DevCycle/Models/DevCycleOptions.swift (in target 'DevCycle' from project 'DevCycle')
SwiftCompile normal arm64 /Users/admin/builder/spi-builder-workspace/DevCycle/Models/DVCConfig.swift (in target 'DevCycle' from project 'DevCycle')
cd /Users/admin/builder/spi-builder-workspace/.swiftpm/xcode
builtin-SwiftPerFileCompile DVCConfig.swift
SwiftCompile normal arm64 /Users/admin/builder/spi-builder-workspace/DevCycle/Models/DevCycleEvent.swift (in target 'DevCycle' from project 'DevCycle')
cd /Users/admin/builder/spi-builder-workspace/.swiftpm/xcode
builtin-SwiftPerFileCompile DevCycleEvent.swift
SwiftCompile normal arm64 /Users/admin/builder/spi-builder-workspace/DevCycle/Models/DevCycleOptions.swift (in target 'DevCycle' from project 'DevCycle')
cd /Users/admin/builder/spi-builder-workspace/.swiftpm/xcode
builtin-SwiftPerFileCompile DevCycleOptions.swift
SwiftCompile normal arm64 Compiling\ EventQueue.swift,\ PlatformDetails.swift,\ UserConfig.swift /Users/admin/builder/spi-builder-workspace/DevCycle/Models/EventQueue.swift /Users/admin/builder/spi-builder-workspace/DevCycle/Models/PlatformDetails.swift /Users/admin/builder/spi-builder-workspace/DevCycle/Models/UserConfig.swift (in target 'DevCycle' from project 'DevCycle')
SwiftCompile normal arm64 /Users/admin/builder/spi-builder-workspace/DevCycle/Models/EventQueue.swift (in target 'DevCycle' from project 'DevCycle')
cd /Users/admin/builder/spi-builder-workspace/.swiftpm/xcode
builtin-SwiftPerFileCompile EventQueue.swift
SwiftCompile normal arm64 /Users/admin/builder/spi-builder-workspace/DevCycle/Models/PlatformDetails.swift (in target 'DevCycle' from project 'DevCycle')
cd /Users/admin/builder/spi-builder-workspace/.swiftpm/xcode
builtin-SwiftPerFileCompile PlatformDetails.swift
SwiftCompile normal arm64 /Users/admin/builder/spi-builder-workspace/DevCycle/Models/UserConfig.swift (in target 'DevCycle' from project 'DevCycle')
cd /Users/admin/builder/spi-builder-workspace/.swiftpm/xcode
builtin-SwiftPerFileCompile UserConfig.swift
SwiftCompile normal arm64 Compiling\ resource_bundle_accessor.swift,\ DVCVariable.swift,\ DevCycleClient.swift /Users/admin/builder/spi-builder-workspace/.derivedData/Build/Intermediates.noindex/DevCycle.build/Debug-xros/DevCycle-t.build/DerivedSources/resource_bundle_accessor.swift /Users/admin/builder/spi-builder-workspace/DevCycle/DVCVariable.swift /Users/admin/builder/spi-builder-workspace/DevCycle/DevCycleClient.swift (in target 'DevCycle' from project 'DevCycle')
SwiftCompile normal arm64 /Users/admin/builder/spi-builder-workspace/.derivedData/Build/Intermediates.noindex/DevCycle.build/Debug-xros/DevCycle-t.build/DerivedSources/resource_bundle_accessor.swift (in target 'DevCycle' from project 'DevCycle')
cd /Users/admin/builder/spi-builder-workspace/.swiftpm/xcode
builtin-SwiftPerFileCompile resource_bundle_accessor.swift
SwiftCompile normal arm64 /Users/admin/builder/spi-builder-workspace/DevCycle/DVCVariable.swift (in target 'DevCycle' from project 'DevCycle')
cd /Users/admin/builder/spi-builder-workspace/.swiftpm/xcode
builtin-SwiftPerFileCompile DVCVariable.swift
SwiftCompile normal arm64 /Users/admin/builder/spi-builder-workspace/DevCycle/DevCycleClient.swift (in target 'DevCycle' from project 'DevCycle')
cd /Users/admin/builder/spi-builder-workspace/.swiftpm/xcode
builtin-SwiftPerFileCompile DevCycleClient.swift
/Users/admin/builder/spi-builder-workspace/DevCycle/DevCycleClient.swift:534:13: warning: initialization of immutable value 'previousUser' was never used; consider replacing with assignment to '_' or removing it [#NoUsage]
532 | self.flushEvents()
533 |
534 | let previousUser = self.lastIdentifiedUser
| `- warning: initialization of immutable value 'previousUser' was never used; consider replacing with assignment to '_' or removing it [#NoUsage]
535 | let cachedAnonUserId = self.cacheService.getAnonUserId()
536 | self.cacheService.clearAnonUserId()
[#NoUsage]: <https://docs.swift.org/compiler/documentation/diagnostics/no-usage>
SwiftCompile normal arm64 Compiling\ DevCycleUser.swift,\ Cache.swift,\ CustomData.swift /Users/admin/builder/spi-builder-workspace/DevCycle/DevCycleUser.swift /Users/admin/builder/spi-builder-workspace/DevCycle/Models/Cache.swift /Users/admin/builder/spi-builder-workspace/DevCycle/Models/CustomData.swift (in target 'DevCycle' from project 'DevCycle')
/Users/admin/builder/spi-builder-workspace/DevCycle/DevCycleUser.swift:166:34: error: value of type 'PlatformDetails' has no member 'systemName'
164 | self.lastSeenDate = Date()
165 | self.createdDate = Date()
166 | self.platform = platform.systemName
| `- error: value of type 'PlatformDetails' has no member 'systemName'
167 | self.platformVersion = platform.systemVersion
168 | self.deviceModel = platform.deviceModel
/Users/admin/builder/spi-builder-workspace/DevCycle/DevCycleUser.swift:167:41: error: value of type 'PlatformDetails' has no member 'systemVersion'
165 | self.createdDate = Date()
166 | self.platform = platform.systemName
167 | self.platformVersion = platform.systemVersion
| `- error: value of type 'PlatformDetails' has no member 'systemVersion'
168 | self.deviceModel = platform.deviceModel
169 | self.sdkType = platform.sdkType
/Users/admin/builder/spi-builder-workspace/DevCycle/DevCycleUser.swift:168:37: error: value of type 'PlatformDetails' has no member 'deviceModel'
166 | self.platform = platform.systemName
167 | self.platformVersion = platform.systemVersion
168 | self.deviceModel = platform.deviceModel
| `- error: value of type 'PlatformDetails' has no member 'deviceModel'
169 | self.sdkType = platform.sdkType
170 | self.sdkVersion = platform.sdkVersion
Failed frontend command:
SwiftCompile normal arm64 /Users/admin/builder/spi-builder-workspace/DevCycle/DevCycleUser.swift (in target 'DevCycle' from project 'DevCycle')
cd /Users/admin/builder/spi-builder-workspace/.swiftpm/xcode
builtin-SwiftPerFileCompile DevCycleUser.swift
SwiftCompile normal arm64 /Users/admin/builder/spi-builder-workspace/DevCycle/Models/Cache.swift (in target 'DevCycle' from project 'DevCycle')
cd /Users/admin/builder/spi-builder-workspace/.swiftpm/xcode
builtin-SwiftPerFileCompile Cache.swift
SwiftCompile normal arm64 /Users/admin/builder/spi-builder-workspace/DevCycle/Models/CustomData.swift (in target 'DevCycle' from project 'DevCycle')
cd /Users/admin/builder/spi-builder-workspace/.swiftpm/xcode
builtin-SwiftPerFileCompile CustomData.swift
/Applications/Xcode-27.0.0-Release.Candidate.app/Contents/Developer/Toolchains/XcodeDefault.xctoolchain/usr/bin/swift-frontend -frontend -c /Users/admin/builder/spi-builder-workspace/.derivedData/Build/Intermediates.noindex/DevCycle.build/Debug-xros/DevCycle-t.build/DerivedSources/resource_bundle_accessor.swift /Users/admin/builder/spi-builder-workspace/DevCycle/DVCVariable.swift /Users/admin/builder/spi-builder-workspace/DevCycle/DevCycleClient.swift -primary-file /Users/admin/builder/spi-builder-workspace/DevCycle/DevCycleUser.swift -primary-file /Users/admin/builder/spi-builder-workspace/DevCycle/Models/Cache.swift -primary-file /Users/admin/builder/spi-builder-workspace/DevCycle/Models/CustomData.swift /Users/admin/builder/spi-builder-workspace/DevCycle/Models/DVCConfig.swift /Users/admin/builder/spi-builder-workspace/DevCycle/Models/DevCycleEvent.swift /Users/admin/builder/spi-builder-workspace/DevCycle/Models/DevCycleOptions.swift /Users/admin/builder/spi-builder-workspace/DevCycle/Models/EventQueue.swift /Users/admin/builder/spi-builder-workspace/DevCycle/Models/PlatformDetails.swift /Users/admin/builder/spi-builder-workspace/DevCycle/Models/UserConfig.swift /Users/admin/builder/spi-builder-workspace/DevCycle/Networking/DevCycleService.swift /Users/admin/builder/spi-builder-workspace/DevCycle/ObjC/ObjCDVCVariable.swift /Users/admin/builder/spi-builder-workspace/DevCycle/ObjC/ObjCDevCycleClient.swift /Users/admin/builder/spi-builder-workspace/DevCycle/ObjC/ObjCDevCycleEvent.swift /Users/admin/builder/spi-builder-workspace/DevCycle/ObjC/ObjCDevCycleOptions.swift /Users/admin/builder/spi-builder-workspace/DevCycle/ObjC/ObjCDevCycleUser.swift /Users/admin/builder/spi-builder-workspace/DevCycle/ObjC/ObjCErrors.swift /Users/admin/builder/spi-builder-workspace/DevCycle/ObjC/ObjCUserConfig.swift /Users/admin/builder/spi-builder-workspace/DevCycle/SSEConnection.swift /Users/admin/builder/spi-builder-workspace/DevCycle/Utils/Log.swift /Users/admin/builder/spi-builder-workspace/DevCycle/Utils/NotificationNames.swift /Users/admin/builder/spi-builder-workspace/DevCycle/Utils/ProcessConfig.swift /Users/admin/builder/spi-builder-workspace/DevCycle/Utils/RequestConsolidator.swift /Users/admin/builder/spi-builder-workspace/DevCycle/Utils/isEqual.swift -supplementary-output-file-map /Users/admin/builder/spi-builder-workspace/.derivedData/Build/Intermediates.noindex/DevCycle.build/Debug-xros/DevCycle-t.build/Objects-normal/arm64/supplementaryOutputs-2 -target arm64-apple-xros1.0 -module-can-import-version UIKit 9127.0.84.1 9127.0.84 -disable-cross-import-overlay-search -load-resolved-plugin /Applications/Xcode-27.0.0-Release.Candidate.app/Contents/Developer/Platforms/XROS.platform/Developer/usr/lib/swift/host/plugins/libFoundationMacros.dylib\#/Applications/Xcode-27.0.0-Release.Candidate.app/Contents/Developer/Platforms/XROS.platform/Developer/usr/bin/swift-plugin-server\#FoundationMacros -load-resolved-plugin /Applications/Xcode-27.0.0-Release.Candidate.app/Contents/Developer/Platforms/XROS.platform/Developer/usr/lib/swift/host/plugins/libObservationMacros.dylib\#/Applications/Xcode-27.0.0-Release.Candidate.app/Contents/Developer/Platforms/XROS.platform/Developer/usr/bin/swift-plugin-server\#ObservationMacros -load-resolved-plugin /Applications/Xcode-27.0.0-Release.Candidate.app/Contents/Developer/Platforms/XROS.platform/Developer/usr/lib/swift/host/plugins/libPreviewsMacros.dylib\#/Applications/Xcode-27.0.0-Release.Candidate.app/Contents/Developer/Platforms/XROS.platform/Developer/usr/bin/swift-plugin-server\#PreviewsMacros -load-resolved-plugin /Applications/Xcode-27.0.0-Release.Candidate.app/Contents/Developer/Platforms/XROS.platform/Developer/usr/lib/swift/host/plugins/libSwiftMacros.dylib\#/Applications/Xcode-27.0.0-Release.Candidate.app/Contents/Developer/Platforms/XROS.platform/Developer/usr/bin/swift-plugin-server\#SwiftMacros -load-resolved-plugin /Applications/Xcode-27.0.0-Release.Candidate.app/Contents/Developer/Platforms/XROS.platform/Developer/usr/lib/swift/host/plugins/libSwiftUIMacros.dylib\#/Applications/Xcode-27.0.0-Release.Candidate.app/Contents/Developer/Platforms/XROS.platform/Developer/usr/bin/swift-plugin-server\#SwiftUIMacros -disable-implicit-swift-modules -Xcc -fno-implicit-modules -Xcc -fno-implicit-module-maps -explicit-swift-module-map-file /Users/admin/builder/spi-builder-workspace/.derivedData/Build/Intermediates.noindex/DevCycle.build/Debug-xros/DevCycle-t.build/Objects-normal/arm64/DevCycle-dependencies-1.json -Xllvm -aarch64-use-tbi -enable-objc-interop -stack-check -sdk /Applications/Xcode-27.0.0-Release.Candidate.app/Contents/Developer/Platforms/XROS.platform/Developer/SDKs/XROS27.0.sdk -I /Users/admin/builder/spi-builder-workspace/.derivedData/Build/Products/Debug-xros -Isystem /Applications/Xcode-27.0.0-Release.Candidate.app/Contents/Developer/Platforms/XROS.platform/Developer/usr/lib -F /Users/admin/builder/spi-builder-workspace/.derivedData/Build/Products/Debug-xros/PackageFrameworks -F /Users/admin/builder/spi-builder-workspace/.derivedData/Build/Products/Debug-xros -F /Applications/Xcode-27.0.0-Release.Candidate.app/Contents/Developer/Platforms/XROS.platform/Developer/Library/Frameworks -F /Applications/Xcode-27.0.0-Release.Candidate.app/Contents/Developer/Platforms/XROS.platform/Developer/SDKs/XROS27.0.sdk/Developer/Library/Frameworks -module-cache-path /Users/admin/builder/spi-builder-workspace/.derivedData/Build/Intermediates.noindex/SwiftExplicitPrecompiledModules -no-color-diagnostics -Xcc -fno-color-diagnostics -enable-testing -g -debug-info-format\=dwarf -dwarf-version\=4 -profile-generate -profile-coverage-mapping -swift-version 5 -Onone -D SWIFT_PACKAGE -D DEBUG -D SWIFT_MODULE_RESOURCE_BUNDLE_AVAILABLE -D Xcode -serialize-debugging-options -enable-experimental-feature DebugDescriptionMacro -empty-abi-descriptor -validate-clang-modules-once -clang-build-session-file /Users/admin/builder/spi-builder-workspace/.derivedData/ModuleCache.noindex/Session.modulevalidation -Xcc -working-directory -Xcc /Users/admin/builder/spi-builder-workspace/.swiftpm/xcode -enable-anonymous-context-mangled-names -file-compilation-dir /Users/admin/builder/spi-builder-workspace/.swiftpm/xcode -Xcc -D_LIBCPP_HARDENING_MODE\=_LIBCPP_HARDENING_MODE_DEBUG -Xcc -ivfsstatcache -Xcc /Users/admin/builder/spi-builder-workspace/.derivedData/SDKStatCaches.noindex/xros27.0-24M361-e829b21a6f8c9b70876ba0858053c044735bd543db762f57723cac368afd1ce4.sdkstatcache -Xcc -fmodules-prune-interval\=86400 -Xcc -fmodules-prune-after\=345600 -Xcc -I/Users/admin/builder/spi-builder-workspace/.derivedData/Build/Products/Debug-xros/include -Xcc -I/Users/admin/builder/spi-builder-workspace/.derivedData/Build/Intermediates.noindex/DevCycle.build/Debug-xros/DevCycle-t.build/DerivedSources-normal/arm64 -Xcc -I/Users/admin/builder/spi-builder-workspace/.derivedData/Build/Intermediates.noindex/DevCycle.build/Debug-xros/DevCycle-t.build/DerivedSources/arm64 -Xcc -I/Users/admin/builder/spi-builder-workspace/.derivedData/Build/Intermediates.noindex/DevCycle.build/Debug-xros/DevCycle-t.build/DerivedSources -Xcc -DSWIFT_PACKAGE -Xcc -DDEBUG\=1 -no-auto-bridging-header-chaining -module-name DevCycle -const-gather-protocols-file /Users/admin/builder/spi-builder-workspace/.derivedData/Build/Intermediates.noindex/DevCycle.build/Debug-xros/DevCycle-t.build/Objects-normal/arm64/DevCycle_const_extract_protocols.json -disable-clang-spi -clang-target arm64-apple-xros27.0 -target-sdk-version 27.0 -target-sdk-name xros27.0 -in-process-plugin-server-path /Applications/Xcode-27.0.0-Release.Candidate.app/Contents/Developer/Toolchains/XcodeDefault.xctoolchain/usr/lib/swift/host/libSwiftInProcPluginServer.dylib -parse-as-library -o /Users/admin/builder/spi-builder-workspace/.derivedData/Build/Intermediates.noindex/DevCycle.build/Debug-xros/DevCycle-t.build/Objects-normal/arm64/DevCycleUser.o -o /Users/admin/builder/spi-builder-workspace/.derivedData/Build/Intermediates.noindex/DevCycle.build/Debug-xros/DevCycle-t.build/Objects-normal/arm64/Cache.o -o /Users/admin/builder/spi-builder-workspace/.derivedData/Build/Intermediates.noindex/DevCycle.build/Debug-xros/DevCycle-t.build/Objects-normal/arm64/CustomData.o -debug-module-path /Users/admin/builder/spi-builder-workspace/.derivedData/Build/Intermediates.noindex/DevCycle.build/Debug-xros/DevCycle-t.build/Objects-normal/arm64/DevCycle.swiftmodule -index-unit-output-path /DevCycle.build/Debug-xros/DevCycle-t.build/Objects-normal/arm64/DevCycleUser.o -index-unit-output-path /DevCycle.build/Debug-xros/DevCycle-t.build/Objects-normal/arm64/Cache.o -index-unit-output-path /DevCycle.build/Debug-xros/DevCycle-t.build/Objects-normal/arm64/CustomData.o -index-store-path /Users/admin/builder/spi-builder-workspace/.derivedData/Index.noindex/DataStore -index-system-modules
SwiftDriverJobDiscovery normal arm64 Compiling NotificationNames.swift, ProcessConfig.swift (in target 'DevCycle' from project 'DevCycle')
SwiftDriverJobDiscovery normal arm64 Compiling RequestConsolidator.swift, isEqual.swift (in target 'DevCycle' from project 'DevCycle')
SwiftDriverJobDiscovery normal arm64 Compiling ObjCErrors.swift, ObjCUserConfig.swift (in target 'DevCycle' from project 'DevCycle')
SwiftDriverJobDiscovery normal arm64 Compiling SSEConnection.swift, Log.swift (in target 'DevCycle' from project 'DevCycle')
SwiftDriverJobDiscovery normal arm64 Compiling ObjCDevCycleEvent.swift, ObjCDevCycleOptions.swift, ObjCDevCycleUser.swift (in target 'DevCycle' from project 'DevCycle')
SwiftDriverJobDiscovery normal arm64 Compiling DVCConfig.swift, DevCycleEvent.swift, DevCycleOptions.swift (in target 'DevCycle' from project 'DevCycle')
SwiftDriverJobDiscovery normal arm64 Emitting module for DevCycle (in target 'DevCycle' from project 'DevCycle')
SwiftDriver\ Compilation\ Requirements DevCycle normal arm64 com.apple.xcode.tools.swift.compiler (in target 'DevCycle' from project 'DevCycle')
cd /Users/admin/builder/spi-builder-workspace/.swiftpm/xcode
builtin-Swift-Compilation-Requirements -- /Applications/Xcode-27.0.0-Release.Candidate.app/Contents/Developer/Toolchains/XcodeDefault.xctoolchain/usr/bin/swiftc -parse-as-library -module-name DevCycle -Onone @/Users/admin/builder/spi-builder-workspace/.derivedData/Build/Intermediates.noindex/DevCycle.build/Debug-xros/DevCycle-t.build/Objects-normal/arm64/DevCycle.SwiftFileList -DSWIFT_PACKAGE -DDEBUG -DSWIFT_MODULE_RESOURCE_BUNDLE_AVAILABLE -DXcode -plugin-path /Applications/Xcode-27.0.0-Release.Candidate.app/Contents/Developer/Toolchains/XcodeDefault.xctoolchain/usr/lib/swift/host/plugins/testing -enable-experimental-feature DebugDescriptionMacro -sdk /Applications/Xcode-27.0.0-Release.Candidate.app/Contents/Developer/Platforms/XROS.platform/Developer/SDKs/XROS27.0.sdk -target arm64-apple-xros1.0 -g -module-cache-path /Users/admin/builder/spi-builder-workspace/.derivedData/ModuleCache.noindex -Xfrontend -serialize-debugging-options -profile-coverage-mapping -profile-generate -enable-testing -index-store-path /Users/admin/builder/spi-builder-workspace/.derivedData/Index.noindex/DataStore -Xcc -D_LIBCPP_HARDENING_MODE\=_LIBCPP_HARDENING_MODE_DEBUG -swift-version 5 -I /Users/admin/builder/spi-builder-workspace/.derivedData/Build/Products/Debug-xros -Isystem /Applications/Xcode-27.0.0-Release.Candidate.app/Contents/Developer/Platforms/XROS.platform/Developer/usr/lib -F /Users/admin/builder/spi-builder-workspace/.derivedData/Build/Products/Debug-xros/PackageFrameworks -F /Users/admin/builder/spi-builder-workspace/.derivedData/Build/Products/Debug-xros -F /Applications/Xcode-27.0.0-Release.Candidate.app/Contents/Developer/Platforms/XROS.platform/Developer/Library/Frameworks -F /Applications/Xcode-27.0.0-Release.Candidate.app/Contents/Developer/Platforms/XROS.platform/Developer/SDKs/XROS27.0.sdk/Developer/Library/Frameworks -c -j10 -enable-batch-mode -incremental -Xcc -ivfsstatcache -Xcc /Users/admin/builder/spi-builder-workspace/.derivedData/SDKStatCaches.noindex/xros27.0-24M361-e829b21a6f8c9b70876ba0858053c044735bd543db762f57723cac368afd1ce4.sdkstatcache -output-file-map /Users/admin/builder/spi-builder-workspace/.derivedData/Build/Intermediates.noindex/DevCycle.build/Debug-xros/DevCycle-t.build/Objects-normal/arm64/DevCycle-OutputFileMap.json -save-temps -no-color-diagnostics -explicit-module-build -module-cache-path /Users/admin/builder/spi-builder-workspace/.derivedData/Build/Intermediates.noindex/SwiftExplicitPrecompiledModules -clang-scanner-module-cache-path /Users/admin/builder/spi-builder-workspace/.derivedData/ModuleCache.noindex -sdk-module-cache-path /Users/admin/builder/spi-builder-workspace/.derivedData/SDKExplicitPrecompiledModules -emit-dependencies -emit-module -emit-module-path /Users/admin/builder/spi-builder-workspace/.derivedData/Build/Intermediates.noindex/DevCycle.build/Debug-xros/DevCycle-t.build/Objects-normal/arm64/DevCycle.swiftmodule -serialize-diagnostics -dependency-scan-serialize-diagnostics-path /Users/admin/builder/spi-builder-workspace/.derivedData/Build/Intermediates.noindex/DevCycle.build/Debug-xros/DevCycle-t.build/Objects-normal/arm64/DevCycle-dependency-scan.dia -validate-clang-modules-once -clang-build-session-file /Users/admin/builder/spi-builder-workspace/.derivedData/ModuleCache.noindex/Session.modulevalidation -Xcc -fmodules-prune-interval\=86400 -Xcc -fmodules-prune-after\=345600 -emit-const-values -const-gather-protocols-list /Users/admin/builder/spi-builder-workspace/.derivedData/Build/Intermediates.noindex/DevCycle.build/Debug-xros/DevCycle-t.build/Objects-normal/arm64/DevCycle_const_extract_protocols.json -Xcc -I/Users/admin/builder/spi-builder-workspace/.derivedData/Build/Products/Debug-xros/include -Xcc -I/Users/admin/builder/spi-builder-workspace/.derivedData/Build/Intermediates.noindex/DevCycle.build/Debug-xros/DevCycle-t.build/DerivedSources-normal/arm64 -Xcc -I/Users/admin/builder/spi-builder-workspace/.derivedData/Build/Intermediates.noindex/DevCycle.build/Debug-xros/DevCycle-t.build/DerivedSources/arm64 -Xcc -I/Users/admin/builder/spi-builder-workspace/.derivedData/Build/Intermediates.noindex/DevCycle.build/Debug-xros/DevCycle-t.build/DerivedSources -Xcc -DSWIFT_PACKAGE -Xcc -DDEBUG\=1 -emit-objc-header -emit-objc-header-path /Users/admin/builder/spi-builder-workspace/.derivedData/Build/Intermediates.noindex/DevCycle.build/Debug-xros/DevCycle-t.build/Objects-normal/arm64/DevCycle-Swift.h -working-directory /Users/admin/builder/spi-builder-workspace/.swiftpm/xcode -experimental-emit-module-separately -disable-cmo
SwiftMergeGeneratedHeaders /Users/admin/builder/spi-builder-workspace/.derivedData/Build/Intermediates.noindex/GeneratedModuleMaps-xros/DevCycle-Swift.h /Users/admin/builder/spi-builder-workspace/.derivedData/Build/Intermediates.noindex/DevCycle.build/Debug-xros/DevCycle-t.build/Objects-normal/arm64/DevCycle-Swift.h (in target 'DevCycle' from project 'DevCycle')
cd /Users/admin/builder/spi-builder-workspace
builtin-swiftHeaderTool -arch arm64 /Users/admin/builder/spi-builder-workspace/.derivedData/Build/Intermediates.noindex/DevCycle.build/Debug-xros/DevCycle-t.build/Objects-normal/arm64/DevCycle-Swift.h -o /Users/admin/builder/spi-builder-workspace/.derivedData/Build/Intermediates.noindex/GeneratedModuleMaps-xros/DevCycle-Swift.h
Copy /Users/admin/builder/spi-builder-workspace/.derivedData/Build/Products/Debug-xros/DevCycle.swiftmodule/arm64-apple-xros.swiftmodule /Users/admin/builder/spi-builder-workspace/.derivedData/Build/Intermediates.noindex/DevCycle.build/Debug-xros/DevCycle-t.build/Objects-normal/arm64/DevCycle.swiftmodule (in target 'DevCycle' from project 'DevCycle')
cd /Users/admin/builder/spi-builder-workspace
builtin-copy -exclude .DS_Store -exclude CVS -exclude .svn -exclude .git -exclude .hg -resolve-src-symlinks -rename /Users/admin/builder/spi-builder-workspace/.derivedData/Build/Intermediates.noindex/DevCycle.build/Debug-xros/DevCycle-t.build/Objects-normal/arm64/DevCycle.swiftmodule /Users/admin/builder/spi-builder-workspace/.derivedData/Build/Products/Debug-xros/DevCycle.swiftmodule/arm64-apple-xros.swiftmodule
Copy /Users/admin/builder/spi-builder-workspace/.derivedData/Build/Products/Debug-xros/DevCycle.swiftmodule/arm64-apple-xros.abi.json /Users/admin/builder/spi-builder-workspace/.derivedData/Build/Intermediates.noindex/DevCycle.build/Debug-xros/DevCycle-t.build/Objects-normal/arm64/DevCycle.abi.json (in target 'DevCycle' from project 'DevCycle')
cd /Users/admin/builder/spi-builder-workspace
builtin-copy -exclude .DS_Store -exclude CVS -exclude .svn -exclude .git -exclude .hg -resolve-src-symlinks -rename /Users/admin/builder/spi-builder-workspace/.derivedData/Build/Intermediates.noindex/DevCycle.build/Debug-xros/DevCycle-t.build/Objects-normal/arm64/DevCycle.abi.json /Users/admin/builder/spi-builder-workspace/.derivedData/Build/Products/Debug-xros/DevCycle.swiftmodule/arm64-apple-xros.abi.json
Copy /Users/admin/builder/spi-builder-workspace/.derivedData/Build/Products/Debug-xros/DevCycle.swiftmodule/arm64-apple-xros.swiftdoc /Users/admin/builder/spi-builder-workspace/.derivedData/Build/Intermediates.noindex/DevCycle.build/Debug-xros/DevCycle-t.build/Objects-normal/arm64/DevCycle.swiftdoc (in target 'DevCycle' from project 'DevCycle')
cd /Users/admin/builder/spi-builder-workspace
builtin-copy -exclude .DS_Store -exclude CVS -exclude .svn -exclude .git -exclude .hg -resolve-src-symlinks -rename /Users/admin/builder/spi-builder-workspace/.derivedData/Build/Intermediates.noindex/DevCycle.build/Debug-xros/DevCycle-t.build/Objects-normal/arm64/DevCycle.swiftdoc /Users/admin/builder/spi-builder-workspace/.derivedData/Build/Products/Debug-xros/DevCycle.swiftmodule/arm64-apple-xros.swiftdoc
Copy /Users/admin/builder/spi-builder-workspace/.derivedData/Build/Products/Debug-xros/DevCycle.swiftmodule/Project/arm64-apple-xros.swiftsourceinfo /Users/admin/builder/spi-builder-workspace/.derivedData/Build/Intermediates.noindex/DevCycle.build/Debug-xros/DevCycle-t.build/Objects-normal/arm64/DevCycle.swiftsourceinfo (in target 'DevCycle' from project 'DevCycle')
cd /Users/admin/builder/spi-builder-workspace
builtin-copy -exclude .DS_Store -exclude CVS -exclude .svn -exclude .git -exclude .hg -resolve-src-symlinks -rename /Users/admin/builder/spi-builder-workspace/.derivedData/Build/Intermediates.noindex/DevCycle.build/Debug-xros/DevCycle-t.build/Objects-normal/arm64/DevCycle.swiftsourceinfo /Users/admin/builder/spi-builder-workspace/.derivedData/Build/Products/Debug-xros/DevCycle.swiftmodule/Project/arm64-apple-xros.swiftsourceinfo
SwiftDriverJobDiscovery normal arm64 Compiling EventQueue.swift, PlatformDetails.swift, UserConfig.swift (in target 'DevCycle' from project 'DevCycle')
SwiftDriverJobDiscovery normal arm64 Compiling DevCycleService.swift, ObjCDVCVariable.swift, ObjCDevCycleClient.swift (in target 'DevCycle' from project 'DevCycle')
SwiftDriverJobDiscovery normal arm64 Compiling resource_bundle_accessor.swift, DVCVariable.swift, DevCycleClient.swift (in target 'DevCycle' from project 'DevCycle')
PruneExplicitPrecompiledModules /Users/admin/builder/spi-builder-workspace/.derivedData/Build/Intermediates.noindex/SwiftExplicitPrecompiledModules
PruneExplicitPrecompiledModules /Users/admin/builder/spi-builder-workspace/.derivedData/Build/Intermediates.noindex/ExplicitPrecompiledModules
PruneExplicitPrecompiledModules /Users/admin/builder/spi-builder-workspace/.derivedData/SDKExplicitPrecompiledModules
2026-09-24 23:41:04.272 xcodebuild[700:4482] [MT] IDERunDestination: Supported platforms for the buildables in the current scheme is empty.
** BUILD FAILED **
The following build commands failed:
SwiftCompile normal arm64 /Users/admin/builder/spi-builder-workspace/DevCycle/DevCycleUser.swift (in target 'DevCycle' from project 'DevCycle')
SwiftCompile normal arm64 Compiling\ DevCycleUser.swift,\ Cache.swift,\ CustomData.swift /Users/admin/builder/spi-builder-workspace/DevCycle/DevCycleUser.swift /Users/admin/builder/spi-builder-workspace/DevCycle/Models/Cache.swift /Users/admin/builder/spi-builder-workspace/DevCycle/Models/CustomData.swift (in target 'DevCycle' from project 'DevCycle')
Building workspace DevCycle with scheme DevCycle
(3 failures)
Command line invocation:
/Applications/Xcode-27.0.0-Release.Candidate.app/Contents/Developer/usr/bin/xcodebuild -IDEClonedSourcePackagesDirPathOverride=/Users/admin/builder/spi-builder-workspace/.dependencies -resolvePackageDependencies
Resolve Package Graph
Resolved source packages:
DevCycle: /Users/admin/builder/spi-builder-workspace
LDSwiftEventSource: https://github.com/LaunchDarkly/swift-eventsource.git @ 3.3.1
resolved source packages: DevCycle, LDSwiftEventSource
2026-09-24 23:41:13.955 xcodebuild[817:5006] [MT] IDERunDestination: Supported platforms for the buildables in the current scheme is empty.
{
"dependencies" : [
{
"identity" : "swift-eventsource",
"requirement" : {
"range" : [
{
"lower_bound" : "3.3.0",
"upper_bound" : "4.0.0"
}
]
},
"type" : "sourceControl",
"url" : "https://github.com/LaunchDarkly/swift-eventsource.git"
}
],
"manifest_display_name" : "DevCycle",
"name" : "DevCycle",
"path" : "/Users/admin/builder/spi-builder-workspace",
"platforms" : [
{
"name" : "ios",
"version" : "12.0"
},
{
"name" : "tvos",
"version" : "12.0"
},
{
"name" : "macos",
"version" : "10.13"
},
{
"name" : "watchos",
"version" : "7.0"
}
],
"products" : [
{
"name" : "DevCycle",
"targets" : [
"DevCycle"
],
"type" : {
"library" : [
"automatic"
]
}
}
],
"swift_languages_versions" : [
"5"
],
"targets" : [
{
"c99name" : "DevCycleTests_ObjC",
"module_type" : "ClangTarget",
"name" : "DevCycleTests-ObjC",
"path" : "DevCycleTests/ObjC",
"sources" : [
"ObjCDevCycleClientTests.m",
"ObjcDVCVariableTests.m",
"ObjcDevCycleUserTests.m"
],
"target_dependencies" : [
"DevCycle"
],
"type" : "test"
},
{
"c99name" : "DevCycleTests",
"module_type" : "SwiftTarget",
"name" : "DevCycleTests",
"path" : "DevCycleTests",
"sources" : [
"Mocks/URLSessionMock.swift",
"Models/DVCConfigTests.swift",
"Models/DVCVariableTests.swift",
"Models/DevCycleClientTests.swift",
"Models/DevCycleEventTests.swift",
"Models/DevCycleOptionsTest.swift",
"Models/DevCycleUserTest.swift",
"Models/EventQueueTests.swift",
"Models/SSEMessage.swift",
"Models/ThreadingTests.swift",
"Models/UserConfigTests.swift",
"Networking/DevCycleServiceTests.swift",
"Utils/GetTestConfig.swift",
"Utils/IsEqualTests.swift",
"Utils/RequestConsolidatorTests.swift"
],
"target_dependencies" : [
"DevCycle"
],
"type" : "test"
},
{
"c99name" : "DevCycle",
"module_type" : "SwiftTarget",
"name" : "DevCycle",
"path" : "DevCycle",
"product_dependencies" : [
"LDSwiftEventSource"
],
"product_memberships" : [
"DevCycle"
],
"resources" : [
{
"path" : "/Users/admin/builder/spi-builder-workspace/DevCycle/PrivacyInfo.xcprivacy",
"rule" : {
"process" : {
}
}
}
],
"sources" : [
"DVCVariable.swift",
"DevCycleClient.swift",
"DevCycleUser.swift",
"Models/Cache.swift",
"Models/CustomData.swift",
"Models/DVCConfig.swift",
"Models/DevCycleEvent.swift",
"Models/DevCycleOptions.swift",
"Models/EventQueue.swift",
"Models/PlatformDetails.swift",
"Models/UserConfig.swift",
"Networking/DevCycleService.swift",
"ObjC/ObjCDVCVariable.swift",
"ObjC/ObjCDevCycleClient.swift",
"ObjC/ObjCDevCycleEvent.swift",
"ObjC/ObjCDevCycleOptions.swift",
"ObjC/ObjCDevCycleUser.swift",
"ObjC/ObjCErrors.swift",
"ObjC/ObjCUserConfig.swift",
"SSEConnection.swift",
"Utils/Log.swift",
"Utils/NotificationNames.swift",
"Utils/ProcessConfig.swift",
"Utils/RequestConsolidator.swift",
"Utils/isEqual.swift"
],
"type" : "library"
}
],
"tools_version" : "5.3"
}
{
"workspace" : {
"name" : "DevCycle",
"schemes" : [
"DevCycle"
]
}
}
2026-09-24 23:41:15.197 xcodebuild[825:5073] [MT] IDERunDestination: Supported platforms for the buildables in the current scheme is empty.
Running build ...
env DEVELOPER_DIR=/Applications/Xcode-27.0.0-Release.Candidate.app xcrun xcodebuild -IDEClonedSourcePackagesDirPathOverride=$PWD/.dependencies -skipMacroValidation -skipPackagePluginValidation -derivedDataPath $PWD/.derivedData build -scheme DevCycle -destination generic/platform=xrOS
Command line invocation:
/Applications/Xcode-27.0.0-Release.Candidate.app/Contents/Developer/usr/bin/xcodebuild -IDEClonedSourcePackagesDirPathOverride=/Users/admin/builder/spi-builder-workspace/.dependencies -skipMacroValidation -skipPackagePluginValidation -derivedDataPath /Users/admin/builder/spi-builder-workspace/.derivedData build -scheme DevCycle -destination generic/platform=xrOS
Resolve Package Graph
Resolved source packages:
DevCycle: /Users/admin/builder/spi-builder-workspace
LDSwiftEventSource: https://github.com/LaunchDarkly/swift-eventsource.git @ 3.3.1
ComputePackagePrebuildTargetDependencyGraph
Prepare packages
CreateBuildRequest
SendProjectDescription
CreateBuildOperation
ComputeTargetDependencyGraph
note: Building targets in dependency order
note: Target dependency graph (5 targets)
Target 'DevCycle-product' in project 'DevCycle'
➜ Explicit dependency on target 'DevCycle' in project 'DevCycle'
➜ Explicit dependency on target 'DevCycle_DevCycle' in project 'DevCycle'
➜ Explicit dependency on target 'LDSwiftEventSource-product' in project 'LDSwiftEventSource'
Target 'DevCycle' in project 'DevCycle'
➜ Explicit dependency on target 'DevCycle_DevCycle' in project 'DevCycle'
➜ Explicit dependency on target 'LDSwiftEventSource-product' in project 'LDSwiftEventSource'
Target 'LDSwiftEventSource-product' in project 'LDSwiftEventSource'
➜ Explicit dependency on target 'LDSwiftEventSource' in project 'LDSwiftEventSource'
Target 'LDSwiftEventSource' in project 'LDSwiftEventSource' (no dependencies)
Target 'DevCycle_DevCycle' in project 'DevCycle' (no dependencies)
GatherProvisioningInputs
CreateBuildDescription
ClangStatCache /Applications/Xcode-27.0.0-Release.Candidate.app/Contents/Developer/Toolchains/XcodeDefault.xctoolchain/usr/bin/clang-stat-cache /Applications/Xcode-27.0.0-Release.Candidate.app/Contents/Developer/Platforms/XROS.platform/Developer/SDKs/XROS27.0.sdk /Users/admin/builder/spi-builder-workspace/.derivedData/SDKStatCaches.noindex/xros27.0-24M361-e829b21a6f8c9b70876ba0858053c044735bd543db762f57723cac368afd1ce4.sdkstatcache
cd /Users/admin/builder/spi-builder-workspace/.swiftpm/xcode
/Applications/Xcode-27.0.0-Release.Candidate.app/Contents/Developer/Toolchains/XcodeDefault.xctoolchain/usr/bin/clang-stat-cache /Applications/Xcode-27.0.0-Release.Candidate.app/Contents/Developer/Platforms/XROS.platform/Developer/SDKs/XROS27.0.sdk -o /Users/admin/builder/spi-builder-workspace/.derivedData/SDKStatCaches.noindex/xros27.0-24M361-e829b21a6f8c9b70876ba0858053c044735bd543db762f57723cac368afd1ce4.sdkstatcache
SwiftDriver DevCycle normal arm64 com.apple.xcode.tools.swift.compiler (in target 'DevCycle' from project 'DevCycle')
cd /Users/admin/builder/spi-builder-workspace/.swiftpm/xcode
builtin-SwiftDriver -- /Applications/Xcode-27.0.0-Release.Candidate.app/Contents/Developer/Toolchains/XcodeDefault.xctoolchain/usr/bin/swiftc -parse-as-library -module-name DevCycle -Onone @/Users/admin/builder/spi-builder-workspace/.derivedData/Build/Intermediates.noindex/DevCycle.build/Debug-xros/DevCycle-t.build/Objects-normal/arm64/DevCycle.SwiftFileList -DSWIFT_PACKAGE -DDEBUG -DSWIFT_MODULE_RESOURCE_BUNDLE_AVAILABLE -DXcode -plugin-path /Applications/Xcode-27.0.0-Release.Candidate.app/Contents/Developer/Toolchains/XcodeDefault.xctoolchain/usr/lib/swift/host/plugins/testing -enable-experimental-feature DebugDescriptionMacro -sdk /Applications/Xcode-27.0.0-Release.Candidate.app/Contents/Developer/Platforms/XROS.platform/Developer/SDKs/XROS27.0.sdk -target arm64-apple-xros1.0 -g -module-cache-path /Users/admin/builder/spi-builder-workspace/.derivedData/ModuleCache.noindex -Xfrontend -serialize-debugging-options -profile-coverage-mapping -profile-generate -enable-testing -index-store-path /Users/admin/builder/spi-builder-workspace/.derivedData/Index.noindex/DataStore -Xcc -D_LIBCPP_HARDENING_MODE\=_LIBCPP_HARDENING_MODE_DEBUG -swift-version 5 -I /Users/admin/builder/spi-builder-workspace/.derivedData/Build/Products/Debug-xros -Isystem /Applications/Xcode-27.0.0-Release.Candidate.app/Contents/Developer/Platforms/XROS.platform/Developer/usr/lib -F /Users/admin/builder/spi-builder-workspace/.derivedData/Build/Products/Debug-xros/PackageFrameworks -F /Users/admin/builder/spi-builder-workspace/.derivedData/Build/Products/Debug-xros -F /Applications/Xcode-27.0.0-Release.Candidate.app/Contents/Developer/Platforms/XROS.platform/Developer/Library/Frameworks -F /Applications/Xcode-27.0.0-Release.Candidate.app/Contents/Developer/Platforms/XROS.platform/Developer/SDKs/XROS27.0.sdk/Developer/Library/Frameworks -c -j10 -enable-batch-mode -incremental -Xcc -ivfsstatcache -Xcc /Users/admin/builder/spi-builder-workspace/.derivedData/SDKStatCaches.noindex/xros27.0-24M361-e829b21a6f8c9b70876ba0858053c044735bd543db762f57723cac368afd1ce4.sdkstatcache -output-file-map /Users/admin/builder/spi-builder-workspace/.derivedData/Build/Intermediates.noindex/DevCycle.build/Debug-xros/DevCycle-t.build/Objects-normal/arm64/DevCycle-OutputFileMap.json -save-temps -no-color-diagnostics -explicit-module-build -module-cache-path /Users/admin/builder/spi-builder-workspace/.derivedData/Build/Intermediates.noindex/SwiftExplicitPrecompiledModules -clang-scanner-module-cache-path /Users/admin/builder/spi-builder-workspace/.derivedData/ModuleCache.noindex -sdk-module-cache-path /Users/admin/builder/spi-builder-workspace/.derivedData/SDKExplicitPrecompiledModules -emit-dependencies -emit-module -emit-module-path /Users/admin/builder/spi-builder-workspace/.derivedData/Build/Intermediates.noindex/DevCycle.build/Debug-xros/DevCycle-t.build/Objects-normal/arm64/DevCycle.swiftmodule -serialize-diagnostics -dependency-scan-serialize-diagnostics-path /Users/admin/builder/spi-builder-workspace/.derivedData/Build/Intermediates.noindex/DevCycle.build/Debug-xros/DevCycle-t.build/Objects-normal/arm64/DevCycle-dependency-scan.dia -validate-clang-modules-once -clang-build-session-file /Users/admin/builder/spi-builder-workspace/.derivedData/ModuleCache.noindex/Session.modulevalidation -Xcc -fmodules-prune-interval\=86400 -Xcc -fmodules-prune-after\=345600 -emit-const-values -const-gather-protocols-list /Users/admin/builder/spi-builder-workspace/.derivedData/Build/Intermediates.noindex/DevCycle.build/Debug-xros/DevCycle-t.build/Objects-normal/arm64/DevCycle_const_extract_protocols.json -Xcc -I/Users/admin/builder/spi-builder-workspace/.derivedData/Build/Products/Debug-xros/include -Xcc -I/Users/admin/builder/spi-builder-workspace/.derivedData/Build/Intermediates.noindex/DevCycle.build/Debug-xros/DevCycle-t.build/DerivedSources-normal/arm64 -Xcc -I/Users/admin/builder/spi-builder-workspace/.derivedData/Build/Intermediates.noindex/DevCycle.build/Debug-xros/DevCycle-t.build/DerivedSources/arm64 -Xcc -I/Users/admin/builder/spi-builder-workspace/.derivedData/Build/Intermediates.noindex/DevCycle.build/Debug-xros/DevCycle-t.build/DerivedSources -Xcc -DSWIFT_PACKAGE -Xcc -DDEBUG\=1 -emit-objc-header -emit-objc-header-path /Users/admin/builder/spi-builder-workspace/.derivedData/Build/Intermediates.noindex/DevCycle.build/Debug-xros/DevCycle-t.build/Objects-normal/arm64/DevCycle-Swift.h -working-directory /Users/admin/builder/spi-builder-workspace/.swiftpm/xcode -experimental-emit-module-separately -disable-cmo
SwiftEmitModule normal arm64 Emitting\ module\ for\ DevCycle (in target 'DevCycle' from project 'DevCycle')
SwiftCompile normal arm64 (in target 'DevCycle' from project 'DevCycle')
cd /Users/admin/builder/spi-builder-workspace/.swiftpm/xcode
SwiftCompile normal arm64 Compiling\ Cache.swift /Users/admin/builder/spi-builder-workspace/DevCycle/Models/Cache.swift (in target 'DevCycle' from project 'DevCycle')
SwiftCompile normal arm64 /Users/admin/builder/spi-builder-workspace/DevCycle/Models/Cache.swift (in target 'DevCycle' from project 'DevCycle')
cd /Users/admin/builder/spi-builder-workspace/.swiftpm/xcode
builtin-SwiftPerFileCompile Cache.swift
SwiftCompile normal arm64 Compiling\ DevCycleUser.swift /Users/admin/builder/spi-builder-workspace/DevCycle/DevCycleUser.swift (in target 'DevCycle' from project 'DevCycle')
/Users/admin/builder/spi-builder-workspace/DevCycle/DevCycleUser.swift:166:34: error: value of type 'PlatformDetails' has no member 'systemName'
164 | self.lastSeenDate = Date()
165 | self.createdDate = Date()
166 | self.platform = platform.systemName
| `- error: value of type 'PlatformDetails' has no member 'systemName'
167 | self.platformVersion = platform.systemVersion
168 | self.deviceModel = platform.deviceModel
/Users/admin/builder/spi-builder-workspace/DevCycle/DevCycleUser.swift:167:41: error: value of type 'PlatformDetails' has no member 'systemVersion'
165 | self.createdDate = Date()
166 | self.platform = platform.systemName
167 | self.platformVersion = platform.systemVersion
| `- error: value of type 'PlatformDetails' has no member 'systemVersion'
168 | self.deviceModel = platform.deviceModel
169 | self.sdkType = platform.sdkType
/Users/admin/builder/spi-builder-workspace/DevCycle/DevCycleUser.swift:168:37: error: value of type 'PlatformDetails' has no member 'deviceModel'
166 | self.platform = platform.systemName
167 | self.platformVersion = platform.systemVersion
168 | self.deviceModel = platform.deviceModel
| `- error: value of type 'PlatformDetails' has no member 'deviceModel'
169 | self.sdkType = platform.sdkType
170 | self.sdkVersion = platform.sdkVersion
Failed frontend command:
/Applications/Xcode-27.0.0-Release.Candidate.app/Contents/Developer/Toolchains/XcodeDefault.xctoolchain/usr/bin/swift-frontend -frontend -c /Users/admin/builder/spi-builder-workspace/.derivedData/Build/Intermediates.noindex/DevCycle.build/Debug-xros/DevCycle-t.build/DerivedSources/resource_bundle_accessor.swift /Users/admin/builder/spi-builder-workspace/DevCycle/DVCVariable.swift /Users/admin/builder/spi-builder-workspace/DevCycle/DevCycleClient.swift -primary-file /Users/admin/builder/spi-builder-workspace/DevCycle/DevCycleUser.swift /Users/admin/builder/spi-builder-workspace/DevCycle/Models/Cache.swift /Users/admin/builder/spi-builder-workspace/DevCycle/Models/CustomData.swift /Users/admin/builder/spi-builder-workspace/DevCycle/Models/DVCConfig.swift /Users/admin/builder/spi-builder-workspace/DevCycle/Models/DevCycleEvent.swift /Users/admin/builder/spi-builder-workspace/DevCycle/Models/DevCycleOptions.swift /Users/admin/builder/spi-builder-workspace/DevCycle/Models/EventQueue.swift /Users/admin/builder/spi-builder-workspace/DevCycle/Models/PlatformDetails.swift /Users/admin/builder/spi-builder-workspace/DevCycle/Models/UserConfig.swift /Users/admin/builder/spi-builder-workspace/DevCycle/Networking/DevCycleService.swift /Users/admin/builder/spi-builder-workspace/DevCycle/ObjC/ObjCDVCVariable.swift /Users/admin/builder/spi-builder-workspace/DevCycle/ObjC/ObjCDevCycleClient.swift /Users/admin/builder/spi-builder-workspace/DevCycle/ObjC/ObjCDevCycleEvent.swift /Users/admin/builder/spi-builder-workspace/DevCycle/ObjC/ObjCDevCycleOptions.swift /Users/admin/builder/spi-builder-workspace/DevCycle/ObjC/ObjCDevCycleUser.swift /Users/admin/builder/spi-builder-workspace/DevCycle/ObjC/ObjCErrors.swift /Users/admin/builder/spi-builder-workspace/DevCycle/ObjC/ObjCUserConfig.swift /Users/admin/builder/spi-builder-workspace/DevCycle/SSEConnection.swift /Users/admin/builder/spi-builder-workspace/DevCycle/Utils/Log.swift /Users/admin/builder/spi-builder-workspace/DevCycle/Utils/NotificationNames.swift /Users/admin/builder/spi-builder-workspace/DevCycle/Utils/ProcessConfig.swift /Users/admin/builder/spi-builder-workspace/DevCycle/Utils/RequestConsolidator.swift /Users/admin/builder/spi-builder-workspace/DevCycle/Utils/isEqual.swift -emit-dependencies-path /Users/admin/builder/spi-builder-workspace/.derivedData/Build/Intermediates.noindex/DevCycle.build/Debug-xros/DevCycle-t.build/Objects-normal/arm64/DevCycleUser.d -emit-const-values-path /Users/admin/builder/spi-builder-workspace/.derivedData/Build/Intermediates.noindex/DevCycle.build/Debug-xros/DevCycle-t.build/Objects-normal/arm64/DevCycleUser.swiftconstvalues -emit-reference-dependencies-path /Users/admin/builder/spi-builder-workspace/.derivedData/Build/Intermediates.noindex/DevCycle.build/Debug-xros/DevCycle-t.build/Objects-normal/arm64/DevCycleUser.swiftdeps -serialize-diagnostics-path /Users/admin/builder/spi-builder-workspace/.derivedData/Build/Intermediates.noindex/DevCycle.build/Debug-xros/DevCycle-t.build/Objects-normal/arm64/DevCycleUser.dia -target arm64-apple-xros1.0 -module-can-import-version UIKit 9127.0.84.1 9127.0.84 -disable-cross-import-overlay-search -load-resolved-plugin /Applications/Xcode-27.0.0-Release.Candidate.app/Contents/Developer/Platforms/XROS.platform/Developer/usr/lib/swift/host/plugins/libFoundationMacros.dylib\#/Applications/Xcode-27.0.0-Release.Candidate.app/Contents/Developer/Platforms/XROS.platform/Developer/usr/bin/swift-plugin-server\#FoundationMacros -load-resolved-plugin /Applications/Xcode-27.0.0-Release.Candidate.app/Contents/Developer/Platforms/XROS.platform/Developer/usr/lib/swift/host/plugins/libObservationMacros.dylib\#/Applications/Xcode-27.0.0-Release.Candidate.app/Contents/Developer/Platforms/XROS.platform/Developer/usr/bin/swift-plugin-server\#ObservationMacros -load-resolved-plugin /Applications/Xcode-27.0.0-Release.Candidate.app/Contents/Developer/Platforms/XROS.platform/Developer/usr/lib/swift/host/plugins/libPreviewsMacros.dylib\#/Applications/Xcode-27.0.0-Release.Candidate.app/Contents/Developer/Platforms/XROS.platform/Developer/usr/bin/swift-plugin-server\#PreviewsMacros -load-resolved-plugin /Applications/Xcode-27.0.0-Release.Candidate.app/Contents/Developer/Platforms/XROS.platform/Developer/usr/lib/swift/host/plugins/libSwiftMacros.dylib\#/Applications/Xcode-27.0.0-Release.Candidate.app/Contents/Developer/Platforms/XROS.platform/Developer/usr/bin/swift-plugin-server\#SwiftMacros -load-resolved-plugin /Applications/Xcode-27.0.0-Release.Candidate.app/Contents/Developer/Platforms/XROS.platform/Developer/usr/lib/swift/host/plugins/libSwiftUIMacros.dylib\#/Applications/Xcode-27.0.0-Release.Candidate.app/Contents/Developer/Platforms/XROS.platform/Developer/usr/bin/swift-plugin-server\#SwiftUIMacros -disable-implicit-swift-modules -Xcc -fno-implicit-modules -Xcc -fno-implicit-module-maps -explicit-swift-module-map-file /Users/admin/builder/spi-builder-workspace/.derivedData/Build/Intermediates.noindex/DevCycle.build/Debug-xros/DevCycle-t.build/Objects-normal/arm64/DevCycle-dependencies-1.json -Xllvm -aarch64-use-tbi -enable-objc-interop -stack-check -sdk /Applications/Xcode-27.0.0-Release.Candidate.app/Contents/Developer/Platforms/XROS.platform/Developer/SDKs/XROS27.0.sdk -I /Users/admin/builder/spi-builder-workspace/.derivedData/Build/Products/Debug-xros -Isystem /Applications/Xcode-27.0.0-Release.Candidate.app/Contents/Developer/Platforms/XROS.platform/Developer/usr/lib -F /Users/admin/builder/spi-builder-workspace/.derivedData/Build/Products/Debug-xros/PackageFrameworks -F /Users/admin/builder/spi-builder-workspace/.derivedData/Build/Products/Debug-xros -F /Applications/Xcode-27.0.0-Release.Candidate.app/Contents/Developer/Platforms/XROS.platform/Developer/Library/Frameworks -F /Applications/Xcode-27.0.0-Release.Candidate.app/Contents/Developer/Platforms/XROS.platform/Developer/SDKs/XROS27.0.sdk/Developer/Library/Frameworks -module-cache-path /Users/admin/builder/spi-builder-workspace/.derivedData/Build/Intermediates.noindex/SwiftExplicitPrecompiledModules -no-color-diagnostics -Xcc -fno-color-diagnostics -enable-testing -g -debug-info-format\=dwarf -dwarf-version\=4 -profile-generate -profile-coverage-mapping -swift-version 5 -Onone -D SWIFT_PACKAGE -D DEBUG -D SWIFT_MODULE_RESOURCE_BUNDLE_AVAILABLE -D Xcode -serialize-debugging-options -enable-experimental-feature DebugDescriptionMacro -empty-abi-descriptor -validate-clang-modules-once -clang-build-session-file /Users/admin/builder/spi-builder-workspace/.derivedData/ModuleCache.noindex/Session.modulevalidation -Xcc -working-directory -Xcc /Users/admin/builder/spi-builder-workspace/.swiftpm/xcode -enable-anonymous-context-mangled-names -file-compilation-dir /Users/admin/builder/spi-builder-workspace/.swiftpm/xcode -Xcc -D_LIBCPP_HARDENING_MODE\=_LIBCPP_HARDENING_MODE_DEBUG -Xcc -ivfsstatcache -Xcc /Users/admin/builder/spi-builder-workspace/.derivedData/SDKStatCaches.noindex/xros27.0-24M361-e829b21a6f8c9b70876ba0858053c044735bd543db762f57723cac368afd1ce4.sdkstatcache -Xcc -fmodules-prune-interval\=86400 -Xcc -fmodules-prune-after\=345600 -Xcc -I/Users/admin/builder/spi-builder-workspace/.derivedData/Build/Products/Debug-xros/include -Xcc -I/Users/admin/builder/spi-builder-workspace/.derivedData/Build/Intermediates.noindex/DevCycle.build/Debug-xros/DevCycle-t.build/DerivedSources-normal/arm64 -Xcc -I/Users/admin/builder/spi-builder-workspace/.derivedData/Build/Intermediates.noindex/DevCycle.build/Debug-xros/DevCycle-t.build/DerivedSources/arm64 -Xcc -I/Users/admin/builder/spi-builder-workspace/.derivedData/Build/Intermediates.noindex/DevCycle.build/Debug-xros/DevCycle-t.build/DerivedSources -Xcc -DSWIFT_PACKAGE -Xcc -DDEBUG\=1 -no-auto-bridging-header-chaining -module-name DevCycle -const-gather-protocols-file /Users/admin/builder/spi-builder-workspace/.derivedData/Build/Intermediates.noindex/DevCycle.build/Debug-xros/DevCycle-t.build/Objects-normal/arm64/DevCycle_const_extract_protocols.json -disable-clang-spi -clang-target arm64-apple-xros27.0 -target-sdk-version 27.0 -target-sdk-name xros27.0 -in-process-plugin-server-path /Applications/Xcode-27.0.0-Release.Candidate.app/Contents/Developer/Toolchains/XcodeDefault.xctoolchain/usr/lib/swift/host/libSwiftInProcPluginServer.dylib -parse-as-library -o /Users/admin/builder/spi-builder-workspace/.derivedData/Build/Intermediates.noindex/DevCycle.build/Debug-xros/DevCycle-t.build/Objects-normal/arm64/DevCycleUser.o -debug-module-path /Users/admin/builder/spi-builder-workspace/.derivedData/Build/Intermediates.noindex/DevCycle.build/Debug-xros/DevCycle-t.build/Objects-normal/arm64/DevCycle.swiftmodule -index-unit-output-path /DevCycle.build/Debug-xros/DevCycle-t.build/Objects-normal/arm64/DevCycleUser.o -index-store-path /Users/admin/builder/spi-builder-workspace/.derivedData/Index.noindex/DataStore -index-system-modules
SwiftCompile normal arm64 /Users/admin/builder/spi-builder-workspace/DevCycle/DevCycleUser.swift (in target 'DevCycle' from project 'DevCycle')
cd /Users/admin/builder/spi-builder-workspace/.swiftpm/xcode
builtin-SwiftPerFileCompile DevCycleUser.swift
SwiftCompile normal arm64 Compiling\ CustomData.swift /Users/admin/builder/spi-builder-workspace/DevCycle/Models/CustomData.swift (in target 'DevCycle' from project 'DevCycle')
SwiftCompile normal arm64 /Users/admin/builder/spi-builder-workspace/DevCycle/Models/CustomData.swift (in target 'DevCycle' from project 'DevCycle')
cd /Users/admin/builder/spi-builder-workspace/.swiftpm/xcode
builtin-SwiftPerFileCompile CustomData.swift
PruneExplicitPrecompiledModules /Users/admin/builder/spi-builder-workspace/.derivedData/Build/Intermediates.noindex/SwiftExplicitPrecompiledModules
PruneExplicitPrecompiledModules /Users/admin/builder/spi-builder-workspace/.derivedData/Build/Intermediates.noindex/ExplicitPrecompiledModules
PruneExplicitPrecompiledModules /Users/admin/builder/spi-builder-workspace/.derivedData/SDKExplicitPrecompiledModules
2026-09-24 23:41:16.133 xcodebuild[826:5100] [MT] IDERunDestination: Supported platforms for the buildables in the current scheme is empty.
** BUILD FAILED **
The following build commands failed:
SwiftCompile normal arm64 Compiling\ DevCycleUser.swift /Users/admin/builder/spi-builder-workspace/DevCycle/DevCycleUser.swift (in target 'DevCycle' from project 'DevCycle')
SwiftCompile normal arm64 /Users/admin/builder/spi-builder-workspace/DevCycle/DevCycleUser.swift (in target 'DevCycle' from project 'DevCycle')
Building workspace DevCycle with scheme DevCycle
(3 failures)
BUILD FAILURE 6.4 visionOS