Build Information
Failed to build SwiftTableViewGroup, reference master (612262), with Swift 6.4 for visionOS using Xcode 27.0 on 16 Sep 2026 23:51:45 UTC.
Build Command
env DEVELOPER_DIR=/Applications/Xcode-27.0.0-Release.Candidate.app xcrun xcodebuild -IDEClonedSourcePackagesDirPathOverride=$PWD/.dependencies -skipMacroValidation -skipPackagePluginValidation -derivedDataPath $PWD/.derivedData build -scheme SwiftTableViewGroup -destination generic/platform=xrOSBuild Log
========================================
RunAll
========================================
Builder version: 5.1.0
Interrupt handler set up.
========================================
Checkout
========================================
Clone URL: https://github.com/josercc/SwiftTableViewGroup.git
Reference: master
Initialized empty Git repository in /Users/admin/builder/spi-builder-workspace/.git/
From https://github.com/josercc/SwiftTableViewGroup
* branch master -> FETCH_HEAD
* [new branch] master -> origin/master
HEAD is now at 6122626 ❤️ 【移动目录】
Cloned https://github.com/josercc/SwiftTableViewGroup.git
Revision (git rev-parse @):
6122626bdce2e793b37aee5fb51c922d455f696b
SUCCESS checkout https://github.com/josercc/SwiftTableViewGroup.git at master
========================================
Build
========================================
Selected platform: visionOS
Swift version: 6.4
Building package at path: $PWD
https://github.com/josercc/SwiftTableViewGroup.git
Command line invocation:
/Applications/Xcode-27.0.0-Release.Candidate.app/Contents/Developer/usr/bin/xcodebuild -IDEClonedSourcePackagesDirPathOverride=/Users/admin/builder/spi-builder-workspace/.dependencies -resolvePackageDependencies
Resolve Package Graph
Resolve Package Graph
Resolved source packages:
SwiftTableViewGroup: /Users/admin/builder/spi-builder-workspace
resolved source packages: SwiftTableViewGroup
2026-09-16 19:50:50.008 xcodebuild[529:3015] [MT] IDERunDestination: Supported platforms for the buildables in the current scheme is empty.
{
"dependencies" : [
],
"manifest_display_name" : "SwiftTableViewGroup",
"name" : "SwiftTableViewGroup",
"path" : "/Users/admin/builder/spi-builder-workspace",
"platforms" : [
],
"products" : [
{
"name" : "SwiftTableViewGroup",
"targets" : [
"SwiftTableViewGroup"
],
"type" : {
"library" : [
"automatic"
]
}
}
],
"targets" : [
{
"c99name" : "SwiftTableViewGroupTests",
"module_type" : "SwiftTarget",
"name" : "SwiftTableViewGroupTests",
"path" : "Tests/SwiftTableViewGroupTests",
"sources" : [
"SwiftTableViewGroupTests.swift",
"XCTestManifests.swift"
],
"target_dependencies" : [
"SwiftTableViewGroup"
],
"type" : "test"
},
{
"c99name" : "SwiftTableViewGroup",
"module_type" : "SwiftTarget",
"name" : "SwiftTableViewGroup",
"path" : "Sources/SwiftTableViewGroup",
"product_memberships" : [
"SwiftTableViewGroup"
],
"sources" : [
"DataContentView.swift",
"DataNode.swift",
"DataNodeBuilder.swift",
"Group.swift",
"UICollectionView/CollectionBuilder.swift",
"UICollectionView/CollectionCell.swift",
"UICollectionView/CollectionHeaderFooter.swift",
"UICollectionView/CollectionSection.swift",
"UICollectionView/CollectionSectionGroup.swift",
"UICollectionView/CollectionView.swift",
"UICollectionView/CollectionViewDelegate.swift",
"UICollectionView/CollectionViewRegiterGroup.swift",
"UIScrollView+Delegate.swift",
"UITableView/TableBuilder.swift",
"UITableView/TableCell.swift",
"UITableView/TableHeaderFooter.swift",
"UITableView/TableSection.swift",
"UITableView/TableSectionGroup.swift",
"UITableView/TableView.swift",
"UITableView/TableViewDelegate.swift",
"UITableView/TableViewRegiterGroup.swift",
"ViewRegister.swift"
],
"type" : "library"
}
],
"tools_version" : "5.1"
}
{
"workspace" : {
"name" : "SwiftTableViewGroup",
"schemes" : [
"SwiftTableViewGroup"
]
}
}
2026-09-16 19:51:31.139 xcodebuild[663:4221] [MT] IDERunDestination: Supported platforms for the buildables in the current scheme is empty.
Running build ...
env DEVELOPER_DIR=/Applications/Xcode-27.0.0-Release.Candidate.app xcrun xcodebuild -IDEClonedSourcePackagesDirPathOverride=$PWD/.dependencies -skipMacroValidation -skipPackagePluginValidation -derivedDataPath $PWD/.derivedData build -scheme SwiftTableViewGroup -destination generic/platform=xrOS
Command line invocation:
/Applications/Xcode-27.0.0-Release.Candidate.app/Contents/Developer/usr/bin/xcodebuild -IDEClonedSourcePackagesDirPathOverride=/Users/admin/builder/spi-builder-workspace/.dependencies -skipMacroValidation -skipPackagePluginValidation -derivedDataPath /Users/admin/builder/spi-builder-workspace/.derivedData build -scheme SwiftTableViewGroup -destination generic/platform=xrOS
Resolve Package Graph
Resolved source packages:
SwiftTableViewGroup: /Users/admin/builder/spi-builder-workspace
ComputePackagePrebuildTargetDependencyGraph
Prepare packages
CreateBuildRequest
SendProjectDescription
CreateBuildOperation
ComputeTargetDependencyGraph
note: Building targets in dependency order
note: Target dependency graph (2 targets)
Target 'SwiftTableViewGroup-product' in project 'SwiftTableViewGroup'
➜ Explicit dependency on target 'SwiftTableViewGroup' in project 'SwiftTableViewGroup'
Target 'SwiftTableViewGroup' in project 'SwiftTableViewGroup' (no dependencies)
GatherProvisioningInputs
CreateBuildDescription
ExecuteExternalTool /Applications/Xcode-27.0.0-Release.Candidate.app/Contents/Developer/Toolchains/XcodeDefault.xctoolchain/usr/bin/clang -v -E -dM -isysroot /Applications/Xcode-27.0.0-Release.Candidate.app/Contents/Developer/Platforms/XROS.platform/Developer/SDKs/XROS27.0.sdk -x c -c /dev/null
ExecuteExternalTool /Applications/Xcode-27.0.0-Release.Candidate.app/Contents/Developer/Toolchains/XcodeDefault.xctoolchain/usr/bin/swiftc --version
ExecuteExternalTool /Applications/Xcode-27.0.0-Release.Candidate.app/Contents/Developer/Toolchains/XcodeDefault.xctoolchain/usr/bin/ld -version_details
Build description signature: dab9e61d1d608a48a9dc37f4f50abb8d
Build description path: /Users/admin/builder/spi-builder-workspace/.derivedData/Build/Intermediates.noindex/XCBuildData/dab9e61d1d608a48a9dc37f4f50abb8d.xcbuilddata
CreateBuildDirectory /Users/admin/builder/spi-builder-workspace/.derivedData/CompilationCache.noindex
cd /Users/admin/builder/spi-builder-workspace/.swiftpm/xcode
builtin-create-build-directory /Users/admin/builder/spi-builder-workspace/.derivedData/CompilationCache.noindex
CreateBuildDirectory /Users/admin/builder/spi-builder-workspace/.derivedData/ModuleCache.noindex
cd /Users/admin/builder/spi-builder-workspace/.swiftpm/xcode
builtin-create-build-directory /Users/admin/builder/spi-builder-workspace/.derivedData/ModuleCache.noindex
CreateBuildDirectory /Users/admin/builder/spi-builder-workspace/.derivedData/SDKExplicitPrecompiledModules
cd /Users/admin/builder/spi-builder-workspace/.swiftpm/xcode
builtin-create-build-directory /Users/admin/builder/spi-builder-workspace/.derivedData/SDKExplicitPrecompiledModules
CreateBuildDirectory /Users/admin/builder/spi-builder-workspace/.derivedData/Build/Products
cd /Users/admin/builder/spi-builder-workspace/.swiftpm/xcode
builtin-create-build-directory /Users/admin/builder/spi-builder-workspace/.derivedData/Build/Products
CreateBuildDirectory /Users/admin/builder/spi-builder-workspace/.derivedData/Build/Intermediates.noindex
cd /Users/admin/builder/spi-builder-workspace/.swiftpm/xcode
builtin-create-build-directory /Users/admin/builder/spi-builder-workspace/.derivedData/Build/Intermediates.noindex
ClangStatCache /Applications/Xcode-27.0.0-Release.Candidate.app/Contents/Developer/Toolchains/XcodeDefault.xctoolchain/usr/bin/clang-stat-cache /Applications/Xcode-27.0.0-Release.Candidate.app/Contents/Developer/Platforms/XROS.platform/Developer/SDKs/XROS27.0.sdk /Users/admin/builder/spi-builder-workspace/.derivedData/SDKStatCaches.noindex/xros27.0-24M361-e829b21a6f8c9b70876ba0858053c044735bd543db762f57723cac368afd1ce4.sdkstatcache
cd /Users/admin/builder/spi-builder-workspace/.swiftpm/xcode
/Applications/Xcode-27.0.0-Release.Candidate.app/Contents/Developer/Toolchains/XcodeDefault.xctoolchain/usr/bin/clang-stat-cache /Applications/Xcode-27.0.0-Release.Candidate.app/Contents/Developer/Platforms/XROS.platform/Developer/SDKs/XROS27.0.sdk -o /Users/admin/builder/spi-builder-workspace/.derivedData/SDKStatCaches.noindex/xros27.0-24M361-e829b21a6f8c9b70876ba0858053c044735bd543db762f57723cac368afd1ce4.sdkstatcache
CreateBuildDirectory /Users/admin/builder/spi-builder-workspace/.derivedData/Build/Intermediates.noindex/SwiftExplicitPrecompiledModules
cd /Users/admin/builder/spi-builder-workspace/.swiftpm/xcode
builtin-create-build-directory /Users/admin/builder/spi-builder-workspace/.derivedData/Build/Intermediates.noindex/SwiftExplicitPrecompiledModules
CreateBuildDirectory /Users/admin/builder/spi-builder-workspace/.derivedData/Build/Intermediates.noindex/PrecompiledHeaders
cd /Users/admin/builder/spi-builder-workspace/.swiftpm/xcode
builtin-create-build-directory /Users/admin/builder/spi-builder-workspace/.derivedData/Build/Intermediates.noindex/PrecompiledHeaders
CreateBuildDirectory /Users/admin/builder/spi-builder-workspace/.derivedData/Build/Intermediates.noindex/ExplicitPrecompiledModules
cd /Users/admin/builder/spi-builder-workspace/.swiftpm/xcode
builtin-create-build-directory /Users/admin/builder/spi-builder-workspace/.derivedData/Build/Intermediates.noindex/ExplicitPrecompiledModules
CreateBuildDirectory /Users/admin/builder/spi-builder-workspace/.derivedData/Build/Products/Debug-xros
cd /Users/admin/builder/spi-builder-workspace/.swiftpm/xcode
builtin-create-build-directory /Users/admin/builder/spi-builder-workspace/.derivedData/Build/Products/Debug-xros
CreateBuildDirectory /Users/admin/builder/spi-builder-workspace/.derivedData/Build/Intermediates.noindex/EagerLinkingTBDs/Debug-xros
cd /Users/admin/builder/spi-builder-workspace/.swiftpm/xcode
builtin-create-build-directory /Users/admin/builder/spi-builder-workspace/.derivedData/Build/Intermediates.noindex/EagerLinkingTBDs/Debug-xros
CreateBuildDirectory /Users/admin/builder/spi-builder-workspace/.derivedData/Build/Products/Debug-xros/PackageFrameworks
cd /Users/admin/builder/spi-builder-workspace/.swiftpm/xcode
builtin-create-build-directory /Users/admin/builder/spi-builder-workspace/.derivedData/Build/Products/Debug-xros/PackageFrameworks
WriteAuxiliaryFile /Users/admin/builder/spi-builder-workspace/.derivedData/Build/Intermediates.noindex/SwiftTableViewGroup.build/Debug-xros/SwiftTableViewGroup-t.build/SwiftTableViewGroup.DependencyStaticMetadataFileList (in target 'SwiftTableViewGroup' from project 'SwiftTableViewGroup')
cd /Users/admin/builder/spi-builder-workspace
write-file /Users/admin/builder/spi-builder-workspace/.derivedData/Build/Intermediates.noindex/SwiftTableViewGroup.build/Debug-xros/SwiftTableViewGroup-t.build/SwiftTableViewGroup.DependencyStaticMetadataFileList
WriteAuxiliaryFile /Users/admin/builder/spi-builder-workspace/.derivedData/Build/Intermediates.noindex/SwiftTableViewGroup.build/Debug-xros/SwiftTableViewGroup-t.build/SwiftTableViewGroup.modulemap (in target 'SwiftTableViewGroup' from project 'SwiftTableViewGroup')
cd /Users/admin/builder/spi-builder-workspace
write-file /Users/admin/builder/spi-builder-workspace/.derivedData/Build/Intermediates.noindex/SwiftTableViewGroup.build/Debug-xros/SwiftTableViewGroup-t.build/SwiftTableViewGroup.modulemap
WriteAuxiliaryFile /Users/admin/builder/spi-builder-workspace/.derivedData/Build/Intermediates.noindex/SwiftTableViewGroup.build/Debug-xros/SwiftTableViewGroup-t.build/SwiftTableViewGroup.DependencyMetadataFileList (in target 'SwiftTableViewGroup' from project 'SwiftTableViewGroup')
cd /Users/admin/builder/spi-builder-workspace
write-file /Users/admin/builder/spi-builder-workspace/.derivedData/Build/Intermediates.noindex/SwiftTableViewGroup.build/Debug-xros/SwiftTableViewGroup-t.build/SwiftTableViewGroup.DependencyMetadataFileList
WriteAuxiliaryFile /Users/admin/builder/spi-builder-workspace/.derivedData/Build/Intermediates.noindex/SwiftTableViewGroup.build/Debug-xros/SwiftTableViewGroup-t.build/Objects-normal/arm64/SwiftTableViewGroup_const_extract_protocols.json (in target 'SwiftTableViewGroup' from project 'SwiftTableViewGroup')
cd /Users/admin/builder/spi-builder-workspace
write-file /Users/admin/builder/spi-builder-workspace/.derivedData/Build/Intermediates.noindex/SwiftTableViewGroup.build/Debug-xros/SwiftTableViewGroup-t.build/Objects-normal/arm64/SwiftTableViewGroup_const_extract_protocols.json
WriteAuxiliaryFile /Users/admin/builder/spi-builder-workspace/.derivedData/Build/Intermediates.noindex/SwiftTableViewGroup.build/Debug-xros/SwiftTableViewGroup-t.build/Objects-normal/arm64/SwiftTableViewGroup-OutputFileMap.json (in target 'SwiftTableViewGroup' from project 'SwiftTableViewGroup')
cd /Users/admin/builder/spi-builder-workspace
write-file /Users/admin/builder/spi-builder-workspace/.derivedData/Build/Intermediates.noindex/SwiftTableViewGroup.build/Debug-xros/SwiftTableViewGroup-t.build/Objects-normal/arm64/SwiftTableViewGroup-OutputFileMap.json
WriteAuxiliaryFile /Users/admin/builder/spi-builder-workspace/.derivedData/Build/Intermediates.noindex/SwiftTableViewGroup.build/Debug-xros/SwiftTableViewGroup-t.build/Objects-normal/arm64/SwiftTableViewGroup.SwiftConstValuesFileList (in target 'SwiftTableViewGroup' from project 'SwiftTableViewGroup')
cd /Users/admin/builder/spi-builder-workspace
write-file /Users/admin/builder/spi-builder-workspace/.derivedData/Build/Intermediates.noindex/SwiftTableViewGroup.build/Debug-xros/SwiftTableViewGroup-t.build/Objects-normal/arm64/SwiftTableViewGroup.SwiftConstValuesFileList
WriteAuxiliaryFile /Users/admin/builder/spi-builder-workspace/.derivedData/Build/Intermediates.noindex/SwiftTableViewGroup.build/Debug-xros/SwiftTableViewGroup-t.build/Objects-normal/arm64/SwiftTableViewGroup.LinkFileList (in target 'SwiftTableViewGroup' from project 'SwiftTableViewGroup')
cd /Users/admin/builder/spi-builder-workspace
write-file /Users/admin/builder/spi-builder-workspace/.derivedData/Build/Intermediates.noindex/SwiftTableViewGroup.build/Debug-xros/SwiftTableViewGroup-t.build/Objects-normal/arm64/SwiftTableViewGroup.LinkFileList
WriteAuxiliaryFile /Users/admin/builder/spi-builder-workspace/.derivedData/Build/Intermediates.noindex/SwiftTableViewGroup.build/Debug-xros/SwiftTableViewGroup-t.build/Objects-normal/arm64/SwiftTableViewGroup.SwiftFileList (in target 'SwiftTableViewGroup' from project 'SwiftTableViewGroup')
cd /Users/admin/builder/spi-builder-workspace
write-file /Users/admin/builder/spi-builder-workspace/.derivedData/Build/Intermediates.noindex/SwiftTableViewGroup.build/Debug-xros/SwiftTableViewGroup-t.build/Objects-normal/arm64/SwiftTableViewGroup.SwiftFileList
Copy /Users/admin/builder/spi-builder-workspace/.derivedData/Build/Intermediates.noindex/GeneratedModuleMaps-xros/SwiftTableViewGroup.modulemap /Users/admin/builder/spi-builder-workspace/.derivedData/Build/Intermediates.noindex/SwiftTableViewGroup.build/Debug-xros/SwiftTableViewGroup-t.build/SwiftTableViewGroup.modulemap (in target 'SwiftTableViewGroup' from project 'SwiftTableViewGroup')
cd /Users/admin/builder/spi-builder-workspace
builtin-copy -exclude .DS_Store -exclude CVS -exclude .svn -exclude .git -exclude .hg -resolve-src-symlinks /Users/admin/builder/spi-builder-workspace/.derivedData/Build/Intermediates.noindex/SwiftTableViewGroup.build/Debug-xros/SwiftTableViewGroup-t.build/SwiftTableViewGroup.modulemap /Users/admin/builder/spi-builder-workspace/.derivedData/Build/Intermediates.noindex/GeneratedModuleMaps-xros
SwiftDriver SwiftTableViewGroup normal arm64 com.apple.xcode.tools.swift.compiler (in target 'SwiftTableViewGroup' from project 'SwiftTableViewGroup')
cd /Users/admin/builder/spi-builder-workspace/.swiftpm/xcode
builtin-SwiftDriver -- /Applications/Xcode-27.0.0-Release.Candidate.app/Contents/Developer/Toolchains/XcodeDefault.xctoolchain/usr/bin/swiftc -parse-as-library -module-name SwiftTableViewGroup -Onone @/Users/admin/builder/spi-builder-workspace/.derivedData/Build/Intermediates.noindex/SwiftTableViewGroup.build/Debug-xros/SwiftTableViewGroup-t.build/Objects-normal/arm64/SwiftTableViewGroup.SwiftFileList -DSWIFT_PACKAGE -DDEBUG -DSWIFT_MODULE_RESOURCE_BUNDLE_UNAVAILABLE -DXcode -plugin-path /Applications/Xcode-27.0.0-Release.Candidate.app/Contents/Developer/Toolchains/XcodeDefault.xctoolchain/usr/lib/swift/host/plugins/testing -enable-experimental-feature DebugDescriptionMacro -sdk /Applications/Xcode-27.0.0-Release.Candidate.app/Contents/Developer/Platforms/XROS.platform/Developer/SDKs/XROS27.0.sdk -target arm64-apple-xros1.0 -g -module-cache-path /Users/admin/builder/spi-builder-workspace/.derivedData/ModuleCache.noindex -Xfrontend -serialize-debugging-options -profile-coverage-mapping -profile-generate -enable-testing -index-store-path /Users/admin/builder/spi-builder-workspace/.derivedData/Index.noindex/DataStore -Xcc -D_LIBCPP_HARDENING_MODE\=_LIBCPP_HARDENING_MODE_DEBUG -swift-version 5 -I /Users/admin/builder/spi-builder-workspace/.derivedData/Build/Products/Debug-xros -Isystem /Applications/Xcode-27.0.0-Release.Candidate.app/Contents/Developer/Platforms/XROS.platform/Developer/usr/lib -F /Users/admin/builder/spi-builder-workspace/.derivedData/Build/Products/Debug-xros -F /Applications/Xcode-27.0.0-Release.Candidate.app/Contents/Developer/Platforms/XROS.platform/Developer/Library/Frameworks -F /Applications/Xcode-27.0.0-Release.Candidate.app/Contents/Developer/Platforms/XROS.platform/Developer/SDKs/XROS27.0.sdk/Developer/Library/Frameworks -c -j10 -enable-batch-mode -incremental -Xcc -ivfsstatcache -Xcc /Users/admin/builder/spi-builder-workspace/.derivedData/SDKStatCaches.noindex/xros27.0-24M361-e829b21a6f8c9b70876ba0858053c044735bd543db762f57723cac368afd1ce4.sdkstatcache -output-file-map /Users/admin/builder/spi-builder-workspace/.derivedData/Build/Intermediates.noindex/SwiftTableViewGroup.build/Debug-xros/SwiftTableViewGroup-t.build/Objects-normal/arm64/SwiftTableViewGroup-OutputFileMap.json -save-temps -no-color-diagnostics -explicit-module-build -module-cache-path /Users/admin/builder/spi-builder-workspace/.derivedData/Build/Intermediates.noindex/SwiftExplicitPrecompiledModules -clang-scanner-module-cache-path /Users/admin/builder/spi-builder-workspace/.derivedData/ModuleCache.noindex -sdk-module-cache-path /Users/admin/builder/spi-builder-workspace/.derivedData/SDKExplicitPrecompiledModules -emit-dependencies -emit-module -emit-module-path /Users/admin/builder/spi-builder-workspace/.derivedData/Build/Intermediates.noindex/SwiftTableViewGroup.build/Debug-xros/SwiftTableViewGroup-t.build/Objects-normal/arm64/SwiftTableViewGroup.swiftmodule -serialize-diagnostics -dependency-scan-serialize-diagnostics-path /Users/admin/builder/spi-builder-workspace/.derivedData/Build/Intermediates.noindex/SwiftTableViewGroup.build/Debug-xros/SwiftTableViewGroup-t.build/Objects-normal/arm64/SwiftTableViewGroup-dependency-scan.dia -validate-clang-modules-once -clang-build-session-file /Users/admin/builder/spi-builder-workspace/.derivedData/ModuleCache.noindex/Session.modulevalidation -Xcc -fmodules-prune-interval\=86400 -Xcc -fmodules-prune-after\=345600 -emit-const-values -const-gather-protocols-list /Users/admin/builder/spi-builder-workspace/.derivedData/Build/Intermediates.noindex/SwiftTableViewGroup.build/Debug-xros/SwiftTableViewGroup-t.build/Objects-normal/arm64/SwiftTableViewGroup_const_extract_protocols.json -Xcc -I/Users/admin/builder/spi-builder-workspace/.derivedData/Build/Products/Debug-xros/include -Xcc -I/Users/admin/builder/spi-builder-workspace/.derivedData/Build/Intermediates.noindex/SwiftTableViewGroup.build/Debug-xros/SwiftTableViewGroup-t.build/DerivedSources-normal/arm64 -Xcc -I/Users/admin/builder/spi-builder-workspace/.derivedData/Build/Intermediates.noindex/SwiftTableViewGroup.build/Debug-xros/SwiftTableViewGroup-t.build/DerivedSources/arm64 -Xcc -I/Users/admin/builder/spi-builder-workspace/.derivedData/Build/Intermediates.noindex/SwiftTableViewGroup.build/Debug-xros/SwiftTableViewGroup-t.build/DerivedSources -Xcc -DSWIFT_PACKAGE -Xcc -DDEBUG\=1 -emit-objc-header -emit-objc-header-path /Users/admin/builder/spi-builder-workspace/.derivedData/Build/Intermediates.noindex/SwiftTableViewGroup.build/Debug-xros/SwiftTableViewGroup-t.build/Objects-normal/arm64/SwiftTableViewGroup-Swift.h -working-directory /Users/admin/builder/spi-builder-workspace/.swiftpm/xcode -experimental-emit-module-separately -disable-cmo
/Users/admin/builder/spi-builder-workspace/Sources/SwiftTableViewGroup/DataNodeBuilder.swift:9:2: warning: '@_functionBuilder' has been renamed to '@resultBuilder' (in target 'SwiftTableViewGroup' from project 'SwiftTableViewGroup')
/Users/admin/builder/spi-builder-workspace/Sources/SwiftTableViewGroup/UICollectionView/CollectionBuilder.swift:10:2: warning: '@_functionBuilder' has been renamed to '@resultBuilder' (in target 'SwiftTableViewGroup' from project 'SwiftTableViewGroup')
/Users/admin/builder/spi-builder-workspace/Sources/SwiftTableViewGroup/UICollectionView/CollectionBuilder.swift:33:2: warning: '@_functionBuilder' has been renamed to '@resultBuilder' (in target 'SwiftTableViewGroup' from project 'SwiftTableViewGroup')
/Users/admin/builder/spi-builder-workspace/Sources/SwiftTableViewGroup/UITableView/TableBuilder.swift:10:2: warning: '@_functionBuilder' has been renamed to '@resultBuilder' (in target 'SwiftTableViewGroup' from project 'SwiftTableViewGroup')
/Users/admin/builder/spi-builder-workspace/Sources/SwiftTableViewGroup/UITableView/TableBuilder.swift:33:2: warning: '@_functionBuilder' has been renamed to '@resultBuilder' (in target 'SwiftTableViewGroup' from project 'SwiftTableViewGroup')
SwiftExplicitDependencyGeneratePcm arm64 /Users/admin/builder/spi-builder-workspace/.derivedData/SDKExplicitPrecompiledModules/_Builtin_stdarg-CDA349K2K4US766844K8E0PVA.pcm
SwiftExplicitDependencyGeneratePcm arm64 /Users/admin/builder/spi-builder-workspace/.derivedData/SDKExplicitPrecompiledModules/ptrcheck-BXA97MNLI4BB0HF5I8MJE403D.pcm
SwiftExplicitDependencyGeneratePcm arm64 /Users/admin/builder/spi-builder-workspace/.derivedData/SDKExplicitPrecompiledModules/DeveloperToolsSupport-46GOQP8J1QTHLYQSJW81T8UZ3.pcm
SwiftExplicitDependencyGeneratePcm arm64 /Users/admin/builder/spi-builder-workspace/.derivedData/SDKExplicitPrecompiledModules/SwiftShims-CI4H5RO9IYFFWQ2COB512Q2S9.pcm
SwiftExplicitDependencyGeneratePcm arm64 /Users/admin/builder/spi-builder-workspace/.derivedData/SDKExplicitPrecompiledModules/_Builtin_stddef-5NQ9Z1GV07GBSRQGAQCGXGVRI.pcm
SwiftExplicitDependencyGeneratePcm arm64 /Users/admin/builder/spi-builder-workspace/.derivedData/SDKExplicitPrecompiledModules/_SwiftConcurrencyShims-C8XHKSHX96D5YYALNM4W70Z0O.pcm
SwiftExplicitDependencyGeneratePcm arm64 /Users/admin/builder/spi-builder-workspace/.derivedData/SDKExplicitPrecompiledModules/ptrauth-1WBA714DZSVUL5JQDJ08CLKZ.pcm
SwiftExplicitDependencyGeneratePcm arm64 /Users/admin/builder/spi-builder-workspace/.derivedData/SDKExplicitPrecompiledModules/_AvailabilityInternal-1Q8IQP6M38UWSGZ95UCEY2M44.pcm
SwiftExplicitDependencyGeneratePcm arm64 /Users/admin/builder/spi-builder-workspace/.derivedData/SDKExplicitPrecompiledModules/_Builtin_stdbool-5BU2ADS7JXQMYENKQHW9X8XOU.pcm
SwiftExplicitDependencyGeneratePcm arm64 /Users/admin/builder/spi-builder-workspace/.derivedData/SDKExplicitPrecompiledModules/_Builtin_float-6WKHNW5S40U2QGHXXGETUDIRA.pcm
SwiftExplicitDependencyGeneratePcm arm64 /Users/admin/builder/spi-builder-workspace/.derivedData/SDKExplicitPrecompiledModules/_DarwinFoundation1-5RGRVV2TZ6WC4WZW5IXF8NQ04.pcm
SwiftExplicitDependencyGeneratePcm arm64 /Users/admin/builder/spi-builder-workspace/.derivedData/SDKExplicitPrecompiledModules/_DarwinFoundation2-ENTECK156YEWITZRRBTOCE4KR.pcm
SwiftExplicitDependencyGeneratePcm arm64 /Users/admin/builder/spi-builder-workspace/.derivedData/SDKExplicitPrecompiledModules/_Builtin_limits-425JDMN5HPM3D0UEI8LEHP6NM.pcm
SwiftExplicitDependencyGeneratePcm arm64 /Users/admin/builder/spi-builder-workspace/.derivedData/SDKExplicitPrecompiledModules/sys_types-AYM0BHR77VKMWZCO2T0XGV2HF.pcm
SwiftExplicitDependencyGeneratePcm arm64 /Users/admin/builder/spi-builder-workspace/.derivedData/SDKExplicitPrecompiledModules/_Builtin_stdint-8OR6T47OOYJA90ZBO3N1USDE.pcm
SwiftExplicitDependencyGeneratePcm arm64 /Users/admin/builder/spi-builder-workspace/.derivedData/SDKExplicitPrecompiledModules/_Builtin_tgmath-BPYSMHWI520EQRL2HW519ZY7Z.pcm
SwiftExplicitDependencyGeneratePcm arm64 /Users/admin/builder/spi-builder-workspace/.derivedData/SDKExplicitPrecompiledModules/string_h-2GT67HHHHK5CF1V1S31LH0PU2.pcm
SwiftExplicitDependencyGeneratePcm arm64 /Users/admin/builder/spi-builder-workspace/.derivedData/SDKExplicitPrecompiledModules/_Builtin_intrinsics-BC5IJI3YI34RQ61ZNVDRDZ6RN.pcm
SwiftExplicitDependencyGeneratePcm arm64 /Users/admin/builder/spi-builder-workspace/.derivedData/SDKExplicitPrecompiledModules/_DarwinFoundation3-9ZHN6JKBS40BBA81RQMV8H0IC.pcm
SwiftExplicitDependencyGeneratePcm arm64 /Users/admin/builder/spi-builder-workspace/.derivedData/SDKExplicitPrecompiledModules/_Builtin_stdatomic-1VUZPM79PNCAHXVBERD53WRSF.pcm
SwiftExplicitDependencyGeneratePcm arm64 /Users/admin/builder/spi-builder-workspace/.derivedData/SDKExplicitPrecompiledModules/_Builtin_inttypes-11B64KJD36B3YOHBR1BBXBJY8.pcm
SwiftExplicitDependencyGeneratePcm arm64 /Users/admin/builder/spi-builder-workspace/.derivedData/SDKExplicitPrecompiledModules/Darwin-60P5LVNQO3ESRRM5DCJ05PFNK.pcm
SwiftExplicitDependencyGeneratePcm arm64 /Users/admin/builder/spi-builder-workspace/.derivedData/SDKExplicitPrecompiledModules/simd-9XXAB17Y6E4BBPQADD61NZ23.pcm
SwiftExplicitDependencyGeneratePcm arm64 /Users/admin/builder/spi-builder-workspace/.derivedData/SDKExplicitPrecompiledModules/ObjectiveC-26TIBFYCEJZVP216ZZAU1X8KN.pcm
SwiftExplicitDependencyGeneratePcm arm64 /Users/admin/builder/spi-builder-workspace/.derivedData/SDKExplicitPrecompiledModules/MachO-3XTHY7HWV6RF3KXKYQVHUBUXK.pcm
SwiftExplicitDependencyGeneratePcm arm64 /Users/admin/builder/spi-builder-workspace/.derivedData/SDKExplicitPrecompiledModules/os_object-692CJ8BG6RE5H04487EJJOVXW.pcm
SwiftExplicitDependencyGeneratePcm arm64 /Users/admin/builder/spi-builder-workspace/.derivedData/SDKExplicitPrecompiledModules/os_workgroup-4U1VXMWIZD80E7PRUQF2G7P9X.pcm
SwiftExplicitDependencyGeneratePcm arm64 /Users/admin/builder/spi-builder-workspace/.derivedData/SDKExplicitPrecompiledModules/Dispatch-CLT3466HKC22GCKAWSCNG0H7T.pcm
SwiftExplicitDependencyGeneratePcm arm64 /Users/admin/builder/spi-builder-workspace/.derivedData/SDKExplicitPrecompiledModules/Spatial-5E0I2846LO3ZE24CSVR2O57TI.pcm
SwiftExplicitDependencyGeneratePcm arm64 /Users/admin/builder/spi-builder-workspace/.derivedData/SDKExplicitPrecompiledModules/XPC-EP5EU7FNGP4VOA3EDM18P1KHO.pcm
SwiftExplicitDependencyGeneratePcm arm64 /Users/admin/builder/spi-builder-workspace/.derivedData/SDKExplicitPrecompiledModules/CoreFoundation-AVLTZVCXBU2TO75JCN4AGU8XJ.pcm
SwiftExplicitDependencyGeneratePcm arm64 /Users/admin/builder/spi-builder-workspace/.derivedData/SDKExplicitPrecompiledModules/os-1004XEJ3IXOOAU0KL58SM3D0K.pcm
SwiftExplicitDependencyGeneratePcm arm64 /Users/admin/builder/spi-builder-workspace/.derivedData/SDKExplicitPrecompiledModules/CFNetwork-5MI70N1VLDQSWTX4COWLMSIRO.pcm
SwiftExplicitDependencyGeneratePcm arm64 /Users/admin/builder/spi-builder-workspace/.derivedData/SDKExplicitPrecompiledModules/Security-8TH2M8WJIQMET4SADWX0N8372.pcm
SwiftExplicitDependencyGeneratePcm arm64 /Users/admin/builder/spi-builder-workspace/.derivedData/SDKExplicitPrecompiledModules/CoreGraphics-BFUJ177R223UT2ZI327ZTZY91.pcm
SwiftExplicitDependencyGeneratePcm arm64 /Users/admin/builder/spi-builder-workspace/.derivedData/SDKExplicitPrecompiledModules/Foundation-8GON1KVEKRN3NOQI8RETBRWJP.pcm
SwiftExplicitDependencyGeneratePcm arm64 /Users/admin/builder/spi-builder-workspace/.derivedData/SDKExplicitPrecompiledModules/CoreText-6F9TY5TEPCCZ1K2KYM4GMEGHD.pcm
SwiftExplicitDependencyGeneratePcm arm64 /Users/admin/builder/spi-builder-workspace/.derivedData/SDKExplicitPrecompiledModules/ImageIO-5CC6COR9KJYI1UBL7CSHLU2OG.pcm
SwiftExplicitDependencyGeneratePcm arm64 /Users/admin/builder/spi-builder-workspace/.derivedData/SDKExplicitPrecompiledModules/FileProvider-C9I28SI56F2SEVH1BCWTKGODO.pcm
SwiftExplicitDependencyGeneratePcm arm64 /Users/admin/builder/spi-builder-workspace/.derivedData/SDKExplicitPrecompiledModules/OSLog-BNGT87TS0GMBFF7TY70HHB69.pcm
SwiftExplicitDependencyGeneratePcm arm64 /Users/admin/builder/spi-builder-workspace/.derivedData/SDKExplicitPrecompiledModules/Symbols-8G2XC01RPQ5HYIZE6JNUT864I.pcm
SwiftExplicitDependencyGeneratePcm arm64 /Users/admin/builder/spi-builder-workspace/.derivedData/SDKExplicitPrecompiledModules/Accessibility-1DR4J4YDVDGAYQTZ0FKZ1PU09.pcm
SwiftExplicitDependencyGeneratePcm arm64 /Users/admin/builder/spi-builder-workspace/.derivedData/SDKExplicitPrecompiledModules/IOSurface-5FE9U89GVFF9A7X7AGO2R8ENI.pcm
SwiftExplicitDependencyGeneratePcm arm64 /Users/admin/builder/spi-builder-workspace/.derivedData/SDKExplicitPrecompiledModules/UIUtilities-AOVGLUWEAN6CG2UZFNESGSP6C.pcm
SwiftExplicitDependencyGeneratePcm arm64 /Users/admin/builder/spi-builder-workspace/.derivedData/SDKExplicitPrecompiledModules/CoreTransferable-8TBYAKHCX6UC8QQSS7BD8GQK5.pcm
SwiftExplicitDependencyGeneratePcm arm64 /Users/admin/builder/spi-builder-workspace/.derivedData/SDKExplicitPrecompiledModules/UniformTypeIdentifiers-E5KMWDZEKS4QW9RO1KBRDEXV6.pcm
SwiftExplicitDependencyGeneratePcm arm64 /Users/admin/builder/spi-builder-workspace/.derivedData/SDKExplicitPrecompiledModules/_LocationEssentials-8GQGFVARUE99D8VJX3TINY0VP.pcm
SwiftExplicitDependencyGeneratePcm arm64 /Users/admin/builder/spi-builder-workspace/.derivedData/SDKExplicitPrecompiledModules/DataDetection-BANTQ3WXXGKZJYC0LLB3MD9K0.pcm
SwiftExplicitDependencyGeneratePcm arm64 /Users/admin/builder/spi-builder-workspace/.derivedData/SDKExplicitPrecompiledModules/UserNotifications-8IIV1V1FPNAPA4LY1Y23LOM2N.pcm
SwiftExplicitDependencyGeneratePcm arm64 /Users/admin/builder/spi-builder-workspace/.derivedData/SDKExplicitPrecompiledModules/CoreLocation-1SN37095DAPVJ068LLP9TBDQX.pcm
SwiftExplicitDependencyGeneratePcm arm64 /Users/admin/builder/spi-builder-workspace/.derivedData/SDKExplicitPrecompiledModules/OpenGLES-56BKSYXNVAP91BYZRWAKQZKGI.pcm
SwiftExplicitDependencyGeneratePcm arm64 /Users/admin/builder/spi-builder-workspace/.derivedData/SDKExplicitPrecompiledModules/Metal-EKNUM9P3PRIBHZK1ZBD6BA2T7.pcm
SwiftExplicitDependencyGeneratePcm arm64 /Users/admin/builder/spi-builder-workspace/.derivedData/SDKExplicitPrecompiledModules/CoreMotion-10LV922UPGE28QX2SOIO7ALIZ.pcm
SwiftExplicitDependencyGeneratePcm arm64 /Users/admin/builder/spi-builder-workspace/.derivedData/SDKExplicitPrecompiledModules/CoreVideo-E12HJSJSLO0YKWYBES11UKJ02.pcm
SwiftExplicitDependencyGeneratePcm arm64 /Users/admin/builder/spi-builder-workspace/.derivedData/SDKExplicitPrecompiledModules/QuartzCore-12T8WVKUNCL1N7VXH87MM4YOB.pcm
SwiftExplicitDependencyGeneratePcm arm64 /Users/admin/builder/spi-builder-workspace/.derivedData/SDKExplicitPrecompiledModules/CoreImage-8WF1P230U10QM666EQMNV7OF1.pcm
SwiftExplicitDependencyGeneratePcm arm64 /Users/admin/builder/spi-builder-workspace/.derivedData/SDKExplicitPrecompiledModules/SwiftUICore-6OBBMA39VFD4CB6SG2PE41FAP.pcm
SwiftExplicitDependencyGeneratePcm arm64 /Users/admin/builder/spi-builder-workspace/.derivedData/SDKExplicitPrecompiledModules/UIKit-2D2PMAAE45TMO6S28UCGCO5BR.pcm
SwiftEmitModule normal arm64 Emitting\ module\ for\ SwiftTableViewGroup (in target 'SwiftTableViewGroup' from project 'SwiftTableViewGroup')
SwiftCompile normal arm64 (in target 'SwiftTableViewGroup' from project 'SwiftTableViewGroup')
cd /Users/admin/builder/spi-builder-workspace/.swiftpm/xcode
/Users/admin/builder/spi-builder-workspace/Sources/SwiftTableViewGroup/DataNodeBuilder.swift:9:2: warning: '@_functionBuilder' has been renamed to '@resultBuilder'
7 |
8 | /// 数据源组装对象
9 | @_functionBuilder
| `- warning: '@_functionBuilder' has been renamed to '@resultBuilder'
10 | public struct DataNodeBuilder {
11 | public static func buildBlock(_ groups:DataNode...) -> DataNode {
/Users/admin/builder/spi-builder-workspace/Sources/SwiftTableViewGroup/UICollectionView/CollectionBuilder.swift:10:2: warning: '@_functionBuilder' has been renamed to '@resultBuilder'
8 | import UIKit.UICollectionView
9 |
10 | @_functionBuilder
| `- warning: '@_functionBuilder' has been renamed to '@resultBuilder'
11 | public struct CollectionBuilder {
12 | public static func buildBlock(_ nodes:DataNode...) -> DataNode {
/Users/admin/builder/spi-builder-workspace/Sources/SwiftTableViewGroup/UICollectionView/CollectionBuilder.swift:33:2: warning: '@_functionBuilder' has been renamed to '@resultBuilder'
31 |
32 |
33 | @_functionBuilder
| `- warning: '@_functionBuilder' has been renamed to '@resultBuilder'
34 | public struct CollectionSectionBuilder {
35 | public static func buildBlock<Content:ViewRegister>(_ contents:Content...) -> DataNode {
/Users/admin/builder/spi-builder-workspace/Sources/SwiftTableViewGroup/UITableView/TableBuilder.swift:10:2: warning: '@_functionBuilder' has been renamed to '@resultBuilder'
8 | import UIKit.UITableViewHeaderFooterView
9 |
10 | @_functionBuilder
| `- warning: '@_functionBuilder' has been renamed to '@resultBuilder'
11 | public struct TableBuilder {
12 | public static func buildBlock(_ nodes:DataNode...) -> DataNode {
/Users/admin/builder/spi-builder-workspace/Sources/SwiftTableViewGroup/UITableView/TableBuilder.swift:33:2: warning: '@_functionBuilder' has been renamed to '@resultBuilder'
31 |
32 |
33 | @_functionBuilder
| `- warning: '@_functionBuilder' has been renamed to '@resultBuilder'
34 | public struct TableSectionBuilder {
35 | public static func buildBlock<Content:ViewRegister>(_ contents:Content...) -> DataNode {
SwiftCompile normal arm64 Compiling\ TableView.swift,\ TableViewDelegate.swift /Users/admin/builder/spi-builder-workspace/Sources/SwiftTableViewGroup/UITableView/TableView.swift /Users/admin/builder/spi-builder-workspace/Sources/SwiftTableViewGroup/UITableView/TableViewDelegate.swift (in target 'SwiftTableViewGroup' from project 'SwiftTableViewGroup')
SwiftCompile normal arm64 /Users/admin/builder/spi-builder-workspace/Sources/SwiftTableViewGroup/UITableView/TableView.swift (in target 'SwiftTableViewGroup' from project 'SwiftTableViewGroup')
cd /Users/admin/builder/spi-builder-workspace/.swiftpm/xcode
builtin-SwiftPerFileCompile TableView.swift
SwiftCompile normal arm64 /Users/admin/builder/spi-builder-workspace/Sources/SwiftTableViewGroup/UITableView/TableViewDelegate.swift (in target 'SwiftTableViewGroup' from project 'SwiftTableViewGroup')
cd /Users/admin/builder/spi-builder-workspace/.swiftpm/xcode
builtin-SwiftPerFileCompile TableViewDelegate.swift
SwiftCompile normal arm64 Compiling\ CollectionSectionGroup.swift,\ CollectionView.swift /Users/admin/builder/spi-builder-workspace/Sources/SwiftTableViewGroup/UICollectionView/CollectionSectionGroup.swift /Users/admin/builder/spi-builder-workspace/Sources/SwiftTableViewGroup/UICollectionView/CollectionView.swift (in target 'SwiftTableViewGroup' from project 'SwiftTableViewGroup')
SwiftCompile normal arm64 /Users/admin/builder/spi-builder-workspace/Sources/SwiftTableViewGroup/UICollectionView/CollectionSectionGroup.swift (in target 'SwiftTableViewGroup' from project 'SwiftTableViewGroup')
cd /Users/admin/builder/spi-builder-workspace/.swiftpm/xcode
builtin-SwiftPerFileCompile CollectionSectionGroup.swift
SwiftCompile normal arm64 /Users/admin/builder/spi-builder-workspace/Sources/SwiftTableViewGroup/UICollectionView/CollectionView.swift (in target 'SwiftTableViewGroup' from project 'SwiftTableViewGroup')
cd /Users/admin/builder/spi-builder-workspace/.swiftpm/xcode
builtin-SwiftPerFileCompile CollectionView.swift
SwiftCompile normal arm64 Compiling\ TableViewRegiterGroup.swift,\ ViewRegister.swift /Users/admin/builder/spi-builder-workspace/Sources/SwiftTableViewGroup/UITableView/TableViewRegiterGroup.swift /Users/admin/builder/spi-builder-workspace/Sources/SwiftTableViewGroup/ViewRegister.swift (in target 'SwiftTableViewGroup' from project 'SwiftTableViewGroup')
/Users/admin/builder/spi-builder-workspace/Sources/SwiftTableViewGroup/ViewRegister.swift:26:44: warning: forming 'UnsafeRawPointer' to an inout variable of type String exposes the internal representation rather than the string contents.
24 | public var number: Int {
25 | get {
26 | objc_getAssociatedObject(self, &VeiwRegisterKey.number) as? Int ?? 1
| `- warning: forming 'UnsafeRawPointer' to an inout variable of type String exposes the internal representation rather than the string contents.
27 | }
28 | set {
/Users/admin/builder/spi-builder-workspace/Sources/SwiftTableViewGroup/ViewRegister.swift:29:44: warning: forming 'UnsafeRawPointer' to an inout variable of type String exposes the internal representation rather than the string contents.
27 | }
28 | set {
29 | objc_setAssociatedObject(self, &VeiwRegisterKey.number, newValue, objc_AssociationPolicy.OBJC_ASSOCIATION_RETAIN_NONATOMIC)
| `- warning: forming 'UnsafeRawPointer' to an inout variable of type String exposes the internal representation rather than the string contents.
30 | }
31 | }
SwiftCompile normal arm64 /Users/admin/builder/spi-builder-workspace/Sources/SwiftTableViewGroup/UITableView/TableViewRegiterGroup.swift (in target 'SwiftTableViewGroup' from project 'SwiftTableViewGroup')
cd /Users/admin/builder/spi-builder-workspace/.swiftpm/xcode
builtin-SwiftPerFileCompile TableViewRegiterGroup.swift
SwiftCompile normal arm64 /Users/admin/builder/spi-builder-workspace/Sources/SwiftTableViewGroup/ViewRegister.swift (in target 'SwiftTableViewGroup' from project 'SwiftTableViewGroup')
cd /Users/admin/builder/spi-builder-workspace/.swiftpm/xcode
builtin-SwiftPerFileCompile ViewRegister.swift
SwiftCompile normal arm64 Compiling\ TableCell.swift,\ TableHeaderFooter.swift /Users/admin/builder/spi-builder-workspace/Sources/SwiftTableViewGroup/UITableView/TableCell.swift /Users/admin/builder/spi-builder-workspace/Sources/SwiftTableViewGroup/UITableView/TableHeaderFooter.swift (in target 'SwiftTableViewGroup' from project 'SwiftTableViewGroup')
SwiftCompile normal arm64 /Users/admin/builder/spi-builder-workspace/Sources/SwiftTableViewGroup/UITableView/TableCell.swift (in target 'SwiftTableViewGroup' from project 'SwiftTableViewGroup')
cd /Users/admin/builder/spi-builder-workspace/.swiftpm/xcode
builtin-SwiftPerFileCompile TableCell.swift
SwiftCompile normal arm64 /Users/admin/builder/spi-builder-workspace/Sources/SwiftTableViewGroup/UITableView/TableHeaderFooter.swift (in target 'SwiftTableViewGroup' from project 'SwiftTableViewGroup')
cd /Users/admin/builder/spi-builder-workspace/.swiftpm/xcode
builtin-SwiftPerFileCompile TableHeaderFooter.swift
SwiftCompile normal arm64 Compiling\ UIScrollView+Delegate.swift,\ TableBuilder.swift /Users/admin/builder/spi-builder-workspace/Sources/SwiftTableViewGroup/UIScrollView+Delegate.swift /Users/admin/builder/spi-builder-workspace/Sources/SwiftTableViewGroup/UITableView/TableBuilder.swift (in target 'SwiftTableViewGroup' from project 'SwiftTableViewGroup')
/Users/admin/builder/spi-builder-workspace/Sources/SwiftTableViewGroup/UITableView/TableBuilder.swift:10:2: warning: '@_functionBuilder' has been renamed to '@resultBuilder'
8 | import UIKit.UITableViewHeaderFooterView
9 |
10 | @_functionBuilder
| `- warning: '@_functionBuilder' has been renamed to '@resultBuilder'
11 | public struct TableBuilder {
12 | public static func buildBlock(_ nodes:DataNode...) -> DataNode {
/Users/admin/builder/spi-builder-workspace/Sources/SwiftTableViewGroup/UITableView/TableBuilder.swift:33:2: warning: '@_functionBuilder' has been renamed to '@resultBuilder'
31 |
32 |
33 | @_functionBuilder
| `- warning: '@_functionBuilder' has been renamed to '@resultBuilder'
34 | public struct TableSectionBuilder {
35 | public static func buildBlock<Content:ViewRegister>(_ contents:Content...) -> DataNode {
/Users/admin/builder/spi-builder-workspace/Sources/SwiftTableViewGroup/UITableView/TableBuilder.swift:22:17: error: static method 'buildBlock' requires that 'TableViewRegiterGroup' conform to 'ViewRegister'
20 | } else {
21 | let section = TableSection {
22 | TableSectionBuilder.tableSection(nodes: nodes)
| `- error: static method 'buildBlock' requires that 'TableViewRegiterGroup' conform to 'ViewRegister'
23 | }
24 | group.sections.append(section)
:
33 | @_functionBuilder
34 | public struct TableSectionBuilder {
35 | public static func buildBlock<Content:ViewRegister>(_ contents:Content...) -> DataNode {
| `- note: where 'Content' = 'TableViewRegiterGroup'
36 | return self.tableSection(nodes: contents)
37 | }
Failed frontend command:
/Applications/Xcode-27.0.0-Release.Candidate.app/Contents/Developer/Toolchains/XcodeDefault.xctoolchain/usr/bin/swift-frontend -frontend -c /Users/admin/builder/spi-builder-workspace/Sources/SwiftTableViewGroup/DataContentView.swift /Users/admin/builder/spi-builder-workspace/Sources/SwiftTableViewGroup/DataNode.swift /Users/admin/builder/spi-builder-workspace/Sources/SwiftTableViewGroup/DataNodeBuilder.swift /Users/admin/builder/spi-builder-workspace/Sources/SwiftTableViewGroup/Group.swift /Users/admin/builder/spi-builder-workspace/Sources/SwiftTableViewGroup/UICollectionView/CollectionBuilder.swift /Users/admin/builder/spi-builder-workspace/Sources/SwiftTableViewGroup/UICollectionView/CollectionCell.swift /Users/admin/builder/spi-builder-workspace/Sources/SwiftTableViewGroup/UICollectionView/CollectionHeaderFooter.swift /Users/admin/builder/spi-builder-workspace/Sources/SwiftTableViewGroup/UICollectionView/CollectionSection.swift /Users/admin/builder/spi-builder-workspace/Sources/SwiftTableViewGroup/UICollectionView/CollectionSectionGroup.swift /Users/admin/builder/spi-builder-workspace/Sources/SwiftTableViewGroup/UICollectionView/CollectionView.swift /Users/admin/builder/spi-builder-workspace/Sources/SwiftTableViewGroup/UICollectionView/CollectionViewDelegate.swift /Users/admin/builder/spi-builder-workspace/Sources/SwiftTableViewGroup/UICollectionView/CollectionViewRegiterGroup.swift -primary-file /Users/admin/builder/spi-builder-workspace/Sources/SwiftTableViewGroup/UIScrollView+Delegate.swift -primary-file /Users/admin/builder/spi-builder-workspace/Sources/SwiftTableViewGroup/UITableView/TableBuilder.swift /Users/admin/builder/spi-builder-workspace/Sources/SwiftTableViewGroup/UITableView/TableCell.swift /Users/admin/builder/spi-builder-workspace/Sources/SwiftTableViewGroup/UITableView/TableHeaderFooter.swift /Users/admin/builder/spi-builder-workspace/Sources/SwiftTableViewGroup/UITableView/TableSection.swift /Users/admin/builder/spi-builder-workspace/Sources/SwiftTableViewGroup/UITableView/TableSectionGroup.swift /Users/admin/builder/spi-builder-workspace/Sources/SwiftTableViewGroup/UITableView/TableView.swift /Users/admin/builder/spi-builder-workspace/Sources/SwiftTableViewGroup/UITableView/TableViewDelegate.swift /Users/admin/builder/spi-builder-workspace/Sources/SwiftTableViewGroup/UITableView/TableViewRegiterGroup.swift /Users/admin/builder/spi-builder-workspace/Sources/SwiftTableViewGroup/ViewRegister.swift -emit-dependencies-path /Users/admin/builder/spi-builder-workspace/.derivedData/Build/Intermediates.noindex/SwiftTableViewGroup.build/Debug-xros/SwiftTableViewGroup-t.build/Objects-normal/arm64/UIScrollView+Delegate.d -emit-const-values-path /Users/admin/builder/spi-builder-workspace/.derivedData/Build/Intermediates.noindex/SwiftTableViewGroup.build/Debug-xros/SwiftTableViewGroup-t.build/Objects-normal/arm64/UIScrollView+Delegate.swiftconstvalues -emit-reference-dependencies-path /Users/admin/builder/spi-builder-workspace/.derivedData/Build/Intermediates.noindex/SwiftTableViewGroup.build/Debug-xros/SwiftTableViewGroup-t.build/Objects-normal/arm64/UIScrollView+Delegate.swiftdeps -serialize-diagnostics-path /Users/admin/builder/spi-builder-workspace/.derivedData/Build/Intermediates.noindex/SwiftTableViewGroup.build/Debug-xros/SwiftTableViewGroup-t.build/Objects-normal/arm64/UIScrollView+Delegate.dia -emit-dependencies-path /Users/admin/builder/spi-builder-workspace/.derivedData/Build/Intermediates.noindex/SwiftTableViewGroup.build/Debug-xros/SwiftTableViewGroup-t.build/Objects-normal/arm64/TableBuilder.d -emit-const-values-path /Users/admin/builder/spi-builder-workspace/.derivedData/Build/Intermediates.noindex/SwiftTableViewGroup.build/Debug-xros/SwiftTableViewGroup-t.build/Objects-normal/arm64/TableBuilder.swiftconstvalues -emit-reference-dependencies-path /Users/admin/builder/spi-builder-workspace/.derivedData/Build/Intermediates.noindex/SwiftTableViewGroup.build/Debug-xros/SwiftTableViewGroup-t.build/Objects-normal/arm64/TableBuilder.swiftdeps -serialize-diagnostics-path /Users/admin/builder/spi-builder-workspace/.derivedData/Build/Intermediates.noindex/SwiftTableViewGroup.build/Debug-xros/SwiftTableViewGroup-t.build/Objects-normal/arm64/TableBuilder.dia -target arm64-apple-xros1.0 -disable-cross-import-overlay-search -load-resolved-plugin /Applications/Xcode-27.0.0-Release.Candidate.app/Contents/Developer/Platforms/XROS.platform/Developer/usr/lib/swift/host/plugins/libFoundationMacros.dylib\#/Applications/Xcode-27.0.0-Release.Candidate.app/Contents/Developer/Platforms/XROS.platform/Developer/usr/bin/swift-plugin-server\#FoundationMacros -load-resolved-plugin /Applications/Xcode-27.0.0-Release.Candidate.app/Contents/Developer/Platforms/XROS.platform/Developer/usr/lib/swift/host/plugins/libObservationMacros.dylib\#/Applications/Xcode-27.0.0-Release.Candidate.app/Contents/Developer/Platforms/XROS.platform/Developer/usr/bin/swift-plugin-server\#ObservationMacros -load-resolved-plugin /Applications/Xcode-27.0.0-Release.Candidate.app/Contents/Developer/Platforms/XROS.platform/Developer/usr/lib/swift/host/plugins/libPreviewsMacros.dylib\#/Applications/Xcode-27.0.0-Release.Candidate.app/Contents/Developer/Platforms/XROS.platform/Developer/usr/bin/swift-plugin-server\#PreviewsMacros -load-resolved-plugin /Applications/Xcode-27.0.0-Release.Candidate.app/Contents/Developer/Platforms/XROS.platform/Developer/usr/lib/swift/host/plugins/libSwiftMacros.dylib\#/Applications/Xcode-27.0.0-Release.Candidate.app/Contents/Developer/Platforms/XROS.platform/Developer/usr/bin/swift-plugin-server\#SwiftMacros -load-resolved-plugin /Applications/Xcode-27.0.0-Release.Candidate.app/Contents/Developer/Platforms/XROS.platform/Developer/usr/lib/swift/host/plugins/libSwiftUIMacros.dylib\#/Applications/Xcode-27.0.0-Release.Candidate.app/Contents/Developer/Platforms/XROS.platform/Developer/usr/bin/swift-plugin-server\#SwiftUIMacros -disable-implicit-swift-modules -Xcc -fno-implicit-modules -Xcc -fno-implicit-module-maps -explicit-swift-module-map-file /Users/admin/builder/spi-builder-workspace/.derivedData/Build/Intermediates.noindex/SwiftTableViewGroup.build/Debug-xros/SwiftTableViewGroup-t.build/Objects-normal/arm64/SwiftTableViewGroup-dependencies-1.json -Xllvm -aarch64-use-tbi -enable-objc-interop -stack-check -sdk /Applications/Xcode-27.0.0-Release.Candidate.app/Contents/Developer/Platforms/XROS.platform/Developer/SDKs/XROS27.0.sdk -I /Users/admin/builder/spi-builder-workspace/.derivedData/Build/Products/Debug-xros -Isystem /Applications/Xcode-27.0.0-Release.Candidate.app/Contents/Developer/Platforms/XROS.platform/Developer/usr/lib -F /Users/admin/builder/spi-builder-workspace/.derivedData/Build/Products/Debug-xros -F /Applications/Xcode-27.0.0-Release.Candidate.app/Contents/Developer/Platforms/XROS.platform/Developer/Library/Frameworks -F /Applications/Xcode-27.0.0-Release.Candidate.app/Contents/Developer/Platforms/XROS.platform/Developer/SDKs/XROS27.0.sdk/Developer/Library/Frameworks -module-cache-path /Users/admin/builder/spi-builder-workspace/.derivedData/Build/Intermediates.noindex/SwiftExplicitPrecompiledModules -no-color-diagnostics -Xcc -fno-color-diagnostics -enable-testing -g -debug-info-format\=dwarf -dwarf-version\=4 -profile-generate -profile-coverage-mapping -swift-version 5 -Onone -D SWIFT_PACKAGE -D DEBUG -D SWIFT_MODULE_RESOURCE_BUNDLE_UNAVAILABLE -D Xcode -serialize-debugging-options -enable-experimental-feature DebugDescriptionMacro -empty-abi-descriptor -validate-clang-modules-once -clang-build-session-file /Users/admin/builder/spi-builder-workspace/.derivedData/ModuleCache.noindex/Session.modulevalidation -Xcc -working-directory -Xcc /Users/admin/builder/spi-builder-workspace/.swiftpm/xcode -enable-anonymous-context-mangled-names -file-compilation-dir /Users/admin/builder/spi-builder-workspace/.swiftpm/xcode -Xcc -D_LIBCPP_HARDENING_MODE\=_LIBCPP_HARDENING_MODE_DEBUG -Xcc -ivfsstatcache -Xcc /Users/admin/builder/spi-builder-workspace/.derivedData/SDKStatCaches.noindex/xros27.0-24M361-e829b21a6f8c9b70876ba0858053c044735bd543db762f57723cac368afd1ce4.sdkstatcache -Xcc -fmodules-prune-interval\=86400 -Xcc -fmodules-prune-after\=345600 -Xcc -I/Users/admin/builder/spi-builder-workspace/.derivedData/Build/Products/Debug-xros/include -Xcc -I/Users/admin/builder/spi-builder-workspace/.derivedData/Build/Intermediates.noindex/SwiftTableViewGroup.build/Debug-xros/SwiftTableViewGroup-t.build/DerivedSources-normal/arm64 -Xcc -I/Users/admin/builder/spi-builder-workspace/.derivedData/Build/Intermediates.noindex/SwiftTableViewGroup.build/Debug-xros/SwiftTableViewGroup-t.build/DerivedSources/arm64 -Xcc -I/Users/admin/builder/spi-builder-workspace/.derivedData/Build/Intermediates.noindex/SwiftTableViewGroup.build/Debug-xros/SwiftTableViewGroup-t.build/DerivedSources -Xcc -DSWIFT_PACKAGE -Xcc -DDEBUG\=1 -no-auto-bridging-header-chaining -module-name SwiftTableViewGroup -const-gather-protocols-file /Users/admin/builder/spi-builder-workspace/.derivedData/Build/Intermediates.noindex/SwiftTableViewGroup.build/Debug-xros/SwiftTableViewGroup-t.build/Objects-normal/arm64/SwiftTableViewGroup_const_extract_protocols.json -disable-clang-spi -clang-target arm64-apple-xros27.0 -target-sdk-version 27.0 -target-sdk-name xros27.0 -in-process-plugin-server-path /Applications/Xcode-27.0.0-Release.Candidate.app/Contents/Developer/Toolchains/XcodeDefault.xctoolchain/usr/lib/swift/host/libSwiftInProcPluginServer.dylib -parse-as-library -o /Users/admin/builder/spi-builder-workspace/.derivedData/Build/Intermediates.noindex/SwiftTableViewGroup.build/Debug-xros/SwiftTableViewGroup-t.build/Objects-normal/arm64/UIScrollView+Delegate.o -o /Users/admin/builder/spi-builder-workspace/.derivedData/Build/Intermediates.noindex/SwiftTableViewGroup.build/Debug-xros/SwiftTableViewGroup-t.build/Objects-normal/arm64/TableBuilder.o -debug-module-path /Users/admin/builder/spi-builder-workspace/.derivedData/Build/Intermediates.noindex/SwiftTableViewGroup.build/Debug-xros/SwiftTableViewGroup-t.build/Objects-normal/arm64/SwiftTableViewGroup.swiftmodule -index-unit-output-path /SwiftTableViewGroup.build/Debug-xros/SwiftTableViewGroup-t.build/Objects-normal/arm64/UIScrollView+Delegate.o -index-unit-output-path /SwiftTableViewGroup.build/Debug-xros/SwiftTableViewGroup-t.build/Objects-normal/arm64/TableBuilder.o -index-store-path /Users/admin/builder/spi-builder-workspace/.derivedData/Index.noindex/DataStore -index-system-modules
SwiftCompile normal arm64 /Users/admin/builder/spi-builder-workspace/Sources/SwiftTableViewGroup/UIScrollView+Delegate.swift (in target 'SwiftTableViewGroup' from project 'SwiftTableViewGroup')
cd /Users/admin/builder/spi-builder-workspace/.swiftpm/xcode
builtin-SwiftPerFileCompile UIScrollView+Delegate.swift
SwiftCompile normal arm64 /Users/admin/builder/spi-builder-workspace/Sources/SwiftTableViewGroup/UITableView/TableBuilder.swift (in target 'SwiftTableViewGroup' from project 'SwiftTableViewGroup')
cd /Users/admin/builder/spi-builder-workspace/.swiftpm/xcode
builtin-SwiftPerFileCompile TableBuilder.swift
SwiftCompile normal arm64 Compiling\ TableSection.swift,\ TableSectionGroup.swift /Users/admin/builder/spi-builder-workspace/Sources/SwiftTableViewGroup/UITableView/TableSection.swift /Users/admin/builder/spi-builder-workspace/Sources/SwiftTableViewGroup/UITableView/TableSectionGroup.swift (in target 'SwiftTableViewGroup' from project 'SwiftTableViewGroup')
SwiftCompile normal arm64 /Users/admin/builder/spi-builder-workspace/Sources/SwiftTableViewGroup/UITableView/TableSection.swift (in target 'SwiftTableViewGroup' from project 'SwiftTableViewGroup')
cd /Users/admin/builder/spi-builder-workspace/.swiftpm/xcode
builtin-SwiftPerFileCompile TableSection.swift
SwiftCompile normal arm64 /Users/admin/builder/spi-builder-workspace/Sources/SwiftTableViewGroup/UITableView/TableSectionGroup.swift (in target 'SwiftTableViewGroup' from project 'SwiftTableViewGroup')
cd /Users/admin/builder/spi-builder-workspace/.swiftpm/xcode
builtin-SwiftPerFileCompile TableSectionGroup.swift
SwiftCompile normal arm64 Compiling\ CollectionViewDelegate.swift,\ CollectionViewRegiterGroup.swift /Users/admin/builder/spi-builder-workspace/Sources/SwiftTableViewGroup/UICollectionView/CollectionViewDelegate.swift /Users/admin/builder/spi-builder-workspace/Sources/SwiftTableViewGroup/UICollectionView/CollectionViewRegiterGroup.swift (in target 'SwiftTableViewGroup' from project 'SwiftTableViewGroup')
SwiftCompile normal arm64 /Users/admin/builder/spi-builder-workspace/Sources/SwiftTableViewGroup/UICollectionView/CollectionViewDelegate.swift (in target 'SwiftTableViewGroup' from project 'SwiftTableViewGroup')
cd /Users/admin/builder/spi-builder-workspace/.swiftpm/xcode
builtin-SwiftPerFileCompile CollectionViewDelegate.swift
SwiftCompile normal arm64 /Users/admin/builder/spi-builder-workspace/Sources/SwiftTableViewGroup/UICollectionView/CollectionViewRegiterGroup.swift (in target 'SwiftTableViewGroup' from project 'SwiftTableViewGroup')
cd /Users/admin/builder/spi-builder-workspace/.swiftpm/xcode
builtin-SwiftPerFileCompile CollectionViewRegiterGroup.swift
SwiftCompile normal arm64 Compiling\ CollectionHeaderFooter.swift,\ CollectionSection.swift /Users/admin/builder/spi-builder-workspace/Sources/SwiftTableViewGroup/UICollectionView/CollectionHeaderFooter.swift /Users/admin/builder/spi-builder-workspace/Sources/SwiftTableViewGroup/UICollectionView/CollectionSection.swift (in target 'SwiftTableViewGroup' from project 'SwiftTableViewGroup')
SwiftCompile normal arm64 /Users/admin/builder/spi-builder-workspace/Sources/SwiftTableViewGroup/UICollectionView/CollectionHeaderFooter.swift (in target 'SwiftTableViewGroup' from project 'SwiftTableViewGroup')
cd /Users/admin/builder/spi-builder-workspace/.swiftpm/xcode
builtin-SwiftPerFileCompile CollectionHeaderFooter.swift
SwiftCompile normal arm64 /Users/admin/builder/spi-builder-workspace/Sources/SwiftTableViewGroup/UICollectionView/CollectionSection.swift (in target 'SwiftTableViewGroup' from project 'SwiftTableViewGroup')
cd /Users/admin/builder/spi-builder-workspace/.swiftpm/xcode
builtin-SwiftPerFileCompile CollectionSection.swift
SwiftCompile normal arm64 Compiling\ Group.swift,\ CollectionBuilder.swift,\ CollectionCell.swift /Users/admin/builder/spi-builder-workspace/Sources/SwiftTableViewGroup/Group.swift /Users/admin/builder/spi-builder-workspace/Sources/SwiftTableViewGroup/UICollectionView/CollectionBuilder.swift /Users/admin/builder/spi-builder-workspace/Sources/SwiftTableViewGroup/UICollectionView/CollectionCell.swift (in target 'SwiftTableViewGroup' from project 'SwiftTableViewGroup')
/Users/admin/builder/spi-builder-workspace/Sources/SwiftTableViewGroup/UICollectionView/CollectionBuilder.swift:10:2: warning: '@_functionBuilder' has been renamed to '@resultBuilder'
8 | import UIKit.UICollectionView
9 |
10 | @_functionBuilder
| `- warning: '@_functionBuilder' has been renamed to '@resultBuilder'
11 | public struct CollectionBuilder {
12 | public static func buildBlock(_ nodes:DataNode...) -> DataNode {
/Users/admin/builder/spi-builder-workspace/Sources/SwiftTableViewGroup/UICollectionView/CollectionBuilder.swift:33:2: warning: '@_functionBuilder' has been renamed to '@resultBuilder'
31 |
32 |
33 | @_functionBuilder
| `- warning: '@_functionBuilder' has been renamed to '@resultBuilder'
34 | public struct CollectionSectionBuilder {
35 | public static func buildBlock<Content:ViewRegister>(_ contents:Content...) -> DataNode {
/Users/admin/builder/spi-builder-workspace/Sources/SwiftTableViewGroup/UICollectionView/CollectionBuilder.swift:22:17: error: static method 'buildBlock' requires that 'CollectionViewRegiterGroup' conform to 'ViewRegister'
20 | } else {
21 | let section = CollectionSection {
22 | CollectionSectionBuilder.collectionSection(nodes: nodes)
| `- error: static method 'buildBlock' requires that 'CollectionViewRegiterGroup' conform to 'ViewRegister'
23 | }
24 | group.sections.append(section)
:
33 | @_functionBuilder
34 | public struct CollectionSectionBuilder {
35 | public static func buildBlock<Content:ViewRegister>(_ contents:Content...) -> DataNode {
| `- note: where 'Content' = 'CollectionViewRegiterGroup'
36 | return self.collectionSection(nodes: contents)
37 | }
SwiftCompile normal arm64 /Users/admin/builder/spi-builder-workspace/Sources/SwiftTableViewGroup/Group.swift (in target 'SwiftTableViewGroup' from project 'SwiftTableViewGroup')
cd /Users/admin/builder/spi-builder-workspace/.swiftpm/xcode
builtin-SwiftPerFileCompile Group.swift
SwiftCompile normal arm64 /Users/admin/builder/spi-builder-workspace/Sources/SwiftTableViewGroup/UICollectionView/CollectionBuilder.swift (in target 'SwiftTableViewGroup' from project 'SwiftTableViewGroup')
cd /Users/admin/builder/spi-builder-workspace/.swiftpm/xcode
builtin-SwiftPerFileCompile CollectionBuilder.swift
SwiftCompile normal arm64 /Users/admin/builder/spi-builder-workspace/Sources/SwiftTableViewGroup/UICollectionView/CollectionCell.swift (in target 'SwiftTableViewGroup' from project 'SwiftTableViewGroup')
cd /Users/admin/builder/spi-builder-workspace/.swiftpm/xcode
builtin-SwiftPerFileCompile CollectionCell.swift
SwiftCompile normal arm64 Compiling\ DataContentView.swift,\ DataNode.swift,\ DataNodeBuilder.swift /Users/admin/builder/spi-builder-workspace/Sources/SwiftTableViewGroup/DataContentView.swift /Users/admin/builder/spi-builder-workspace/Sources/SwiftTableViewGroup/DataNode.swift /Users/admin/builder/spi-builder-workspace/Sources/SwiftTableViewGroup/DataNodeBuilder.swift (in target 'SwiftTableViewGroup' from project 'SwiftTableViewGroup')
/Users/admin/builder/spi-builder-workspace/Sources/SwiftTableViewGroup/DataNodeBuilder.swift:9:2: warning: '@_functionBuilder' has been renamed to '@resultBuilder'
7 |
8 | /// 数据源组装对象
9 | @_functionBuilder
| `- warning: '@_functionBuilder' has been renamed to '@resultBuilder'
10 | public struct DataNodeBuilder {
11 | public static func buildBlock(_ groups:DataNode...) -> DataNode {
SwiftCompile normal arm64 /Users/admin/builder/spi-builder-workspace/Sources/SwiftTableViewGroup/DataContentView.swift (in target 'SwiftTableViewGroup' from project 'SwiftTableViewGroup')
cd /Users/admin/builder/spi-builder-workspace/.swiftpm/xcode
builtin-SwiftPerFileCompile DataContentView.swift
SwiftCompile normal arm64 /Users/admin/builder/spi-builder-workspace/Sources/SwiftTableViewGroup/DataNode.swift (in target 'SwiftTableViewGroup' from project 'SwiftTableViewGroup')
cd /Users/admin/builder/spi-builder-workspace/.swiftpm/xcode
builtin-SwiftPerFileCompile DataNode.swift
SwiftCompile normal arm64 /Users/admin/builder/spi-builder-workspace/Sources/SwiftTableViewGroup/DataNodeBuilder.swift (in target 'SwiftTableViewGroup' from project 'SwiftTableViewGroup')
cd /Users/admin/builder/spi-builder-workspace/.swiftpm/xcode
builtin-SwiftPerFileCompile DataNodeBuilder.swift
SwiftDriverJobDiscovery normal arm64 Emitting module for SwiftTableViewGroup (in target 'SwiftTableViewGroup' from project 'SwiftTableViewGroup')
SwiftDriver\ Compilation\ Requirements SwiftTableViewGroup normal arm64 com.apple.xcode.tools.swift.compiler (in target 'SwiftTableViewGroup' from project 'SwiftTableViewGroup')
cd /Users/admin/builder/spi-builder-workspace/.swiftpm/xcode
builtin-Swift-Compilation-Requirements -- /Applications/Xcode-27.0.0-Release.Candidate.app/Contents/Developer/Toolchains/XcodeDefault.xctoolchain/usr/bin/swiftc -parse-as-library -module-name SwiftTableViewGroup -Onone @/Users/admin/builder/spi-builder-workspace/.derivedData/Build/Intermediates.noindex/SwiftTableViewGroup.build/Debug-xros/SwiftTableViewGroup-t.build/Objects-normal/arm64/SwiftTableViewGroup.SwiftFileList -DSWIFT_PACKAGE -DDEBUG -DSWIFT_MODULE_RESOURCE_BUNDLE_UNAVAILABLE -DXcode -plugin-path /Applications/Xcode-27.0.0-Release.Candidate.app/Contents/Developer/Toolchains/XcodeDefault.xctoolchain/usr/lib/swift/host/plugins/testing -enable-experimental-feature DebugDescriptionMacro -sdk /Applications/Xcode-27.0.0-Release.Candidate.app/Contents/Developer/Platforms/XROS.platform/Developer/SDKs/XROS27.0.sdk -target arm64-apple-xros1.0 -g -module-cache-path /Users/admin/builder/spi-builder-workspace/.derivedData/ModuleCache.noindex -Xfrontend -serialize-debugging-options -profile-coverage-mapping -profile-generate -enable-testing -index-store-path /Users/admin/builder/spi-builder-workspace/.derivedData/Index.noindex/DataStore -Xcc -D_LIBCPP_HARDENING_MODE\=_LIBCPP_HARDENING_MODE_DEBUG -swift-version 5 -I /Users/admin/builder/spi-builder-workspace/.derivedData/Build/Products/Debug-xros -Isystem /Applications/Xcode-27.0.0-Release.Candidate.app/Contents/Developer/Platforms/XROS.platform/Developer/usr/lib -F /Users/admin/builder/spi-builder-workspace/.derivedData/Build/Products/Debug-xros -F /Applications/Xcode-27.0.0-Release.Candidate.app/Contents/Developer/Platforms/XROS.platform/Developer/Library/Frameworks -F /Applications/Xcode-27.0.0-Release.Candidate.app/Contents/Developer/Platforms/XROS.platform/Developer/SDKs/XROS27.0.sdk/Developer/Library/Frameworks -c -j10 -enable-batch-mode -incremental -Xcc -ivfsstatcache -Xcc /Users/admin/builder/spi-builder-workspace/.derivedData/SDKStatCaches.noindex/xros27.0-24M361-e829b21a6f8c9b70876ba0858053c044735bd543db762f57723cac368afd1ce4.sdkstatcache -output-file-map /Users/admin/builder/spi-builder-workspace/.derivedData/Build/Intermediates.noindex/SwiftTableViewGroup.build/Debug-xros/SwiftTableViewGroup-t.build/Objects-normal/arm64/SwiftTableViewGroup-OutputFileMap.json -save-temps -no-color-diagnostics -explicit-module-build -module-cache-path /Users/admin/builder/spi-builder-workspace/.derivedData/Build/Intermediates.noindex/SwiftExplicitPrecompiledModules -clang-scanner-module-cache-path /Users/admin/builder/spi-builder-workspace/.derivedData/ModuleCache.noindex -sdk-module-cache-path /Users/admin/builder/spi-builder-workspace/.derivedData/SDKExplicitPrecompiledModules -emit-dependencies -emit-module -emit-module-path /Users/admin/builder/spi-builder-workspace/.derivedData/Build/Intermediates.noindex/SwiftTableViewGroup.build/Debug-xros/SwiftTableViewGroup-t.build/Objects-normal/arm64/SwiftTableViewGroup.swiftmodule -serialize-diagnostics -dependency-scan-serialize-diagnostics-path /Users/admin/builder/spi-builder-workspace/.derivedData/Build/Intermediates.noindex/SwiftTableViewGroup.build/Debug-xros/SwiftTableViewGroup-t.build/Objects-normal/arm64/SwiftTableViewGroup-dependency-scan.dia -validate-clang-modules-once -clang-build-session-file /Users/admin/builder/spi-builder-workspace/.derivedData/ModuleCache.noindex/Session.modulevalidation -Xcc -fmodules-prune-interval\=86400 -Xcc -fmodules-prune-after\=345600 -emit-const-values -const-gather-protocols-list /Users/admin/builder/spi-builder-workspace/.derivedData/Build/Intermediates.noindex/SwiftTableViewGroup.build/Debug-xros/SwiftTableViewGroup-t.build/Objects-normal/arm64/SwiftTableViewGroup_const_extract_protocols.json -Xcc -I/Users/admin/builder/spi-builder-workspace/.derivedData/Build/Products/Debug-xros/include -Xcc -I/Users/admin/builder/spi-builder-workspace/.derivedData/Build/Intermediates.noindex/SwiftTableViewGroup.build/Debug-xros/SwiftTableViewGroup-t.build/DerivedSources-normal/arm64 -Xcc -I/Users/admin/builder/spi-builder-workspace/.derivedData/Build/Intermediates.noindex/SwiftTableViewGroup.build/Debug-xros/SwiftTableViewGroup-t.build/DerivedSources/arm64 -Xcc -I/Users/admin/builder/spi-builder-workspace/.derivedData/Build/Intermediates.noindex/SwiftTableViewGroup.build/Debug-xros/SwiftTableViewGroup-t.build/DerivedSources -Xcc -DSWIFT_PACKAGE -Xcc -DDEBUG\=1 -emit-objc-header -emit-objc-header-path /Users/admin/builder/spi-builder-workspace/.derivedData/Build/Intermediates.noindex/SwiftTableViewGroup.build/Debug-xros/SwiftTableViewGroup-t.build/Objects-normal/arm64/SwiftTableViewGroup-Swift.h -working-directory /Users/admin/builder/spi-builder-workspace/.swiftpm/xcode -experimental-emit-module-separately -disable-cmo
SwiftDriverJobDiscovery normal arm64 Compiling DataContentView.swift, DataNode.swift, DataNodeBuilder.swift (in target 'SwiftTableViewGroup' from project 'SwiftTableViewGroup')
SwiftDriverJobDiscovery normal arm64 Compiling TableViewRegiterGroup.swift, ViewRegister.swift (in target 'SwiftTableViewGroup' from project 'SwiftTableViewGroup')
PruneExplicitPrecompiledModules /Users/admin/builder/spi-builder-workspace/.derivedData/SDKExplicitPrecompiledModules
PruneExplicitPrecompiledModules /Users/admin/builder/spi-builder-workspace/.derivedData/Build/Intermediates.noindex/ExplicitPrecompiledModules
PruneExplicitPrecompiledModules /Users/admin/builder/spi-builder-workspace/.derivedData/Build/Intermediates.noindex/SwiftExplicitPrecompiledModules
2026-09-16 19:51:32.688 xcodebuild[664:4267] [MT] IDERunDestination: Supported platforms for the buildables in the current scheme is empty.
** BUILD FAILED **
The following build commands failed:
SwiftCompile normal arm64 Compiling\ UIScrollView+Delegate.swift,\ TableBuilder.swift /Users/admin/builder/spi-builder-workspace/Sources/SwiftTableViewGroup/UIScrollView+Delegate.swift /Users/admin/builder/spi-builder-workspace/Sources/SwiftTableViewGroup/UITableView/TableBuilder.swift (in target 'SwiftTableViewGroup' from project 'SwiftTableViewGroup')
SwiftCompile normal arm64 /Users/admin/builder/spi-builder-workspace/Sources/SwiftTableViewGroup/UITableView/TableBuilder.swift (in target 'SwiftTableViewGroup' from project 'SwiftTableViewGroup')
Building workspace SwiftTableViewGroup with scheme SwiftTableViewGroup
(3 failures)
Command line invocation:
/Applications/Xcode-27.0.0-Release.Candidate.app/Contents/Developer/usr/bin/xcodebuild -IDEClonedSourcePackagesDirPathOverride=/Users/admin/builder/spi-builder-workspace/.dependencies -resolvePackageDependencies
Resolve Package Graph
Resolved source packages:
SwiftTableViewGroup: /Users/admin/builder/spi-builder-workspace
resolved source packages: SwiftTableViewGroup
2026-09-16 19:51:42.647 xcodebuild[757:4665] [MT] IDERunDestination: Supported platforms for the buildables in the current scheme is empty.
{
"dependencies" : [
],
"manifest_display_name" : "SwiftTableViewGroup",
"name" : "SwiftTableViewGroup",
"path" : "/Users/admin/builder/spi-builder-workspace",
"platforms" : [
],
"products" : [
{
"name" : "SwiftTableViewGroup",
"targets" : [
"SwiftTableViewGroup"
],
"type" : {
"library" : [
"automatic"
]
}
}
],
"targets" : [
{
"c99name" : "SwiftTableViewGroupTests",
"module_type" : "SwiftTarget",
"name" : "SwiftTableViewGroupTests",
"path" : "Tests/SwiftTableViewGroupTests",
"sources" : [
"SwiftTableViewGroupTests.swift",
"XCTestManifests.swift"
],
"target_dependencies" : [
"SwiftTableViewGroup"
],
"type" : "test"
},
{
"c99name" : "SwiftTableViewGroup",
"module_type" : "SwiftTarget",
"name" : "SwiftTableViewGroup",
"path" : "Sources/SwiftTableViewGroup",
"product_memberships" : [
"SwiftTableViewGroup"
],
"sources" : [
"DataContentView.swift",
"DataNode.swift",
"DataNodeBuilder.swift",
"Group.swift",
"UICollectionView/CollectionBuilder.swift",
"UICollectionView/CollectionCell.swift",
"UICollectionView/CollectionHeaderFooter.swift",
"UICollectionView/CollectionSection.swift",
"UICollectionView/CollectionSectionGroup.swift",
"UICollectionView/CollectionView.swift",
"UICollectionView/CollectionViewDelegate.swift",
"UICollectionView/CollectionViewRegiterGroup.swift",
"UIScrollView+Delegate.swift",
"UITableView/TableBuilder.swift",
"UITableView/TableCell.swift",
"UITableView/TableHeaderFooter.swift",
"UITableView/TableSection.swift",
"UITableView/TableSectionGroup.swift",
"UITableView/TableView.swift",
"UITableView/TableViewDelegate.swift",
"UITableView/TableViewRegiterGroup.swift",
"ViewRegister.swift"
],
"type" : "library"
}
],
"tools_version" : "5.1"
}
{
"workspace" : {
"name" : "SwiftTableViewGroup",
"schemes" : [
"SwiftTableViewGroup"
]
}
}
2026-09-16 19:51:43.829 xcodebuild[765:4732] [MT] IDERunDestination: Supported platforms for the buildables in the current scheme is empty.
Running build ...
env DEVELOPER_DIR=/Applications/Xcode-27.0.0-Release.Candidate.app xcrun xcodebuild -IDEClonedSourcePackagesDirPathOverride=$PWD/.dependencies -skipMacroValidation -skipPackagePluginValidation -derivedDataPath $PWD/.derivedData build -scheme SwiftTableViewGroup -destination generic/platform=xrOS
Command line invocation:
/Applications/Xcode-27.0.0-Release.Candidate.app/Contents/Developer/usr/bin/xcodebuild -IDEClonedSourcePackagesDirPathOverride=/Users/admin/builder/spi-builder-workspace/.dependencies -skipMacroValidation -skipPackagePluginValidation -derivedDataPath /Users/admin/builder/spi-builder-workspace/.derivedData build -scheme SwiftTableViewGroup -destination generic/platform=xrOS
Resolve Package Graph
Resolved source packages:
SwiftTableViewGroup: /Users/admin/builder/spi-builder-workspace
ComputePackagePrebuildTargetDependencyGraph
Prepare packages
CreateBuildRequest
SendProjectDescription
CreateBuildOperation
ComputeTargetDependencyGraph
note: Building targets in dependency order
note: Target dependency graph (2 targets)
Target 'SwiftTableViewGroup-product' in project 'SwiftTableViewGroup'
➜ Explicit dependency on target 'SwiftTableViewGroup' in project 'SwiftTableViewGroup'
Target 'SwiftTableViewGroup' in project 'SwiftTableViewGroup' (no dependencies)
GatherProvisioningInputs
CreateBuildDescription
ClangStatCache /Applications/Xcode-27.0.0-Release.Candidate.app/Contents/Developer/Toolchains/XcodeDefault.xctoolchain/usr/bin/clang-stat-cache /Applications/Xcode-27.0.0-Release.Candidate.app/Contents/Developer/Platforms/XROS.platform/Developer/SDKs/XROS27.0.sdk /Users/admin/builder/spi-builder-workspace/.derivedData/SDKStatCaches.noindex/xros27.0-24M361-e829b21a6f8c9b70876ba0858053c044735bd543db762f57723cac368afd1ce4.sdkstatcache
cd /Users/admin/builder/spi-builder-workspace/.swiftpm/xcode
/Applications/Xcode-27.0.0-Release.Candidate.app/Contents/Developer/Toolchains/XcodeDefault.xctoolchain/usr/bin/clang-stat-cache /Applications/Xcode-27.0.0-Release.Candidate.app/Contents/Developer/Platforms/XROS.platform/Developer/SDKs/XROS27.0.sdk -o /Users/admin/builder/spi-builder-workspace/.derivedData/SDKStatCaches.noindex/xros27.0-24M361-e829b21a6f8c9b70876ba0858053c044735bd543db762f57723cac368afd1ce4.sdkstatcache
SwiftMergeGeneratedHeaders /Users/admin/builder/spi-builder-workspace/.derivedData/Build/Intermediates.noindex/GeneratedModuleMaps-xros/SwiftTableViewGroup-Swift.h /Users/admin/builder/spi-builder-workspace/.derivedData/Build/Intermediates.noindex/SwiftTableViewGroup.build/Debug-xros/SwiftTableViewGroup-t.build/Objects-normal/arm64/SwiftTableViewGroup-Swift.h (in target 'SwiftTableViewGroup' from project 'SwiftTableViewGroup')
cd /Users/admin/builder/spi-builder-workspace
builtin-swiftHeaderTool -arch arm64 /Users/admin/builder/spi-builder-workspace/.derivedData/Build/Intermediates.noindex/SwiftTableViewGroup.build/Debug-xros/SwiftTableViewGroup-t.build/Objects-normal/arm64/SwiftTableViewGroup-Swift.h -o /Users/admin/builder/spi-builder-workspace/.derivedData/Build/Intermediates.noindex/GeneratedModuleMaps-xros/SwiftTableViewGroup-Swift.h
SwiftDriver SwiftTableViewGroup normal arm64 com.apple.xcode.tools.swift.compiler (in target 'SwiftTableViewGroup' from project 'SwiftTableViewGroup')
cd /Users/admin/builder/spi-builder-workspace/.swiftpm/xcode
builtin-SwiftDriver -- /Applications/Xcode-27.0.0-Release.Candidate.app/Contents/Developer/Toolchains/XcodeDefault.xctoolchain/usr/bin/swiftc -parse-as-library -module-name SwiftTableViewGroup -Onone @/Users/admin/builder/spi-builder-workspace/.derivedData/Build/Intermediates.noindex/SwiftTableViewGroup.build/Debug-xros/SwiftTableViewGroup-t.build/Objects-normal/arm64/SwiftTableViewGroup.SwiftFileList -DSWIFT_PACKAGE -DDEBUG -DSWIFT_MODULE_RESOURCE_BUNDLE_UNAVAILABLE -DXcode -plugin-path /Applications/Xcode-27.0.0-Release.Candidate.app/Contents/Developer/Toolchains/XcodeDefault.xctoolchain/usr/lib/swift/host/plugins/testing -enable-experimental-feature DebugDescriptionMacro -sdk /Applications/Xcode-27.0.0-Release.Candidate.app/Contents/Developer/Platforms/XROS.platform/Developer/SDKs/XROS27.0.sdk -target arm64-apple-xros1.0 -g -module-cache-path /Users/admin/builder/spi-builder-workspace/.derivedData/ModuleCache.noindex -Xfrontend -serialize-debugging-options -profile-coverage-mapping -profile-generate -enable-testing -index-store-path /Users/admin/builder/spi-builder-workspace/.derivedData/Index.noindex/DataStore -Xcc -D_LIBCPP_HARDENING_MODE\=_LIBCPP_HARDENING_MODE_DEBUG -swift-version 5 -I /Users/admin/builder/spi-builder-workspace/.derivedData/Build/Products/Debug-xros -Isystem /Applications/Xcode-27.0.0-Release.Candidate.app/Contents/Developer/Platforms/XROS.platform/Developer/usr/lib -F /Users/admin/builder/spi-builder-workspace/.derivedData/Build/Products/Debug-xros -F /Applications/Xcode-27.0.0-Release.Candidate.app/Contents/Developer/Platforms/XROS.platform/Developer/Library/Frameworks -F /Applications/Xcode-27.0.0-Release.Candidate.app/Contents/Developer/Platforms/XROS.platform/Developer/SDKs/XROS27.0.sdk/Developer/Library/Frameworks -c -j10 -enable-batch-mode -incremental -Xcc -ivfsstatcache -Xcc /Users/admin/builder/spi-builder-workspace/.derivedData/SDKStatCaches.noindex/xros27.0-24M361-e829b21a6f8c9b70876ba0858053c044735bd543db762f57723cac368afd1ce4.sdkstatcache -output-file-map /Users/admin/builder/spi-builder-workspace/.derivedData/Build/Intermediates.noindex/SwiftTableViewGroup.build/Debug-xros/SwiftTableViewGroup-t.build/Objects-normal/arm64/SwiftTableViewGroup-OutputFileMap.json -save-temps -no-color-diagnostics -explicit-module-build -module-cache-path /Users/admin/builder/spi-builder-workspace/.derivedData/Build/Intermediates.noindex/SwiftExplicitPrecompiledModules -clang-scanner-module-cache-path /Users/admin/builder/spi-builder-workspace/.derivedData/ModuleCache.noindex -sdk-module-cache-path /Users/admin/builder/spi-builder-workspace/.derivedData/SDKExplicitPrecompiledModules -emit-dependencies -emit-module -emit-module-path /Users/admin/builder/spi-builder-workspace/.derivedData/Build/Intermediates.noindex/SwiftTableViewGroup.build/Debug-xros/SwiftTableViewGroup-t.build/Objects-normal/arm64/SwiftTableViewGroup.swiftmodule -serialize-diagnostics -dependency-scan-serialize-diagnostics-path /Users/admin/builder/spi-builder-workspace/.derivedData/Build/Intermediates.noindex/SwiftTableViewGroup.build/Debug-xros/SwiftTableViewGroup-t.build/Objects-normal/arm64/SwiftTableViewGroup-dependency-scan.dia -validate-clang-modules-once -clang-build-session-file /Users/admin/builder/spi-builder-workspace/.derivedData/ModuleCache.noindex/Session.modulevalidation -Xcc -fmodules-prune-interval\=86400 -Xcc -fmodules-prune-after\=345600 -emit-const-values -const-gather-protocols-list /Users/admin/builder/spi-builder-workspace/.derivedData/Build/Intermediates.noindex/SwiftTableViewGroup.build/Debug-xros/SwiftTableViewGroup-t.build/Objects-normal/arm64/SwiftTableViewGroup_const_extract_protocols.json -Xcc -I/Users/admin/builder/spi-builder-workspace/.derivedData/Build/Products/Debug-xros/include -Xcc -I/Users/admin/builder/spi-builder-workspace/.derivedData/Build/Intermediates.noindex/SwiftTableViewGroup.build/Debug-xros/SwiftTableViewGroup-t.build/DerivedSources-normal/arm64 -Xcc -I/Users/admin/builder/spi-builder-workspace/.derivedData/Build/Intermediates.noindex/SwiftTableViewGroup.build/Debug-xros/SwiftTableViewGroup-t.build/DerivedSources/arm64 -Xcc -I/Users/admin/builder/spi-builder-workspace/.derivedData/Build/Intermediates.noindex/SwiftTableViewGroup.build/Debug-xros/SwiftTableViewGroup-t.build/DerivedSources -Xcc -DSWIFT_PACKAGE -Xcc -DDEBUG\=1 -emit-objc-header -emit-objc-header-path /Users/admin/builder/spi-builder-workspace/.derivedData/Build/Intermediates.noindex/SwiftTableViewGroup.build/Debug-xros/SwiftTableViewGroup-t.build/Objects-normal/arm64/SwiftTableViewGroup-Swift.h -working-directory /Users/admin/builder/spi-builder-workspace/.swiftpm/xcode -experimental-emit-module-separately -disable-cmo
/Users/admin/builder/spi-builder-workspace/Sources/SwiftTableViewGroup/DataNodeBuilder.swift:9:2: warning: '@_functionBuilder' has been renamed to '@resultBuilder' (in target 'SwiftTableViewGroup' from project 'SwiftTableViewGroup')
/Users/admin/builder/spi-builder-workspace/Sources/SwiftTableViewGroup/UICollectionView/CollectionBuilder.swift:10:2: warning: '@_functionBuilder' has been renamed to '@resultBuilder' (in target 'SwiftTableViewGroup' from project 'SwiftTableViewGroup')
/Users/admin/builder/spi-builder-workspace/Sources/SwiftTableViewGroup/UICollectionView/CollectionBuilder.swift:33:2: warning: '@_functionBuilder' has been renamed to '@resultBuilder' (in target 'SwiftTableViewGroup' from project 'SwiftTableViewGroup')
/Users/admin/builder/spi-builder-workspace/Sources/SwiftTableViewGroup/UITableView/TableBuilder.swift:10:2: warning: '@_functionBuilder' has been renamed to '@resultBuilder' (in target 'SwiftTableViewGroup' from project 'SwiftTableViewGroup')
/Users/admin/builder/spi-builder-workspace/Sources/SwiftTableViewGroup/UITableView/TableBuilder.swift:33:2: warning: '@_functionBuilder' has been renamed to '@resultBuilder' (in target 'SwiftTableViewGroup' from project 'SwiftTableViewGroup')
Copy /Users/admin/builder/spi-builder-workspace/.derivedData/Build/Products/Debug-xros/SwiftTableViewGroup.swiftmodule/arm64-apple-xros.swiftmodule /Users/admin/builder/spi-builder-workspace/.derivedData/Build/Intermediates.noindex/SwiftTableViewGroup.build/Debug-xros/SwiftTableViewGroup-t.build/Objects-normal/arm64/SwiftTableViewGroup.swiftmodule (in target 'SwiftTableViewGroup' from project 'SwiftTableViewGroup')
cd /Users/admin/builder/spi-builder-workspace
builtin-copy -exclude .DS_Store -exclude CVS -exclude .svn -exclude .git -exclude .hg -resolve-src-symlinks -rename /Users/admin/builder/spi-builder-workspace/.derivedData/Build/Intermediates.noindex/SwiftTableViewGroup.build/Debug-xros/SwiftTableViewGroup-t.build/Objects-normal/arm64/SwiftTableViewGroup.swiftmodule /Users/admin/builder/spi-builder-workspace/.derivedData/Build/Products/Debug-xros/SwiftTableViewGroup.swiftmodule/arm64-apple-xros.swiftmodule
Copy /Users/admin/builder/spi-builder-workspace/.derivedData/Build/Products/Debug-xros/SwiftTableViewGroup.swiftmodule/arm64-apple-xros.abi.json /Users/admin/builder/spi-builder-workspace/.derivedData/Build/Intermediates.noindex/SwiftTableViewGroup.build/Debug-xros/SwiftTableViewGroup-t.build/Objects-normal/arm64/SwiftTableViewGroup.abi.json (in target 'SwiftTableViewGroup' from project 'SwiftTableViewGroup')
cd /Users/admin/builder/spi-builder-workspace
builtin-copy -exclude .DS_Store -exclude CVS -exclude .svn -exclude .git -exclude .hg -resolve-src-symlinks -rename /Users/admin/builder/spi-builder-workspace/.derivedData/Build/Intermediates.noindex/SwiftTableViewGroup.build/Debug-xros/SwiftTableViewGroup-t.build/Objects-normal/arm64/SwiftTableViewGroup.abi.json /Users/admin/builder/spi-builder-workspace/.derivedData/Build/Products/Debug-xros/SwiftTableViewGroup.swiftmodule/arm64-apple-xros.abi.json
Copy /Users/admin/builder/spi-builder-workspace/.derivedData/Build/Products/Debug-xros/SwiftTableViewGroup.swiftmodule/arm64-apple-xros.swiftdoc /Users/admin/builder/spi-builder-workspace/.derivedData/Build/Intermediates.noindex/SwiftTableViewGroup.build/Debug-xros/SwiftTableViewGroup-t.build/Objects-normal/arm64/SwiftTableViewGroup.swiftdoc (in target 'SwiftTableViewGroup' from project 'SwiftTableViewGroup')
cd /Users/admin/builder/spi-builder-workspace
builtin-copy -exclude .DS_Store -exclude CVS -exclude .svn -exclude .git -exclude .hg -resolve-src-symlinks -rename /Users/admin/builder/spi-builder-workspace/.derivedData/Build/Intermediates.noindex/SwiftTableViewGroup.build/Debug-xros/SwiftTableViewGroup-t.build/Objects-normal/arm64/SwiftTableViewGroup.swiftdoc /Users/admin/builder/spi-builder-workspace/.derivedData/Build/Products/Debug-xros/SwiftTableViewGroup.swiftmodule/arm64-apple-xros.swiftdoc
Copy /Users/admin/builder/spi-builder-workspace/.derivedData/Build/Products/Debug-xros/SwiftTableViewGroup.swiftmodule/Project/arm64-apple-xros.swiftsourceinfo /Users/admin/builder/spi-builder-workspace/.derivedData/Build/Intermediates.noindex/SwiftTableViewGroup.build/Debug-xros/SwiftTableViewGroup-t.build/Objects-normal/arm64/SwiftTableViewGroup.swiftsourceinfo (in target 'SwiftTableViewGroup' from project 'SwiftTableViewGroup')
cd /Users/admin/builder/spi-builder-workspace
builtin-copy -exclude .DS_Store -exclude CVS -exclude .svn -exclude .git -exclude .hg -resolve-src-symlinks -rename /Users/admin/builder/spi-builder-workspace/.derivedData/Build/Intermediates.noindex/SwiftTableViewGroup.build/Debug-xros/SwiftTableViewGroup-t.build/Objects-normal/arm64/SwiftTableViewGroup.swiftsourceinfo /Users/admin/builder/spi-builder-workspace/.derivedData/Build/Products/Debug-xros/SwiftTableViewGroup.swiftmodule/Project/arm64-apple-xros.swiftsourceinfo
SwiftCompile normal arm64 Compiling\ CollectionSection.swift,\ CollectionSectionGroup.swift /Users/admin/builder/spi-builder-workspace/Sources/SwiftTableViewGroup/UICollectionView/CollectionSection.swift /Users/admin/builder/spi-builder-workspace/Sources/SwiftTableViewGroup/UICollectionView/CollectionSectionGroup.swift (in target 'SwiftTableViewGroup' from project 'SwiftTableViewGroup')
SwiftCompile normal arm64 /Users/admin/builder/spi-builder-workspace/Sources/SwiftTableViewGroup/UICollectionView/CollectionSection.swift (in target 'SwiftTableViewGroup' from project 'SwiftTableViewGroup')
cd /Users/admin/builder/spi-builder-workspace/.swiftpm/xcode
builtin-SwiftPerFileCompile CollectionSection.swift
SwiftCompile normal arm64 /Users/admin/builder/spi-builder-workspace/Sources/SwiftTableViewGroup/UICollectionView/CollectionSectionGroup.swift (in target 'SwiftTableViewGroup' from project 'SwiftTableViewGroup')
cd /Users/admin/builder/spi-builder-workspace/.swiftpm/xcode
builtin-SwiftPerFileCompile CollectionSectionGroup.swift
SwiftCompile normal arm64 Compiling\ CollectionViewRegiterGroup.swift,\ UIScrollView+Delegate.swift /Users/admin/builder/spi-builder-workspace/Sources/SwiftTableViewGroup/UICollectionView/CollectionViewRegiterGroup.swift /Users/admin/builder/spi-builder-workspace/Sources/SwiftTableViewGroup/UIScrollView+Delegate.swift (in target 'SwiftTableViewGroup' from project 'SwiftTableViewGroup')
SwiftCompile normal arm64 /Users/admin/builder/spi-builder-workspace/Sources/SwiftTableViewGroup/UICollectionView/CollectionViewRegiterGroup.swift (in target 'SwiftTableViewGroup' from project 'SwiftTableViewGroup')
cd /Users/admin/builder/spi-builder-workspace/.swiftpm/xcode
builtin-SwiftPerFileCompile CollectionViewRegiterGroup.swift
SwiftCompile normal arm64 /Users/admin/builder/spi-builder-workspace/Sources/SwiftTableViewGroup/UIScrollView+Delegate.swift (in target 'SwiftTableViewGroup' from project 'SwiftTableViewGroup')
cd /Users/admin/builder/spi-builder-workspace/.swiftpm/xcode
builtin-SwiftPerFileCompile UIScrollView+Delegate.swift
SwiftCompile normal arm64 Compiling\ CollectionCell.swift,\ CollectionHeaderFooter.swift /Users/admin/builder/spi-builder-workspace/Sources/SwiftTableViewGroup/UICollectionView/CollectionCell.swift /Users/admin/builder/spi-builder-workspace/Sources/SwiftTableViewGroup/UICollectionView/CollectionHeaderFooter.swift (in target 'SwiftTableViewGroup' from project 'SwiftTableViewGroup')
SwiftCompile normal arm64 /Users/admin/builder/spi-builder-workspace/Sources/SwiftTableViewGroup/UICollectionView/CollectionCell.swift (in target 'SwiftTableViewGroup' from project 'SwiftTableViewGroup')
cd /Users/admin/builder/spi-builder-workspace/.swiftpm/xcode
builtin-SwiftPerFileCompile CollectionCell.swift
SwiftCompile normal arm64 /Users/admin/builder/spi-builder-workspace/Sources/SwiftTableViewGroup/UICollectionView/CollectionHeaderFooter.swift (in target 'SwiftTableViewGroup' from project 'SwiftTableViewGroup')
cd /Users/admin/builder/spi-builder-workspace/.swiftpm/xcode
builtin-SwiftPerFileCompile CollectionHeaderFooter.swift
SwiftCompile normal arm64 Compiling\ TableViewDelegate.swift /Users/admin/builder/spi-builder-workspace/Sources/SwiftTableViewGroup/UITableView/TableViewDelegate.swift (in target 'SwiftTableViewGroup' from project 'SwiftTableViewGroup')
SwiftCompile normal arm64 /Users/admin/builder/spi-builder-workspace/Sources/SwiftTableViewGroup/UITableView/TableViewDelegate.swift (in target 'SwiftTableViewGroup' from project 'SwiftTableViewGroup')
cd /Users/admin/builder/spi-builder-workspace/.swiftpm/xcode
builtin-SwiftPerFileCompile TableViewDelegate.swift
SwiftEmitModule normal arm64 Emitting\ module\ for\ SwiftTableViewGroup (in target 'SwiftTableViewGroup' from project 'SwiftTableViewGroup')
/Users/admin/builder/spi-builder-workspace/Sources/SwiftTableViewGroup/DataNodeBuilder.swift:9:2: warning: '@_functionBuilder' has been renamed to '@resultBuilder'
7 |
8 | /// 数据源组装对象
9 | @_functionBuilder
| `- warning: '@_functionBuilder' has been renamed to '@resultBuilder'
10 | public struct DataNodeBuilder {
11 | public static func buildBlock(_ groups:DataNode...) -> DataNode {
/Users/admin/builder/spi-builder-workspace/Sources/SwiftTableViewGroup/UICollectionView/CollectionBuilder.swift:10:2: warning: '@_functionBuilder' has been renamed to '@resultBuilder'
8 | import UIKit.UICollectionView
9 |
10 | @_functionBuilder
| `- warning: '@_functionBuilder' has been renamed to '@resultBuilder'
11 | public struct CollectionBuilder {
12 | public static func buildBlock(_ nodes:DataNode...) -> DataNode {
/Users/admin/builder/spi-builder-workspace/Sources/SwiftTableViewGroup/UICollectionView/CollectionBuilder.swift:33:2: warning: '@_functionBuilder' has been renamed to '@resultBuilder'
31 |
32 |
33 | @_functionBuilder
| `- warning: '@_functionBuilder' has been renamed to '@resultBuilder'
34 | public struct CollectionSectionBuilder {
35 | public static func buildBlock<Content:ViewRegister>(_ contents:Content...) -> DataNode {
/Users/admin/builder/spi-builder-workspace/Sources/SwiftTableViewGroup/UITableView/TableBuilder.swift:10:2: warning: '@_functionBuilder' has been renamed to '@resultBuilder'
8 | import UIKit.UITableViewHeaderFooterView
9 |
10 | @_functionBuilder
| `- warning: '@_functionBuilder' has been renamed to '@resultBuilder'
11 | public struct TableBuilder {
12 | public static func buildBlock(_ nodes:DataNode...) -> DataNode {
SwiftCompile normal arm64 (in target 'SwiftTableViewGroup' from project 'SwiftTableViewGroup')
cd /Users/admin/builder/spi-builder-workspace/.swiftpm/xcode
SwiftCompile normal arm64 Compiling\ TableBuilder.swift,\ TableCell.swift /Users/admin/builder/spi-builder-workspace/Sources/SwiftTableViewGroup/UITableView/TableBuilder.swift /Users/admin/builder/spi-builder-workspace/Sources/SwiftTableViewGroup/UITableView/TableCell.swift (in target 'SwiftTableViewGroup' from project 'SwiftTableViewGroup')
/Users/admin/builder/spi-builder-workspace/Sources/SwiftTableViewGroup/UITableView/TableBuilder.swift:10:2: warning: '@_functionBuilder' has been renamed to '@resultBuilder'
8 | import UIKit.UITableViewHeaderFooterView
9 |
10 | @_functionBuilder
| `- warning: '@_functionBuilder' has been renamed to '@resultBuilder'
11 | public struct TableBuilder {
12 | public static func buildBlock(_ nodes:DataNode...) -> DataNode {
/Users/admin/builder/spi-builder-workspace/Sources/SwiftTableViewGroup/UITableView/TableBuilder.swift:33:2: warning: '@_functionBuilder' has been renamed to '@resultBuilder'
31 |
32 |
33 | @_functionBuilder
| `- warning: '@_functionBuilder' has been renamed to '@resultBuilder'
34 | public struct TableSectionBuilder {
35 | public static func buildBlock<Content:ViewRegister>(_ contents:Content...) -> DataNode {
/Users/admin/builder/spi-builder-workspace/Sources/SwiftTableViewGroup/UITableView/TableBuilder.swift:22:17: error: static method 'buildBlock' requires that 'TableViewRegiterGroup' conform to 'ViewRegister'
20 | } else {
21 | let section = TableSection {
22 | TableSectionBuilder.tableSection(nodes: nodes)
| `- error: static method 'buildBlock' requires that 'TableViewRegiterGroup' conform to 'ViewRegister'
23 | }
24 | group.sections.append(section)
:
33 | @_functionBuilder
34 | public struct TableSectionBuilder {
35 | public static func buildBlock<Content:ViewRegister>(_ contents:Content...) -> DataNode {
| `- note: where 'Content' = 'TableViewRegiterGroup'
36 | return self.tableSection(nodes: contents)
37 | }
SwiftCompile normal arm64 /Users/admin/builder/spi-builder-workspace/Sources/SwiftTableViewGroup/UITableView/TableBuilder.swift (in target 'SwiftTableViewGroup' from project 'SwiftTableViewGroup')
cd /Users/admin/builder/spi-builder-workspace/.swiftpm/xcode
builtin-SwiftPerFileCompile TableBuilder.swift
SwiftCompile normal arm64 /Users/admin/builder/spi-builder-workspace/Sources/SwiftTableViewGroup/UITableView/TableCell.swift (in target 'SwiftTableViewGroup' from project 'SwiftTableViewGroup')
cd /Users/admin/builder/spi-builder-workspace/.swiftpm/xcode
builtin-SwiftPerFileCompile TableCell.swift
SwiftCompile normal arm64 Compiling\ TableSectionGroup.swift /Users/admin/builder/spi-builder-workspace/Sources/SwiftTableViewGroup/UITableView/TableSectionGroup.swift (in target 'SwiftTableViewGroup' from project 'SwiftTableViewGroup')
SwiftCompile normal arm64 /Users/admin/builder/spi-builder-workspace/Sources/SwiftTableViewGroup/UITableView/TableSectionGroup.swift (in target 'SwiftTableViewGroup' from project 'SwiftTableViewGroup')
cd /Users/admin/builder/spi-builder-workspace/.swiftpm/xcode
builtin-SwiftPerFileCompile TableSectionGroup.swift
SwiftCompile normal arm64 Compiling\ TableView.swift /Users/admin/builder/spi-builder-workspace/Sources/SwiftTableViewGroup/UITableView/TableView.swift (in target 'SwiftTableViewGroup' from project 'SwiftTableViewGroup')
SwiftCompile normal arm64 /Users/admin/builder/spi-builder-workspace/Sources/SwiftTableViewGroup/UITableView/TableView.swift (in target 'SwiftTableViewGroup' from project 'SwiftTableViewGroup')
cd /Users/admin/builder/spi-builder-workspace/.swiftpm/xcode
builtin-SwiftPerFileCompile TableView.swift
SwiftCompile normal arm64 Compiling\ Group.swift,\ CollectionBuilder.swift /Users/admin/builder/spi-builder-workspace/Sources/SwiftTableViewGroup/Group.swift /Users/admin/builder/spi-builder-workspace/Sources/SwiftTableViewGroup/UICollectionView/CollectionBuilder.swift (in target 'SwiftTableViewGroup' from project 'SwiftTableViewGroup')
/Users/admin/builder/spi-builder-workspace/Sources/SwiftTableViewGroup/UICollectionView/CollectionBuilder.swift:10:2: warning: '@_functionBuilder' has been renamed to '@resultBuilder'
8 | import UIKit.UICollectionView
9 |
10 | @_functionBuilder
| `- warning: '@_functionBuilder' has been renamed to '@resultBuilder'
11 | public struct CollectionBuilder {
12 | public static func buildBlock(_ nodes:DataNode...) -> DataNode {
/Users/admin/builder/spi-builder-workspace/Sources/SwiftTableViewGroup/UICollectionView/CollectionBuilder.swift:33:2: warning: '@_functionBuilder' has been renamed to '@resultBuilder'
31 |
32 |
33 | @_functionBuilder
| `- warning: '@_functionBuilder' has been renamed to '@resultBuilder'
34 | public struct CollectionSectionBuilder {
35 | public static func buildBlock<Content:ViewRegister>(_ contents:Content...) -> DataNode {
/Users/admin/builder/spi-builder-workspace/Sources/SwiftTableViewGroup/UICollectionView/CollectionBuilder.swift:22:17: error: static method 'buildBlock' requires that 'CollectionViewRegiterGroup' conform to 'ViewRegister'
20 | } else {
21 | let section = CollectionSection {
22 | CollectionSectionBuilder.collectionSection(nodes: nodes)
| `- error: static method 'buildBlock' requires that 'CollectionViewRegiterGroup' conform to 'ViewRegister'
23 | }
24 | group.sections.append(section)
:
33 | @_functionBuilder
34 | public struct CollectionSectionBuilder {
35 | public static func buildBlock<Content:ViewRegister>(_ contents:Content...) -> DataNode {
| `- note: where 'Content' = 'CollectionViewRegiterGroup'
36 | return self.collectionSection(nodes: contents)
37 | }
Failed frontend command:
/Applications/Xcode-27.0.0-Release.Candidate.app/Contents/Developer/Toolchains/XcodeDefault.xctoolchain/usr/bin/swift-frontend -frontend -c /Users/admin/builder/spi-builder-workspace/Sources/SwiftTableViewGroup/DataContentView.swift /Users/admin/builder/spi-builder-workspace/Sources/SwiftTableViewGroup/DataNode.swift /Users/admin/builder/spi-builder-workspace/Sources/SwiftTableViewGroup/DataNodeBuilder.swift -primary-file /Users/admin/builder/spi-builder-workspace/Sources/SwiftTableViewGroup/Group.swift -primary-file /Users/admin/builder/spi-builder-workspace/Sources/SwiftTableViewGroup/UICollectionView/CollectionBuilder.swift /Users/admin/builder/spi-builder-workspace/Sources/SwiftTableViewGroup/UICollectionView/CollectionCell.swift /Users/admin/builder/spi-builder-workspace/Sources/SwiftTableViewGroup/UICollectionView/CollectionHeaderFooter.swift /Users/admin/builder/spi-builder-workspace/Sources/SwiftTableViewGroup/UICollectionView/CollectionSection.swift /Users/admin/builder/spi-builder-workspace/Sources/SwiftTableViewGroup/UICollectionView/CollectionSectionGroup.swift /Users/admin/builder/spi-builder-workspace/Sources/SwiftTableViewGroup/UICollectionView/CollectionView.swift /Users/admin/builder/spi-builder-workspace/Sources/SwiftTableViewGroup/UICollectionView/CollectionViewDelegate.swift /Users/admin/builder/spi-builder-workspace/Sources/SwiftTableViewGroup/UICollectionView/CollectionViewRegiterGroup.swift /Users/admin/builder/spi-builder-workspace/Sources/SwiftTableViewGroup/UIScrollView+Delegate.swift /Users/admin/builder/spi-builder-workspace/Sources/SwiftTableViewGroup/UITableView/TableBuilder.swift /Users/admin/builder/spi-builder-workspace/Sources/SwiftTableViewGroup/UITableView/TableCell.swift /Users/admin/builder/spi-builder-workspace/Sources/SwiftTableViewGroup/UITableView/TableHeaderFooter.swift /Users/admin/builder/spi-builder-workspace/Sources/SwiftTableViewGroup/UITableView/TableSection.swift /Users/admin/builder/spi-builder-workspace/Sources/SwiftTableViewGroup/UITableView/TableSectionGroup.swift /Users/admin/builder/spi-builder-workspace/Sources/SwiftTableViewGroup/UITableView/TableView.swift /Users/admin/builder/spi-builder-workspace/Sources/SwiftTableViewGroup/UITableView/TableViewDelegate.swift /Users/admin/builder/spi-builder-workspace/Sources/SwiftTableViewGroup/UITableView/TableViewRegiterGroup.swift /Users/admin/builder/spi-builder-workspace/Sources/SwiftTableViewGroup/ViewRegister.swift -emit-dependencies-path /Users/admin/builder/spi-builder-workspace/.derivedData/Build/Intermediates.noindex/SwiftTableViewGroup.build/Debug-xros/SwiftTableViewGroup-t.build/Objects-normal/arm64/Group.d -emit-const-values-path /Users/admin/builder/spi-builder-workspace/.derivedData/Build/Intermediates.noindex/SwiftTableViewGroup.build/Debug-xros/SwiftTableViewGroup-t.build/Objects-normal/arm64/Group.swiftconstvalues -emit-reference-dependencies-path /Users/admin/builder/spi-builder-workspace/.derivedData/Build/Intermediates.noindex/SwiftTableViewGroup.build/Debug-xros/SwiftTableViewGroup-t.build/Objects-normal/arm64/Group.swiftdeps -serialize-diagnostics-path /Users/admin/builder/spi-builder-workspace/.derivedData/Build/Intermediates.noindex/SwiftTableViewGroup.build/Debug-xros/SwiftTableViewGroup-t.build/Objects-normal/arm64/Group.dia -emit-dependencies-path /Users/admin/builder/spi-builder-workspace/.derivedData/Build/Intermediates.noindex/SwiftTableViewGroup.build/Debug-xros/SwiftTableViewGroup-t.build/Objects-normal/arm64/CollectionBuilder.d -emit-const-values-path /Users/admin/builder/spi-builder-workspace/.derivedData/Build/Intermediates.noindex/SwiftTableViewGroup.build/Debug-xros/SwiftTableViewGroup-t.build/Objects-normal/arm64/CollectionBuilder.swiftconstvalues -emit-reference-dependencies-path /Users/admin/builder/spi-builder-workspace/.derivedData/Build/Intermediates.noindex/SwiftTableViewGroup.build/Debug-xros/SwiftTableViewGroup-t.build/Objects-normal/arm64/CollectionBuilder.swiftdeps -serialize-diagnostics-path /Users/admin/builder/spi-builder-workspace/.derivedData/Build/Intermediates.noindex/SwiftTableViewGroup.build/Debug-xros/SwiftTableViewGroup-t.build/Objects-normal/arm64/CollectionBuilder.dia -target arm64-apple-xros1.0 -disable-cross-import-overlay-search -load-resolved-plugin /Applications/Xcode-27.0.0-Release.Candidate.app/Contents/Developer/Platforms/XROS.platform/Developer/usr/lib/swift/host/plugins/libFoundationMacros.dylib\#/Applications/Xcode-27.0.0-Release.Candidate.app/Contents/Developer/Platforms/XROS.platform/Developer/usr/bin/swift-plugin-server\#FoundationMacros -load-resolved-plugin /Applications/Xcode-27.0.0-Release.Candidate.app/Contents/Developer/Platforms/XROS.platform/Developer/usr/lib/swift/host/plugins/libObservationMacros.dylib\#/Applications/Xcode-27.0.0-Release.Candidate.app/Contents/Developer/Platforms/XROS.platform/Developer/usr/bin/swift-plugin-server\#ObservationMacros -load-resolved-plugin /Applications/Xcode-27.0.0-Release.Candidate.app/Contents/Developer/Platforms/XROS.platform/Developer/usr/lib/swift/host/plugins/libPreviewsMacros.dylib\#/Applications/Xcode-27.0.0-Release.Candidate.app/Contents/Developer/Platforms/XROS.platform/Developer/usr/bin/swift-plugin-server\#PreviewsMacros -load-resolved-plugin /Applications/Xcode-27.0.0-Release.Candidate.app/Contents/Developer/Platforms/XROS.platform/Developer/usr/lib/swift/host/plugins/libSwiftMacros.dylib\#/Applications/Xcode-27.0.0-Release.Candidate.app/Contents/Developer/Platforms/XROS.platform/Developer/usr/bin/swift-plugin-server\#SwiftMacros -load-resolved-plugin /Applications/Xcode-27.0.0-Release.Candidate.app/Contents/Developer/Platforms/XROS.platform/Developer/usr/lib/swift/host/plugins/libSwiftUIMacros.dylib\#/Applications/Xcode-27.0.0-Release.Candidate.app/Contents/Developer/Platforms/XROS.platform/Developer/usr/bin/swift-plugin-server\#SwiftUIMacros -disable-implicit-swift-modules -Xcc -fno-implicit-modules -Xcc -fno-implicit-module-maps -explicit-swift-module-map-file /Users/admin/builder/spi-builder-workspace/.derivedData/Build/Intermediates.noindex/SwiftTableViewGroup.build/Debug-xros/SwiftTableViewGroup-t.build/Objects-normal/arm64/SwiftTableViewGroup-dependencies-1.json -Xllvm -aarch64-use-tbi -enable-objc-interop -stack-check -sdk /Applications/Xcode-27.0.0-Release.Candidate.app/Contents/Developer/Platforms/XROS.platform/Developer/SDKs/XROS27.0.sdk -I /Users/admin/builder/spi-builder-workspace/.derivedData/Build/Products/Debug-xros -Isystem /Applications/Xcode-27.0.0-Release.Candidate.app/Contents/Developer/Platforms/XROS.platform/Developer/usr/lib -F /Users/admin/builder/spi-builder-workspace/.derivedData/Build/Products/Debug-xros -F /Applications/Xcode-27.0.0-Release.Candidate.app/Contents/Developer/Platforms/XROS.platform/Developer/Library/Frameworks -F /Applications/Xcode-27.0.0-Release.Candidate.app/Contents/Developer/Platforms/XROS.platform/Developer/SDKs/XROS27.0.sdk/Developer/Library/Frameworks -module-cache-path /Users/admin/builder/spi-builder-workspace/.derivedData/Build/Intermediates.noindex/SwiftExplicitPrecompiledModules -no-color-diagnostics -Xcc -fno-color-diagnostics -enable-testing -g -debug-info-format\=dwarf -dwarf-version\=4 -profile-generate -profile-coverage-mapping -swift-version 5 -Onone -D SWIFT_PACKAGE -D DEBUG -D SWIFT_MODULE_RESOURCE_BUNDLE_UNAVAILABLE -D Xcode -serialize-debugging-options -enable-experimental-feature DebugDescriptionMacro -empty-abi-descriptor -validate-clang-modules-once -clang-build-session-file /Users/admin/builder/spi-builder-workspace/.derivedData/ModuleCache.noindex/Session.modulevalidation -Xcc -working-directory -Xcc /Users/admin/builder/spi-builder-workspace/.swiftpm/xcode -enable-anonymous-context-mangled-names -file-compilation-dir /Users/admin/builder/spi-builder-workspace/.swiftpm/xcode -Xcc -D_LIBCPP_HARDENING_MODE\=_LIBCPP_HARDENING_MODE_DEBUG -Xcc -ivfsstatcache -Xcc /Users/admin/builder/spi-builder-workspace/.derivedData/SDKStatCaches.noindex/xros27.0-24M361-e829b21a6f8c9b70876ba0858053c044735bd543db762f57723cac368afd1ce4.sdkstatcache -Xcc -fmodules-prune-interval\=86400 -Xcc -fmodules-prune-after\=345600 -Xcc -I/Users/admin/builder/spi-builder-workspace/.derivedData/Build/Products/Debug-xros/include -Xcc -I/Users/admin/builder/spi-builder-workspace/.derivedData/Build/Intermediates.noindex/SwiftTableViewGroup.build/Debug-xros/SwiftTableViewGroup-t.build/DerivedSources-normal/arm64 -Xcc -I/Users/admin/builder/spi-builder-workspace/.derivedData/Build/Intermediates.noindex/SwiftTableViewGroup.build/Debug-xros/SwiftTableViewGroup-t.build/DerivedSources/arm64 -Xcc -I/Users/admin/builder/spi-builder-workspace/.derivedData/Build/Intermediates.noindex/SwiftTableViewGroup.build/Debug-xros/SwiftTableViewGroup-t.build/DerivedSources -Xcc -DSWIFT_PACKAGE -Xcc -DDEBUG\=1 -no-auto-bridging-header-chaining -module-name SwiftTableViewGroup -const-gather-protocols-file /Users/admin/builder/spi-builder-workspace/.derivedData/Build/Intermediates.noindex/SwiftTableViewGroup.build/Debug-xros/SwiftTableViewGroup-t.build/Objects-normal/arm64/SwiftTableViewGroup_const_extract_protocols.json -disable-clang-spi -clang-target arm64-apple-xros27.0 -target-sdk-version 27.0 -target-sdk-name xros27.0 -in-process-plugin-server-path /Applications/Xcode-27.0.0-Release.Candidate.app/Contents/Developer/Toolchains/XcodeDefault.xctoolchain/usr/lib/swift/host/libSwiftInProcPluginServer.dylib -parse-as-library -o /Users/admin/builder/spi-builder-workspace/.derivedData/Build/Intermediates.noindex/SwiftTableViewGroup.build/Debug-xros/SwiftTableViewGroup-t.build/Objects-normal/arm64/Group.o -o /Users/admin/builder/spi-builder-workspace/.derivedData/Build/Intermediates.noindex/SwiftTableViewGroup.build/Debug-xros/SwiftTableViewGroup-t.build/Objects-normal/arm64/CollectionBuilder.o -debug-module-path /Users/admin/builder/spi-builder-workspace/.derivedData/Build/Intermediates.noindex/SwiftTableViewGroup.build/Debug-xros/SwiftTableViewGroup-t.build/Objects-normal/arm64/SwiftTableViewGroup.swiftmodule -index-unit-output-path /SwiftTableViewGroup.build/Debug-xros/SwiftTableViewGroup-t.build/Objects-normal/arm64/Group.o -index-unit-output-path /SwiftTableViewGroup.build/Debug-xros/SwiftTableViewGroup-t.build/Objects-normal/arm64/CollectionBuilder.o -index-store-path /Users/admin/builder/spi-builder-workspace/.derivedData/Index.noindex/DataStore -index-system-modules
SwiftCompile normal arm64 /Users/admin/builder/spi-builder-workspace/Sources/SwiftTableViewGroup/Group.swift (in target 'SwiftTableViewGroup' from project 'SwiftTableViewGroup')
cd /Users/admin/builder/spi-builder-workspace/.swiftpm/xcode
builtin-SwiftPerFileCompile Group.swift
SwiftCompile normal arm64 /Users/admin/builder/spi-builder-workspace/Sources/SwiftTableViewGroup/UICollectionView/CollectionBuilder.swift (in target 'SwiftTableViewGroup' from project 'SwiftTableViewGroup')
cd /Users/admin/builder/spi-builder-workspace/.swiftpm/xcode
builtin-SwiftPerFileCompile CollectionBuilder.swift
SwiftCompile normal arm64 Compiling\ TableHeaderFooter.swift,\ TableSection.swift /Users/admin/builder/spi-builder-workspace/Sources/SwiftTableViewGroup/UITableView/TableHeaderFooter.swift /Users/admin/builder/spi-builder-workspace/Sources/SwiftTableViewGroup/UITableView/TableSection.swift (in target 'SwiftTableViewGroup' from project 'SwiftTableViewGroup')
SwiftCompile normal arm64 /Users/admin/builder/spi-builder-workspace/Sources/SwiftTableViewGroup/UITableView/TableHeaderFooter.swift (in target 'SwiftTableViewGroup' from project 'SwiftTableViewGroup')
cd /Users/admin/builder/spi-builder-workspace/.swiftpm/xcode
builtin-SwiftPerFileCompile TableHeaderFooter.swift
SwiftCompile normal arm64 /Users/admin/builder/spi-builder-workspace/Sources/SwiftTableViewGroup/UITableView/TableSection.swift (in target 'SwiftTableViewGroup' from project 'SwiftTableViewGroup')
cd /Users/admin/builder/spi-builder-workspace/.swiftpm/xcode
builtin-SwiftPerFileCompile TableSection.swift
SwiftCompile normal arm64 Compiling\ CollectionView.swift,\ CollectionViewDelegate.swift /Users/admin/builder/spi-builder-workspace/Sources/SwiftTableViewGroup/UICollectionView/CollectionView.swift /Users/admin/builder/spi-builder-workspace/Sources/SwiftTableViewGroup/UICollectionView/CollectionViewDelegate.swift (in target 'SwiftTableViewGroup' from project 'SwiftTableViewGroup')
SwiftCompile normal arm64 /Users/admin/builder/spi-builder-workspace/Sources/SwiftTableViewGroup/UICollectionView/CollectionView.swift (in target 'SwiftTableViewGroup' from project 'SwiftTableViewGroup')
cd /Users/admin/builder/spi-builder-workspace/.swiftpm/xcode
builtin-SwiftPerFileCompile CollectionView.swift
SwiftCompile normal arm64 /Users/admin/builder/spi-builder-workspace/Sources/SwiftTableViewGroup/UICollectionView/CollectionViewDelegate.swift (in target 'SwiftTableViewGroup' from project 'SwiftTableViewGroup')
cd /Users/admin/builder/spi-builder-workspace/.swiftpm/xcode
builtin-SwiftPerFileCompile CollectionViewDelegate.swift
PruneExplicitPrecompiledModules /Users/admin/builder/spi-builder-workspace/.derivedData/Build/Intermediates.noindex/ExplicitPrecompiledModules
PruneExplicitPrecompiledModules /Users/admin/builder/spi-builder-workspace/.derivedData/Build/Intermediates.noindex/SwiftExplicitPrecompiledModules
PruneExplicitPrecompiledModules /Users/admin/builder/spi-builder-workspace/.derivedData/SDKExplicitPrecompiledModules
2026-09-16 19:51:44.747 xcodebuild[766:4758] [MT] IDERunDestination: Supported platforms for the buildables in the current scheme is empty.
** BUILD FAILED **
The following build commands failed:
SwiftCompile normal arm64 Compiling\ Group.swift,\ CollectionBuilder.swift /Users/admin/builder/spi-builder-workspace/Sources/SwiftTableViewGroup/Group.swift /Users/admin/builder/spi-builder-workspace/Sources/SwiftTableViewGroup/UICollectionView/CollectionBuilder.swift (in target 'SwiftTableViewGroup' from project 'SwiftTableViewGroup')
SwiftCompile normal arm64 /Users/admin/builder/spi-builder-workspace/Sources/SwiftTableViewGroup/UICollectionView/CollectionBuilder.swift (in target 'SwiftTableViewGroup' from project 'SwiftTableViewGroup')
Building workspace SwiftTableViewGroup with scheme SwiftTableViewGroup
(3 failures)
BUILD FAILURE 6.4 visionOS