Build Information
Failed to build PopupBridge, reference 3.1.0 (00256b), with Swift 6.2 for macOS (SPM) on 12 Jul 2026 16:07:20 UTC.
Build Command
env DEVELOPER_DIR=/Applications/Xcode-26.3.0.app xcrun swift build --arch arm64Build Log
========================================
RunAll
========================================
Builder version: undefined version: run 'make version' to update
Interrupt handler set up.
========================================
Checkout
========================================
Clone URL: https://github.com/braintree/popup-bridge-ios.git
Reference: 3.1.0
Initialized empty Git repository in /Users/admin/builder/spi-builder-workspace/.git/
From https://github.com/braintree/popup-bridge-ios
* tag 3.1.0 -> FETCH_HEAD
HEAD is now at 00256b4 Bump version to 3.1.0
Cloned https://github.com/braintree/popup-bridge-ios.git
Revision (git rev-parse @):
00256b4b8c58367287fe35a442a33cd7c010a94f
SUCCESS checkout https://github.com/braintree/popup-bridge-ios.git at 3.1.0
========================================
Build
========================================
Selected platform: macosSpm
Swift version: 6.2
Building package at path: $PWD
https://github.com/braintree/popup-bridge-ios.git
Running build ...
env DEVELOPER_DIR=/Applications/Xcode-26.3.0.app xcrun swift build --arch arm64
Building for debugging...
[0/3] Write sources
[1/3] Copying PrivacyInfo.xcprivacy
[2/3] Write swift-version--3CB7CFEC50E0D141.txt
[4/19] Compiling PopupBridge WebViewScriptHandler.swift
/Users/admin/builder/spi-builder-workspace/Sources/PopupBridge/Analytics/FPTIBatchData.swift:1:8: error: no such module 'UIKit'
1 | import UIKit
| `- error: no such module 'UIKit'
2 |
3 | struct FPTIBatchData: Codable {
[5/19] Compiling PopupBridge WebViewMessage.swift
/Users/admin/builder/spi-builder-workspace/Sources/PopupBridge/Analytics/FPTIBatchData.swift:1:8: error: no such module 'UIKit'
1 | import UIKit
| `- error: no such module 'UIKit'
2 |
3 | struct FPTIBatchData: Codable {
[6/19] Compiling PopupBridge WebAuthenticationSession.swift
/Users/admin/builder/spi-builder-workspace/Sources/PopupBridge/Analytics/FPTIBatchData.swift:1:8: error: no such module 'UIKit'
1 | import UIKit
| `- error: no such module 'UIKit'
2 |
3 | struct FPTIBatchData: Codable {
[7/19] Compiling PopupBridge PopupBridgeUserScript.swift
/Users/admin/builder/spi-builder-workspace/Sources/PopupBridge/Analytics/FPTIBatchData.swift:1:8: error: no such module 'UIKit'
1 | import UIKit
| `- error: no such module 'UIKit'
2 |
3 | struct FPTIBatchData: Codable {
[8/19] Compiling PopupBridge Sessionable.swift
/Users/admin/builder/spi-builder-workspace/Sources/PopupBridge/Analytics/FPTIBatchData.swift:1:8: error: no such module 'UIKit'
1 | import UIKit
| `- error: no such module 'UIKit'
2 |
3 | struct FPTIBatchData: Codable {
[9/19] Compiling PopupBridge UIApplication+URLOpener.swift
/Users/admin/builder/spi-builder-workspace/Sources/PopupBridge/Analytics/FPTIBatchData.swift:1:8: error: no such module 'UIKit'
1 | import UIKit
| `- error: no such module 'UIKit'
2 |
3 | struct FPTIBatchData: Codable {
[10/19] Compiling PopupBridge URLDetailsPayload.swift
/Users/admin/builder/spi-builder-workspace/Sources/PopupBridge/Analytics/FPTIBatchData.swift:1:8: error: no such module 'UIKit'
1 | import UIKit
| `- error: no such module 'UIKit'
2 |
3 | struct FPTIBatchData: Codable {
error: emit-module command failed with exit code 1 (use -v to see invocation)
[11/19] Emitting module PopupBridge
/Users/admin/builder/spi-builder-workspace/Sources/PopupBridge/Analytics/FPTIBatchData.swift:1:8: error: no such module 'UIKit'
1 | import UIKit
| `- error: no such module 'UIKit'
2 |
3 | struct FPTIBatchData: Codable {
[12/20] Compiling PopupBridge PopupBridgeAnalytics.swift
/Users/admin/builder/spi-builder-workspace/Sources/PopupBridge/Analytics/FPTIBatchData.swift:1:8: error: no such module 'UIKit'
1 | import UIKit
| `- error: no such module 'UIKit'
2 |
3 | struct FPTIBatchData: Codable {
[13/20] Compiling PopupBridge Bundle+Extension.swift
/Users/admin/builder/spi-builder-workspace/Sources/PopupBridge/Analytics/FPTIBatchData.swift:1:8: error: no such module 'UIKit'
1 | import UIKit
| `- error: no such module 'UIKit'
2 |
3 | struct FPTIBatchData: Codable {
[14/20] Compiling PopupBridge AnalyticsService.swift
/Users/admin/builder/spi-builder-workspace/Sources/PopupBridge/Analytics/FPTIBatchData.swift:1:8: error: no such module 'UIKit'
1 | import UIKit
| `- error: no such module 'UIKit'
2 |
3 | struct FPTIBatchData: Codable {
[15/20] Compiling PopupBridge FPTIBatchData.swift
/Users/admin/builder/spi-builder-workspace/Sources/PopupBridge/Analytics/FPTIBatchData.swift:1:8: error: no such module 'UIKit'
1 | import UIKit
| `- error: no such module 'UIKit'
2 |
3 | struct FPTIBatchData: Codable {
[16/20] Compiling PopupBridge Date+MilisecondTimestamp.swift
/Users/admin/builder/spi-builder-workspace/Sources/PopupBridge/Analytics/FPTIBatchData.swift:1:8: error: no such module 'UIKit'
1 | import UIKit
| `- error: no such module 'UIKit'
2 |
3 | struct FPTIBatchData: Codable {
[17/20] Compiling PopupBridge NetworkError.swift
/Users/admin/builder/spi-builder-workspace/Sources/PopupBridge/Analytics/FPTIBatchData.swift:1:8: error: no such module 'UIKit'
1 | import UIKit
| `- error: no such module 'UIKit'
2 |
3 | struct FPTIBatchData: Codable {
[18/20] Compiling PopupBridge POPPopupBridge.swift
/Users/admin/builder/spi-builder-workspace/Sources/PopupBridge/Analytics/FPTIBatchData.swift:1:8: error: no such module 'UIKit'
1 | import UIKit
| `- error: no such module 'UIKit'
2 |
3 | struct FPTIBatchData: Codable {
[19/20] Compiling PopupBridge PopupBridgeConstants.swift
/Users/admin/builder/spi-builder-workspace/Sources/PopupBridge/Analytics/FPTIBatchData.swift:1:8: error: no such module 'UIKit'
1 | import UIKit
| `- error: no such module 'UIKit'
2 |
3 | struct FPTIBatchData: Codable {
[20/20] Compiling PopupBridge resource_bundle_accessor.swift
/Users/admin/builder/spi-builder-workspace/Sources/PopupBridge/Analytics/FPTIBatchData.swift:1:8: error: no such module 'UIKit'
1 | import UIKit
| `- error: no such module 'UIKit'
2 |
3 | struct FPTIBatchData: Codable {
BUILD FAILURE 6.2 macosSpm