Build Information
Failed to build Brioche, reference 0.1.0 (00a395), with Swift 6.1 for macOS (SPM) on 13 Aug 2026 16:48:13 UTC.
Build Command
env DEVELOPER_DIR=/Applications/Xcode-16.3.0.app xcrun swift build --arch arm64Build Log
========================================
RunAll
========================================
Builder version: undefined version: run 'make version' to update
Interrupt handler set up.
========================================
Checkout
========================================
Clone URL: https://github.com/shiroyasha9/Brioche.git
Reference: 0.1.0
Initialized empty Git repository in /Users/admin/builder/spi-builder-workspace/.git/
From https://github.com/shiroyasha9/Brioche
* tag 0.1.0 -> FETCH_HEAD
HEAD is now at 00a3958 docs: add demo GIF to README
Cloned https://github.com/shiroyasha9/Brioche.git
Revision (git rev-parse @):
00a395803624862789557b4f09677dea3bc09b9a
SPI manifest file found: $PWD/.spi.yml
SUCCESS checkout https://github.com/shiroyasha9/Brioche.git at 0.1.0
========================================
Build
========================================
Selected platform: macosSpm
Swift version: 6.1
Building package at path: $PWD
https://github.com/shiroyasha9/Brioche.git
https://github.com/shiroyasha9/Brioche.git
{
"dependencies" : [
],
"manifest_display_name" : "Brioche",
"name" : "Brioche",
"path" : "/Users/admin/builder/spi-builder-workspace",
"platforms" : [
{
"name" : "macos",
"version" : "14.0"
}
],
"products" : [
{
"name" : "Brioche",
"targets" : [
"Brioche"
],
"type" : {
"library" : [
"automatic"
]
}
}
],
"targets" : [
{
"c99name" : "BriocheTests",
"module_type" : "SwiftTarget",
"name" : "BriocheTests",
"path" : "Tests/BriocheTests",
"sources" : [
"ToastCenterTests.swift",
"ToastManagerTests.swift"
],
"target_dependencies" : [
"Brioche"
],
"type" : "test"
},
{
"c99name" : "Brioche",
"module_type" : "SwiftTarget",
"name" : "Brioche",
"path" : "Sources/Brioche",
"product_memberships" : [
"Brioche"
],
"sources" : [
"CursorToastWindow.swift",
"Toast.swift",
"ToastCardView.swift",
"ToastCenter.swift",
"ToastManager.swift",
"ToastRack.swift",
"ToastRackOptions.swift"
],
"type" : "library"
}
],
"tools_version" : "6.0"
}
Running build ...
env DEVELOPER_DIR=/Applications/Xcode-16.3.0.app xcrun swift build --arch arm64 -Xswiftc -Xfrontend -Xswiftc -stats-output-dir -Xswiftc -Xfrontend -Xswiftc .stats
Building for debugging...
[0/2] Write sources
[1/2] Write swift-version-2F0A5646E1D333AE.txt
[3/10] Compiling Brioche ToastRackOptions.swift
[4/10] Compiling Brioche ToastManager.swift
[5/10] Compiling Brioche ToastCenter.swift
[6/10] Compiling Brioche Toast.swift
[7/10] Compiling Brioche ToastRack.swift
[8/10] Compiling Brioche ToastCardView.swift
/Users/admin/builder/spi-builder-workspace/Sources/Brioche/ToastCardView.swift:34:33: error: value of type 'Color' has no member 'glassEffect'
32 | .background {
33 | if glass, #available(macOS 26.0, *) {
34 | Color.clear.glassEffect(.regular, in: .rect(cornerRadius: options.cornerRadius))
| `- error: value of type 'Color' has no member 'glassEffect'
35 | } else {
36 | RoundedRectangle(cornerRadius: options.cornerRadius).fill(.regularMaterial)
/Users/admin/builder/spi-builder-workspace/Sources/Brioche/ToastCardView.swift:34:46: error: cannot infer contextual base in reference to member 'regular'
32 | .background {
33 | if glass, #available(macOS 26.0, *) {
34 | Color.clear.glassEffect(.regular, in: .rect(cornerRadius: options.cornerRadius))
| `- error: cannot infer contextual base in reference to member 'regular'
35 | } else {
36 | RoundedRectangle(cornerRadius: options.cornerRadius).fill(.regularMaterial)
/Users/admin/builder/spi-builder-workspace/Sources/Brioche/ToastCardView.swift:34:60: error: cannot infer contextual base in reference to member 'rect'
32 | .background {
33 | if glass, #available(macOS 26.0, *) {
34 | Color.clear.glassEffect(.regular, in: .rect(cornerRadius: options.cornerRadius))
| `- error: cannot infer contextual base in reference to member 'rect'
35 | } else {
36 | RoundedRectangle(cornerRadius: options.cornerRadius).fill(.regularMaterial)
[9/10] Emitting module Brioche
[10/10] Compiling Brioche CursorToastWindow.swift
Running build ...
env DEVELOPER_DIR=/Applications/Xcode-16.3.0.app xcrun swift build --arch arm64
[0/1] Planning build
Building for debugging...
[0/1] Write swift-version-2F0A5646E1D333AE.txt
[2/9] Compiling Brioche Toast.swift
[3/9] Compiling Brioche CursorToastWindow.swift
[4/9] Compiling Brioche ToastRackOptions.swift
[5/9] Compiling Brioche ToastCenter.swift
[6/9] Compiling Brioche ToastManager.swift
[7/9] Emitting module Brioche
[8/9] Compiling Brioche ToastRack.swift
[9/9] Compiling Brioche ToastCardView.swift
/Users/admin/builder/spi-builder-workspace/Sources/Brioche/ToastCardView.swift:34:33: error: value of type 'Color' has no member 'glassEffect'
32 | .background {
33 | if glass, #available(macOS 26.0, *) {
34 | Color.clear.glassEffect(.regular, in: .rect(cornerRadius: options.cornerRadius))
| `- error: value of type 'Color' has no member 'glassEffect'
35 | } else {
36 | RoundedRectangle(cornerRadius: options.cornerRadius).fill(.regularMaterial)
/Users/admin/builder/spi-builder-workspace/Sources/Brioche/ToastCardView.swift:34:46: error: cannot infer contextual base in reference to member 'regular'
32 | .background {
33 | if glass, #available(macOS 26.0, *) {
34 | Color.clear.glassEffect(.regular, in: .rect(cornerRadius: options.cornerRadius))
| `- error: cannot infer contextual base in reference to member 'regular'
35 | } else {
36 | RoundedRectangle(cornerRadius: options.cornerRadius).fill(.regularMaterial)
/Users/admin/builder/spi-builder-workspace/Sources/Brioche/ToastCardView.swift:34:60: error: cannot infer contextual base in reference to member 'rect'
32 | .background {
33 | if glass, #available(macOS 26.0, *) {
34 | Color.clear.glassEffect(.regular, in: .rect(cornerRadius: options.cornerRadius))
| `- error: cannot infer contextual base in reference to member 'rect'
35 | } else {
36 | RoundedRectangle(cornerRadius: options.cornerRadius).fill(.regularMaterial)
BUILD FAILURE 6.1 macosSpm