The Swift Package Index logo.Swift Package Index

Build Information

Failed to build SwiftSyntax, reference 0.1.1 (31ba63), with Swift 6.4 for visionOS using Xcode 27.0 on 15 Sep 2026 23:00:11 UTC.

Build Command

env DEVELOPER_DIR=/Applications/Xcode-27.0.0-Release.Candidate.app xcrun xcodebuild -IDEClonedSourcePackagesDirPathOverride=$PWD/.dependencies -skipMacroValidation -skipPackagePluginValidation -derivedDataPath $PWD/.derivedData build -scheme SwiftSyntax -destination generic/platform=xrOS

Build Log

1294 |       "in node of kind declModifier")
/Users/admin/builder/spi-builder-workspace/Sources/SwiftSyntax/SyntaxNodes.swift:1292:41: error: converting non-escaping value to '(Any) throws -> Bool' may allow it to escape
1290 |       fatalError("expected token child, got \(_rightParen.kind)")
1291 |     }
1292 |     precondition([.rightParen].contains(_rightParenTokenKind),
     |                                         `- error: converting non-escaping value to '(Any) throws -> Bool' may allow it to escape
1293 |       "expected one of [.rightParen] for 'rightParen' " +
1294 |       "in node of kind declModifier")
/Users/admin/builder/spi-builder-workspace/Sources/SwiftSyntax/SyntaxNodes.swift:1363:29: error: type 'TypeInheritanceClauseSyntax.Cursor' has no member 'colonToken'
1361 |       if isMissing { return }
1362 |     precondition(raw.layout.count == 2)
1363 |     let _colon = raw[Cursor.colonToken]
     |                             `- error: type 'TypeInheritanceClauseSyntax.Cursor' has no member 'colonToken'
1364 |     guard let _colonTokenKind = _colon.tokenKind else {
1365 |       fatalError("expected token child, got \(_colon.kind)")
/Users/admin/builder/spi-builder-workspace/Sources/SwiftSyntax/SyntaxNodes.swift:1367:20: error: reference to member 'colon' cannot be resolved without a contextual type
1365 |       fatalError("expected token child, got \(_colon.kind)")
1366 |     }
1367 |     precondition([.colon].contains(_colonTokenKind),
     |                    `- error: reference to member 'colon' cannot be resolved without a contextual type
1368 |       "expected one of [.colon] for 'colon' " +
1369 |       "in node of kind typeInheritanceClause")
/Users/admin/builder/spi-builder-workspace/Sources/SwiftSyntax/SyntaxNodes.swift:1367:36: error: missing argument label 'where:' in call
1365 |       fatalError("expected token child, got \(_colon.kind)")
1366 |     }
1367 |     precondition([.colon].contains(_colonTokenKind),
     |                                    `- error: missing argument label 'where:' in call
1368 |       "expected one of [.colon] for 'colon' " +
1369 |       "in node of kind typeInheritanceClause")
/Users/admin/builder/spi-builder-workspace/Sources/SwiftSyntax/SyntaxNodes.swift:1367:36: error: converting non-escaping value to '(Any) throws -> Bool' may allow it to escape
1365 |       fatalError("expected token child, got \(_colon.kind)")
1366 |     }
1367 |     precondition([.colon].contains(_colonTokenKind),
     |                                    `- error: converting non-escaping value to '(Any) throws -> Bool' may allow it to escape
1368 |       "expected one of [.colon] for 'colon' " +
1369 |       "in node of kind typeInheritanceClause")
/Users/admin/builder/spi-builder-workspace/Sources/SwiftSyntax/SyntaxNodes.swift:1370:37: error: type 'TypeInheritanceClauseSyntax.Cursor' has no member 'type'
1368 |       "expected one of [.colon] for 'colon' " +
1369 |       "in node of kind typeInheritanceClause")
1370 |     let _inheritedType = raw[Cursor.type]
     |                                     `- error: type 'TypeInheritanceClauseSyntax.Cursor' has no member 'type'
1371 |     precondition(_inheritedType.kind == .type,
1372 |                  "expected child of kind .type, " +
/Users/admin/builder/spi-builder-workspace/Sources/SwiftSyntax/SyntaxNodes.swift:1371:42: error: cannot infer contextual base in reference to member 'type'
1369 |       "in node of kind typeInheritanceClause")
1370 |     let _inheritedType = raw[Cursor.type]
1371 |     precondition(_inheritedType.kind == .type,
     |                                          `- error: cannot infer contextual base in reference to member 'type'
1372 |                  "expected child of kind .type, " +
1373 |                  "got \(_inheritedType.kind)")
/Users/admin/builder/spi-builder-workspace/Sources/SwiftSyntax/SyntaxNodes.swift:1421:34: error: type 'StructDeclSyntax.Cursor' has no member 'attributeList'
1419 |       if isMissing { return }
1420 |     precondition(raw.layout.count == 10)
1421 |     let _attributes = raw[Cursor.attributeList]
     |                                  `- error: type 'StructDeclSyntax.Cursor' has no member 'attributeList'
1422 |     precondition(_attributes.kind == .attributeList,
1423 |                  "expected child of kind .attributeList, " +
/Users/admin/builder/spi-builder-workspace/Sources/SwiftSyntax/SyntaxNodes.swift:1422:39: error: cannot infer contextual base in reference to member 'attributeList'
1420 |     precondition(raw.layout.count == 10)
1421 |     let _attributes = raw[Cursor.attributeList]
1422 |     precondition(_attributes.kind == .attributeList,
     |                                       `- error: cannot infer contextual base in reference to member 'attributeList'
1423 |                  "expected child of kind .attributeList, " +
1424 |                  "got \(_attributes.kind)")
/Users/admin/builder/spi-builder-workspace/Sources/SwiftSyntax/SyntaxNodes.swift:1429:37: error: type 'StructDeclSyntax.Cursor' has no member 'structToken'
1427 |                  "expected child of kind .accessLevelModifier, " +
1428 |                  "got \(_accessLevelModifier.kind)")
1429 |     let _structKeyword = raw[Cursor.structToken]
     |                                     `- error: type 'StructDeclSyntax.Cursor' has no member 'structToken'
1430 |     guard let _structKeywordTokenKind = _structKeyword.tokenKind else {
1431 |       fatalError("expected token child, got \(_structKeyword.kind)")
/Users/admin/builder/spi-builder-workspace/Sources/SwiftSyntax/SyntaxNodes.swift:1433:20: error: reference to member 'structKeyword' cannot be resolved without a contextual type
1431 |       fatalError("expected token child, got \(_structKeyword.kind)")
1432 |     }
1433 |     precondition([.structKeyword].contains(_structKeywordTokenKind),
     |                    `- error: reference to member 'structKeyword' cannot be resolved without a contextual type
1434 |       "expected one of [.structKeyword] for 'structKeyword' " +
1435 |       "in node of kind structDecl")
/Users/admin/builder/spi-builder-workspace/Sources/SwiftSyntax/SyntaxNodes.swift:1433:44: error: missing argument label 'where:' in call
1431 |       fatalError("expected token child, got \(_structKeyword.kind)")
1432 |     }
1433 |     precondition([.structKeyword].contains(_structKeywordTokenKind),
     |                                            `- error: missing argument label 'where:' in call
1434 |       "expected one of [.structKeyword] for 'structKeyword' " +
1435 |       "in node of kind structDecl")
/Users/admin/builder/spi-builder-workspace/Sources/SwiftSyntax/SyntaxNodes.swift:1433:44: error: converting non-escaping value to '(Any) throws -> Bool' may allow it to escape
1431 |       fatalError("expected token child, got \(_structKeyword.kind)")
1432 |     }
1433 |     precondition([.structKeyword].contains(_structKeywordTokenKind),
     |                                            `- error: converting non-escaping value to '(Any) throws -> Bool' may allow it to escape
1434 |       "expected one of [.structKeyword] for 'structKeyword' " +
1435 |       "in node of kind structDecl")
/Users/admin/builder/spi-builder-workspace/Sources/SwiftSyntax/SyntaxNodes.swift:1436:34: error: type 'StructDeclSyntax.Cursor' has no member 'identifierToken'
1434 |       "expected one of [.structKeyword] for 'structKeyword' " +
1435 |       "in node of kind structDecl")
1436 |     let _identifier = raw[Cursor.identifierToken]
     |                                  `- error: type 'StructDeclSyntax.Cursor' has no member 'identifierToken'
1437 |     guard let _identifierTokenKind = _identifier.tokenKind else {
1438 |       fatalError("expected token child, got \(_identifier.kind)")
/Users/admin/builder/spi-builder-workspace/Sources/SwiftSyntax/SyntaxNodes.swift:1440:20: error: reference to member 'identifier' cannot be resolved without a contextual type
1438 |       fatalError("expected token child, got \(_identifier.kind)")
1439 |     }
1440 |     precondition([.identifier].contains(_identifierTokenKind),
     |                    `- error: reference to member 'identifier' cannot be resolved without a contextual type
1441 |       "expected one of [.identifier] for 'identifier' " +
1442 |       "in node of kind structDecl")
/Users/admin/builder/spi-builder-workspace/Sources/SwiftSyntax/SyntaxNodes.swift:1440:41: error: missing argument label 'where:' in call
1438 |       fatalError("expected token child, got \(_identifier.kind)")
1439 |     }
1440 |     precondition([.identifier].contains(_identifierTokenKind),
     |                                         `- error: missing argument label 'where:' in call
1441 |       "expected one of [.identifier] for 'identifier' " +
1442 |       "in node of kind structDecl")
/Users/admin/builder/spi-builder-workspace/Sources/SwiftSyntax/SyntaxNodes.swift:1440:41: error: converting non-escaping value to '(Any) throws -> Bool' may allow it to escape
1438 |       fatalError("expected token child, got \(_identifier.kind)")
1439 |     }
1440 |     precondition([.identifier].contains(_identifierTokenKind),
     |                                         `- error: converting non-escaping value to '(Any) throws -> Bool' may allow it to escape
1441 |       "expected one of [.identifier] for 'identifier' " +
1442 |       "in node of kind structDecl")
/Users/admin/builder/spi-builder-workspace/Sources/SwiftSyntax/SyntaxNodes.swift:1447:41: error: type 'StructDeclSyntax.Cursor' has no member 'typeInheritanceClause'
1445 |                  "expected child of kind .genericParameterClause, " +
1446 |                  "got \(_genericParameterClause.kind)")
1447 |     let _inheritanceClause = raw[Cursor.typeInheritanceClause]
     |                                         `- error: type 'StructDeclSyntax.Cursor' has no member 'typeInheritanceClause'
1448 |     precondition(_inheritanceClause.kind == .typeInheritanceClause,
1449 |                  "expected child of kind .typeInheritanceClause, " +
/Users/admin/builder/spi-builder-workspace/Sources/SwiftSyntax/SyntaxNodes.swift:1448:46: error: cannot infer contextual base in reference to member 'typeInheritanceClause'
1446 |                  "got \(_genericParameterClause.kind)")
1447 |     let _inheritanceClause = raw[Cursor.typeInheritanceClause]
1448 |     precondition(_inheritanceClause.kind == .typeInheritanceClause,
     |                                              `- error: cannot infer contextual base in reference to member 'typeInheritanceClause'
1449 |                  "expected child of kind .typeInheritanceClause, " +
1450 |                  "got \(_inheritanceClause.kind)")
/Users/admin/builder/spi-builder-workspace/Sources/SwiftSyntax/SyntaxNodes.swift:1455:33: error: type 'StructDeclSyntax.Cursor' has no member 'leftBraceToken'
1453 |                  "expected child of kind .genericWhereClause, " +
1454 |                  "got \(_genericWhereClause.kind)")
1455 |     let _leftBrace = raw[Cursor.leftBraceToken]
     |                                 `- error: type 'StructDeclSyntax.Cursor' has no member 'leftBraceToken'
1456 |     guard let _leftBraceTokenKind = _leftBrace.tokenKind else {
1457 |       fatalError("expected token child, got \(_leftBrace.kind)")
/Users/admin/builder/spi-builder-workspace/Sources/SwiftSyntax/SyntaxNodes.swift:1459:20: error: reference to member 'leftBrace' cannot be resolved without a contextual type
1457 |       fatalError("expected token child, got \(_leftBrace.kind)")
1458 |     }
1459 |     precondition([.leftBrace].contains(_leftBraceTokenKind),
     |                    `- error: reference to member 'leftBrace' cannot be resolved without a contextual type
1460 |       "expected one of [.leftBrace] for 'leftBrace' " +
1461 |       "in node of kind structDecl")
/Users/admin/builder/spi-builder-workspace/Sources/SwiftSyntax/SyntaxNodes.swift:1459:40: error: missing argument label 'where:' in call
1457 |       fatalError("expected token child, got \(_leftBrace.kind)")
1458 |     }
1459 |     precondition([.leftBrace].contains(_leftBraceTokenKind),
     |                                        `- error: missing argument label 'where:' in call
1460 |       "expected one of [.leftBrace] for 'leftBrace' " +
1461 |       "in node of kind structDecl")
/Users/admin/builder/spi-builder-workspace/Sources/SwiftSyntax/SyntaxNodes.swift:1459:40: error: converting non-escaping value to '(Any) throws -> Bool' may allow it to escape
1457 |       fatalError("expected token child, got \(_leftBrace.kind)")
1458 |     }
1459 |     precondition([.leftBrace].contains(_leftBraceTokenKind),
     |                                        `- error: converting non-escaping value to '(Any) throws -> Bool' may allow it to escape
1460 |       "expected one of [.leftBrace] for 'leftBrace' " +
1461 |       "in node of kind structDecl")
/Users/admin/builder/spi-builder-workspace/Sources/SwiftSyntax/SyntaxNodes.swift:1462:31: error: type 'StructDeclSyntax.Cursor' has no member 'structMembers'
1460 |       "expected one of [.leftBrace] for 'leftBrace' " +
1461 |       "in node of kind structDecl")
1462 |     let _members = raw[Cursor.structMembers]
     |                               `- error: type 'StructDeclSyntax.Cursor' has no member 'structMembers'
1463 |     precondition(_members.kind == .structMembers,
1464 |                  "expected child of kind .structMembers, " +
/Users/admin/builder/spi-builder-workspace/Sources/SwiftSyntax/SyntaxNodes.swift:1463:36: error: cannot infer contextual base in reference to member 'structMembers'
1461 |       "in node of kind structDecl")
1462 |     let _members = raw[Cursor.structMembers]
1463 |     precondition(_members.kind == .structMembers,
     |                                    `- error: cannot infer contextual base in reference to member 'structMembers'
1464 |                  "expected child of kind .structMembers, " +
1465 |                  "got \(_members.kind)")
/Users/admin/builder/spi-builder-workspace/Sources/SwiftSyntax/SyntaxNodes.swift:1466:34: error: type 'StructDeclSyntax.Cursor' has no member 'rightBraceToken'
1464 |                  "expected child of kind .structMembers, " +
1465 |                  "got \(_members.kind)")
1466 |     let _rightBrace = raw[Cursor.rightBraceToken]
     |                                  `- error: type 'StructDeclSyntax.Cursor' has no member 'rightBraceToken'
1467 |     guard let _rightBraceTokenKind = _rightBrace.tokenKind else {
1468 |       fatalError("expected token child, got \(_rightBrace.kind)")
/Users/admin/builder/spi-builder-workspace/Sources/SwiftSyntax/SyntaxNodes.swift:1470:20: error: reference to member 'rightBrace' cannot be resolved without a contextual type
1468 |       fatalError("expected token child, got \(_rightBrace.kind)")
1469 |     }
1470 |     precondition([.rightBrace].contains(_rightBraceTokenKind),
     |                    `- error: reference to member 'rightBrace' cannot be resolved without a contextual type
1471 |       "expected one of [.rightBrace] for 'rightBrace' " +
1472 |       "in node of kind structDecl")
/Users/admin/builder/spi-builder-workspace/Sources/SwiftSyntax/SyntaxNodes.swift:1470:41: error: missing argument label 'where:' in call
1468 |       fatalError("expected token child, got \(_rightBrace.kind)")
1469 |     }
1470 |     precondition([.rightBrace].contains(_rightBraceTokenKind),
     |                                         `- error: missing argument label 'where:' in call
1471 |       "expected one of [.rightBrace] for 'rightBrace' " +
1472 |       "in node of kind structDecl")
/Users/admin/builder/spi-builder-workspace/Sources/SwiftSyntax/SyntaxNodes.swift:1470:41: error: converting non-escaping value to '(Any) throws -> Bool' may allow it to escape
1468 |       fatalError("expected token child, got \(_rightBrace.kind)")
1469 |     }
1470 |     precondition([.rightBrace].contains(_rightBraceTokenKind),
     |                                         `- error: converting non-escaping value to '(Any) throws -> Bool' may allow it to escape
1471 |       "expected one of [.rightBrace] for 'rightBrace' " +
1472 |       "in node of kind structDecl")
/Users/admin/builder/spi-builder-workspace/Sources/SwiftSyntax/SyntaxNodes.swift:1636:37: error: type 'SourceFileSyntax.Cursor' has no member 'declList'
1634 |       if isMissing { return }
1635 |     precondition(raw.layout.count == 2)
1636 |     let _topLevelDecls = raw[Cursor.declList]
     |                                     `- error: type 'SourceFileSyntax.Cursor' has no member 'declList'
1637 |     precondition(_topLevelDecls.kind == .declList,
1638 |                  "expected child of kind .declList, " +
/Users/admin/builder/spi-builder-workspace/Sources/SwiftSyntax/SyntaxNodes.swift:1637:42: error: cannot infer contextual base in reference to member 'declList'
1635 |     precondition(raw.layout.count == 2)
1636 |     let _topLevelDecls = raw[Cursor.declList]
1637 |     precondition(_topLevelDecls.kind == .declList,
     |                                          `- error: cannot infer contextual base in reference to member 'declList'
1638 |                  "expected child of kind .declList, " +
1639 |                  "got \(_topLevelDecls.kind)")
/Users/admin/builder/spi-builder-workspace/Sources/SwiftSyntax/SyntaxNodes.swift:1641:37: error: type 'SyntaxKind' has no member 'eofToken'
1639 |                  "got \(_topLevelDecls.kind)")
1640 |     let _eofToken = raw[Cursor.eofToken]
1641 |     precondition(_eofToken.kind == .eofToken,
     |                                     `- error: type 'SyntaxKind' has no member 'eofToken'
1642 |                  "expected child of kind .eofToken, " +
1643 |                  "got \(_eofToken.kind)")
/Users/admin/builder/spi-builder-workspace/Sources/SwiftSyntax/SyntaxNodes.swift:1689:28: error: type 'TopLevelCodeDeclSyntax.Cursor' has no member 'stmtList'
1687 |       if isMissing { return }
1688 |     precondition(raw.layout.count == 1)
1689 |     let _body = raw[Cursor.stmtList]
     |                            `- error: type 'TopLevelCodeDeclSyntax.Cursor' has no member 'stmtList'
1690 |     precondition(_body.kind == .stmtList,
1691 |                  "expected child of kind .stmtList, " +
/Users/admin/builder/spi-builder-workspace/Sources/SwiftSyntax/SyntaxNodes.swift:1690:33: error: cannot infer contextual base in reference to member 'stmtList'
1688 |     precondition(raw.layout.count == 1)
1689 |     let _body = raw[Cursor.stmtList]
1690 |     precondition(_body.kind == .stmtList,
     |                                 `- error: cannot infer contextual base in reference to member 'stmtList'
1691 |                  "expected child of kind .stmtList, " +
1692 |                  "got \(_body.kind)")
/Users/admin/builder/spi-builder-workspace/Sources/SwiftSyntax/SyntaxNodes.swift:1732:36: error: type 'FunctionParameterSyntax.Cursor' has no member 'identifierToken'
1730 |       if isMissing { return }
1731 |     precondition(raw.layout.count == 8)
1732 |     let _externalName = raw[Cursor.identifierToken]
     |                                    `- error: type 'FunctionParameterSyntax.Cursor' has no member 'identifierToken'
1733 |     guard let _externalNameTokenKind = _externalName.tokenKind else {
1734 |       fatalError("expected token child, got \(_externalName.kind)")
/Users/admin/builder/spi-builder-workspace/Sources/SwiftSyntax/SyntaxNodes.swift:1736:20: error: reference to member 'identifier' cannot be resolved without a contextual type
1734 |       fatalError("expected token child, got \(_externalName.kind)")
1735 |     }
1736 |     precondition([.identifier].contains(_externalNameTokenKind),
     |                    `- error: reference to member 'identifier' cannot be resolved without a contextual type
1737 |       "expected one of [.identifier] for 'externalName' " +
1738 |       "in node of kind functionParameter")
/Users/admin/builder/spi-builder-workspace/Sources/SwiftSyntax/SyntaxNodes.swift:1736:41: error: missing argument label 'where:' in call
1734 |       fatalError("expected token child, got \(_externalName.kind)")
1735 |     }
1736 |     precondition([.identifier].contains(_externalNameTokenKind),
     |                                         `- error: missing argument label 'where:' in call
1737 |       "expected one of [.identifier] for 'externalName' " +
1738 |       "in node of kind functionParameter")
/Users/admin/builder/spi-builder-workspace/Sources/SwiftSyntax/SyntaxNodes.swift:1736:41: error: converting non-escaping value to '(Any) throws -> Bool' may allow it to escape
1734 |       fatalError("expected token child, got \(_externalName.kind)")
1735 |     }
1736 |     precondition([.identifier].contains(_externalNameTokenKind),
     |                                         `- error: converting non-escaping value to '(Any) throws -> Bool' may allow it to escape
1737 |       "expected one of [.identifier] for 'externalName' " +
1738 |       "in node of kind functionParameter")
/Users/admin/builder/spi-builder-workspace/Sources/SwiftSyntax/SyntaxNodes.swift:1739:33: error: type 'FunctionParameterSyntax.Cursor' has no member 'identifierToken'
1737 |       "expected one of [.identifier] for 'externalName' " +
1738 |       "in node of kind functionParameter")
1739 |     let _localName = raw[Cursor.identifierToken]
     |                                 `- error: type 'FunctionParameterSyntax.Cursor' has no member 'identifierToken'
1740 |     guard let _localNameTokenKind = _localName.tokenKind else {
1741 |       fatalError("expected token child, got \(_localName.kind)")
/Users/admin/builder/spi-builder-workspace/Sources/SwiftSyntax/SyntaxNodes.swift:1743:20: error: reference to member 'identifier' cannot be resolved without a contextual type
1741 |       fatalError("expected token child, got \(_localName.kind)")
1742 |     }
1743 |     precondition([.identifier].contains(_localNameTokenKind),
     |                    `- error: reference to member 'identifier' cannot be resolved without a contextual type
1744 |       "expected one of [.identifier] for 'localName' " +
1745 |       "in node of kind functionParameter")
/Users/admin/builder/spi-builder-workspace/Sources/SwiftSyntax/SyntaxNodes.swift:1743:41: error: missing argument label 'where:' in call
1741 |       fatalError("expected token child, got \(_localName.kind)")
1742 |     }
1743 |     precondition([.identifier].contains(_localNameTokenKind),
     |                                         `- error: missing argument label 'where:' in call
1744 |       "expected one of [.identifier] for 'localName' " +
1745 |       "in node of kind functionParameter")
/Users/admin/builder/spi-builder-workspace/Sources/SwiftSyntax/SyntaxNodes.swift:1743:41: error: converting non-escaping value to '(Any) throws -> Bool' may allow it to escape
1741 |       fatalError("expected token child, got \(_localName.kind)")
1742 |     }
1743 |     precondition([.identifier].contains(_localNameTokenKind),
     |                                         `- error: converting non-escaping value to '(Any) throws -> Bool' may allow it to escape
1744 |       "expected one of [.identifier] for 'localName' " +
1745 |       "in node of kind functionParameter")
/Users/admin/builder/spi-builder-workspace/Sources/SwiftSyntax/SyntaxNodes.swift:1746:29: error: type 'FunctionParameterSyntax.Cursor' has no member 'colonToken'
1744 |       "expected one of [.identifier] for 'localName' " +
1745 |       "in node of kind functionParameter")
1746 |     let _colon = raw[Cursor.colonToken]
     |                             `- error: type 'FunctionParameterSyntax.Cursor' has no member 'colonToken'
1747 |     guard let _colonTokenKind = _colon.tokenKind else {
1748 |       fatalError("expected token child, got \(_colon.kind)")
/Users/admin/builder/spi-builder-workspace/Sources/SwiftSyntax/SyntaxNodes.swift:1750:20: error: reference to member 'colon' cannot be resolved without a contextual type
1748 |       fatalError("expected token child, got \(_colon.kind)")
1749 |     }
1750 |     precondition([.colon].contains(_colonTokenKind),
     |                    `- error: reference to member 'colon' cannot be resolved without a contextual type
1751 |       "expected one of [.colon] for 'colon' " +
1752 |       "in node of kind functionParameter")
/Users/admin/builder/spi-builder-workspace/Sources/SwiftSyntax/SyntaxNodes.swift:1750:36: error: missing argument label 'where:' in call
1748 |       fatalError("expected token child, got \(_colon.kind)")
1749 |     }
1750 |     precondition([.colon].contains(_colonTokenKind),
     |                                    `- error: missing argument label 'where:' in call
1751 |       "expected one of [.colon] for 'colon' " +
1752 |       "in node of kind functionParameter")
/Users/admin/builder/spi-builder-workspace/Sources/SwiftSyntax/SyntaxNodes.swift:1750:36: error: converting non-escaping value to '(Any) throws -> Bool' may allow it to escape
1748 |       fatalError("expected token child, got \(_colon.kind)")
1749 |     }
1750 |     precondition([.colon].contains(_colonTokenKind),
     |                                    `- error: converting non-escaping value to '(Any) throws -> Bool' may allow it to escape
1751 |       "expected one of [.colon] for 'colon' " +
1752 |       "in node of kind functionParameter")
/Users/admin/builder/spi-builder-workspace/Sources/SwiftSyntax/SyntaxNodes.swift:1757:32: error: type 'FunctionParameterSyntax.Cursor' has no member 'token'
1755 |                  "expected child of kind .typeAnnotation, " +
1756 |                  "got \(_typeAnnotation.kind)")
1757 |     let _ellipsis = raw[Cursor.token]
     |                                `- error: type 'FunctionParameterSyntax.Cursor' has no member 'token'
1758 |     precondition(_ellipsis.kind == .token,
1759 |                  "expected child of kind .token, " +
/Users/admin/builder/spi-builder-workspace/Sources/SwiftSyntax/SyntaxNodes.swift:1758:37: error: cannot infer contextual base in reference to member 'token'
1756 |                  "got \(_typeAnnotation.kind)")
1757 |     let _ellipsis = raw[Cursor.token]
1758 |     precondition(_ellipsis.kind == .token,
     |                                     `- error: cannot infer contextual base in reference to member 'token'
1759 |                  "expected child of kind .token, " +
1760 |                  "got \(_ellipsis.kind)")
/Users/admin/builder/spi-builder-workspace/Sources/SwiftSyntax/SyntaxNodes.swift:1761:37: error: type 'FunctionParameterSyntax.Cursor' has no member 'equalToken'
1759 |                  "expected child of kind .token, " +
1760 |                  "got \(_ellipsis.kind)")
1761 |     let _defaultEquals = raw[Cursor.equalToken]
     |                                     `- error: type 'FunctionParameterSyntax.Cursor' has no member 'equalToken'
1762 |     guard let _defaultEqualsTokenKind = _defaultEquals.tokenKind else {
1763 |       fatalError("expected token child, got \(_defaultEquals.kind)")
/Users/admin/builder/spi-builder-workspace/Sources/SwiftSyntax/SyntaxNodes.swift:1765:20: error: reference to member 'equal' cannot be resolved without a contextual type
1763 |       fatalError("expected token child, got \(_defaultEquals.kind)")
1764 |     }
1765 |     precondition([.equal].contains(_defaultEqualsTokenKind),
     |                    `- error: reference to member 'equal' cannot be resolved without a contextual type
1766 |       "expected one of [.equal] for 'defaultEquals' " +
1767 |       "in node of kind functionParameter")
/Users/admin/builder/spi-builder-workspace/Sources/SwiftSyntax/SyntaxNodes.swift:1765:36: error: missing argument label 'where:' in call
1763 |       fatalError("expected token child, got \(_defaultEquals.kind)")
1764 |     }
1765 |     precondition([.equal].contains(_defaultEqualsTokenKind),
     |                                    `- error: missing argument label 'where:' in call
1766 |       "expected one of [.equal] for 'defaultEquals' " +
1767 |       "in node of kind functionParameter")
/Users/admin/builder/spi-builder-workspace/Sources/SwiftSyntax/SyntaxNodes.swift:1765:36: error: converting non-escaping value to '(Any) throws -> Bool' may allow it to escape
1763 |       fatalError("expected token child, got \(_defaultEquals.kind)")
1764 |     }
1765 |     precondition([.equal].contains(_defaultEqualsTokenKind),
     |                                    `- error: converting non-escaping value to '(Any) throws -> Bool' may allow it to escape
1766 |       "expected one of [.equal] for 'defaultEquals' " +
1767 |       "in node of kind functionParameter")
/Users/admin/builder/spi-builder-workspace/Sources/SwiftSyntax/SyntaxNodes.swift:1768:36: error: type 'FunctionParameterSyntax.Cursor' has no member 'expr'
1766 |       "expected one of [.equal] for 'defaultEquals' " +
1767 |       "in node of kind functionParameter")
1768 |     let _defaultValue = raw[Cursor.expr]
     |                                    `- error: type 'FunctionParameterSyntax.Cursor' has no member 'expr'
1769 |     precondition(_defaultValue.kind == .expr,
1770 |                  "expected child of kind .expr, " +
/Users/admin/builder/spi-builder-workspace/Sources/SwiftSyntax/SyntaxNodes.swift:1769:41: error: cannot infer contextual base in reference to member 'expr'
1767 |       "in node of kind functionParameter")
1768 |     let _defaultValue = raw[Cursor.expr]
1769 |     precondition(_defaultValue.kind == .expr,
     |                                         `- error: cannot infer contextual base in reference to member 'expr'
1770 |                  "expected child of kind .expr, " +
1771 |                  "got \(_defaultValue.kind)")
/Users/admin/builder/spi-builder-workspace/Sources/SwiftSyntax/SyntaxNodes.swift:1772:37: error: type 'FunctionParameterSyntax.Cursor' has no member 'commaToken'
1770 |                  "expected child of kind .expr, " +
1771 |                  "got \(_defaultValue.kind)")
1772 |     let _trailingComma = raw[Cursor.commaToken]
     |                                     `- error: type 'FunctionParameterSyntax.Cursor' has no member 'commaToken'
1773 |     guard let _trailingCommaTokenKind = _trailingComma.tokenKind else {
1774 |       fatalError("expected token child, got \(_trailingComma.kind)")
/Users/admin/builder/spi-builder-workspace/Sources/SwiftSyntax/SyntaxNodes.swift:1776:20: error: reference to member 'comma' cannot be resolved without a contextual type
1774 |       fatalError("expected token child, got \(_trailingComma.kind)")
1775 |     }
1776 |     precondition([.comma].contains(_trailingCommaTokenKind),
     |                    `- error: reference to member 'comma' cannot be resolved without a contextual type
1777 |       "expected one of [.comma] for 'trailingComma' " +
1778 |       "in node of kind functionParameter")
/Users/admin/builder/spi-builder-workspace/Sources/SwiftSyntax/SyntaxNodes.swift:1776:36: error: missing argument label 'where:' in call
1774 |       fatalError("expected token child, got \(_trailingComma.kind)")
1775 |     }
1776 |     precondition([.comma].contains(_trailingCommaTokenKind),
     |                                    `- error: missing argument label 'where:' in call
1777 |       "expected one of [.comma] for 'trailingComma' " +
1778 |       "in node of kind functionParameter")
/Users/admin/builder/spi-builder-workspace/Sources/SwiftSyntax/SyntaxNodes.swift:1776:36: error: converting non-escaping value to '(Any) throws -> Bool' may allow it to escape
1774 |       fatalError("expected token child, got \(_trailingComma.kind)")
1775 |     }
1776 |     precondition([.comma].contains(_trailingCommaTokenKind),
     |                                    `- error: converting non-escaping value to '(Any) throws -> Bool' may allow it to escape
1777 |       "expected one of [.comma] for 'trailingComma' " +
1778 |       "in node of kind functionParameter")
/Users/admin/builder/spi-builder-workspace/Sources/SwiftSyntax/SyntaxNodes.swift:1908:34: error: type 'FunctionDeclSyntax.Cursor' has no member 'attributeList'
1906 |       if isMissing { return }
1907 |     precondition(raw.layout.count == 8)
1908 |     let _attributes = raw[Cursor.attributeList]
     |                                  `- error: type 'FunctionDeclSyntax.Cursor' has no member 'attributeList'
1909 |     precondition(_attributes.kind == .attributeList,
1910 |                  "expected child of kind .attributeList, " +
/Users/admin/builder/spi-builder-workspace/Sources/SwiftSyntax/SyntaxNodes.swift:1909:39: error: cannot infer contextual base in reference to member 'attributeList'
1907 |     precondition(raw.layout.count == 8)
1908 |     let _attributes = raw[Cursor.attributeList]
1909 |     precondition(_attributes.kind == .attributeList,
     |                                       `- error: cannot infer contextual base in reference to member 'attributeList'
1910 |                  "expected child of kind .attributeList, " +
1911 |                  "got \(_attributes.kind)")
/Users/admin/builder/spi-builder-workspace/Sources/SwiftSyntax/SyntaxNodes.swift:1912:33: error: type 'FunctionDeclSyntax.Cursor' has no member 'modifierList'
1910 |                  "expected child of kind .attributeList, " +
1911 |                  "got \(_attributes.kind)")
1912 |     let _modifiers = raw[Cursor.modifierList]
     |                                 `- error: type 'FunctionDeclSyntax.Cursor' has no member 'modifierList'
1913 |     precondition(_modifiers.kind == .modifierList,
1914 |                  "expected child of kind .modifierList, " +
/Users/admin/builder/spi-builder-workspace/Sources/SwiftSyntax/SyntaxNodes.swift:1913:38: error: cannot infer contextual base in reference to member 'modifierList'
1911 |                  "got \(_attributes.kind)")
1912 |     let _modifiers = raw[Cursor.modifierList]
1913 |     precondition(_modifiers.kind == .modifierList,
     |                                      `- error: cannot infer contextual base in reference to member 'modifierList'
1914 |                  "expected child of kind .modifierList, " +
1915 |                  "got \(_modifiers.kind)")
/Users/admin/builder/spi-builder-workspace/Sources/SwiftSyntax/SyntaxNodes.swift:1916:35: error: type 'FunctionDeclSyntax.Cursor' has no member 'funcToken'
1914 |                  "expected child of kind .modifierList, " +
1915 |                  "got \(_modifiers.kind)")
1916 |     let _funcKeyword = raw[Cursor.funcToken]
     |                                   `- error: type 'FunctionDeclSyntax.Cursor' has no member 'funcToken'
1917 |     guard let _funcKeywordTokenKind = _funcKeyword.tokenKind else {
1918 |       fatalError("expected token child, got \(_funcKeyword.kind)")
/Users/admin/builder/spi-builder-workspace/Sources/SwiftSyntax/SyntaxNodes.swift:1920:20: error: reference to member 'funcKeyword' cannot be resolved without a contextual type
1918 |       fatalError("expected token child, got \(_funcKeyword.kind)")
1919 |     }
1920 |     precondition([.funcKeyword].contains(_funcKeywordTokenKind),
     |                    `- error: reference to member 'funcKeyword' cannot be resolved without a contextual type
1921 |       "expected one of [.funcKeyword] for 'funcKeyword' " +
1922 |       "in node of kind functionDecl")
/Users/admin/builder/spi-builder-workspace/Sources/SwiftSyntax/SyntaxNodes.swift:1920:42: error: missing argument label 'where:' in call
1918 |       fatalError("expected token child, got \(_funcKeyword.kind)")
1919 |     }
1920 |     precondition([.funcKeyword].contains(_funcKeywordTokenKind),
     |                                          `- error: missing argument label 'where:' in call
1921 |       "expected one of [.funcKeyword] for 'funcKeyword' " +
1922 |       "in node of kind functionDecl")
/Users/admin/builder/spi-builder-workspace/Sources/SwiftSyntax/SyntaxNodes.swift:1920:42: error: converting non-escaping value to '(Any) throws -> Bool' may allow it to escape
1918 |       fatalError("expected token child, got \(_funcKeyword.kind)")
1919 |     }
1920 |     precondition([.funcKeyword].contains(_funcKeywordTokenKind),
     |                                          `- error: converting non-escaping value to '(Any) throws -> Bool' may allow it to escape
1921 |       "expected one of [.funcKeyword] for 'funcKeyword' " +
1922 |       "in node of kind functionDecl")
/Users/admin/builder/spi-builder-workspace/Sources/SwiftSyntax/SyntaxNodes.swift:1923:34: error: type 'FunctionDeclSyntax.Cursor' has no member 'identifierToken'
1921 |       "expected one of [.funcKeyword] for 'funcKeyword' " +
1922 |       "in node of kind functionDecl")
1923 |     let _identifier = raw[Cursor.identifierToken]
     |                                  `- error: type 'FunctionDeclSyntax.Cursor' has no member 'identifierToken'
1924 |     guard let _identifierTokenKind = _identifier.tokenKind else {
1925 |       fatalError("expected token child, got \(_identifier.kind)")
/Users/admin/builder/spi-builder-workspace/Sources/SwiftSyntax/SyntaxNodes.swift:1927:20: error: reference to member 'identifier' cannot be resolved without a contextual type
1925 |       fatalError("expected token child, got \(_identifier.kind)")
1926 |     }
1927 |     precondition([.identifier].contains(_identifierTokenKind),
     |                    `- error: reference to member 'identifier' cannot be resolved without a contextual type
1928 |       "expected one of [.identifier] for 'identifier' " +
1929 |       "in node of kind functionDecl")
/Users/admin/builder/spi-builder-workspace/Sources/SwiftSyntax/SyntaxNodes.swift:1927:41: error: missing argument label 'where:' in call
1925 |       fatalError("expected token child, got \(_identifier.kind)")
1926 |     }
1927 |     precondition([.identifier].contains(_identifierTokenKind),
     |                                         `- error: missing argument label 'where:' in call
1928 |       "expected one of [.identifier] for 'identifier' " +
1929 |       "in node of kind functionDecl")
/Users/admin/builder/spi-builder-workspace/Sources/SwiftSyntax/SyntaxNodes.swift:1927:41: error: converting non-escaping value to '(Any) throws -> Bool' may allow it to escape
1925 |       fatalError("expected token child, got \(_identifier.kind)")
1926 |     }
1927 |     precondition([.identifier].contains(_identifierTokenKind),
     |                                         `- error: converting non-escaping value to '(Any) throws -> Bool' may allow it to escape
1928 |       "expected one of [.identifier] for 'identifier' " +
1929 |       "in node of kind functionDecl")
/Users/admin/builder/spi-builder-workspace/Sources/SwiftSyntax/SyntaxNodes.swift:1934:33: error: type 'FunctionDeclSyntax.Cursor' has no member 'functionSignature'
1932 |                  "expected child of kind .genericParameterClause, " +
1933 |                  "got \(_genericParameterClause.kind)")
1934 |     let _signature = raw[Cursor.functionSignature]
     |                                 `- error: type 'FunctionDeclSyntax.Cursor' has no member 'functionSignature'
1935 |     precondition(_signature.kind == .functionSignature,
1936 |                  "expected child of kind .functionSignature, " +
/Users/admin/builder/spi-builder-workspace/Sources/SwiftSyntax/SyntaxNodes.swift:1935:38: error: cannot infer contextual base in reference to member 'functionSignature'
1933 |                  "got \(_genericParameterClause.kind)")
1934 |     let _signature = raw[Cursor.functionSignature]
1935 |     precondition(_signature.kind == .functionSignature,
     |                                      `- error: cannot infer contextual base in reference to member 'functionSignature'
1936 |                  "expected child of kind .functionSignature, " +
1937 |                  "got \(_signature.kind)")
/Users/admin/builder/spi-builder-workspace/Sources/SwiftSyntax/SyntaxNodes.swift:1942:28: error: type 'FunctionDeclSyntax.Cursor' has no member 'codeBlock'
1940 |                  "expected child of kind .genericWhereClause, " +
1941 |                  "got \(_genericWhereClause.kind)")
1942 |     let _body = raw[Cursor.codeBlock]
     |                            `- error: type 'FunctionDeclSyntax.Cursor' has no member 'codeBlock'
1943 |     precondition(_body.kind == .codeBlock,
1944 |                  "expected child of kind .codeBlock, " +
/Users/admin/builder/spi-builder-workspace/Sources/SwiftSyntax/SyntaxNodes.swift:1943:33: error: cannot infer contextual base in reference to member 'codeBlock'
1941 |                  "got \(_genericWhereClause.kind)")
1942 |     let _body = raw[Cursor.codeBlock]
1943 |     precondition(_body.kind == .codeBlock,
     |                                 `- error: cannot infer contextual base in reference to member 'codeBlock'
1944 |                  "expected child of kind .codeBlock, " +
1945 |                  "got \(_body.kind)")
/Users/admin/builder/spi-builder-workspace/Sources/SwiftSyntax/SyntaxNodes.swift:2082:33: error: type 'ElseDirectiveClauseSyntax.Cursor' has no member 'poundElseToken'
2080 |       if isMissing { return }
2081 |     precondition(raw.layout.count == 2)
2082 |     let _poundElse = raw[Cursor.poundElseToken]
     |                                 `- error: type 'ElseDirectiveClauseSyntax.Cursor' has no member 'poundElseToken'
2083 |     guard let _poundElseTokenKind = _poundElse.tokenKind else {
2084 |       fatalError("expected token child, got \(_poundElse.kind)")
/Users/admin/builder/spi-builder-workspace/Sources/SwiftSyntax/SyntaxNodes.swift:2086:20: error: reference to member 'poundElseKeyword' cannot be resolved without a contextual type
2084 |       fatalError("expected token child, got \(_poundElse.kind)")
2085 |     }
2086 |     precondition([.poundElseKeyword].contains(_poundElseTokenKind),
     |                    `- error: reference to member 'poundElseKeyword' cannot be resolved without a contextual type
2087 |       "expected one of [.poundElseKeyword] for 'poundElse' " +
2088 |       "in node of kind elseDirectiveClause")
/Users/admin/builder/spi-builder-workspace/Sources/SwiftSyntax/SyntaxNodes.swift:2086:47: error: missing argument label 'where:' in call
2084 |       fatalError("expected token child, got \(_poundElse.kind)")
2085 |     }
2086 |     precondition([.poundElseKeyword].contains(_poundElseTokenKind),
     |                                               `- error: missing argument label 'where:' in call
2087 |       "expected one of [.poundElseKeyword] for 'poundElse' " +
2088 |       "in node of kind elseDirectiveClause")
/Users/admin/builder/spi-builder-workspace/Sources/SwiftSyntax/SyntaxNodes.swift:2086:47: error: converting non-escaping value to '(Any) throws -> Bool' may allow it to escape
2084 |       fatalError("expected token child, got \(_poundElse.kind)")
2085 |     }
2086 |     precondition([.poundElseKeyword].contains(_poundElseTokenKind),
     |                                               `- error: converting non-escaping value to '(Any) throws -> Bool' may allow it to escape
2087 |       "expected one of [.poundElseKeyword] for 'poundElse' " +
2088 |       "in node of kind elseDirectiveClause")
/Users/admin/builder/spi-builder-workspace/Sources/SwiftSyntax/SyntaxNodes.swift:2089:28: error: type 'ElseDirectiveClauseSyntax.Cursor' has no member 'stmtList'
2087 |       "expected one of [.poundElseKeyword] for 'poundElse' " +
2088 |       "in node of kind elseDirectiveClause")
2089 |     let _body = raw[Cursor.stmtList]
     |                            `- error: type 'ElseDirectiveClauseSyntax.Cursor' has no member 'stmtList'
2090 |     precondition(_body.kind == .stmtList,
2091 |                  "expected child of kind .stmtList, " +
/Users/admin/builder/spi-builder-workspace/Sources/SwiftSyntax/SyntaxNodes.swift:2090:33: error: cannot infer contextual base in reference to member 'stmtList'
2088 |       "in node of kind elseDirectiveClause")
2089 |     let _body = raw[Cursor.stmtList]
2090 |     precondition(_body.kind == .stmtList,
     |                                 `- error: cannot infer contextual base in reference to member 'stmtList'
2091 |                  "expected child of kind .stmtList, " +
2092 |                  "got \(_body.kind)")
/Users/admin/builder/spi-builder-workspace/Sources/SwiftSyntax/SyntaxNodes.swift:2141:28: error: type 'AccessLevelModifierSyntax.Cursor' has no member 'identifierToken'
2139 |       if isMissing { return }
2140 |     precondition(raw.layout.count == 4)
2141 |     let _name = raw[Cursor.identifierToken]
     |                            `- error: type 'AccessLevelModifierSyntax.Cursor' has no member 'identifierToken'
2142 |     guard let _nameTokenKind = _name.tokenKind else {
2143 |       fatalError("expected token child, got \(_name.kind)")
/Users/admin/builder/spi-builder-workspace/Sources/SwiftSyntax/SyntaxNodes.swift:2145:20: error: reference to member 'identifier' cannot be resolved without a contextual type
2143 |       fatalError("expected token child, got \(_name.kind)")
2144 |     }
2145 |     precondition([.identifier].contains(_nameTokenKind),
     |                    `- error: reference to member 'identifier' cannot be resolved without a contextual type
2146 |       "expected one of [.identifier] for 'name' " +
2147 |       "in node of kind accessLevelModifier")
/Users/admin/builder/spi-builder-workspace/Sources/SwiftSyntax/SyntaxNodes.swift:2145:41: error: missing argument label 'where:' in call
2143 |       fatalError("expected token child, got \(_name.kind)")
2144 |     }
2145 |     precondition([.identifier].contains(_nameTokenKind),
     |                                         `- error: missing argument label 'where:' in call
2146 |       "expected one of [.identifier] for 'name' " +
2147 |       "in node of kind accessLevelModifier")
/Users/admin/builder/spi-builder-workspace/Sources/SwiftSyntax/SyntaxNodes.swift:2145:41: error: converting non-escaping value to '(Any) throws -> Bool' may allow it to escape
2143 |       fatalError("expected token child, got \(_name.kind)")
2144 |     }
2145 |     precondition([.identifier].contains(_nameTokenKind),
     |                                         `- error: converting non-escaping value to '(Any) throws -> Bool' may allow it to escape
2146 |       "expected one of [.identifier] for 'name' " +
2147 |       "in node of kind accessLevelModifier")
/Users/admin/builder/spi-builder-workspace/Sources/SwiftSyntax/SyntaxNodes.swift:2148:33: error: type 'AccessLevelModifierSyntax.Cursor' has no member 'leftParenToken'
2146 |       "expected one of [.identifier] for 'name' " +
2147 |       "in node of kind accessLevelModifier")
2148 |     let _openParen = raw[Cursor.leftParenToken]
     |                                 `- error: type 'AccessLevelModifierSyntax.Cursor' has no member 'leftParenToken'
2149 |     guard let _openParenTokenKind = _openParen.tokenKind else {
2150 |       fatalError("expected token child, got \(_openParen.kind)")
/Users/admin/builder/spi-builder-workspace/Sources/SwiftSyntax/SyntaxNodes.swift:2152:20: error: reference to member 'leftParen' cannot be resolved without a contextual type
2150 |       fatalError("expected token child, got \(_openParen.kind)")
2151 |     }
2152 |     precondition([.leftParen].contains(_openParenTokenKind),
     |                    `- error: reference to member 'leftParen' cannot be resolved without a contextual type
2153 |       "expected one of [.leftParen] for 'openParen' " +
2154 |       "in node of kind accessLevelModifier")
/Users/admin/builder/spi-builder-workspace/Sources/SwiftSyntax/SyntaxNodes.swift:2152:40: error: missing argument label 'where:' in call
2150 |       fatalError("expected token child, got \(_openParen.kind)")
2151 |     }
2152 |     precondition([.leftParen].contains(_openParenTokenKind),
     |                                        `- error: missing argument label 'where:' in call
2153 |       "expected one of [.leftParen] for 'openParen' " +
2154 |       "in node of kind accessLevelModifier")
/Users/admin/builder/spi-builder-workspace/Sources/SwiftSyntax/SyntaxNodes.swift:2152:40: error: converting non-escaping value to '(Any) throws -> Bool' may allow it to escape
2150 |       fatalError("expected token child, got \(_openParen.kind)")
2151 |     }
2152 |     precondition([.leftParen].contains(_openParenTokenKind),
     |                                        `- error: converting non-escaping value to '(Any) throws -> Bool' may allow it to escape
2153 |       "expected one of [.leftParen] for 'openParen' " +
2154 |       "in node of kind accessLevelModifier")
/Users/admin/builder/spi-builder-workspace/Sources/SwiftSyntax/SyntaxNodes.swift:2155:32: error: type 'AccessLevelModifierSyntax.Cursor' has no member 'identifierToken'
2153 |       "expected one of [.leftParen] for 'openParen' " +
2154 |       "in node of kind accessLevelModifier")
2155 |     let _modifier = raw[Cursor.identifierToken]
     |                                `- error: type 'AccessLevelModifierSyntax.Cursor' has no member 'identifierToken'
2156 |     guard let _modifierTokenKind = _modifier.tokenKind else {
2157 |       fatalError("expected token child, got \(_modifier.kind)")
/Users/admin/builder/spi-builder-workspace/Sources/SwiftSyntax/SyntaxNodes.swift:2159:20: error: reference to member 'identifier' cannot be resolved without a contextual type
2157 |       fatalError("expected token child, got \(_modifier.kind)")
2158 |     }
2159 |     precondition([.identifier].contains(_modifierTokenKind),
     |                    `- error: reference to member 'identifier' cannot be resolved without a contextual type
2160 |       "expected one of [.identifier] for 'modifier' " +
2161 |       "in node of kind accessLevelModifier")
/Users/admin/builder/spi-builder-workspace/Sources/SwiftSyntax/SyntaxNodes.swift:2159:41: error: missing argument label 'where:' in call
2157 |       fatalError("expected token child, got \(_modifier.kind)")
2158 |     }
2159 |     precondition([.identifier].contains(_modifierTokenKind),
     |                                         `- error: missing argument label 'where:' in call
2160 |       "expected one of [.identifier] for 'modifier' " +
2161 |       "in node of kind accessLevelModifier")
/Users/admin/builder/spi-builder-workspace/Sources/SwiftSyntax/SyntaxNodes.swift:2159:41: error: converting non-escaping value to '(Any) throws -> Bool' may allow it to escape
2157 |       fatalError("expected token child, got \(_modifier.kind)")
2158 |     }
2159 |     precondition([.identifier].contains(_modifierTokenKind),
     |                                         `- error: converting non-escaping value to '(Any) throws -> Bool' may allow it to escape
2160 |       "expected one of [.identifier] for 'modifier' " +
2161 |       "in node of kind accessLevelModifier")
/Users/admin/builder/spi-builder-workspace/Sources/SwiftSyntax/SyntaxNodes.swift:2162:34: error: type 'AccessLevelModifierSyntax.Cursor' has no member 'rightParenToken'
2160 |       "expected one of [.identifier] for 'modifier' " +
2161 |       "in node of kind accessLevelModifier")
2162 |     let _closeParen = raw[Cursor.rightParenToken]
     |                                  `- error: type 'AccessLevelModifierSyntax.Cursor' has no member 'rightParenToken'
2163 |     guard let _closeParenTokenKind = _closeParen.tokenKind else {
2164 |       fatalError("expected token child, got \(_closeParen.kind)")
/Users/admin/builder/spi-builder-workspace/Sources/SwiftSyntax/SyntaxNodes.swift:2166:20: error: reference to member 'rightParen' cannot be resolved without a contextual type
2164 |       fatalError("expected token child, got \(_closeParen.kind)")
2165 |     }
2166 |     precondition([.rightParen].contains(_closeParenTokenKind),
     |                    `- error: reference to member 'rightParen' cannot be resolved without a contextual type
2167 |       "expected one of [.rightParen] for 'closeParen' " +
2168 |       "in node of kind accessLevelModifier")
/Users/admin/builder/spi-builder-workspace/Sources/SwiftSyntax/SyntaxNodes.swift:2166:41: error: missing argument label 'where:' in call
2164 |       fatalError("expected token child, got \(_closeParen.kind)")
2165 |     }
2166 |     precondition([.rightParen].contains(_closeParenTokenKind),
     |                                         `- error: missing argument label 'where:' in call
2167 |       "expected one of [.rightParen] for 'closeParen' " +
2168 |       "in node of kind accessLevelModifier")
/Users/admin/builder/spi-builder-workspace/Sources/SwiftSyntax/SyntaxNodes.swift:2166:41: error: converting non-escaping value to '(Any) throws -> Bool' may allow it to escape
2164 |       fatalError("expected token child, got \(_closeParen.kind)")
2165 |     }
2166 |     precondition([.rightParen].contains(_closeParenTokenKind),
     |                                         `- error: converting non-escaping value to '(Any) throws -> Bool' may allow it to escape
2167 |       "expected one of [.rightParen] for 'closeParen' " +
2168 |       "in node of kind accessLevelModifier")
/Users/admin/builder/spi-builder-workspace/Sources/SwiftSyntax/SyntaxNodes.swift:2248:34: error: type 'AttributeSyntax.Cursor' has no member 'identifierToken'
2246 |       "expected one of [.atSign] for 'atSignToken' " +
2247 |       "in node of kind attribute")
2248 |     let _identifier = raw[Cursor.identifierToken]
     |                                  `- error: type 'AttributeSyntax.Cursor' has no member 'identifierToken'
2249 |     guard let _identifierTokenKind = _identifier.tokenKind else {
2250 |       fatalError("expected token child, got \(_identifier.kind)")
/Users/admin/builder/spi-builder-workspace/Sources/SwiftSyntax/SyntaxNodes.swift:2252:20: error: reference to member 'identifier' cannot be resolved without a contextual type
2250 |       fatalError("expected token child, got \(_identifier.kind)")
2251 |     }
2252 |     precondition([.identifier].contains(_identifierTokenKind),
     |                    `- error: reference to member 'identifier' cannot be resolved without a contextual type
2253 |       "expected one of [.identifier] for 'identifier' " +
2254 |       "in node of kind attribute")
/Users/admin/builder/spi-builder-workspace/Sources/SwiftSyntax/SyntaxNodes.swift:2252:41: error: missing argument label 'where:' in call
2250 |       fatalError("expected token child, got \(_identifier.kind)")
2251 |     }
2252 |     precondition([.identifier].contains(_identifierTokenKind),
     |                                         `- error: missing argument label 'where:' in call
2253 |       "expected one of [.identifier] for 'identifier' " +
2254 |       "in node of kind attribute")
/Users/admin/builder/spi-builder-workspace/Sources/SwiftSyntax/SyntaxNodes.swift:2252:41: error: converting non-escaping value to '(Any) throws -> Bool' may allow it to escape
2250 |       fatalError("expected token child, got \(_identifier.kind)")
2251 |     }
2252 |     precondition([.identifier].contains(_identifierTokenKind),
     |                                         `- error: converting non-escaping value to '(Any) throws -> Bool' may allow it to escape
2253 |       "expected one of [.identifier] for 'identifier' " +
2254 |       "in node of kind attribute")
/Users/admin/builder/spi-builder-workspace/Sources/SwiftSyntax/SyntaxNodes.swift:2255:33: error: type 'AttributeSyntax.Cursor' has no member 'leftParenToken'
2253 |       "expected one of [.identifier] for 'identifier' " +
2254 |       "in node of kind attribute")
2255 |     let _leftParen = raw[Cursor.leftParenToken]
     |                                 `- error: type 'AttributeSyntax.Cursor' has no member 'leftParenToken'
2256 |     guard let _leftParenTokenKind = _leftParen.tokenKind else {
2257 |       fatalError("expected token child, got \(_leftParen.kind)")
/Users/admin/builder/spi-builder-workspace/Sources/SwiftSyntax/SyntaxNodes.swift:2259:20: error: reference to member 'leftParen' cannot be resolved without a contextual type
2257 |       fatalError("expected token child, got \(_leftParen.kind)")
2258 |     }
2259 |     precondition([.leftParen].contains(_leftParenTokenKind),
     |                    `- error: reference to member 'leftParen' cannot be resolved without a contextual type
2260 |       "expected one of [.leftParen] for 'leftParen' " +
2261 |       "in node of kind attribute")
/Users/admin/builder/spi-builder-workspace/Sources/SwiftSyntax/SyntaxNodes.swift:2259:40: error: missing argument label 'where:' in call
2257 |       fatalError("expected token child, got \(_leftParen.kind)")
2258 |     }
2259 |     precondition([.leftParen].contains(_leftParenTokenKind),
     |                                        `- error: missing argument label 'where:' in call
2260 |       "expected one of [.leftParen] for 'leftParen' " +
2261 |       "in node of kind attribute")
/Users/admin/builder/spi-builder-workspace/Sources/SwiftSyntax/SyntaxNodes.swift:2259:40: error: converting non-escaping value to '(Any) throws -> Bool' may allow it to escape
2257 |       fatalError("expected token child, got \(_leftParen.kind)")
2258 |     }
2259 |     precondition([.leftParen].contains(_leftParenTokenKind),
     |                                        `- error: converting non-escaping value to '(Any) throws -> Bool' may allow it to escape
2260 |       "expected one of [.leftParen] for 'leftParen' " +
2261 |       "in node of kind attribute")
/Users/admin/builder/spi-builder-workspace/Sources/SwiftSyntax/SyntaxNodes.swift:2262:38: error: type 'AttributeSyntax.Cursor' has no member 'tokenList'
2260 |       "expected one of [.leftParen] for 'leftParen' " +
2261 |       "in node of kind attribute")
2262 |     let _balancedTokens = raw[Cursor.tokenList]
     |                                      `- error: type 'AttributeSyntax.Cursor' has no member 'tokenList'
2263 |     precondition(_balancedTokens.kind == .tokenList,
2264 |                  "expected child of kind .tokenList, " +
/Users/admin/builder/spi-builder-workspace/Sources/SwiftSyntax/SyntaxNodes.swift:2263:43: error: cannot infer contextual base in reference to member 'tokenList'
2261 |       "in node of kind attribute")
2262 |     let _balancedTokens = raw[Cursor.tokenList]
2263 |     precondition(_balancedTokens.kind == .tokenList,
     |                                           `- error: cannot infer contextual base in reference to member 'tokenList'
2264 |                  "expected child of kind .tokenList, " +
2265 |                  "got \(_balancedTokens.kind)")
/Users/admin/builder/spi-builder-workspace/Sources/SwiftSyntax/SyntaxNodes.swift:2266:34: error: type 'AttributeSyntax.Cursor' has no member 'rightParenToken'
2264 |                  "expected child of kind .tokenList, " +
2265 |                  "got \(_balancedTokens.kind)")
2266 |     let _rightParen = raw[Cursor.rightParenToken]
     |                                  `- error: type 'AttributeSyntax.Cursor' has no member 'rightParenToken'
2267 |     guard let _rightParenTokenKind = _rightParen.tokenKind else {
2268 |       fatalError("expected token child, got \(_rightParen.kind)")
/Users/admin/builder/spi-builder-workspace/Sources/SwiftSyntax/SyntaxNodes.swift:2270:20: error: reference to member 'rightParen' cannot be resolved without a contextual type
2268 |       fatalError("expected token child, got \(_rightParen.kind)")
2269 |     }
2270 |     precondition([.rightParen].contains(_rightParenTokenKind),
     |                    `- error: reference to member 'rightParen' cannot be resolved without a contextual type
2271 |       "expected one of [.rightParen] for 'rightParen' " +
2272 |       "in node of kind attribute")
/Users/admin/builder/spi-builder-workspace/Sources/SwiftSyntax/SyntaxNodes.swift:2270:41: error: missing argument label 'where:' in call
2268 |       fatalError("expected token child, got \(_rightParen.kind)")
2269 |     }
2270 |     precondition([.rightParen].contains(_rightParenTokenKind),
     |                                         `- error: missing argument label 'where:' in call
2271 |       "expected one of [.rightParen] for 'rightParen' " +
2272 |       "in node of kind attribute")
/Users/admin/builder/spi-builder-workspace/Sources/SwiftSyntax/SyntaxNodes.swift:2270:41: error: converting non-escaping value to '(Any) throws -> Bool' may allow it to escape
2268 |       fatalError("expected token child, got \(_rightParen.kind)")
2269 |     }
2270 |     precondition([.rightParen].contains(_rightParenTokenKind),
     |                                         `- error: converting non-escaping value to '(Any) throws -> Bool' may allow it to escape
2271 |       "expected one of [.rightParen] for 'rightParen' " +
2272 |       "in node of kind attribute")
/Users/admin/builder/spi-builder-workspace/Sources/SwiftSyntax/SyntaxNodes.swift:2362:39: error: type 'ContinueStmtSyntax.Cursor' has no member 'continueToken'
2360 |       if isMissing { return }
2361 |     precondition(raw.layout.count == 3)
2362 |     let _continueKeyword = raw[Cursor.continueToken]
     |                                       `- error: type 'ContinueStmtSyntax.Cursor' has no member 'continueToken'
2363 |     guard let _continueKeywordTokenKind = _continueKeyword.tokenKind else {
2364 |       fatalError("expected token child, got \(_continueKeyword.kind)")
/Users/admin/builder/spi-builder-workspace/Sources/SwiftSyntax/SyntaxNodes.swift:2366:20: error: reference to member 'continueKeyword' cannot be resolved without a contextual type
2364 |       fatalError("expected token child, got \(_continueKeyword.kind)")
2365 |     }
2366 |     precondition([.continueKeyword].contains(_continueKeywordTokenKind),
     |                    `- error: reference to member 'continueKeyword' cannot be resolved without a contextual type
2367 |       "expected one of [.continueKeyword] for 'continueKeyword' " +
2368 |       "in node of kind continueStmt")
/Users/admin/builder/spi-builder-workspace/Sources/SwiftSyntax/SyntaxNodes.swift:2366:46: error: missing argument label 'where:' in call
2364 |       fatalError("expected token child, got \(_continueKeyword.kind)")
2365 |     }
2366 |     precondition([.continueKeyword].contains(_continueKeywordTokenKind),
     |                                              `- error: missing argument label 'where:' in call
2367 |       "expected one of [.continueKeyword] for 'continueKeyword' " +
2368 |       "in node of kind continueStmt")
/Users/admin/builder/spi-builder-workspace/Sources/SwiftSyntax/SyntaxNodes.swift:2366:46: error: converting non-escaping value to '(Any) throws -> Bool' may allow it to escape
2364 |       fatalError("expected token child, got \(_continueKeyword.kind)")
2365 |     }
2366 |     precondition([.continueKeyword].contains(_continueKeywordTokenKind),
     |                                              `- error: converting non-escaping value to '(Any) throws -> Bool' may allow it to escape
2367 |       "expected one of [.continueKeyword] for 'continueKeyword' " +
2368 |       "in node of kind continueStmt")
/Users/admin/builder/spi-builder-workspace/Sources/SwiftSyntax/SyntaxNodes.swift:2369:29: error: type 'ContinueStmtSyntax.Cursor' has no member 'identifierToken'
2367 |       "expected one of [.continueKeyword] for 'continueKeyword' " +
2368 |       "in node of kind continueStmt")
2369 |     let _label = raw[Cursor.identifierToken]
     |                             `- error: type 'ContinueStmtSyntax.Cursor' has no member 'identifierToken'
2370 |     guard let _labelTokenKind = _label.tokenKind else {
2371 |       fatalError("expected token child, got \(_label.kind)")
/Users/admin/builder/spi-builder-workspace/Sources/SwiftSyntax/SyntaxNodes.swift:2373:20: error: reference to member 'identifier' cannot be resolved without a contextual type
2371 |       fatalError("expected token child, got \(_label.kind)")
2372 |     }
2373 |     precondition([.identifier].contains(_labelTokenKind),
     |                    `- error: reference to member 'identifier' cannot be resolved without a contextual type
2374 |       "expected one of [.identifier] for 'label' " +
2375 |       "in node of kind continueStmt")
/Users/admin/builder/spi-builder-workspace/Sources/SwiftSyntax/SyntaxNodes.swift:2373:41: error: missing argument label 'where:' in call
2371 |       fatalError("expected token child, got \(_label.kind)")
2372 |     }
2373 |     precondition([.identifier].contains(_labelTokenKind),
     |                                         `- error: missing argument label 'where:' in call
2374 |       "expected one of [.identifier] for 'label' " +
2375 |       "in node of kind continueStmt")
/Users/admin/builder/spi-builder-workspace/Sources/SwiftSyntax/SyntaxNodes.swift:2373:41: error: converting non-escaping value to '(Any) throws -> Bool' may allow it to escape
2371 |       fatalError("expected token child, got \(_label.kind)")
2372 |     }
2373 |     precondition([.identifier].contains(_labelTokenKind),
     |                                         `- error: converting non-escaping value to '(Any) throws -> Bool' may allow it to escape
2374 |       "expected one of [.identifier] for 'label' " +
2375 |       "in node of kind continueStmt")
/Users/admin/builder/spi-builder-workspace/Sources/SwiftSyntax/SyntaxNodes.swift:2376:33: error: type 'ContinueStmtSyntax.Cursor' has no member 'semicolonToken'
2374 |       "expected one of [.identifier] for 'label' " +
2375 |       "in node of kind continueStmt")
2376 |     let _semicolon = raw[Cursor.semicolonToken]
     |                                 `- error: type 'ContinueStmtSyntax.Cursor' has no member 'semicolonToken'
2377 |     guard let _semicolonTokenKind = _semicolon.tokenKind else {
2378 |       fatalError("expected token child, got \(_semicolon.kind)")
/Users/admin/builder/spi-builder-workspace/Sources/SwiftSyntax/SyntaxNodes.swift:2380:20: error: reference to member 'semicolon' cannot be resolved without a contextual type
2378 |       fatalError("expected token child, got \(_semicolon.kind)")
2379 |     }
2380 |     precondition([.semicolon].contains(_semicolonTokenKind),
     |                    `- error: reference to member 'semicolon' cannot be resolved without a contextual type
2381 |       "expected one of [.semicolon] for 'semicolon' " +
2382 |       "in node of kind continueStmt")
/Users/admin/builder/spi-builder-workspace/Sources/SwiftSyntax/SyntaxNodes.swift:2380:40: error: missing argument label 'where:' in call
2378 |       fatalError("expected token child, got \(_semicolon.kind)")
2379 |     }
2380 |     precondition([.semicolon].contains(_semicolonTokenKind),
     |                                        `- error: missing argument label 'where:' in call
2381 |       "expected one of [.semicolon] for 'semicolon' " +
2382 |       "in node of kind continueStmt")
/Users/admin/builder/spi-builder-workspace/Sources/SwiftSyntax/SyntaxNodes.swift:2380:40: error: converting non-escaping value to '(Any) throws -> Bool' may allow it to escape
2378 |       fatalError("expected token child, got \(_semicolon.kind)")
2379 |     }
2380 |     precondition([.semicolon].contains(_semicolonTokenKind),
     |                                        `- error: converting non-escaping value to '(Any) throws -> Bool' may allow it to escape
2381 |       "expected one of [.semicolon] for 'semicolon' " +
2382 |       "in node of kind continueStmt")
/Users/admin/builder/spi-builder-workspace/Sources/SwiftSyntax/SyntaxNodes.swift:2441:33: error: type 'WhileStmtSyntax.Cursor' has no member 'identifierToken'
2439 |       if isMissing { return }
2440 |     precondition(raw.layout.count == 6)
2441 |     let _labelName = raw[Cursor.identifierToken]
     |                                 `- error: type 'WhileStmtSyntax.Cursor' has no member 'identifierToken'
2442 |     guard let _labelNameTokenKind = _labelName.tokenKind else {
2443 |       fatalError("expected token child, got \(_labelName.kind)")
/Users/admin/builder/spi-builder-workspace/Sources/SwiftSyntax/SyntaxNodes.swift:2445:20: error: reference to member 'identifier' cannot be resolved without a contextual type
2443 |       fatalError("expected token child, got \(_labelName.kind)")
2444 |     }
2445 |     precondition([.identifier].contains(_labelNameTokenKind),
     |                    `- error: reference to member 'identifier' cannot be resolved without a contextual type
2446 |       "expected one of [.identifier] for 'labelName' " +
2447 |       "in node of kind whileStmt")
/Users/admin/builder/spi-builder-workspace/Sources/SwiftSyntax/SyntaxNodes.swift:2445:41: error: missing argument label 'where:' in call
2443 |       fatalError("expected token child, got \(_labelName.kind)")
2444 |     }
2445 |     precondition([.identifier].contains(_labelNameTokenKind),
     |                                         `- error: missing argument label 'where:' in call
2446 |       "expected one of [.identifier] for 'labelName' " +
2447 |       "in node of kind whileStmt")
/Users/admin/builder/spi-builder-workspace/Sources/SwiftSyntax/SyntaxNodes.swift:2445:41: error: converting non-escaping value to '(Any) throws -> Bool' may allow it to escape
2443 |       fatalError("expected token child, got \(_labelName.kind)")
2444 |     }
2445 |     precondition([.identifier].contains(_labelNameTokenKind),
     |                                         `- error: converting non-escaping value to '(Any) throws -> Bool' may allow it to escape
2446 |       "expected one of [.identifier] for 'labelName' " +
2447 |       "in node of kind whileStmt")
/Users/admin/builder/spi-builder-workspace/Sources/SwiftSyntax/SyntaxNodes.swift:2448:34: error: type 'WhileStmtSyntax.Cursor' has no member 'colonToken'
2446 |       "expected one of [.identifier] for 'labelName' " +
2447 |       "in node of kind whileStmt")
2448 |     let _labelColon = raw[Cursor.colonToken]
     |                                  `- error: type 'WhileStmtSyntax.Cursor' has no member 'colonToken'
2449 |     guard let _labelColonTokenKind = _labelColon.tokenKind else {
2450 |       fatalError("expected token child, got \(_labelColon.kind)")
/Users/admin/builder/spi-builder-workspace/Sources/SwiftSyntax/SyntaxNodes.swift:2452:20: error: reference to member 'colon' cannot be resolved without a contextual type
2450 |       fatalError("expected token child, got \(_labelColon.kind)")
2451 |     }
2452 |     precondition([.colon].contains(_labelColonTokenKind),
     |                    `- error: reference to member 'colon' cannot be resolved without a contextual type
2453 |       "expected one of [.colon] for 'labelColon' " +
2454 |       "in node of kind whileStmt")
/Users/admin/builder/spi-builder-workspace/Sources/SwiftSyntax/SyntaxNodes.swift:2452:36: error: missing argument label 'where:' in call
2450 |       fatalError("expected token child, got \(_labelColon.kind)")
2451 |     }
2452 |     precondition([.colon].contains(_labelColonTokenKind),
     |                                    `- error: missing argument label 'where:' in call
2453 |       "expected one of [.colon] for 'labelColon' " +
2454 |       "in node of kind whileStmt")
/Users/admin/builder/spi-builder-workspace/Sources/SwiftSyntax/SyntaxNodes.swift:2452:36: error: converting non-escaping value to '(Any) throws -> Bool' may allow it to escape
2450 |       fatalError("expected token child, got \(_labelColon.kind)")
2451 |     }
2452 |     precondition([.colon].contains(_labelColonTokenKind),
     |                                    `- error: converting non-escaping value to '(Any) throws -> Bool' may allow it to escape
2453 |       "expected one of [.colon] for 'labelColon' " +
2454 |       "in node of kind whileStmt")
/Users/admin/builder/spi-builder-workspace/Sources/SwiftSyntax/SyntaxNodes.swift:2455:36: error: type 'WhileStmtSyntax.Cursor' has no member 'whileToken'
2453 |       "expected one of [.colon] for 'labelColon' " +
2454 |       "in node of kind whileStmt")
2455 |     let _whileKeyword = raw[Cursor.whileToken]
     |                                    `- error: type 'WhileStmtSyntax.Cursor' has no member 'whileToken'
2456 |     guard let _whileKeywordTokenKind = _whileKeyword.tokenKind else {
2457 |       fatalError("expected token child, got \(_whileKeyword.kind)")
/Users/admin/builder/spi-builder-workspace/Sources/SwiftSyntax/SyntaxNodes.swift:2459:20: error: reference to member 'whileKeyword' cannot be resolved without a contextual type
2457 |       fatalError("expected token child, got \(_whileKeyword.kind)")
2458 |     }
2459 |     precondition([.whileKeyword].contains(_whileKeywordTokenKind),
     |                    `- error: reference to member 'whileKeyword' cannot be resolved without a contextual type
2460 |       "expected one of [.whileKeyword] for 'whileKeyword' " +
2461 |       "in node of kind whileStmt")
/Users/admin/builder/spi-builder-workspace/Sources/SwiftSyntax/SyntaxNodes.swift:2459:43: error: missing argument label 'where:' in call
2457 |       fatalError("expected token child, got \(_whileKeyword.kind)")
2458 |     }
2459 |     precondition([.whileKeyword].contains(_whileKeywordTokenKind),
     |                                           `- error: missing argument label 'where:' in call
2460 |       "expected one of [.whileKeyword] for 'whileKeyword' " +
2461 |       "in node of kind whileStmt")
/Users/admin/builder/spi-builder-workspace/Sources/SwiftSyntax/SyntaxNodes.swift:2459:43: error: converting non-escaping value to '(Any) throws -> Bool' may allow it to escape
2457 |       fatalError("expected token child, got \(_whileKeyword.kind)")
2458 |     }
2459 |     precondition([.whileKeyword].contains(_whileKeywordTokenKind),
     |                                           `- error: converting non-escaping value to '(Any) throws -> Bool' may allow it to escape
2460 |       "expected one of [.whileKeyword] for 'whileKeyword' " +
2461 |       "in node of kind whileStmt")
/Users/admin/builder/spi-builder-workspace/Sources/SwiftSyntax/SyntaxNodes.swift:2462:34: error: type 'WhileStmtSyntax.Cursor' has no member 'conditionList'
2460 |       "expected one of [.whileKeyword] for 'whileKeyword' " +
2461 |       "in node of kind whileStmt")
2462 |     let _conditions = raw[Cursor.conditionList]
     |                                  `- error: type 'WhileStmtSyntax.Cursor' has no member 'conditionList'
2463 |     precondition(_conditions.kind == .conditionList,
2464 |                  "expected child of kind .conditionList, " +
/Users/admin/builder/spi-builder-workspace/Sources/SwiftSyntax/SyntaxNodes.swift:2463:39: error: cannot infer contextual base in reference to member 'conditionList'
2461 |       "in node of kind whileStmt")
2462 |     let _conditions = raw[Cursor.conditionList]
2463 |     precondition(_conditions.kind == .conditionList,
     |                                       `- error: cannot infer contextual base in reference to member 'conditionList'
2464 |                  "expected child of kind .conditionList, " +
2465 |                  "got \(_conditions.kind)")
/Users/admin/builder/spi-builder-workspace/Sources/SwiftSyntax/SyntaxNodes.swift:2466:28: error: type 'WhileStmtSyntax.Cursor' has no member 'codeBlock'
2464 |                  "expected child of kind .conditionList, " +
2465 |                  "got \(_conditions.kind)")
2466 |     let _body = raw[Cursor.codeBlock]
     |                            `- error: type 'WhileStmtSyntax.Cursor' has no member 'codeBlock'
2467 |     precondition(_body.kind == .codeBlock,
2468 |                  "expected child of kind .codeBlock, " +
/Users/admin/builder/spi-builder-workspace/Sources/SwiftSyntax/SyntaxNodes.swift:2467:33: error: cannot infer contextual base in reference to member 'codeBlock'
2465 |                  "got \(_conditions.kind)")
2466 |     let _body = raw[Cursor.codeBlock]
2467 |     precondition(_body.kind == .codeBlock,
     |                                 `- error: cannot infer contextual base in reference to member 'codeBlock'
2468 |                  "expected child of kind .codeBlock, " +
2469 |                  "got \(_body.kind)")
/Users/admin/builder/spi-builder-workspace/Sources/SwiftSyntax/SyntaxNodes.swift:2470:33: error: type 'WhileStmtSyntax.Cursor' has no member 'semicolonToken'
2468 |                  "expected child of kind .codeBlock, " +
2469 |                  "got \(_body.kind)")
2470 |     let _semicolon = raw[Cursor.semicolonToken]
     |                                 `- error: type 'WhileStmtSyntax.Cursor' has no member 'semicolonToken'
2471 |     guard let _semicolonTokenKind = _semicolon.tokenKind else {
2472 |       fatalError("expected token child, got \(_semicolon.kind)")
/Users/admin/builder/spi-builder-workspace/Sources/SwiftSyntax/SyntaxNodes.swift:2474:20: error: reference to member 'semicolon' cannot be resolved without a contextual type
2472 |       fatalError("expected token child, got \(_semicolon.kind)")
2473 |     }
2474 |     precondition([.semicolon].contains(_semicolonTokenKind),
     |                    `- error: reference to member 'semicolon' cannot be resolved without a contextual type
2475 |       "expected one of [.semicolon] for 'semicolon' " +
2476 |       "in node of kind whileStmt")
/Users/admin/builder/spi-builder-workspace/Sources/SwiftSyntax/SyntaxNodes.swift:2474:40: error: missing argument label 'where:' in call
2472 |       fatalError("expected token child, got \(_semicolon.kind)")
2473 |     }
2474 |     precondition([.semicolon].contains(_semicolonTokenKind),
     |                                        `- error: missing argument label 'where:' in call
2475 |       "expected one of [.semicolon] for 'semicolon' " +
2476 |       "in node of kind whileStmt")
/Users/admin/builder/spi-builder-workspace/Sources/SwiftSyntax/SyntaxNodes.swift:2474:40: error: converting non-escaping value to '(Any) throws -> Bool' may allow it to escape
2472 |       fatalError("expected token child, got \(_semicolon.kind)")
2473 |     }
2474 |     precondition([.semicolon].contains(_semicolonTokenKind),
     |                                        `- error: converting non-escaping value to '(Any) throws -> Bool' may allow it to escape
2475 |       "expected one of [.semicolon] for 'semicolon' " +
2476 |       "in node of kind whileStmt")
/Users/admin/builder/spi-builder-workspace/Sources/SwiftSyntax/SyntaxNodes.swift:2579:36: error: type 'DeferStmtSyntax.Cursor' has no member 'deferToken'
2577 |       if isMissing { return }
2578 |     precondition(raw.layout.count == 3)
2579 |     let _deferKeyword = raw[Cursor.deferToken]
     |                                    `- error: type 'DeferStmtSyntax.Cursor' has no member 'deferToken'
2580 |     guard let _deferKeywordTokenKind = _deferKeyword.tokenKind else {
2581 |       fatalError("expected token child, got \(_deferKeyword.kind)")
/Users/admin/builder/spi-builder-workspace/Sources/SwiftSyntax/SyntaxNodes.swift:2583:20: error: reference to member 'deferKeyword' cannot be resolved without a contextual type
2581 |       fatalError("expected token child, got \(_deferKeyword.kind)")
2582 |     }
2583 |     precondition([.deferKeyword].contains(_deferKeywordTokenKind),
     |                    `- error: reference to member 'deferKeyword' cannot be resolved without a contextual type
2584 |       "expected one of [.deferKeyword] for 'deferKeyword' " +
2585 |       "in node of kind deferStmt")
/Users/admin/builder/spi-builder-workspace/Sources/SwiftSyntax/SyntaxNodes.swift:2583:43: error: missing argument label 'where:' in call
2581 |       fatalError("expected token child, got \(_deferKeyword.kind)")
2582 |     }
2583 |     precondition([.deferKeyword].contains(_deferKeywordTokenKind),
     |                                           `- error: missing argument label 'where:' in call
2584 |       "expected one of [.deferKeyword] for 'deferKeyword' " +
2585 |       "in node of kind deferStmt")
/Users/admin/builder/spi-builder-workspace/Sources/SwiftSyntax/SyntaxNodes.swift:2583:43: error: converting non-escaping value to '(Any) throws -> Bool' may allow it to escape
2581 |       fatalError("expected token child, got \(_deferKeyword.kind)")
2582 |     }
2583 |     precondition([.deferKeyword].contains(_deferKeywordTokenKind),
     |                                           `- error: converting non-escaping value to '(Any) throws -> Bool' may allow it to escape
2584 |       "expected one of [.deferKeyword] for 'deferKeyword' " +
2585 |       "in node of kind deferStmt")
/Users/admin/builder/spi-builder-workspace/Sources/SwiftSyntax/SyntaxNodes.swift:2586:28: error: type 'DeferStmtSyntax.Cursor' has no member 'codeBlock'
2584 |       "expected one of [.deferKeyword] for 'deferKeyword' " +
2585 |       "in node of kind deferStmt")
2586 |     let _body = raw[Cursor.codeBlock]
     |                            `- error: type 'DeferStmtSyntax.Cursor' has no member 'codeBlock'
2587 |     precondition(_body.kind == .codeBlock,
2588 |                  "expected child of kind .codeBlock, " +
/Users/admin/builder/spi-builder-workspace/Sources/SwiftSyntax/SyntaxNodes.swift:2587:33: error: cannot infer contextual base in reference to member 'codeBlock'
2585 |       "in node of kind deferStmt")
2586 |     let _body = raw[Cursor.codeBlock]
2587 |     precondition(_body.kind == .codeBlock,
     |                                 `- error: cannot infer contextual base in reference to member 'codeBlock'
2588 |                  "expected child of kind .codeBlock, " +
2589 |                  "got \(_body.kind)")
/Users/admin/builder/spi-builder-workspace/Sources/SwiftSyntax/SyntaxNodes.swift:2590:33: error: type 'DeferStmtSyntax.Cursor' has no member 'semicolonToken'
2588 |                  "expected child of kind .codeBlock, " +
2589 |                  "got \(_body.kind)")
2590 |     let _semicolon = raw[Cursor.semicolonToken]
     |                                 `- error: type 'DeferStmtSyntax.Cursor' has no member 'semicolonToken'
2591 |     guard let _semicolonTokenKind = _semicolon.tokenKind else {
2592 |       fatalError("expected token child, got \(_semicolon.kind)")
/Users/admin/builder/spi-builder-workspace/Sources/SwiftSyntax/SyntaxNodes.swift:2594:20: error: reference to member 'semicolon' cannot be resolved without a contextual type
2592 |       fatalError("expected token child, got \(_semicolon.kind)")
2593 |     }
2594 |     precondition([.semicolon].contains(_semicolonTokenKind),
     |                    `- error: reference to member 'semicolon' cannot be resolved without a contextual type
2595 |       "expected one of [.semicolon] for 'semicolon' " +
2596 |       "in node of kind deferStmt")
/Users/admin/builder/spi-builder-workspace/Sources/SwiftSyntax/SyntaxNodes.swift:2594:40: error: missing argument label 'where:' in call
2592 |       fatalError("expected token child, got \(_semicolon.kind)")
2593 |     }
2594 |     precondition([.semicolon].contains(_semicolonTokenKind),
     |                                        `- error: missing argument label 'where:' in call
2595 |       "expected one of [.semicolon] for 'semicolon' " +
2596 |       "in node of kind deferStmt")
/Users/admin/builder/spi-builder-workspace/Sources/SwiftSyntax/SyntaxNodes.swift:2594:40: error: converting non-escaping value to '(Any) throws -> Bool' may allow it to escape
2592 |       fatalError("expected token child, got \(_semicolon.kind)")
2593 |     }
2594 |     precondition([.semicolon].contains(_semicolonTokenKind),
     |                                        `- error: converting non-escaping value to '(Any) throws -> Bool' may allow it to escape
2595 |       "expected one of [.semicolon] for 'semicolon' " +
2596 |       "in node of kind deferStmt")
/Users/admin/builder/spi-builder-workspace/Sources/SwiftSyntax/SyntaxNodes.swift:2650:34: error: type 'ExpressionStmtSyntax.Cursor' has no member 'expr'
2648 |       if isMissing { return }
2649 |     precondition(raw.layout.count == 2)
2650 |     let _expression = raw[Cursor.expr]
     |                                  `- error: type 'ExpressionStmtSyntax.Cursor' has no member 'expr'
2651 |     precondition(_expression.kind == .expr,
2652 |                  "expected child of kind .expr, " +
/Users/admin/builder/spi-builder-workspace/Sources/SwiftSyntax/SyntaxNodes.swift:2651:39: error: cannot infer contextual base in reference to member 'expr'
2649 |     precondition(raw.layout.count == 2)
2650 |     let _expression = raw[Cursor.expr]
2651 |     precondition(_expression.kind == .expr,
     |                                       `- error: cannot infer contextual base in reference to member 'expr'
2652 |                  "expected child of kind .expr, " +
2653 |                  "got \(_expression.kind)")
/Users/admin/builder/spi-builder-workspace/Sources/SwiftSyntax/SyntaxNodes.swift:2654:33: error: type 'ExpressionStmtSyntax.Cursor' has no member 'semicolonToken'
2652 |                  "expected child of kind .expr, " +
2653 |                  "got \(_expression.kind)")
2654 |     let _semicolon = raw[Cursor.semicolonToken]
     |                                 `- error: type 'ExpressionStmtSyntax.Cursor' has no member 'semicolonToken'
2655 |     guard let _semicolonTokenKind = _semicolon.tokenKind else {
2656 |       fatalError("expected token child, got \(_semicolon.kind)")
/Users/admin/builder/spi-builder-workspace/Sources/SwiftSyntax/SyntaxNodes.swift:2658:20: error: reference to member 'semicolon' cannot be resolved without a contextual type
2656 |       fatalError("expected token child, got \(_semicolon.kind)")
2657 |     }
2658 |     precondition([.semicolon].contains(_semicolonTokenKind),
     |                    `- error: reference to member 'semicolon' cannot be resolved without a contextual type
2659 |       "expected one of [.semicolon] for 'semicolon' " +
2660 |       "in node of kind expressionStmt")
/Users/admin/builder/spi-builder-workspace/Sources/SwiftSyntax/SyntaxNodes.swift:2658:40: error: missing argument label 'where:' in call
2656 |       fatalError("expected token child, got \(_semicolon.kind)")
2657 |     }
2658 |     precondition([.semicolon].contains(_semicolonTokenKind),
     |                                        `- error: missing argument label 'where:' in call
2659 |       "expected one of [.semicolon] for 'semicolon' " +
2660 |       "in node of kind expressionStmt")
/Users/admin/builder/spi-builder-workspace/Sources/SwiftSyntax/SyntaxNodes.swift:2658:40: error: converting non-escaping value to '(Any) throws -> Bool' may allow it to escape
2656 |       fatalError("expected token child, got \(_semicolon.kind)")
2657 |     }
2658 |     precondition([.semicolon].contains(_semicolonTokenKind),
     |                                        `- error: converting non-escaping value to '(Any) throws -> Bool' may allow it to escape
2659 |       "expected one of [.semicolon] for 'semicolon' " +
2660 |       "in node of kind expressionStmt")
/Users/admin/builder/spi-builder-workspace/Sources/SwiftSyntax/SyntaxNodes.swift:2707:33: error: type 'RepeatWhileStmtSyntax.Cursor' has no member 'identifierToken'
2705 |       if isMissing { return }
2706 |     precondition(raw.layout.count == 7)
2707 |     let _labelName = raw[Cursor.identifierToken]
     |                                 `- error: type 'RepeatWhileStmtSyntax.Cursor' has no member 'identifierToken'
2708 |     guard let _labelNameTokenKind = _labelName.tokenKind else {
2709 |       fatalError("expected token child, got \(_labelName.kind)")
/Users/admin/builder/spi-builder-workspace/Sources/SwiftSyntax/SyntaxNodes.swift:2711:20: error: reference to member 'identifier' cannot be resolved without a contextual type
2709 |       fatalError("expected token child, got \(_labelName.kind)")
2710 |     }
2711 |     precondition([.identifier].contains(_labelNameTokenKind),
     |                    `- error: reference to member 'identifier' cannot be resolved without a contextual type
2712 |       "expected one of [.identifier] for 'labelName' " +
2713 |       "in node of kind repeatWhileStmt")
/Users/admin/builder/spi-builder-workspace/Sources/SwiftSyntax/SyntaxNodes.swift:2711:41: error: missing argument label 'where:' in call
2709 |       fatalError("expected token child, got \(_labelName.kind)")
2710 |     }
2711 |     precondition([.identifier].contains(_labelNameTokenKind),
     |                                         `- error: missing argument label 'where:' in call
2712 |       "expected one of [.identifier] for 'labelName' " +
2713 |       "in node of kind repeatWhileStmt")
/Users/admin/builder/spi-builder-workspace/Sources/SwiftSyntax/SyntaxNodes.swift:2711:41: error: converting non-escaping value to '(Any) throws -> Bool' may allow it to escape
2709 |       fatalError("expected token child, got \(_labelName.kind)")
2710 |     }
2711 |     precondition([.identifier].contains(_labelNameTokenKind),
     |                                         `- error: converting non-escaping value to '(Any) throws -> Bool' may allow it to escape
2712 |       "expected one of [.identifier] for 'labelName' " +
2713 |       "in node of kind repeatWhileStmt")
/Users/admin/builder/spi-builder-workspace/Sources/SwiftSyntax/SyntaxNodes.swift:2714:34: error: type 'RepeatWhileStmtSyntax.Cursor' has no member 'colonToken'
2712 |       "expected one of [.identifier] for 'labelName' " +
2713 |       "in node of kind repeatWhileStmt")
2714 |     let _labelColon = raw[Cursor.colonToken]
     |                                  `- error: type 'RepeatWhileStmtSyntax.Cursor' has no member 'colonToken'
2715 |     guard let _labelColonTokenKind = _labelColon.tokenKind else {
2716 |       fatalError("expected token child, got \(_labelColon.kind)")
/Users/admin/builder/spi-builder-workspace/Sources/SwiftSyntax/SyntaxNodes.swift:2718:20: error: reference to member 'colon' cannot be resolved without a contextual type
2716 |       fatalError("expected token child, got \(_labelColon.kind)")
2717 |     }
2718 |     precondition([.colon].contains(_labelColonTokenKind),
     |                    `- error: reference to member 'colon' cannot be resolved without a contextual type
2719 |       "expected one of [.colon] for 'labelColon' " +
2720 |       "in node of kind repeatWhileStmt")
/Users/admin/builder/spi-builder-workspace/Sources/SwiftSyntax/SyntaxNodes.swift:2718:36: error: missing argument label 'where:' in call
2716 |       fatalError("expected token child, got \(_labelColon.kind)")
2717 |     }
2718 |     precondition([.colon].contains(_labelColonTokenKind),
     |                                    `- error: missing argument label 'where:' in call
2719 |       "expected one of [.colon] for 'labelColon' " +
2720 |       "in node of kind repeatWhileStmt")
/Users/admin/builder/spi-builder-workspace/Sources/SwiftSyntax/SyntaxNodes.swift:2718:36: error: converting non-escaping value to '(Any) throws -> Bool' may allow it to escape
2716 |       fatalError("expected token child, got \(_labelColon.kind)")
2717 |     }
2718 |     precondition([.colon].contains(_labelColonTokenKind),
     |                                    `- error: converting non-escaping value to '(Any) throws -> Bool' may allow it to escape
2719 |       "expected one of [.colon] for 'labelColon' " +
2720 |       "in node of kind repeatWhileStmt")
/Users/admin/builder/spi-builder-workspace/Sources/SwiftSyntax/SyntaxNodes.swift:2721:37: error: type 'RepeatWhileStmtSyntax.Cursor' has no member 'repeatToken'
2719 |       "expected one of [.colon] for 'labelColon' " +
2720 |       "in node of kind repeatWhileStmt")
2721 |     let _repeatKeyword = raw[Cursor.repeatToken]
     |                                     `- error: type 'RepeatWhileStmtSyntax.Cursor' has no member 'repeatToken'
2722 |     guard let _repeatKeywordTokenKind = _repeatKeyword.tokenKind else {
2723 |       fatalError("expected token child, got \(_repeatKeyword.kind)")
/Users/admin/builder/spi-builder-workspace/Sources/SwiftSyntax/SyntaxNodes.swift:2725:20: error: reference to member 'repeatKeyword' cannot be resolved without a contextual type
2723 |       fatalError("expected token child, got \(_repeatKeyword.kind)")
2724 |     }
2725 |     precondition([.repeatKeyword].contains(_repeatKeywordTokenKind),
     |                    `- error: reference to member 'repeatKeyword' cannot be resolved without a contextual type
2726 |       "expected one of [.repeatKeyword] for 'repeatKeyword' " +
2727 |       "in node of kind repeatWhileStmt")
/Users/admin/builder/spi-builder-workspace/Sources/SwiftSyntax/SyntaxNodes.swift:2725:44: error: missing argument label 'where:' in call
2723 |       fatalError("expected token child, got \(_repeatKeyword.kind)")
2724 |     }
2725 |     precondition([.repeatKeyword].contains(_repeatKeywordTokenKind),
     |                                            `- error: missing argument label 'where:' in call
2726 |       "expected one of [.repeatKeyword] for 'repeatKeyword' " +
2727 |       "in node of kind repeatWhileStmt")
/Users/admin/builder/spi-builder-workspace/Sources/SwiftSyntax/SyntaxNodes.swift:2725:44: error: converting non-escaping value to '(Any) throws -> Bool' may allow it to escape
2723 |       fatalError("expected token child, got \(_repeatKeyword.kind)")
2724 |     }
2725 |     precondition([.repeatKeyword].contains(_repeatKeywordTokenKind),
     |                                            `- error: converting non-escaping value to '(Any) throws -> Bool' may allow it to escape
2726 |       "expected one of [.repeatKeyword] for 'repeatKeyword' " +
2727 |       "in node of kind repeatWhileStmt")
/Users/admin/builder/spi-builder-workspace/Sources/SwiftSyntax/SyntaxNodes.swift:2728:28: error: type 'RepeatWhileStmtSyntax.Cursor' has no member 'codeBlock'
2726 |       "expected one of [.repeatKeyword] for 'repeatKeyword' " +
2727 |       "in node of kind repeatWhileStmt")
2728 |     let _body = raw[Cursor.codeBlock]
     |                            `- error: type 'RepeatWhileStmtSyntax.Cursor' has no member 'codeBlock'
2729 |     precondition(_body.kind == .codeBlock,
2730 |                  "expected child of kind .codeBlock, " +
/Users/admin/builder/spi-builder-workspace/Sources/SwiftSyntax/SyntaxNodes.swift:2729:33: error: cannot infer contextual base in reference to member 'codeBlock'
2727 |       "in node of kind repeatWhileStmt")
2728 |     let _body = raw[Cursor.codeBlock]
2729 |     precondition(_body.kind == .codeBlock,
     |                                 `- error: cannot infer contextual base in reference to member 'codeBlock'
2730 |                  "expected child of kind .codeBlock, " +
2731 |                  "got \(_body.kind)")
/Users/admin/builder/spi-builder-workspace/Sources/SwiftSyntax/SyntaxNodes.swift:2732:36: error: type 'RepeatWhileStmtSyntax.Cursor' has no member 'whileToken'
2730 |                  "expected child of kind .codeBlock, " +
2731 |                  "got \(_body.kind)")
2732 |     let _whileKeyword = raw[Cursor.whileToken]
     |                                    `- error: type 'RepeatWhileStmtSyntax.Cursor' has no member 'whileToken'
2733 |     guard let _whileKeywordTokenKind = _whileKeyword.tokenKind else {
2734 |       fatalError("expected token child, got \(_whileKeyword.kind)")
/Users/admin/builder/spi-builder-workspace/Sources/SwiftSyntax/SyntaxNodes.swift:2736:20: error: reference to member 'whileKeyword' cannot be resolved without a contextual type
2734 |       fatalError("expected token child, got \(_whileKeyword.kind)")
2735 |     }
2736 |     precondition([.whileKeyword].contains(_whileKeywordTokenKind),
     |                    `- error: reference to member 'whileKeyword' cannot be resolved without a contextual type
2737 |       "expected one of [.whileKeyword] for 'whileKeyword' " +
2738 |       "in node of kind repeatWhileStmt")
/Users/admin/builder/spi-builder-workspace/Sources/SwiftSyntax/SyntaxNodes.swift:2736:43: error: missing argument label 'where:' in call
2734 |       fatalError("expected token child, got \(_whileKeyword.kind)")
2735 |     }
2736 |     precondition([.whileKeyword].contains(_whileKeywordTokenKind),
     |                                           `- error: missing argument label 'where:' in call
2737 |       "expected one of [.whileKeyword] for 'whileKeyword' " +
2738 |       "in node of kind repeatWhileStmt")
/Users/admin/builder/spi-builder-workspace/Sources/SwiftSyntax/SyntaxNodes.swift:2736:43: error: converting non-escaping value to '(Any) throws -> Bool' may allow it to escape
2734 |       fatalError("expected token child, got \(_whileKeyword.kind)")
2735 |     }
2736 |     precondition([.whileKeyword].contains(_whileKeywordTokenKind),
     |                                           `- error: converting non-escaping value to '(Any) throws -> Bool' may allow it to escape
2737 |       "expected one of [.whileKeyword] for 'whileKeyword' " +
2738 |       "in node of kind repeatWhileStmt")
/Users/admin/builder/spi-builder-workspace/Sources/SwiftSyntax/SyntaxNodes.swift:2739:33: error: type 'RepeatWhileStmtSyntax.Cursor' has no member 'expr'
2737 |       "expected one of [.whileKeyword] for 'whileKeyword' " +
2738 |       "in node of kind repeatWhileStmt")
2739 |     let _condition = raw[Cursor.expr]
     |                                 `- error: type 'RepeatWhileStmtSyntax.Cursor' has no member 'expr'
2740 |     precondition(_condition.kind == .expr,
2741 |                  "expected child of kind .expr, " +
/Users/admin/builder/spi-builder-workspace/Sources/SwiftSyntax/SyntaxNodes.swift:2740:38: error: cannot infer contextual base in reference to member 'expr'
2738 |       "in node of kind repeatWhileStmt")
2739 |     let _condition = raw[Cursor.expr]
2740 |     precondition(_condition.kind == .expr,
     |                                      `- error: cannot infer contextual base in reference to member 'expr'
2741 |                  "expected child of kind .expr, " +
2742 |                  "got \(_condition.kind)")
/Users/admin/builder/spi-builder-workspace/Sources/SwiftSyntax/SyntaxNodes.swift:2743:33: error: type 'RepeatWhileStmtSyntax.Cursor' has no member 'semicolonToken'
2741 |                  "expected child of kind .expr, " +
2742 |                  "got \(_condition.kind)")
2743 |     let _semicolon = raw[Cursor.semicolonToken]
     |                                 `- error: type 'RepeatWhileStmtSyntax.Cursor' has no member 'semicolonToken'
2744 |     guard let _semicolonTokenKind = _semicolon.tokenKind else {
2745 |       fatalError("expected token child, got \(_semicolon.kind)")
/Users/admin/builder/spi-builder-workspace/Sources/SwiftSyntax/SyntaxNodes.swift:2747:20: error: reference to member 'semicolon' cannot be resolved without a contextual type
2745 |       fatalError("expected token child, got \(_semicolon.kind)")
2746 |     }
2747 |     precondition([.semicolon].contains(_semicolonTokenKind),
     |                    `- error: reference to member 'semicolon' cannot be resolved without a contextual type
2748 |       "expected one of [.semicolon] for 'semicolon' " +
2749 |       "in node of kind repeatWhileStmt")
/Users/admin/builder/spi-builder-workspace/Sources/SwiftSyntax/SyntaxNodes.swift:2747:40: error: missing argument label 'where:' in call
2745 |       fatalError("expected token child, got \(_semicolon.kind)")
2746 |     }
2747 |     precondition([.semicolon].contains(_semicolonTokenKind),
     |                                        `- error: missing argument label 'where:' in call
2748 |       "expected one of [.semicolon] for 'semicolon' " +
2749 |       "in node of kind repeatWhileStmt")
/Users/admin/builder/spi-builder-workspace/Sources/SwiftSyntax/SyntaxNodes.swift:2747:40: error: converting non-escaping value to '(Any) throws -> Bool' may allow it to escape
2745 |       fatalError("expected token child, got \(_semicolon.kind)")
2746 |     }
2747 |     precondition([.semicolon].contains(_semicolonTokenKind),
     |                                        `- error: converting non-escaping value to '(Any) throws -> Bool' may allow it to escape
2748 |       "expected one of [.semicolon] for 'semicolon' " +
2749 |       "in node of kind repeatWhileStmt")
/Users/admin/builder/spi-builder-workspace/Sources/SwiftSyntax/SyntaxNodes.swift:2860:36: error: type 'GuardStmtSyntax.Cursor' has no member 'guardToken'
2858 |       if isMissing { return }
2859 |     precondition(raw.layout.count == 5)
2860 |     let _guardKeyword = raw[Cursor.guardToken]
     |                                    `- error: type 'GuardStmtSyntax.Cursor' has no member 'guardToken'
2861 |     guard let _guardKeywordTokenKind = _guardKeyword.tokenKind else {
2862 |       fatalError("expected token child, got \(_guardKeyword.kind)")
/Users/admin/builder/spi-builder-workspace/Sources/SwiftSyntax/SyntaxNodes.swift:2864:20: error: reference to member 'guardKeyword' cannot be resolved without a contextual type
2862 |       fatalError("expected token child, got \(_guardKeyword.kind)")
2863 |     }
2864 |     precondition([.guardKeyword].contains(_guardKeywordTokenKind),
     |                    `- error: reference to member 'guardKeyword' cannot be resolved without a contextual type
2865 |       "expected one of [.guardKeyword] for 'guardKeyword' " +
2866 |       "in node of kind guardStmt")
/Users/admin/builder/spi-builder-workspace/Sources/SwiftSyntax/SyntaxNodes.swift:2864:43: error: missing argument label 'where:' in call
2862 |       fatalError("expected token child, got \(_guardKeyword.kind)")
2863 |     }
2864 |     precondition([.guardKeyword].contains(_guardKeywordTokenKind),
     |                                           `- error: missing argument label 'where:' in call
2865 |       "expected one of [.guardKeyword] for 'guardKeyword' " +
2866 |       "in node of kind guardStmt")
/Users/admin/builder/spi-builder-workspace/Sources/SwiftSyntax/SyntaxNodes.swift:2864:43: error: converting non-escaping value to '(Any) throws -> Bool' may allow it to escape
2862 |       fatalError("expected token child, got \(_guardKeyword.kind)")
2863 |     }
2864 |     precondition([.guardKeyword].contains(_guardKeywordTokenKind),
     |                                           `- error: converting non-escaping value to '(Any) throws -> Bool' may allow it to escape
2865 |       "expected one of [.guardKeyword] for 'guardKeyword' " +
2866 |       "in node of kind guardStmt")
/Users/admin/builder/spi-builder-workspace/Sources/SwiftSyntax/SyntaxNodes.swift:2867:34: error: type 'GuardStmtSyntax.Cursor' has no member 'conditionList'
2865 |       "expected one of [.guardKeyword] for 'guardKeyword' " +
2866 |       "in node of kind guardStmt")
2867 |     let _conditions = raw[Cursor.conditionList]
     |                                  `- error: type 'GuardStmtSyntax.Cursor' has no member 'conditionList'
2868 |     precondition(_conditions.kind == .conditionList,
2869 |                  "expected child of kind .conditionList, " +
/Users/admin/builder/spi-builder-workspace/Sources/SwiftSyntax/SyntaxNodes.swift:2868:39: error: cannot infer contextual base in reference to member 'conditionList'
2866 |       "in node of kind guardStmt")
2867 |     let _conditions = raw[Cursor.conditionList]
2868 |     precondition(_conditions.kind == .conditionList,
     |                                       `- error: cannot infer contextual base in reference to member 'conditionList'
2869 |                  "expected child of kind .conditionList, " +
2870 |                  "got \(_conditions.kind)")
/Users/admin/builder/spi-builder-workspace/Sources/SwiftSyntax/SyntaxNodes.swift:2871:35: error: type 'GuardStmtSyntax.Cursor' has no member 'elseToken'
2869 |                  "expected child of kind .conditionList, " +
2870 |                  "got \(_conditions.kind)")
2871 |     let _elseKeyword = raw[Cursor.elseToken]
     |                                   `- error: type 'GuardStmtSyntax.Cursor' has no member 'elseToken'
2872 |     guard let _elseKeywordTokenKind = _elseKeyword.tokenKind else {
2873 |       fatalError("expected token child, got \(_elseKeyword.kind)")
/Users/admin/builder/spi-builder-workspace/Sources/SwiftSyntax/SyntaxNodes.swift:2875:20: error: reference to member 'elseKeyword' cannot be resolved without a contextual type
2873 |       fatalError("expected token child, got \(_elseKeyword.kind)")
2874 |     }
2875 |     precondition([.elseKeyword].contains(_elseKeywordTokenKind),
     |                    `- error: reference to member 'elseKeyword' cannot be resolved without a contextual type
2876 |       "expected one of [.elseKeyword] for 'elseKeyword' " +
2877 |       "in node of kind guardStmt")
/Users/admin/builder/spi-builder-workspace/Sources/SwiftSyntax/SyntaxNodes.swift:2875:42: error: missing argument label 'where:' in call
2873 |       fatalError("expected token child, got \(_elseKeyword.kind)")
2874 |     }
2875 |     precondition([.elseKeyword].contains(_elseKeywordTokenKind),
     |                                          `- error: missing argument label 'where:' in call
2876 |       "expected one of [.elseKeyword] for 'elseKeyword' " +
2877 |       "in node of kind guardStmt")
/Users/admin/builder/spi-builder-workspace/Sources/SwiftSyntax/SyntaxNodes.swift:2875:42: error: converting non-escaping value to '(Any) throws -> Bool' may allow it to escape
2873 |       fatalError("expected token child, got \(_elseKeyword.kind)")
2874 |     }
2875 |     precondition([.elseKeyword].contains(_elseKeywordTokenKind),
     |                                          `- error: converting non-escaping value to '(Any) throws -> Bool' may allow it to escape
2876 |       "expected one of [.elseKeyword] for 'elseKeyword' " +
2877 |       "in node of kind guardStmt")
/Users/admin/builder/spi-builder-workspace/Sources/SwiftSyntax/SyntaxNodes.swift:2878:28: error: type 'GuardStmtSyntax.Cursor' has no member 'codeBlock'
2876 |       "expected one of [.elseKeyword] for 'elseKeyword' " +
2877 |       "in node of kind guardStmt")
2878 |     let _body = raw[Cursor.codeBlock]
     |                            `- error: type 'GuardStmtSyntax.Cursor' has no member 'codeBlock'
2879 |     precondition(_body.kind == .codeBlock,
2880 |                  "expected child of kind .codeBlock, " +
/Users/admin/builder/spi-builder-workspace/Sources/SwiftSyntax/SyntaxNodes.swift:2879:33: error: cannot infer contextual base in reference to member 'codeBlock'
2877 |       "in node of kind guardStmt")
2878 |     let _body = raw[Cursor.codeBlock]
2879 |     precondition(_body.kind == .codeBlock,
     |                                 `- error: cannot infer contextual base in reference to member 'codeBlock'
2880 |                  "expected child of kind .codeBlock, " +
2881 |                  "got \(_body.kind)")
/Users/admin/builder/spi-builder-workspace/Sources/SwiftSyntax/SyntaxNodes.swift:2882:33: error: type 'GuardStmtSyntax.Cursor' has no member 'semicolonToken'
2880 |                  "expected child of kind .codeBlock, " +
2881 |                  "got \(_body.kind)")
2882 |     let _semicolon = raw[Cursor.semicolonToken]
     |                                 `- error: type 'GuardStmtSyntax.Cursor' has no member 'semicolonToken'
2883 |     guard let _semicolonTokenKind = _semicolon.tokenKind else {
2884 |       fatalError("expected token child, got \(_semicolon.kind)")
/Users/admin/builder/spi-builder-workspace/Sources/SwiftSyntax/SyntaxNodes.swift:2886:20: error: reference to member 'semicolon' cannot be resolved without a contextual type
2884 |       fatalError("expected token child, got \(_semicolon.kind)")
2885 |     }
2886 |     precondition([.semicolon].contains(_semicolonTokenKind),
     |                    `- error: reference to member 'semicolon' cannot be resolved without a contextual type
2887 |       "expected one of [.semicolon] for 'semicolon' " +
2888 |       "in node of kind guardStmt")
/Users/admin/builder/spi-builder-workspace/Sources/SwiftSyntax/SyntaxNodes.swift:2886:40: error: missing argument label 'where:' in call
2884 |       fatalError("expected token child, got \(_semicolon.kind)")
2885 |     }
2886 |     precondition([.semicolon].contains(_semicolonTokenKind),
     |                                        `- error: missing argument label 'where:' in call
2887 |       "expected one of [.semicolon] for 'semicolon' " +
2888 |       "in node of kind guardStmt")
/Users/admin/builder/spi-builder-workspace/Sources/SwiftSyntax/SyntaxNodes.swift:2886:40: error: converting non-escaping value to '(Any) throws -> Bool' may allow it to escape
2884 |       fatalError("expected token child, got \(_semicolon.kind)")
2885 |     }
2886 |     precondition([.semicolon].contains(_semicolonTokenKind),
     |                                        `- error: converting non-escaping value to '(Any) throws -> Bool' may allow it to escape
2887 |       "expected one of [.semicolon] for 'semicolon' " +
2888 |       "in node of kind guardStmt")
/Users/admin/builder/spi-builder-workspace/Sources/SwiftSyntax/SyntaxNodes.swift:2976:36: error: type 'WhereClauseSyntax.Cursor' has no member 'whereToken'
2974 |       if isMissing { return }
2975 |     precondition(raw.layout.count == 2)
2976 |     let _whereKeyword = raw[Cursor.whereToken]
     |                                    `- error: type 'WhereClauseSyntax.Cursor' has no member 'whereToken'
2977 |     guard let _whereKeywordTokenKind = _whereKeyword.tokenKind else {
2978 |       fatalError("expected token child, got \(_whereKeyword.kind)")
/Users/admin/builder/spi-builder-workspace/Sources/SwiftSyntax/SyntaxNodes.swift:2980:20: error: reference to member 'whereKeyword' cannot be resolved without a contextual type
2978 |       fatalError("expected token child, got \(_whereKeyword.kind)")
2979 |     }
2980 |     precondition([.whereKeyword].contains(_whereKeywordTokenKind),
     |                    `- error: reference to member 'whereKeyword' cannot be resolved without a contextual type
2981 |       "expected one of [.whereKeyword] for 'whereKeyword' " +
2982 |       "in node of kind whereClause")
/Users/admin/builder/spi-builder-workspace/Sources/SwiftSyntax/SyntaxNodes.swift:2980:43: error: missing argument label 'where:' in call
2978 |       fatalError("expected token child, got \(_whereKeyword.kind)")
2979 |     }
2980 |     precondition([.whereKeyword].contains(_whereKeywordTokenKind),
     |                                           `- error: missing argument label 'where:' in call
2981 |       "expected one of [.whereKeyword] for 'whereKeyword' " +
2982 |       "in node of kind whereClause")
/Users/admin/builder/spi-builder-workspace/Sources/SwiftSyntax/SyntaxNodes.swift:2980:43: error: converting non-escaping value to '(Any) throws -> Bool' may allow it to escape
2978 |       fatalError("expected token child, got \(_whereKeyword.kind)")
2979 |     }
2980 |     precondition([.whereKeyword].contains(_whereKeywordTokenKind),
     |                                           `- error: converting non-escaping value to '(Any) throws -> Bool' may allow it to escape
2981 |       "expected one of [.whereKeyword] for 'whereKeyword' " +
2982 |       "in node of kind whereClause")
/Users/admin/builder/spi-builder-workspace/Sources/SwiftSyntax/SyntaxNodes.swift:2983:35: error: type 'WhereClauseSyntax.Cursor' has no member 'exprList'
2981 |       "expected one of [.whereKeyword] for 'whereKeyword' " +
2982 |       "in node of kind whereClause")
2983 |     let _expressions = raw[Cursor.exprList]
     |                                   `- error: type 'WhereClauseSyntax.Cursor' has no member 'exprList'
2984 |     precondition(_expressions.kind == .exprList,
2985 |                  "expected child of kind .exprList, " +
/Users/admin/builder/spi-builder-workspace/Sources/SwiftSyntax/SyntaxNodes.swift:2984:40: error: cannot infer contextual base in reference to member 'exprList'
2982 |       "in node of kind whereClause")
2983 |     let _expressions = raw[Cursor.exprList]
2984 |     precondition(_expressions.kind == .exprList,
     |                                        `- error: cannot infer contextual base in reference to member 'exprList'
2985 |                  "expected child of kind .exprList, " +
2986 |                  "got \(_expressions.kind)")
/Users/admin/builder/spi-builder-workspace/Sources/SwiftSyntax/SyntaxNodes.swift:3041:33: error: type 'ForInStmtSyntax.Cursor' has no member 'identifierToken'
3039 |       if isMissing { return }
3040 |     precondition(raw.layout.count == 10)
3041 |     let _labelName = raw[Cursor.identifierToken]
     |                                 `- error: type 'ForInStmtSyntax.Cursor' has no member 'identifierToken'
3042 |     guard let _labelNameTokenKind = _labelName.tokenKind else {
3043 |       fatalError("expected token child, got \(_labelName.kind)")
/Users/admin/builder/spi-builder-workspace/Sources/SwiftSyntax/SyntaxNodes.swift:3045:20: error: reference to member 'identifier' cannot be resolved without a contextual type
3043 |       fatalError("expected token child, got \(_labelName.kind)")
3044 |     }
3045 |     precondition([.identifier].contains(_labelNameTokenKind),
     |                    `- error: reference to member 'identifier' cannot be resolved without a contextual type
3046 |       "expected one of [.identifier] for 'labelName' " +
3047 |       "in node of kind forInStmt")
/Users/admin/builder/spi-builder-workspace/Sources/SwiftSyntax/SyntaxNodes.swift:3045:41: error: missing argument label 'where:' in call
3043 |       fatalError("expected token child, got \(_labelName.kind)")
3044 |     }
3045 |     precondition([.identifier].contains(_labelNameTokenKind),
     |                                         `- error: missing argument label 'where:' in call
3046 |       "expected one of [.identifier] for 'labelName' " +
3047 |       "in node of kind forInStmt")
/Users/admin/builder/spi-builder-workspace/Sources/SwiftSyntax/SyntaxNodes.swift:3045:41: error: converting non-escaping value to '(Any) throws -> Bool' may allow it to escape
3043 |       fatalError("expected token child, got \(_labelName.kind)")
3044 |     }
3045 |     precondition([.identifier].contains(_labelNameTokenKind),
     |                                         `- error: converting non-escaping value to '(Any) throws -> Bool' may allow it to escape
3046 |       "expected one of [.identifier] for 'labelName' " +
3047 |       "in node of kind forInStmt")
/Users/admin/builder/spi-builder-workspace/Sources/SwiftSyntax/SyntaxNodes.swift:3048:34: error: type 'ForInStmtSyntax.Cursor' has no member 'colonToken'
3046 |       "expected one of [.identifier] for 'labelName' " +
3047 |       "in node of kind forInStmt")
3048 |     let _labelColon = raw[Cursor.colonToken]
     |                                  `- error: type 'ForInStmtSyntax.Cursor' has no member 'colonToken'
3049 |     guard let _labelColonTokenKind = _labelColon.tokenKind else {
3050 |       fatalError("expected token child, got \(_labelColon.kind)")
/Users/admin/builder/spi-builder-workspace/Sources/SwiftSyntax/SyntaxNodes.swift:3052:20: error: reference to member 'colon' cannot be resolved without a contextual type
3050 |       fatalError("expected token child, got \(_labelColon.kind)")
3051 |     }
3052 |     precondition([.colon].contains(_labelColonTokenKind),
     |                    `- error: reference to member 'colon' cannot be resolved without a contextual type
3053 |       "expected one of [.colon] for 'labelColon' " +
3054 |       "in node of kind forInStmt")
/Users/admin/builder/spi-builder-workspace/Sources/SwiftSyntax/SyntaxNodes.swift:3052:36: error: missing argument label 'where:' in call
3050 |       fatalError("expected token child, got \(_labelColon.kind)")
3051 |     }
3052 |     precondition([.colon].contains(_labelColonTokenKind),
     |                                    `- error: missing argument label 'where:' in call
3053 |       "expected one of [.colon] for 'labelColon' " +
3054 |       "in node of kind forInStmt")
/Users/admin/builder/spi-builder-workspace/Sources/SwiftSyntax/SyntaxNodes.swift:3052:36: error: converting non-escaping value to '(Any) throws -> Bool' may allow it to escape
3050 |       fatalError("expected token child, got \(_labelColon.kind)")
3051 |     }
3052 |     precondition([.colon].contains(_labelColonTokenKind),
     |                                    `- error: converting non-escaping value to '(Any) throws -> Bool' may allow it to escape
3053 |       "expected one of [.colon] for 'labelColon' " +
3054 |       "in node of kind forInStmt")
/Users/admin/builder/spi-builder-workspace/Sources/SwiftSyntax/SyntaxNodes.swift:3055:34: error: type 'ForInStmtSyntax.Cursor' has no member 'forToken'
3053 |       "expected one of [.colon] for 'labelColon' " +
3054 |       "in node of kind forInStmt")
3055 |     let _forKeyword = raw[Cursor.forToken]
     |                                  `- error: type 'ForInStmtSyntax.Cursor' has no member 'forToken'
3056 |     guard let _forKeywordTokenKind = _forKeyword.tokenKind else {
3057 |       fatalError("expected token child, got \(_forKeyword.kind)")
/Users/admin/builder/spi-builder-workspace/Sources/SwiftSyntax/SyntaxNodes.swift:3059:20: error: reference to member 'forKeyword' cannot be resolved without a contextual type
3057 |       fatalError("expected token child, got \(_forKeyword.kind)")
3058 |     }
3059 |     precondition([.forKeyword].contains(_forKeywordTokenKind),
     |                    `- error: reference to member 'forKeyword' cannot be resolved without a contextual type
3060 |       "expected one of [.forKeyword] for 'forKeyword' " +
3061 |       "in node of kind forInStmt")
/Users/admin/builder/spi-builder-workspace/Sources/SwiftSyntax/SyntaxNodes.swift:3059:41: error: missing argument label 'where:' in call
3057 |       fatalError("expected token child, got \(_forKeyword.kind)")
3058 |     }
3059 |     precondition([.forKeyword].contains(_forKeywordTokenKind),
     |                                         `- error: missing argument label 'where:' in call
3060 |       "expected one of [.forKeyword] for 'forKeyword' " +
3061 |       "in node of kind forInStmt")
/Users/admin/builder/spi-builder-workspace/Sources/SwiftSyntax/SyntaxNodes.swift:3059:41: error: converting non-escaping value to '(Any) throws -> Bool' may allow it to escape
3057 |       fatalError("expected token child, got \(_forKeyword.kind)")
3058 |     }
3059 |     precondition([.forKeyword].contains(_forKeywordTokenKind),
     |                                         `- error: converting non-escaping value to '(Any) throws -> Bool' may allow it to escape
3060 |       "expected one of [.forKeyword] for 'forKeyword' " +
3061 |       "in node of kind forInStmt")
/Users/admin/builder/spi-builder-workspace/Sources/SwiftSyntax/SyntaxNodes.swift:3062:35: error: type 'ForInStmtSyntax.Cursor' has no member 'caseToken'
3060 |       "expected one of [.forKeyword] for 'forKeyword' " +
3061 |       "in node of kind forInStmt")
3062 |     let _caseKeyword = raw[Cursor.caseToken]
     |                                   `- error: type 'ForInStmtSyntax.Cursor' has no member 'caseToken'
3063 |     guard let _caseKeywordTokenKind = _caseKeyword.tokenKind else {
3064 |       fatalError("expected token child, got \(_caseKeyword.kind)")
/Users/admin/builder/spi-builder-workspace/Sources/SwiftSyntax/SyntaxNodes.swift:3066:20: error: reference to member 'caseKeyword' cannot be resolved without a contextual type
3064 |       fatalError("expected token child, got \(_caseKeyword.kind)")
3065 |     }
3066 |     precondition([.caseKeyword].contains(_caseKeywordTokenKind),
     |                    `- error: reference to member 'caseKeyword' cannot be resolved without a contextual type
3067 |       "expected one of [.caseKeyword] for 'caseKeyword' " +
3068 |       "in node of kind forInStmt")
/Users/admin/builder/spi-builder-workspace/Sources/SwiftSyntax/SyntaxNodes.swift:3066:42: error: missing argument label 'where:' in call
3064 |       fatalError("expected token child, got \(_caseKeyword.kind)")
3065 |     }
3066 |     precondition([.caseKeyword].contains(_caseKeywordTokenKind),
     |                                          `- error: missing argument label 'where:' in call
3067 |       "expected one of [.caseKeyword] for 'caseKeyword' " +
3068 |       "in node of kind forInStmt")
/Users/admin/builder/spi-builder-workspace/Sources/SwiftSyntax/SyntaxNodes.swift:3066:42: error: converting non-escaping value to '(Any) throws -> Bool' may allow it to escape
3064 |       fatalError("expected token child, got \(_caseKeyword.kind)")
3065 |     }
3066 |     precondition([.caseKeyword].contains(_caseKeywordTokenKind),
     |                                          `- error: converting non-escaping value to '(Any) throws -> Bool' may allow it to escape
3067 |       "expected one of [.caseKeyword] for 'caseKeyword' " +
3068 |       "in node of kind forInStmt")
/Users/admin/builder/spi-builder-workspace/Sources/SwiftSyntax/SyntaxNodes.swift:3069:35: error: type 'ForInStmtSyntax.Cursor' has no member 'pattern'
3067 |       "expected one of [.caseKeyword] for 'caseKeyword' " +
3068 |       "in node of kind forInStmt")
3069 |     let _itemPattern = raw[Cursor.pattern]
     |                                   `- error: type 'ForInStmtSyntax.Cursor' has no member 'pattern'
3070 |     precondition(_itemPattern.kind == .pattern,
3071 |                  "expected child of kind .pattern, " +
/Users/admin/builder/spi-builder-workspace/Sources/SwiftSyntax/SyntaxNodes.swift:3070:40: error: cannot infer contextual base in reference to member 'pattern'
3068 |       "in node of kind forInStmt")
3069 |     let _itemPattern = raw[Cursor.pattern]
3070 |     precondition(_itemPattern.kind == .pattern,
     |                                        `- error: cannot infer contextual base in reference to member 'pattern'
3071 |                  "expected child of kind .pattern, " +
3072 |                  "got \(_itemPattern.kind)")
/Users/admin/builder/spi-builder-workspace/Sources/SwiftSyntax/SyntaxNodes.swift:3073:33: error: type 'ForInStmtSyntax.Cursor' has no member 'inToken'
3071 |                  "expected child of kind .pattern, " +
3072 |                  "got \(_itemPattern.kind)")
3073 |     let _inKeyword = raw[Cursor.inToken]
     |                                 `- error: type 'ForInStmtSyntax.Cursor' has no member 'inToken'
3074 |     guard let _inKeywordTokenKind = _inKeyword.tokenKind else {
3075 |       fatalError("expected token child, got \(_inKeyword.kind)")
/Users/admin/builder/spi-builder-workspace/Sources/SwiftSyntax/SyntaxNodes.swift:3077:20: error: reference to member 'inKeyword' cannot be resolved without a contextual type
3075 |       fatalError("expected token child, got \(_inKeyword.kind)")
3076 |     }
3077 |     precondition([.inKeyword].contains(_inKeywordTokenKind),
     |                    `- error: reference to member 'inKeyword' cannot be resolved without a contextual type
3078 |       "expected one of [.inKeyword] for 'inKeyword' " +
3079 |       "in node of kind forInStmt")
/Users/admin/builder/spi-builder-workspace/Sources/SwiftSyntax/SyntaxNodes.swift:3077:40: error: missing argument label 'where:' in call
3075 |       fatalError("expected token child, got \(_inKeyword.kind)")
3076 |     }
3077 |     precondition([.inKeyword].contains(_inKeywordTokenKind),
     |                                        `- error: missing argument label 'where:' in call
3078 |       "expected one of [.inKeyword] for 'inKeyword' " +
3079 |       "in node of kind forInStmt")
/Users/admin/builder/spi-builder-workspace/Sources/SwiftSyntax/SyntaxNodes.swift:3077:40: error: converting non-escaping value to '(Any) throws -> Bool' may allow it to escape
3075 |       fatalError("expected token child, got \(_inKeyword.kind)")
3076 |     }
3077 |     precondition([.inKeyword].contains(_inKeywordTokenKind),
     |                                        `- error: converting non-escaping value to '(Any) throws -> Bool' may allow it to escape
3078 |       "expected one of [.inKeyword] for 'inKeyword' " +
3079 |       "in node of kind forInStmt")
/Users/admin/builder/spi-builder-workspace/Sources/SwiftSyntax/SyntaxNodes.swift:3080:38: error: type 'ForInStmtSyntax.Cursor' has no member 'expr'
3078 |       "expected one of [.inKeyword] for 'inKeyword' " +
3079 |       "in node of kind forInStmt")
3080 |     let _collectionExpr = raw[Cursor.expr]
     |                                      `- error: type 'ForInStmtSyntax.Cursor' has no member 'expr'
3081 |     precondition(_collectionExpr.kind == .expr,
3082 |                  "expected child of kind .expr, " +
/Users/admin/builder/spi-builder-workspace/Sources/SwiftSyntax/SyntaxNodes.swift:3081:43: error: cannot infer contextual base in reference to member 'expr'
3079 |       "in node of kind forInStmt")
3080 |     let _collectionExpr = raw[Cursor.expr]
3081 |     precondition(_collectionExpr.kind == .expr,
     |                                           `- error: cannot infer contextual base in reference to member 'expr'
3082 |                  "expected child of kind .expr, " +
3083 |                  "got \(_collectionExpr.kind)")
/Users/admin/builder/spi-builder-workspace/Sources/SwiftSyntax/SyntaxNodes.swift:3088:28: error: type 'ForInStmtSyntax.Cursor' has no member 'codeBlock'
3086 |                  "expected child of kind .whereClause, " +
3087 |                  "got \(_whereClause.kind)")
3088 |     let _body = raw[Cursor.codeBlock]
     |                            `- error: type 'ForInStmtSyntax.Cursor' has no member 'codeBlock'
3089 |     precondition(_body.kind == .codeBlock,
3090 |                  "expected child of kind .codeBlock, " +
/Users/admin/builder/spi-builder-workspace/Sources/SwiftSyntax/SyntaxNodes.swift:3089:33: error: cannot infer contextual base in reference to member 'codeBlock'
3087 |                  "got \(_whereClause.kind)")
3088 |     let _body = raw[Cursor.codeBlock]
3089 |     precondition(_body.kind == .codeBlock,
     |                                 `- error: cannot infer contextual base in reference to member 'codeBlock'
3090 |                  "expected child of kind .codeBlock, " +
3091 |                  "got \(_body.kind)")
/Users/admin/builder/spi-builder-workspace/Sources/SwiftSyntax/SyntaxNodes.swift:3092:33: error: type 'ForInStmtSyntax.Cursor' has no member 'semicolonToken'
3090 |                  "expected child of kind .codeBlock, " +
3091 |                  "got \(_body.kind)")
3092 |     let _semicolon = raw[Cursor.semicolonToken]
     |                                 `- error: type 'ForInStmtSyntax.Cursor' has no member 'semicolonToken'
3093 |     guard let _semicolonTokenKind = _semicolon.tokenKind else {
3094 |       fatalError("expected token child, got \(_semicolon.kind)")
/Users/admin/builder/spi-builder-workspace/Sources/SwiftSyntax/SyntaxNodes.swift:3096:20: error: reference to member 'semicolon' cannot be resolved without a contextual type
3094 |       fatalError("expected token child, got \(_semicolon.kind)")
3095 |     }
3096 |     precondition([.semicolon].contains(_semicolonTokenKind),
     |                    `- error: reference to member 'semicolon' cannot be resolved without a contextual type
3097 |       "expected one of [.semicolon] for 'semicolon' " +
3098 |       "in node of kind forInStmt")
/Users/admin/builder/spi-builder-workspace/Sources/SwiftSyntax/SyntaxNodes.swift:3096:40: error: missing argument label 'where:' in call
3094 |       fatalError("expected token child, got \(_semicolon.kind)")
3095 |     }
3096 |     precondition([.semicolon].contains(_semicolonTokenKind),
     |                                        `- error: missing argument label 'where:' in call
3097 |       "expected one of [.semicolon] for 'semicolon' " +
3098 |       "in node of kind forInStmt")
/Users/admin/builder/spi-builder-workspace/Sources/SwiftSyntax/SyntaxNodes.swift:3096:40: error: converting non-escaping value to '(Any) throws -> Bool' may allow it to escape
3094 |       fatalError("expected token child, got \(_semicolon.kind)")
3095 |     }
3096 |     precondition([.semicolon].contains(_semicolonTokenKind),
     |                                        `- error: converting non-escaping value to '(Any) throws -> Bool' may allow it to escape
3097 |       "expected one of [.semicolon] for 'semicolon' " +
3098 |       "in node of kind forInStmt")
/Users/admin/builder/spi-builder-workspace/Sources/SwiftSyntax/SyntaxNodes.swift:3253:33: error: type 'SwitchStmtSyntax.Cursor' has no member 'identifierToken'
3251 |       if isMissing { return }
3252 |     precondition(raw.layout.count == 8)
3253 |     let _labelName = raw[Cursor.identifierToken]
     |                                 `- error: type 'SwitchStmtSyntax.Cursor' has no member 'identifierToken'
3254 |     guard let _labelNameTokenKind = _labelName.tokenKind else {
3255 |       fatalError("expected token child, got \(_labelName.kind)")
/Users/admin/builder/spi-builder-workspace/Sources/SwiftSyntax/SyntaxNodes.swift:3257:20: error: reference to member 'identifier' cannot be resolved without a contextual type
3255 |       fatalError("expected token child, got \(_labelName.kind)")
3256 |     }
3257 |     precondition([.identifier].contains(_labelNameTokenKind),
     |                    `- error: reference to member 'identifier' cannot be resolved without a contextual type
3258 |       "expected one of [.identifier] for 'labelName' " +
3259 |       "in node of kind switchStmt")
/Users/admin/builder/spi-builder-workspace/Sources/SwiftSyntax/SyntaxNodes.swift:3257:41: error: missing argument label 'where:' in call
3255 |       fatalError("expected token child, got \(_labelName.kind)")
3256 |     }
3257 |     precondition([.identifier].contains(_labelNameTokenKind),
     |                                         `- error: missing argument label 'where:' in call
3258 |       "expected one of [.identifier] for 'labelName' " +
3259 |       "in node of kind switchStmt")
/Users/admin/builder/spi-builder-workspace/Sources/SwiftSyntax/SyntaxNodes.swift:3257:41: error: converting non-escaping value to '(Any) throws -> Bool' may allow it to escape
3255 |       fatalError("expected token child, got \(_labelName.kind)")
3256 |     }
3257 |     precondition([.identifier].contains(_labelNameTokenKind),
     |                                         `- error: converting non-escaping value to '(Any) throws -> Bool' may allow it to escape
3258 |       "expected one of [.identifier] for 'labelName' " +
3259 |       "in node of kind switchStmt")
/Users/admin/builder/spi-builder-workspace/Sources/SwiftSyntax/SyntaxNodes.swift:3260:34: error: type 'SwitchStmtSyntax.Cursor' has no member 'colonToken'
3258 |       "expected one of [.identifier] for 'labelName' " +
3259 |       "in node of kind switchStmt")
3260 |     let _labelColon = raw[Cursor.colonToken]
     |                                  `- error: type 'SwitchStmtSyntax.Cursor' has no member 'colonToken'
3261 |     guard let _labelColonTokenKind = _labelColon.tokenKind else {
3262 |       fatalError("expected token child, got \(_labelColon.kind)")
/Users/admin/builder/spi-builder-workspace/Sources/SwiftSyntax/SyntaxNodes.swift:3264:20: error: reference to member 'colon' cannot be resolved without a contextual type
3262 |       fatalError("expected token child, got \(_labelColon.kind)")
3263 |     }
3264 |     precondition([.colon].contains(_labelColonTokenKind),
     |                    `- error: reference to member 'colon' cannot be resolved without a contextual type
3265 |       "expected one of [.colon] for 'labelColon' " +
3266 |       "in node of kind switchStmt")
/Users/admin/builder/spi-builder-workspace/Sources/SwiftSyntax/SyntaxNodes.swift:3264:36: error: missing argument label 'where:' in call
3262 |       fatalError("expected token child, got \(_labelColon.kind)")
3263 |     }
3264 |     precondition([.colon].contains(_labelColonTokenKind),
     |                                    `- error: missing argument label 'where:' in call
3265 |       "expected one of [.colon] for 'labelColon' " +
3266 |       "in node of kind switchStmt")
/Users/admin/builder/spi-builder-workspace/Sources/SwiftSyntax/SyntaxNodes.swift:3264:36: error: converting non-escaping value to '(Any) throws -> Bool' may allow it to escape
3262 |       fatalError("expected token child, got \(_labelColon.kind)")
3263 |     }
3264 |     precondition([.colon].contains(_labelColonTokenKind),
     |                                    `- error: converting non-escaping value to '(Any) throws -> Bool' may allow it to escape
3265 |       "expected one of [.colon] for 'labelColon' " +
3266 |       "in node of kind switchStmt")
/Users/admin/builder/spi-builder-workspace/Sources/SwiftSyntax/SyntaxNodes.swift:3267:37: error: type 'SwitchStmtSyntax.Cursor' has no member 'switchToken'
3265 |       "expected one of [.colon] for 'labelColon' " +
3266 |       "in node of kind switchStmt")
3267 |     let _switchKeyword = raw[Cursor.switchToken]
     |                                     `- error: type 'SwitchStmtSyntax.Cursor' has no member 'switchToken'
3268 |     guard let _switchKeywordTokenKind = _switchKeyword.tokenKind else {
3269 |       fatalError("expected token child, got \(_switchKeyword.kind)")
/Users/admin/builder/spi-builder-workspace/Sources/SwiftSyntax/SyntaxNodes.swift:3271:20: error: reference to member 'switchKeyword' cannot be resolved without a contextual type
3269 |       fatalError("expected token child, got \(_switchKeyword.kind)")
3270 |     }
3271 |     precondition([.switchKeyword].contains(_switchKeywordTokenKind),
     |                    `- error: reference to member 'switchKeyword' cannot be resolved without a contextual type
3272 |       "expected one of [.switchKeyword] for 'switchKeyword' " +
3273 |       "in node of kind switchStmt")
/Users/admin/builder/spi-builder-workspace/Sources/SwiftSyntax/SyntaxNodes.swift:3271:44: error: missing argument label 'where:' in call
3269 |       fatalError("expected token child, got \(_switchKeyword.kind)")
3270 |     }
3271 |     precondition([.switchKeyword].contains(_switchKeywordTokenKind),
     |                                            `- error: missing argument label 'where:' in call
3272 |       "expected one of [.switchKeyword] for 'switchKeyword' " +
3273 |       "in node of kind switchStmt")
/Users/admin/builder/spi-builder-workspace/Sources/SwiftSyntax/SyntaxNodes.swift:3271:44: error: converting non-escaping value to '(Any) throws -> Bool' may allow it to escape
3269 |       fatalError("expected token child, got \(_switchKeyword.kind)")
3270 |     }
3271 |     precondition([.switchKeyword].contains(_switchKeywordTokenKind),
     |                                            `- error: converting non-escaping value to '(Any) throws -> Bool' may allow it to escape
3272 |       "expected one of [.switchKeyword] for 'switchKeyword' " +
3273 |       "in node of kind switchStmt")
/Users/admin/builder/spi-builder-workspace/Sources/SwiftSyntax/SyntaxNodes.swift:3274:34: error: type 'SwitchStmtSyntax.Cursor' has no member 'expr'
3272 |       "expected one of [.switchKeyword] for 'switchKeyword' " +
3273 |       "in node of kind switchStmt")
3274 |     let _expression = raw[Cursor.expr]
     |                                  `- error: type 'SwitchStmtSyntax.Cursor' has no member 'expr'
3275 |     precondition(_expression.kind == .expr,
3276 |                  "expected child of kind .expr, " +
/Users/admin/builder/spi-builder-workspace/Sources/SwiftSyntax/SyntaxNodes.swift:3275:39: error: cannot infer contextual base in reference to member 'expr'
3273 |       "in node of kind switchStmt")
3274 |     let _expression = raw[Cursor.expr]
3275 |     precondition(_expression.kind == .expr,
     |                                       `- error: cannot infer contextual base in reference to member 'expr'
3276 |                  "expected child of kind .expr, " +
3277 |                  "got \(_expression.kind)")
/Users/admin/builder/spi-builder-workspace/Sources/SwiftSyntax/SyntaxNodes.swift:3278:33: error: type 'SwitchStmtSyntax.Cursor' has no member 'leftBraceToken'
3276 |                  "expected child of kind .expr, " +
3277 |                  "got \(_expression.kind)")
3278 |     let _openBrace = raw[Cursor.leftBraceToken]
     |                                 `- error: type 'SwitchStmtSyntax.Cursor' has no member 'leftBraceToken'
3279 |     guard let _openBraceTokenKind = _openBrace.tokenKind else {
3280 |       fatalError("expected token child, got \(_openBrace.kind)")
/Users/admin/builder/spi-builder-workspace/Sources/SwiftSyntax/SyntaxNodes.swift:3282:20: error: reference to member 'leftBrace' cannot be resolved without a contextual type
3280 |       fatalError("expected token child, got \(_openBrace.kind)")
3281 |     }
3282 |     precondition([.leftBrace].contains(_openBraceTokenKind),
     |                    `- error: reference to member 'leftBrace' cannot be resolved without a contextual type
3283 |       "expected one of [.leftBrace] for 'openBrace' " +
3284 |       "in node of kind switchStmt")
/Users/admin/builder/spi-builder-workspace/Sources/SwiftSyntax/SyntaxNodes.swift:3282:40: error: missing argument label 'where:' in call
3280 |       fatalError("expected token child, got \(_openBrace.kind)")
3281 |     }
3282 |     precondition([.leftBrace].contains(_openBraceTokenKind),
     |                                        `- error: missing argument label 'where:' in call
3283 |       "expected one of [.leftBrace] for 'openBrace' " +
3284 |       "in node of kind switchStmt")
/Users/admin/builder/spi-builder-workspace/Sources/SwiftSyntax/SyntaxNodes.swift:3282:40: error: converting non-escaping value to '(Any) throws -> Bool' may allow it to escape
3280 |       fatalError("expected token child, got \(_openBrace.kind)")
3281 |     }
3282 |     precondition([.leftBrace].contains(_openBraceTokenKind),
     |                                        `- error: converting non-escaping value to '(Any) throws -> Bool' may allow it to escape
3283 |       "expected one of [.leftBrace] for 'openBrace' " +
3284 |       "in node of kind switchStmt")
/Users/admin/builder/spi-builder-workspace/Sources/SwiftSyntax/SyntaxNodes.swift:3285:29: error: type 'SwitchStmtSyntax.Cursor' has no member 'switchCaseList'
3283 |       "expected one of [.leftBrace] for 'openBrace' " +
3284 |       "in node of kind switchStmt")
3285 |     let _cases = raw[Cursor.switchCaseList]
     |                             `- error: type 'SwitchStmtSyntax.Cursor' has no member 'switchCaseList'
3286 |     precondition(_cases.kind == .switchCaseList,
3287 |                  "expected child of kind .switchCaseList, " +
/Users/admin/builder/spi-builder-workspace/Sources/SwiftSyntax/SyntaxNodes.swift:3286:34: error: cannot infer contextual base in reference to member 'switchCaseList'
3284 |       "in node of kind switchStmt")
3285 |     let _cases = raw[Cursor.switchCaseList]
3286 |     precondition(_cases.kind == .switchCaseList,
     |                                  `- error: cannot infer contextual base in reference to member 'switchCaseList'
3287 |                  "expected child of kind .switchCaseList, " +
3288 |                  "got \(_cases.kind)")
/Users/admin/builder/spi-builder-workspace/Sources/SwiftSyntax/SyntaxNodes.swift:3289:34: error: type 'SwitchStmtSyntax.Cursor' has no member 'rightBraceToken'
3287 |                  "expected child of kind .switchCaseList, " +
3288 |                  "got \(_cases.kind)")
3289 |     let _closeBrace = raw[Cursor.rightBraceToken]
     |                                  `- error: type 'SwitchStmtSyntax.Cursor' has no member 'rightBraceToken'
3290 |     guard let _closeBraceTokenKind = _closeBrace.tokenKind else {
3291 |       fatalError("expected token child, got \(_closeBrace.kind)")
/Users/admin/builder/spi-builder-workspace/Sources/SwiftSyntax/SyntaxNodes.swift:3293:20: error: reference to member 'rightBrace' cannot be resolved without a contextual type
3291 |       fatalError("expected token child, got \(_closeBrace.kind)")
3292 |     }
3293 |     precondition([.rightBrace].contains(_closeBraceTokenKind),
     |                    `- error: reference to member 'rightBrace' cannot be resolved without a contextual type
3294 |       "expected one of [.rightBrace] for 'closeBrace' " +
3295 |       "in node of kind switchStmt")
/Users/admin/builder/spi-builder-workspace/Sources/SwiftSyntax/SyntaxNodes.swift:3293:41: error: missing argument label 'where:' in call
3291 |       fatalError("expected token child, got \(_closeBrace.kind)")
3292 |     }
3293 |     precondition([.rightBrace].contains(_closeBraceTokenKind),
     |                                         `- error: missing argument label 'where:' in call
3294 |       "expected one of [.rightBrace] for 'closeBrace' " +
3295 |       "in node of kind switchStmt")
/Users/admin/builder/spi-builder-workspace/Sources/SwiftSyntax/SyntaxNodes.swift:3293:41: error: converting non-escaping value to '(Any) throws -> Bool' may allow it to escape
3291 |       fatalError("expected token child, got \(_closeBrace.kind)")
3292 |     }
3293 |     precondition([.rightBrace].contains(_closeBraceTokenKind),
     |                                         `- error: converting non-escaping value to '(Any) throws -> Bool' may allow it to escape
3294 |       "expected one of [.rightBrace] for 'closeBrace' " +
3295 |       "in node of kind switchStmt")
/Users/admin/builder/spi-builder-workspace/Sources/SwiftSyntax/SyntaxNodes.swift:3296:33: error: type 'SwitchStmtSyntax.Cursor' has no member 'semicolonToken'
3294 |       "expected one of [.rightBrace] for 'closeBrace' " +
3295 |       "in node of kind switchStmt")
3296 |     let _semicolon = raw[Cursor.semicolonToken]
     |                                 `- error: type 'SwitchStmtSyntax.Cursor' has no member 'semicolonToken'
3297 |     guard let _semicolonTokenKind = _semicolon.tokenKind else {
3298 |       fatalError("expected token child, got \(_semicolon.kind)")
/Users/admin/builder/spi-builder-workspace/Sources/SwiftSyntax/SyntaxNodes.swift:3300:20: error: reference to member 'semicolon' cannot be resolved without a contextual type
3298 |       fatalError("expected token child, got \(_semicolon.kind)")
3299 |     }
3300 |     precondition([.semicolon].contains(_semicolonTokenKind),
     |                    `- error: reference to member 'semicolon' cannot be resolved without a contextual type
3301 |       "expected one of [.semicolon] for 'semicolon' " +
3302 |       "in node of kind switchStmt")
/Users/admin/builder/spi-builder-workspace/Sources/SwiftSyntax/SyntaxNodes.swift:3300:40: error: missing argument label 'where:' in call
3298 |       fatalError("expected token child, got \(_semicolon.kind)")
3299 |     }
3300 |     precondition([.semicolon].contains(_semicolonTokenKind),
     |                                        `- error: missing argument label 'where:' in call
3301 |       "expected one of [.semicolon] for 'semicolon' " +
3302 |       "in node of kind switchStmt")
/Users/admin/builder/spi-builder-workspace/Sources/SwiftSyntax/SyntaxNodes.swift:3300:40: error: converting non-escaping value to '(Any) throws -> Bool' may allow it to escape
3298 |       fatalError("expected token child, got \(_semicolon.kind)")
3299 |     }
3300 |     precondition([.semicolon].contains(_semicolonTokenKind),
     |                                        `- error: converting non-escaping value to '(Any) throws -> Bool' may allow it to escape
3301 |       "expected one of [.semicolon] for 'semicolon' " +
3302 |       "in node of kind switchStmt")
/Users/admin/builder/spi-builder-workspace/Sources/SwiftSyntax/SyntaxNodes.swift:3435:33: error: type 'DoStmtSyntax.Cursor' has no member 'identifierToken'
3433 |       if isMissing { return }
3434 |     precondition(raw.layout.count == 6)
3435 |     let _labelName = raw[Cursor.identifierToken]
     |                                 `- error: type 'DoStmtSyntax.Cursor' has no member 'identifierToken'
3436 |     guard let _labelNameTokenKind = _labelName.tokenKind else {
3437 |       fatalError("expected token child, got \(_labelName.kind)")
/Users/admin/builder/spi-builder-workspace/Sources/SwiftSyntax/SyntaxNodes.swift:3439:20: error: reference to member 'identifier' cannot be resolved without a contextual type
3437 |       fatalError("expected token child, got \(_labelName.kind)")
3438 |     }
3439 |     precondition([.identifier].contains(_labelNameTokenKind),
     |                    `- error: reference to member 'identifier' cannot be resolved without a contextual type
3440 |       "expected one of [.identifier] for 'labelName' " +
3441 |       "in node of kind doStmt")
/Users/admin/builder/spi-builder-workspace/Sources/SwiftSyntax/SyntaxNodes.swift:3439:41: error: missing argument label 'where:' in call
3437 |       fatalError("expected token child, got \(_labelName.kind)")
3438 |     }
3439 |     precondition([.identifier].contains(_labelNameTokenKind),
     |                                         `- error: missing argument label 'where:' in call
3440 |       "expected one of [.identifier] for 'labelName' " +
3441 |       "in node of kind doStmt")
/Users/admin/builder/spi-builder-workspace/Sources/SwiftSyntax/SyntaxNodes.swift:3439:41: error: converting non-escaping value to '(Any) throws -> Bool' may allow it to escape
3437 |       fatalError("expected token child, got \(_labelName.kind)")
3438 |     }
3439 |     precondition([.identifier].contains(_labelNameTokenKind),
     |                                         `- error: converting non-escaping value to '(Any) throws -> Bool' may allow it to escape
3440 |       "expected one of [.identifier] for 'labelName' " +
3441 |       "in node of kind doStmt")
/Users/admin/builder/spi-builder-workspace/Sources/SwiftSyntax/SyntaxNodes.swift:3442:34: error: type 'DoStmtSyntax.Cursor' has no member 'colonToken'
3440 |       "expected one of [.identifier] for 'labelName' " +
3441 |       "in node of kind doStmt")
3442 |     let _labelColon = raw[Cursor.colonToken]
     |                                  `- error: type 'DoStmtSyntax.Cursor' has no member 'colonToken'
3443 |     guard let _labelColonTokenKind = _labelColon.tokenKind else {
3444 |       fatalError("expected token child, got \(_labelColon.kind)")
/Users/admin/builder/spi-builder-workspace/Sources/SwiftSyntax/SyntaxNodes.swift:3446:20: error: reference to member 'colon' cannot be resolved without a contextual type
3444 |       fatalError("expected token child, got \(_labelColon.kind)")
3445 |     }
3446 |     precondition([.colon].contains(_labelColonTokenKind),
     |                    `- error: reference to member 'colon' cannot be resolved without a contextual type
3447 |       "expected one of [.colon] for 'labelColon' " +
3448 |       "in node of kind doStmt")
/Users/admin/builder/spi-builder-workspace/Sources/SwiftSyntax/SyntaxNodes.swift:3446:36: error: missing argument label 'where:' in call
3444 |       fatalError("expected token child, got \(_labelColon.kind)")
3445 |     }
3446 |     precondition([.colon].contains(_labelColonTokenKind),
     |                                    `- error: missing argument label 'where:' in call
3447 |       "expected one of [.colon] for 'labelColon' " +
3448 |       "in node of kind doStmt")
/Users/admin/builder/spi-builder-workspace/Sources/SwiftSyntax/SyntaxNodes.swift:3446:36: error: converting non-escaping value to '(Any) throws -> Bool' may allow it to escape
3444 |       fatalError("expected token child, got \(_labelColon.kind)")
3445 |     }
3446 |     precondition([.colon].contains(_labelColonTokenKind),
     |                                    `- error: converting non-escaping value to '(Any) throws -> Bool' may allow it to escape
3447 |       "expected one of [.colon] for 'labelColon' " +
3448 |       "in node of kind doStmt")
/Users/admin/builder/spi-builder-workspace/Sources/SwiftSyntax/SyntaxNodes.swift:3449:33: error: type 'DoStmtSyntax.Cursor' has no member 'doToken'
3447 |       "expected one of [.colon] for 'labelColon' " +
3448 |       "in node of kind doStmt")
3449 |     let _doKeyword = raw[Cursor.doToken]
     |                                 `- error: type 'DoStmtSyntax.Cursor' has no member 'doToken'
3450 |     guard let _doKeywordTokenKind = _doKeyword.tokenKind else {
3451 |       fatalError("expected token child, got \(_doKeyword.kind)")
/Users/admin/builder/spi-builder-workspace/Sources/SwiftSyntax/SyntaxNodes.swift:3453:20: error: reference to member 'doKeyword' cannot be resolved without a contextual type
3451 |       fatalError("expected token child, got \(_doKeyword.kind)")
3452 |     }
3453 |     precondition([.doKeyword].contains(_doKeywordTokenKind),
     |                    `- error: reference to member 'doKeyword' cannot be resolved without a contextual type
3454 |       "expected one of [.doKeyword] for 'doKeyword' " +
3455 |       "in node of kind doStmt")
/Users/admin/builder/spi-builder-workspace/Sources/SwiftSyntax/SyntaxNodes.swift:3453:40: error: missing argument label 'where:' in call
3451 |       fatalError("expected token child, got \(_doKeyword.kind)")
3452 |     }
3453 |     precondition([.doKeyword].contains(_doKeywordTokenKind),
     |                                        `- error: missing argument label 'where:' in call
3454 |       "expected one of [.doKeyword] for 'doKeyword' " +
3455 |       "in node of kind doStmt")
/Users/admin/builder/spi-builder-workspace/Sources/SwiftSyntax/SyntaxNodes.swift:3453:40: error: converting non-escaping value to '(Any) throws -> Bool' may allow it to escape
3451 |       fatalError("expected token child, got \(_doKeyword.kind)")
3452 |     }
3453 |     precondition([.doKeyword].contains(_doKeywordTokenKind),
     |                                        `- error: converting non-escaping value to '(Any) throws -> Bool' may allow it to escape
3454 |       "expected one of [.doKeyword] for 'doKeyword' " +
3455 |       "in node of kind doStmt")
/Users/admin/builder/spi-builder-workspace/Sources/SwiftSyntax/SyntaxNodes.swift:3456:28: error: type 'DoStmtSyntax.Cursor' has no member 'codeBlock'
3454 |       "expected one of [.doKeyword] for 'doKeyword' " +
3455 |       "in node of kind doStmt")
3456 |     let _body = raw[Cursor.codeBlock]
     |                            `- error: type 'DoStmtSyntax.Cursor' has no member 'codeBlock'
3457 |     precondition(_body.kind == .codeBlock,
3458 |                  "expected child of kind .codeBlock, " +
/Users/admin/builder/spi-builder-workspace/Sources/SwiftSyntax/SyntaxNodes.swift:3457:33: error: cannot infer contextual base in reference to member 'codeBlock'
3455 |       "in node of kind doStmt")
3456 |     let _body = raw[Cursor.codeBlock]
3457 |     precondition(_body.kind == .codeBlock,
     |                                 `- error: cannot infer contextual base in reference to member 'codeBlock'
3458 |                  "expected child of kind .codeBlock, " +
3459 |                  "got \(_body.kind)")
/Users/admin/builder/spi-builder-workspace/Sources/SwiftSyntax/SyntaxNodes.swift:3460:36: error: type 'DoStmtSyntax.Cursor' has no member 'catchClauseList'
3458 |                  "expected child of kind .codeBlock, " +
3459 |                  "got \(_body.kind)")
3460 |     let _catchClauses = raw[Cursor.catchClauseList]
     |                                    `- error: type 'DoStmtSyntax.Cursor' has no member 'catchClauseList'
3461 |     precondition(_catchClauses.kind == .catchClauseList,
3462 |                  "expected child of kind .catchClauseList, " +
/Users/admin/builder/spi-builder-workspace/Sources/SwiftSyntax/SyntaxNodes.swift:3461:41: error: cannot infer contextual base in reference to member 'catchClauseList'
3459 |                  "got \(_body.kind)")
3460 |     let _catchClauses = raw[Cursor.catchClauseList]
3461 |     precondition(_catchClauses.kind == .catchClauseList,
     |                                         `- error: cannot infer contextual base in reference to member 'catchClauseList'
3462 |                  "expected child of kind .catchClauseList, " +
3463 |                  "got \(_catchClauses.kind)")
/Users/admin/builder/spi-builder-workspace/Sources/SwiftSyntax/SyntaxNodes.swift:3464:33: error: type 'DoStmtSyntax.Cursor' has no member 'semicolonToken'
3462 |                  "expected child of kind .catchClauseList, " +
3463 |                  "got \(_catchClauses.kind)")
3464 |     let _semicolon = raw[Cursor.semicolonToken]
     |                                 `- error: type 'DoStmtSyntax.Cursor' has no member 'semicolonToken'
3465 |     guard let _semicolonTokenKind = _semicolon.tokenKind else {
3466 |       fatalError("expected token child, got \(_semicolon.kind)")
/Users/admin/builder/spi-builder-workspace/Sources/SwiftSyntax/SyntaxNodes.swift:3468:20: error: reference to member 'semicolon' cannot be resolved without a contextual type
3466 |       fatalError("expected token child, got \(_semicolon.kind)")
3467 |     }
3468 |     precondition([.semicolon].contains(_semicolonTokenKind),
     |                    `- error: reference to member 'semicolon' cannot be resolved without a contextual type
3469 |       "expected one of [.semicolon] for 'semicolon' " +
3470 |       "in node of kind doStmt")
/Users/admin/builder/spi-builder-workspace/Sources/SwiftSyntax/SyntaxNodes.swift:3468:40: error: missing argument label 'where:' in call
3466 |       fatalError("expected token child, got \(_semicolon.kind)")
3467 |     }
3468 |     precondition([.semicolon].contains(_semicolonTokenKind),
     |                                        `- error: missing argument label 'where:' in call
3469 |       "expected one of [.semicolon] for 'semicolon' " +
3470 |       "in node of kind doStmt")
/Users/admin/builder/spi-builder-workspace/Sources/SwiftSyntax/SyntaxNodes.swift:3468:40: error: converting non-escaping value to '(Any) throws -> Bool' may allow it to escape
3466 |       fatalError("expected token child, got \(_semicolon.kind)")
3467 |     }
3468 |     precondition([.semicolon].contains(_semicolonTokenKind),
     |                                        `- error: converting non-escaping value to '(Any) throws -> Bool' may allow it to escape
3469 |       "expected one of [.semicolon] for 'semicolon' " +
3470 |       "in node of kind doStmt")
/Users/admin/builder/spi-builder-workspace/Sources/SwiftSyntax/SyntaxNodes.swift:3573:37: error: type 'ReturnStmtSyntax.Cursor' has no member 'returnToken'
3571 |       if isMissing { return }
3572 |     precondition(raw.layout.count == 3)
3573 |     let _returnKeyword = raw[Cursor.returnToken]
     |                                     `- error: type 'ReturnStmtSyntax.Cursor' has no member 'returnToken'
3574 |     guard let _returnKeywordTokenKind = _returnKeyword.tokenKind else {
3575 |       fatalError("expected token child, got \(_returnKeyword.kind)")
/Users/admin/builder/spi-builder-workspace/Sources/SwiftSyntax/SyntaxNodes.swift:3577:20: error: reference to member 'returnKeyword' cannot be resolved without a contextual type
3575 |       fatalError("expected token child, got \(_returnKeyword.kind)")
3576 |     }
3577 |     precondition([.returnKeyword].contains(_returnKeywordTokenKind),
     |                    `- error: reference to member 'returnKeyword' cannot be resolved without a contextual type
3578 |       "expected one of [.returnKeyword] for 'returnKeyword' " +
3579 |       "in node of kind returnStmt")
/Users/admin/builder/spi-builder-workspace/Sources/SwiftSyntax/SyntaxNodes.swift:3577:44: error: missing argument label 'where:' in call
3575 |       fatalError("expected token child, got \(_returnKeyword.kind)")
3576 |     }
3577 |     precondition([.returnKeyword].contains(_returnKeywordTokenKind),
     |                                            `- error: missing argument label 'where:' in call
3578 |       "expected one of [.returnKeyword] for 'returnKeyword' " +
3579 |       "in node of kind returnStmt")
SwiftCompile normal arm64 /Users/admin/builder/spi-builder-workspace/Sources/SwiftSyntax/SyntaxNodes.swift (in target 'SwiftSyntax' from project 'SwiftSyntax')
    cd /Users/admin/builder/spi-builder-workspace/.swiftpm/xcode
    builtin-SwiftPerFileCompile SyntaxNodes.swift
/Users/admin/builder/spi-builder-workspace/Sources/SwiftSyntax/SyntaxNodes.swift:3577:44: error: converting non-escaping value to '(Any) throws -> Bool' may allow it to escape
3575 |       fatalError("expected token child, got \(_returnKeyword.kind)")
3576 |     }
3577 |     precondition([.returnKeyword].contains(_returnKeywordTokenKind),
     |                                            `- error: converting non-escaping value to '(Any) throws -> Bool' may allow it to escape
3578 |       "expected one of [.returnKeyword] for 'returnKeyword' " +
3579 |       "in node of kind returnStmt")
/Users/admin/builder/spi-builder-workspace/Sources/SwiftSyntax/SyntaxNodes.swift:3580:34: error: type 'ReturnStmtSyntax.Cursor' has no member 'expr'
3578 |       "expected one of [.returnKeyword] for 'returnKeyword' " +
3579 |       "in node of kind returnStmt")
3580 |     let _expression = raw[Cursor.expr]
     |                                  `- error: type 'ReturnStmtSyntax.Cursor' has no member 'expr'
3581 |     precondition(_expression.kind == .expr,
3582 |                  "expected child of kind .expr, " +
/Users/admin/builder/spi-builder-workspace/Sources/SwiftSyntax/SyntaxNodes.swift:3581:39: error: cannot infer contextual base in reference to member 'expr'
3579 |       "in node of kind returnStmt")
3580 |     let _expression = raw[Cursor.expr]
3581 |     precondition(_expression.kind == .expr,
     |                                       `- error: cannot infer contextual base in reference to member 'expr'
3582 |                  "expected child of kind .expr, " +
3583 |                  "got \(_expression.kind)")
/Users/admin/builder/spi-builder-workspace/Sources/SwiftSyntax/SyntaxNodes.swift:3584:33: error: type 'ReturnStmtSyntax.Cursor' has no member 'semicolonToken'
3582 |                  "expected child of kind .expr, " +
3583 |                  "got \(_expression.kind)")
3584 |     let _semicolon = raw[Cursor.semicolonToken]
     |                                 `- error: type 'ReturnStmtSyntax.Cursor' has no member 'semicolonToken'
3585 |     guard let _semicolonTokenKind = _semicolon.tokenKind else {
3586 |       fatalError("expected token child, got \(_semicolon.kind)")
/Users/admin/builder/spi-builder-workspace/Sources/SwiftSyntax/SyntaxNodes.swift:3588:20: error: reference to member 'semicolon' cannot be resolved without a contextual type
3586 |       fatalError("expected token child, got \(_semicolon.kind)")
3587 |     }
3588 |     precondition([.semicolon].contains(_semicolonTokenKind),
     |                    `- error: reference to member 'semicolon' cannot be resolved without a contextual type
3589 |       "expected one of [.semicolon] for 'semicolon' " +
3590 |       "in node of kind returnStmt")
/Users/admin/builder/spi-builder-workspace/Sources/SwiftSyntax/SyntaxNodes.swift:3588:40: error: missing argument label 'where:' in call
3586 |       fatalError("expected token child, got \(_semicolon.kind)")
3587 |     }
3588 |     precondition([.semicolon].contains(_semicolonTokenKind),
     |                                        `- error: missing argument label 'where:' in call
3589 |       "expected one of [.semicolon] for 'semicolon' " +
3590 |       "in node of kind returnStmt")
/Users/admin/builder/spi-builder-workspace/Sources/SwiftSyntax/SyntaxNodes.swift:3588:40: error: converting non-escaping value to '(Any) throws -> Bool' may allow it to escape
3586 |       fatalError("expected token child, got \(_semicolon.kind)")
3587 |     }
3588 |     precondition([.semicolon].contains(_semicolonTokenKind),
     |                                        `- error: converting non-escaping value to '(Any) throws -> Bool' may allow it to escape
3589 |       "expected one of [.semicolon] for 'semicolon' " +
3590 |       "in node of kind returnStmt")
/Users/admin/builder/spi-builder-workspace/Sources/SwiftSyntax/SyntaxNodes.swift:3645:42: error: type 'FallthroughStmtSyntax.Cursor' has no member 'fallthroughToken'
3643 |       if isMissing { return }
3644 |     precondition(raw.layout.count == 2)
3645 |     let _fallthroughKeyword = raw[Cursor.fallthroughToken]
     |                                          `- error: type 'FallthroughStmtSyntax.Cursor' has no member 'fallthroughToken'
3646 |     guard let _fallthroughKeywordTokenKind = _fallthroughKeyword.tokenKind else {
3647 |       fatalError("expected token child, got \(_fallthroughKeyword.kind)")
/Users/admin/builder/spi-builder-workspace/Sources/SwiftSyntax/SyntaxNodes.swift:3649:20: error: reference to member 'fallthroughKeyword' cannot be resolved without a contextual type
3647 |       fatalError("expected token child, got \(_fallthroughKeyword.kind)")
3648 |     }
3649 |     precondition([.fallthroughKeyword].contains(_fallthroughKeywordTokenKind),
     |                    `- error: reference to member 'fallthroughKeyword' cannot be resolved without a contextual type
3650 |       "expected one of [.fallthroughKeyword] for 'fallthroughKeyword' " +
3651 |       "in node of kind fallthroughStmt")
SwiftCompile normal arm64 Compiling\ SyntaxRewriter.swift /Users/admin/builder/spi-builder-workspace/Sources/SwiftSyntax/SyntaxRewriter.swift (in target 'SwiftSyntax' from project 'SwiftSyntax')
SwiftCompile normal arm64 /Users/admin/builder/spi-builder-workspace/Sources/SwiftSyntax/SyntaxRewriter.swift (in target 'SwiftSyntax' from project 'SwiftSyntax')
    cd /Users/admin/builder/spi-builder-workspace/.swiftpm/xcode
    builtin-SwiftPerFileCompile SyntaxRewriter.swift
SwiftEmitModule normal arm64 Emitting\ module\ for\ SwiftSyntax (in target 'SwiftSyntax' from project 'SwiftSyntax')
SwiftCompile normal arm64 (in target 'SwiftSyntax' from project 'SwiftSyntax')
    cd /Users/admin/builder/spi-builder-workspace/.swiftpm/xcode

SwiftCompile normal arm64 Compiling\ Trivia.swift /Users/admin/builder/spi-builder-workspace/Sources/SwiftSyntax/Trivia.swift (in target 'SwiftSyntax' from project 'SwiftSyntax')
SwiftCompile normal arm64 /Users/admin/builder/spi-builder-workspace/Sources/SwiftSyntax/Trivia.swift (in target 'SwiftSyntax' from project 'SwiftSyntax')
    cd /Users/admin/builder/spi-builder-workspace/.swiftpm/xcode
    builtin-SwiftPerFileCompile Trivia.swift
SwiftCompile normal arm64 Compiling\ SyntaxFactory.swift,\ SyntaxKind.swift /Users/admin/builder/spi-builder-workspace/Sources/SwiftSyntax/SyntaxFactory.swift /Users/admin/builder/spi-builder-workspace/Sources/SwiftSyntax/SyntaxKind.swift (in target 'SwiftSyntax' from project 'SwiftSyntax')
SwiftCompile normal arm64 /Users/admin/builder/spi-builder-workspace/Sources/SwiftSyntax/SyntaxFactory.swift (in target 'SwiftSyntax' from project 'SwiftSyntax')
    cd /Users/admin/builder/spi-builder-workspace/.swiftpm/xcode
    builtin-SwiftPerFileCompile SyntaxFactory.swift
SwiftCompile normal arm64 /Users/admin/builder/spi-builder-workspace/Sources/SwiftSyntax/SyntaxKind.swift (in target 'SwiftSyntax' from project 'SwiftSyntax')
    cd /Users/admin/builder/spi-builder-workspace/.swiftpm/xcode
    builtin-SwiftPerFileCompile SyntaxKind.swift
SwiftCompile normal arm64 Compiling\ SourcePresence.swift,\ SwiftSyntax.swift /Users/admin/builder/spi-builder-workspace/Sources/SwiftSyntax/SourcePresence.swift /Users/admin/builder/spi-builder-workspace/Sources/SwiftSyntax/SwiftSyntax.swift (in target 'SwiftSyntax' from project 'SwiftSyntax')
SwiftCompile normal arm64 /Users/admin/builder/spi-builder-workspace/Sources/SwiftSyntax/SourcePresence.swift (in target 'SwiftSyntax' from project 'SwiftSyntax')
    cd /Users/admin/builder/spi-builder-workspace/.swiftpm/xcode
    builtin-SwiftPerFileCompile SourcePresence.swift
SwiftCompile normal arm64 /Users/admin/builder/spi-builder-workspace/Sources/SwiftSyntax/SwiftSyntax.swift (in target 'SwiftSyntax' from project 'SwiftSyntax')
    cd /Users/admin/builder/spi-builder-workspace/.swiftpm/xcode
    builtin-SwiftPerFileCompile SwiftSyntax.swift
SwiftCompile normal arm64 Compiling\ TokenKind.swift /Users/admin/builder/spi-builder-workspace/Sources/SwiftSyntax/TokenKind.swift (in target 'SwiftSyntax' from project 'SwiftSyntax')
SwiftCompile normal arm64 /Users/admin/builder/spi-builder-workspace/Sources/SwiftSyntax/TokenKind.swift (in target 'SwiftSyntax' from project 'SwiftSyntax')
    cd /Users/admin/builder/spi-builder-workspace/.swiftpm/xcode
    builtin-SwiftPerFileCompile TokenKind.swift
SwiftCompile normal arm64 Compiling\ SyntaxBuilders.swift,\ SyntaxChildren.swift /Users/admin/builder/spi-builder-workspace/Sources/SwiftSyntax/SyntaxBuilders.swift /Users/admin/builder/spi-builder-workspace/Sources/SwiftSyntax/SyntaxChildren.swift (in target 'SwiftSyntax' from project 'SwiftSyntax')
SwiftCompile normal arm64 /Users/admin/builder/spi-builder-workspace/Sources/SwiftSyntax/SyntaxBuilders.swift (in target 'SwiftSyntax' from project 'SwiftSyntax')
    cd /Users/admin/builder/spi-builder-workspace/.swiftpm/xcode
    builtin-SwiftPerFileCompile SyntaxBuilders.swift
SwiftCompile normal arm64 /Users/admin/builder/spi-builder-workspace/Sources/SwiftSyntax/SyntaxChildren.swift (in target 'SwiftSyntax' from project 'SwiftSyntax')
    cd /Users/admin/builder/spi-builder-workspace/.swiftpm/xcode
    builtin-SwiftPerFileCompile SyntaxChildren.swift
SwiftCompile normal arm64 Compiling\ SyntaxCollection.swift,\ SyntaxData.swift /Users/admin/builder/spi-builder-workspace/Sources/SwiftSyntax/SyntaxCollection.swift /Users/admin/builder/spi-builder-workspace/Sources/SwiftSyntax/SyntaxData.swift (in target 'SwiftSyntax' from project 'SwiftSyntax')
SwiftCompile normal arm64 /Users/admin/builder/spi-builder-workspace/Sources/SwiftSyntax/SyntaxCollection.swift (in target 'SwiftSyntax' from project 'SwiftSyntax')
    cd /Users/admin/builder/spi-builder-workspace/.swiftpm/xcode
    builtin-SwiftPerFileCompile SyntaxCollection.swift
SwiftCompile normal arm64 /Users/admin/builder/spi-builder-workspace/Sources/SwiftSyntax/SyntaxData.swift (in target 'SwiftSyntax' from project 'SwiftSyntax')
    cd /Users/admin/builder/spi-builder-workspace/.swiftpm/xcode
    builtin-SwiftPerFileCompile SyntaxData.swift
SwiftDriverJobDiscovery normal arm64 Emitting module for SwiftSyntax (in target 'SwiftSyntax' from project 'SwiftSyntax')
SwiftDriver\ Compilation\ Requirements SwiftSyntax normal arm64 com.apple.xcode.tools.swift.compiler (in target 'SwiftSyntax' from project 'SwiftSyntax')
    cd /Users/admin/builder/spi-builder-workspace/.swiftpm/xcode
    builtin-Swift-Compilation-Requirements -- /Applications/Xcode-27.0.0-Release.Candidate.app/Contents/Developer/Toolchains/XcodeDefault.xctoolchain/usr/bin/swiftc -parse-as-library -module-name SwiftSyntax -Onone @/Users/admin/builder/spi-builder-workspace/.derivedData/Build/Intermediates.noindex/SwiftSyntax.build/Debug-xros/SwiftSyntax-t.build/Objects-normal/arm64/SwiftSyntax.SwiftFileList -DSWIFT_PACKAGE -DDEBUG -DSWIFT_MODULE_RESOURCE_BUNDLE_UNAVAILABLE -DXcode -plugin-path /Applications/Xcode-27.0.0-Release.Candidate.app/Contents/Developer/Toolchains/XcodeDefault.xctoolchain/usr/lib/swift/host/plugins/testing -enable-experimental-feature DebugDescriptionMacro -sdk /Applications/Xcode-27.0.0-Release.Candidate.app/Contents/Developer/Platforms/XROS.platform/Developer/SDKs/XROS27.0.sdk -target arm64-apple-xros1.0 -g -module-cache-path /Users/admin/builder/spi-builder-workspace/.derivedData/ModuleCache.noindex -Xfrontend -serialize-debugging-options -enable-testing -index-store-path /Users/admin/builder/spi-builder-workspace/.derivedData/Index.noindex/DataStore -Xcc -D_LIBCPP_HARDENING_MODE\=_LIBCPP_HARDENING_MODE_DEBUG -swift-version 4 -I /Users/admin/builder/spi-builder-workspace/.derivedData/Build/Products/Debug-xros -Isystem /Applications/Xcode-27.0.0-Release.Candidate.app/Contents/Developer/Platforms/XROS.platform/Developer/usr/lib -F /Users/admin/builder/spi-builder-workspace/.derivedData/Build/Products/Debug-xros -F /Applications/Xcode-27.0.0-Release.Candidate.app/Contents/Developer/Platforms/XROS.platform/Developer/Library/Frameworks -F /Applications/Xcode-27.0.0-Release.Candidate.app/Contents/Developer/Platforms/XROS.platform/Developer/SDKs/XROS27.0.sdk/Developer/Library/Frameworks -c -j10 -enable-batch-mode -incremental -Xcc -ivfsstatcache -Xcc /Users/admin/builder/spi-builder-workspace/.derivedData/SDKStatCaches.noindex/xros27.0-24M361-e829b21a6f8c9b70876ba0858053c044735bd543db762f57723cac368afd1ce4.sdkstatcache -output-file-map /Users/admin/builder/spi-builder-workspace/.derivedData/Build/Intermediates.noindex/SwiftSyntax.build/Debug-xros/SwiftSyntax-t.build/Objects-normal/arm64/SwiftSyntax-OutputFileMap.json -save-temps -no-color-diagnostics -emit-dependencies -emit-module -emit-module-path /Users/admin/builder/spi-builder-workspace/.derivedData/Build/Intermediates.noindex/SwiftSyntax.build/Debug-xros/SwiftSyntax-t.build/Objects-normal/arm64/SwiftSyntax.swiftmodule -serialize-diagnostics -validate-clang-modules-once -clang-build-session-file /Users/admin/builder/spi-builder-workspace/.derivedData/ModuleCache.noindex/Session.modulevalidation -Xcc -fmodules-prune-interval\=86400 -Xcc -fmodules-prune-after\=345600 -emit-const-values -const-gather-protocols-list /Users/admin/builder/spi-builder-workspace/.derivedData/Build/Intermediates.noindex/SwiftSyntax.build/Debug-xros/SwiftSyntax-t.build/Objects-normal/arm64/SwiftSyntax_const_extract_protocols.json -Xcc -I/Users/admin/builder/spi-builder-workspace/.derivedData/Build/Products/Debug-xros/include -Xcc -I/Users/admin/builder/spi-builder-workspace/.derivedData/Build/Intermediates.noindex/SwiftSyntax.build/Debug-xros/SwiftSyntax-t.build/DerivedSources-normal/arm64 -Xcc -I/Users/admin/builder/spi-builder-workspace/.derivedData/Build/Intermediates.noindex/SwiftSyntax.build/Debug-xros/SwiftSyntax-t.build/DerivedSources/arm64 -Xcc -I/Users/admin/builder/spi-builder-workspace/.derivedData/Build/Intermediates.noindex/SwiftSyntax.build/Debug-xros/SwiftSyntax-t.build/DerivedSources -Xcc -DSWIFT_PACKAGE -Xcc -DDEBUG\=1 -emit-objc-header -emit-objc-header-path /Users/admin/builder/spi-builder-workspace/.derivedData/Build/Intermediates.noindex/SwiftSyntax.build/Debug-xros/SwiftSyntax-t.build/Objects-normal/arm64/SwiftSyntax-Swift.h -working-directory /Users/admin/builder/spi-builder-workspace/.swiftpm/xcode -experimental-emit-module-separately -disable-cmo
SwiftDriverJobDiscovery normal arm64 Compiling TokenKind.swift (in target 'SwiftSyntax' from project 'SwiftSyntax')
SwiftMergeGeneratedHeaders /Users/admin/builder/spi-builder-workspace/.derivedData/Build/Intermediates.noindex/GeneratedModuleMaps-xros/SwiftSyntax-Swift.h /Users/admin/builder/spi-builder-workspace/.derivedData/Build/Intermediates.noindex/SwiftSyntax.build/Debug-xros/SwiftSyntax-t.build/Objects-normal/arm64/SwiftSyntax-Swift.h (in target 'SwiftSyntax' from project 'SwiftSyntax')
    cd /Users/admin/builder/spi-builder-workspace
    builtin-swiftHeaderTool -arch arm64 /Users/admin/builder/spi-builder-workspace/.derivedData/Build/Intermediates.noindex/SwiftSyntax.build/Debug-xros/SwiftSyntax-t.build/Objects-normal/arm64/SwiftSyntax-Swift.h -o /Users/admin/builder/spi-builder-workspace/.derivedData/Build/Intermediates.noindex/GeneratedModuleMaps-xros/SwiftSyntax-Swift.h
Copy /Users/admin/builder/spi-builder-workspace/.derivedData/Build/Products/Debug-xros/SwiftSyntax.swiftmodule/arm64-apple-xros.swiftmodule /Users/admin/builder/spi-builder-workspace/.derivedData/Build/Intermediates.noindex/SwiftSyntax.build/Debug-xros/SwiftSyntax-t.build/Objects-normal/arm64/SwiftSyntax.swiftmodule (in target 'SwiftSyntax' from project 'SwiftSyntax')
    cd /Users/admin/builder/spi-builder-workspace
    builtin-copy -exclude .DS_Store -exclude CVS -exclude .svn -exclude .git -exclude .hg -resolve-src-symlinks -rename /Users/admin/builder/spi-builder-workspace/.derivedData/Build/Intermediates.noindex/SwiftSyntax.build/Debug-xros/SwiftSyntax-t.build/Objects-normal/arm64/SwiftSyntax.swiftmodule /Users/admin/builder/spi-builder-workspace/.derivedData/Build/Products/Debug-xros/SwiftSyntax.swiftmodule/arm64-apple-xros.swiftmodule
Copy /Users/admin/builder/spi-builder-workspace/.derivedData/Build/Products/Debug-xros/SwiftSyntax.swiftmodule/arm64-apple-xros.swiftdoc /Users/admin/builder/spi-builder-workspace/.derivedData/Build/Intermediates.noindex/SwiftSyntax.build/Debug-xros/SwiftSyntax-t.build/Objects-normal/arm64/SwiftSyntax.swiftdoc (in target 'SwiftSyntax' from project 'SwiftSyntax')
    cd /Users/admin/builder/spi-builder-workspace
    builtin-copy -exclude .DS_Store -exclude CVS -exclude .svn -exclude .git -exclude .hg -resolve-src-symlinks -rename /Users/admin/builder/spi-builder-workspace/.derivedData/Build/Intermediates.noindex/SwiftSyntax.build/Debug-xros/SwiftSyntax-t.build/Objects-normal/arm64/SwiftSyntax.swiftdoc /Users/admin/builder/spi-builder-workspace/.derivedData/Build/Products/Debug-xros/SwiftSyntax.swiftmodule/arm64-apple-xros.swiftdoc
Copy /Users/admin/builder/spi-builder-workspace/.derivedData/Build/Products/Debug-xros/SwiftSyntax.swiftmodule/arm64-apple-xros.abi.json /Users/admin/builder/spi-builder-workspace/.derivedData/Build/Intermediates.noindex/SwiftSyntax.build/Debug-xros/SwiftSyntax-t.build/Objects-normal/arm64/SwiftSyntax.abi.json (in target 'SwiftSyntax' from project 'SwiftSyntax')
    cd /Users/admin/builder/spi-builder-workspace
    builtin-copy -exclude .DS_Store -exclude CVS -exclude .svn -exclude .git -exclude .hg -resolve-src-symlinks -rename /Users/admin/builder/spi-builder-workspace/.derivedData/Build/Intermediates.noindex/SwiftSyntax.build/Debug-xros/SwiftSyntax-t.build/Objects-normal/arm64/SwiftSyntax.abi.json /Users/admin/builder/spi-builder-workspace/.derivedData/Build/Products/Debug-xros/SwiftSyntax.swiftmodule/arm64-apple-xros.abi.json
Copy /Users/admin/builder/spi-builder-workspace/.derivedData/Build/Products/Debug-xros/SwiftSyntax.swiftmodule/Project/arm64-apple-xros.swiftsourceinfo /Users/admin/builder/spi-builder-workspace/.derivedData/Build/Intermediates.noindex/SwiftSyntax.build/Debug-xros/SwiftSyntax-t.build/Objects-normal/arm64/SwiftSyntax.swiftsourceinfo (in target 'SwiftSyntax' from project 'SwiftSyntax')
    cd /Users/admin/builder/spi-builder-workspace
    builtin-copy -exclude .DS_Store -exclude CVS -exclude .svn -exclude .git -exclude .hg -resolve-src-symlinks -rename /Users/admin/builder/spi-builder-workspace/.derivedData/Build/Intermediates.noindex/SwiftSyntax.build/Debug-xros/SwiftSyntax-t.build/Objects-normal/arm64/SwiftSyntax.swiftsourceinfo /Users/admin/builder/spi-builder-workspace/.derivedData/Build/Products/Debug-xros/SwiftSyntax.swiftmodule/Project/arm64-apple-xros.swiftsourceinfo
SwiftDriverJobDiscovery normal arm64 Compiling SyntaxRewriter.swift (in target 'SwiftSyntax' from project 'SwiftSyntax')
SwiftDriverJobDiscovery normal arm64 Compiling SyntaxCollection.swift, SyntaxData.swift (in target 'SwiftSyntax' from project 'SwiftSyntax')
SwiftDriverJobDiscovery normal arm64 Compiling SourcePresence.swift, SwiftSyntax.swift (in target 'SwiftSyntax' from project 'SwiftSyntax')
PruneExplicitPrecompiledModules /Users/admin/builder/spi-builder-workspace/.derivedData/Build/Intermediates.noindex/ExplicitPrecompiledModules
PruneExplicitPrecompiledModules /Users/admin/builder/spi-builder-workspace/.derivedData/Build/Intermediates.noindex/SwiftExplicitPrecompiledModules
PruneExplicitPrecompiledModules /Users/admin/builder/spi-builder-workspace/.derivedData/SDKExplicitPrecompiledModules
2026-09-15 19:00:02.374 xcodebuild[650:4234] [MT] IDERunDestination: Supported platforms for the buildables in the current scheme is empty.
** BUILD FAILED **
The following build commands failed:
	SwiftCompile normal arm64 /Users/admin/builder/spi-builder-workspace/Sources/SwiftSyntax/SwiftcInvocation.swift (in target 'SwiftSyntax' from project 'SwiftSyntax')
	SwiftCompile normal arm64 Compiling\ SwiftcInvocation.swift,\ Syntax.swift /Users/admin/builder/spi-builder-workspace/Sources/SwiftSyntax/SwiftcInvocation.swift /Users/admin/builder/spi-builder-workspace/Sources/SwiftSyntax/Syntax.swift (in target 'SwiftSyntax' from project 'SwiftSyntax')
	Building workspace SwiftSyntax with scheme SwiftSyntax
(3 failures)
Command line invocation:
    /Applications/Xcode-27.0.0-Release.Candidate.app/Contents/Developer/usr/bin/xcodebuild -IDEClonedSourcePackagesDirPathOverride=/Users/admin/builder/spi-builder-workspace/.dependencies -resolvePackageDependencies
Resolve Package Graph
Resolved source packages:
  SwiftSyntax: /Users/admin/builder/spi-builder-workspace
resolved source packages: SwiftSyntax
2026-09-15 19:00:08.884 xcodebuild[685:4471] [MT] IDERunDestination: Supported platforms for the buildables in the current scheme is empty.
{
  "dependencies" : [
  ],
  "manifest_display_name" : "SwiftSyntax",
  "name" : "SwiftSyntax",
  "path" : "/Users/admin/builder/spi-builder-workspace",
  "platforms" : [
  ],
  "products" : [
    {
      "name" : "SwiftSyntax",
      "targets" : [
        "SwiftSyntax"
      ],
      "type" : {
        "library" : [
          "automatic"
        ]
      }
    }
  ],
  "targets" : [
    {
      "c99name" : "SwiftSyntax",
      "module_type" : "SwiftTarget",
      "name" : "SwiftSyntax",
      "path" : "Sources/SwiftSyntax",
      "product_memberships" : [
        "SwiftSyntax"
      ],
      "sources" : [
        "AtomicCache.swift",
        "RawSyntax.swift",
        "SourcePresence.swift",
        "SwiftSyntax.swift",
        "SwiftcInvocation.swift",
        "Syntax.swift",
        "SyntaxBuilders.swift",
        "SyntaxChildren.swift",
        "SyntaxCollection.swift",
        "SyntaxData.swift",
        "SyntaxFactory.swift",
        "SyntaxKind.swift",
        "SyntaxNodes.swift",
        "SyntaxRewriter.swift",
        "TokenKind.swift",
        "Trivia.swift"
      ],
      "type" : "library"
    }
  ],
  "tools_version" : "4.0"
}
{
  "workspace" : {
    "name" : "SwiftSyntax",
    "schemes" : [
      "SwiftSyntax"
    ]
  }
}
2026-09-15 19:00:10.041 xcodebuild[693:4540] [MT] IDERunDestination: Supported platforms for the buildables in the current scheme is empty.
Running build ...
env DEVELOPER_DIR=/Applications/Xcode-27.0.0-Release.Candidate.app xcrun xcodebuild -IDEClonedSourcePackagesDirPathOverride=$PWD/.dependencies -skipMacroValidation -skipPackagePluginValidation -derivedDataPath $PWD/.derivedData build -scheme SwiftSyntax -destination generic/platform=xrOS
Command line invocation:
    /Applications/Xcode-27.0.0-Release.Candidate.app/Contents/Developer/usr/bin/xcodebuild -IDEClonedSourcePackagesDirPathOverride=/Users/admin/builder/spi-builder-workspace/.dependencies -skipMacroValidation -skipPackagePluginValidation -derivedDataPath /Users/admin/builder/spi-builder-workspace/.derivedData build -scheme SwiftSyntax -destination generic/platform=xrOS
Resolve Package Graph
Resolved source packages:
  SwiftSyntax: /Users/admin/builder/spi-builder-workspace
ComputePackagePrebuildTargetDependencyGraph
Prepare packages
CreateBuildRequest
SendProjectDescription
CreateBuildOperation
ComputeTargetDependencyGraph
note: Building targets in dependency order
note: Target dependency graph (2 targets)
    Target 'SwiftSyntax-product' in project 'SwiftSyntax'
        ➜ Explicit dependency on target 'SwiftSyntax' in project 'SwiftSyntax'
    Target 'SwiftSyntax' in project 'SwiftSyntax' (no dependencies)
GatherProvisioningInputs
CreateBuildDescription
ClangStatCache /Applications/Xcode-27.0.0-Release.Candidate.app/Contents/Developer/Toolchains/XcodeDefault.xctoolchain/usr/bin/clang-stat-cache /Applications/Xcode-27.0.0-Release.Candidate.app/Contents/Developer/Platforms/XROS.platform/Developer/SDKs/XROS27.0.sdk /Users/admin/builder/spi-builder-workspace/.derivedData/SDKStatCaches.noindex/xros27.0-24M361-e829b21a6f8c9b70876ba0858053c044735bd543db762f57723cac368afd1ce4.sdkstatcache
    cd /Users/admin/builder/spi-builder-workspace/.swiftpm/xcode
    /Applications/Xcode-27.0.0-Release.Candidate.app/Contents/Developer/Toolchains/XcodeDefault.xctoolchain/usr/bin/clang-stat-cache /Applications/Xcode-27.0.0-Release.Candidate.app/Contents/Developer/Platforms/XROS.platform/Developer/SDKs/XROS27.0.sdk -o /Users/admin/builder/spi-builder-workspace/.derivedData/SDKStatCaches.noindex/xros27.0-24M361-e829b21a6f8c9b70876ba0858053c044735bd543db762f57723cac368afd1ce4.sdkstatcache
SwiftDriver SwiftSyntax normal arm64 com.apple.xcode.tools.swift.compiler (in target 'SwiftSyntax' from project 'SwiftSyntax')
    cd /Users/admin/builder/spi-builder-workspace/.swiftpm/xcode
    builtin-SwiftDriver -- /Applications/Xcode-27.0.0-Release.Candidate.app/Contents/Developer/Toolchains/XcodeDefault.xctoolchain/usr/bin/swiftc -parse-as-library -module-name SwiftSyntax -Onone @/Users/admin/builder/spi-builder-workspace/.derivedData/Build/Intermediates.noindex/SwiftSyntax.build/Debug-xros/SwiftSyntax-t.build/Objects-normal/arm64/SwiftSyntax.SwiftFileList -DSWIFT_PACKAGE -DDEBUG -DSWIFT_MODULE_RESOURCE_BUNDLE_UNAVAILABLE -DXcode -plugin-path /Applications/Xcode-27.0.0-Release.Candidate.app/Contents/Developer/Toolchains/XcodeDefault.xctoolchain/usr/lib/swift/host/plugins/testing -enable-experimental-feature DebugDescriptionMacro -sdk /Applications/Xcode-27.0.0-Release.Candidate.app/Contents/Developer/Platforms/XROS.platform/Developer/SDKs/XROS27.0.sdk -target arm64-apple-xros1.0 -g -module-cache-path /Users/admin/builder/spi-builder-workspace/.derivedData/ModuleCache.noindex -Xfrontend -serialize-debugging-options -enable-testing -index-store-path /Users/admin/builder/spi-builder-workspace/.derivedData/Index.noindex/DataStore -Xcc -D_LIBCPP_HARDENING_MODE\=_LIBCPP_HARDENING_MODE_DEBUG -swift-version 4 -I /Users/admin/builder/spi-builder-workspace/.derivedData/Build/Products/Debug-xros -Isystem /Applications/Xcode-27.0.0-Release.Candidate.app/Contents/Developer/Platforms/XROS.platform/Developer/usr/lib -F /Users/admin/builder/spi-builder-workspace/.derivedData/Build/Products/Debug-xros -F /Applications/Xcode-27.0.0-Release.Candidate.app/Contents/Developer/Platforms/XROS.platform/Developer/Library/Frameworks -F /Applications/Xcode-27.0.0-Release.Candidate.app/Contents/Developer/Platforms/XROS.platform/Developer/SDKs/XROS27.0.sdk/Developer/Library/Frameworks -c -j10 -enable-batch-mode -incremental -Xcc -ivfsstatcache -Xcc /Users/admin/builder/spi-builder-workspace/.derivedData/SDKStatCaches.noindex/xros27.0-24M361-e829b21a6f8c9b70876ba0858053c044735bd543db762f57723cac368afd1ce4.sdkstatcache -output-file-map /Users/admin/builder/spi-builder-workspace/.derivedData/Build/Intermediates.noindex/SwiftSyntax.build/Debug-xros/SwiftSyntax-t.build/Objects-normal/arm64/SwiftSyntax-OutputFileMap.json -save-temps -no-color-diagnostics -emit-dependencies -emit-module -emit-module-path /Users/admin/builder/spi-builder-workspace/.derivedData/Build/Intermediates.noindex/SwiftSyntax.build/Debug-xros/SwiftSyntax-t.build/Objects-normal/arm64/SwiftSyntax.swiftmodule -serialize-diagnostics -validate-clang-modules-once -clang-build-session-file /Users/admin/builder/spi-builder-workspace/.derivedData/ModuleCache.noindex/Session.modulevalidation -Xcc -fmodules-prune-interval\=86400 -Xcc -fmodules-prune-after\=345600 -emit-const-values -const-gather-protocols-list /Users/admin/builder/spi-builder-workspace/.derivedData/Build/Intermediates.noindex/SwiftSyntax.build/Debug-xros/SwiftSyntax-t.build/Objects-normal/arm64/SwiftSyntax_const_extract_protocols.json -Xcc -I/Users/admin/builder/spi-builder-workspace/.derivedData/Build/Products/Debug-xros/include -Xcc -I/Users/admin/builder/spi-builder-workspace/.derivedData/Build/Intermediates.noindex/SwiftSyntax.build/Debug-xros/SwiftSyntax-t.build/DerivedSources-normal/arm64 -Xcc -I/Users/admin/builder/spi-builder-workspace/.derivedData/Build/Intermediates.noindex/SwiftSyntax.build/Debug-xros/SwiftSyntax-t.build/DerivedSources/arm64 -Xcc -I/Users/admin/builder/spi-builder-workspace/.derivedData/Build/Intermediates.noindex/SwiftSyntax.build/Debug-xros/SwiftSyntax-t.build/DerivedSources -Xcc -DSWIFT_PACKAGE -Xcc -DDEBUG\=1 -emit-objc-header -emit-objc-header-path /Users/admin/builder/spi-builder-workspace/.derivedData/Build/Intermediates.noindex/SwiftSyntax.build/Debug-xros/SwiftSyntax-t.build/Objects-normal/arm64/SwiftSyntax-Swift.h -working-directory /Users/admin/builder/spi-builder-workspace/.swiftpm/xcode -experimental-emit-module-separately -disable-cmo
SwiftCompile normal arm64 Compiling\ RawSyntax.swift /Users/admin/builder/spi-builder-workspace/Sources/SwiftSyntax/RawSyntax.swift (in target 'SwiftSyntax' from project 'SwiftSyntax')
SwiftCompile normal arm64 /Users/admin/builder/spi-builder-workspace/Sources/SwiftSyntax/RawSyntax.swift (in target 'SwiftSyntax' from project 'SwiftSyntax')
    cd /Users/admin/builder/spi-builder-workspace/.swiftpm/xcode
    builtin-SwiftPerFileCompile RawSyntax.swift
SwiftCompile normal arm64 Compiling\ SwiftcInvocation.swift /Users/admin/builder/spi-builder-workspace/Sources/SwiftSyntax/SwiftcInvocation.swift (in target 'SwiftSyntax' from project 'SwiftSyntax')
/Users/admin/builder/spi-builder-workspace/Sources/SwiftSyntax/SwiftcInvocation.swift:70:17: error: cannot find 'Process' in scope
 68 |   }
 69 |
 70 |   let process = Process()
    |                 `- error: cannot find 'Process' in scope
 71 |
 72 |   process.terminationHandler = { process in
/Users/admin/builder/spi-builder-workspace/Sources/SwiftSyntax/SwiftcInvocation.swift:72:34: error: cannot infer type of closure parameter 'process' without a type annotation
 70 |   let process = Process()
 71 |
 72 |   process.terminationHandler = { process in
    |                                  `- error: cannot infer type of closure parameter 'process' without a type annotation
 73 |     stdoutPipe.fileHandleForReading.readabilityHandler = nil
 74 |     stderrPipe.fileHandleForReading.readabilityHandler = nil
Failed frontend command:
/Applications/Xcode-27.0.0-Release.Candidate.app/Contents/Developer/Toolchains/XcodeDefault.xctoolchain/usr/bin/swift-frontend -frontend -c /Users/admin/builder/spi-builder-workspace/Sources/SwiftSyntax/AtomicCache.swift /Users/admin/builder/spi-builder-workspace/Sources/SwiftSyntax/RawSyntax.swift /Users/admin/builder/spi-builder-workspace/Sources/SwiftSyntax/SourcePresence.swift /Users/admin/builder/spi-builder-workspace/Sources/SwiftSyntax/SwiftSyntax.swift -primary-file /Users/admin/builder/spi-builder-workspace/Sources/SwiftSyntax/SwiftcInvocation.swift /Users/admin/builder/spi-builder-workspace/Sources/SwiftSyntax/Syntax.swift /Users/admin/builder/spi-builder-workspace/Sources/SwiftSyntax/SyntaxBuilders.swift /Users/admin/builder/spi-builder-workspace/Sources/SwiftSyntax/SyntaxChildren.swift /Users/admin/builder/spi-builder-workspace/Sources/SwiftSyntax/SyntaxCollection.swift /Users/admin/builder/spi-builder-workspace/Sources/SwiftSyntax/SyntaxData.swift /Users/admin/builder/spi-builder-workspace/Sources/SwiftSyntax/SyntaxFactory.swift /Users/admin/builder/spi-builder-workspace/Sources/SwiftSyntax/SyntaxKind.swift /Users/admin/builder/spi-builder-workspace/Sources/SwiftSyntax/SyntaxNodes.swift /Users/admin/builder/spi-builder-workspace/Sources/SwiftSyntax/SyntaxRewriter.swift /Users/admin/builder/spi-builder-workspace/Sources/SwiftSyntax/TokenKind.swift /Users/admin/builder/spi-builder-workspace/Sources/SwiftSyntax/Trivia.swift -emit-dependencies-path /Users/admin/builder/spi-builder-workspace/.derivedData/Build/Intermediates.noindex/SwiftSyntax.build/Debug-xros/SwiftSyntax-t.build/Objects-normal/arm64/SwiftcInvocation.d -emit-const-values-path /Users/admin/builder/spi-builder-workspace/.derivedData/Build/Intermediates.noindex/SwiftSyntax.build/Debug-xros/SwiftSyntax-t.build/Objects-normal/arm64/SwiftcInvocation.swiftconstvalues -emit-reference-dependencies-path /Users/admin/builder/spi-builder-workspace/.derivedData/Build/Intermediates.noindex/SwiftSyntax.build/Debug-xros/SwiftSyntax-t.build/Objects-normal/arm64/SwiftcInvocation.swiftdeps -serialize-diagnostics-path /Users/admin/builder/spi-builder-workspace/.derivedData/Build/Intermediates.noindex/SwiftSyntax.build/Debug-xros/SwiftSyntax-t.build/Objects-normal/arm64/SwiftcInvocation.dia -target arm64-apple-xros1.0 -Xllvm -aarch64-use-tbi -enable-objc-interop -stack-check -sdk /Applications/Xcode-27.0.0-Release.Candidate.app/Contents/Developer/Platforms/XROS.platform/Developer/SDKs/XROS27.0.sdk -I /Users/admin/builder/spi-builder-workspace/.derivedData/Build/Products/Debug-xros -Isystem /Applications/Xcode-27.0.0-Release.Candidate.app/Contents/Developer/Platforms/XROS.platform/Developer/usr/lib -F /Users/admin/builder/spi-builder-workspace/.derivedData/Build/Products/Debug-xros -F /Applications/Xcode-27.0.0-Release.Candidate.app/Contents/Developer/Platforms/XROS.platform/Developer/Library/Frameworks -F /Applications/Xcode-27.0.0-Release.Candidate.app/Contents/Developer/Platforms/XROS.platform/Developer/SDKs/XROS27.0.sdk/Developer/Library/Frameworks -module-cache-path /Users/admin/builder/spi-builder-workspace/.derivedData/ModuleCache.noindex -no-color-diagnostics -Xcc -fno-color-diagnostics -enable-testing -g -debug-info-format\=dwarf -dwarf-version\=4 -swift-version 4 -Onone -D SWIFT_PACKAGE -D DEBUG -D SWIFT_MODULE_RESOURCE_BUNDLE_UNAVAILABLE -D Xcode -serialize-debugging-options -enable-experimental-feature DebugDescriptionMacro -empty-abi-descriptor -plugin-path /Applications/Xcode-27.0.0-Release.Candidate.app/Contents/Developer/Toolchains/XcodeDefault.xctoolchain/usr/lib/swift/host/plugins/testing -validate-clang-modules-once -clang-build-session-file /Users/admin/builder/spi-builder-workspace/.derivedData/ModuleCache.noindex/Session.modulevalidation -Xcc -working-directory -Xcc /Users/admin/builder/spi-builder-workspace/.swiftpm/xcode -enable-anonymous-context-mangled-names -file-compilation-dir /Users/admin/builder/spi-builder-workspace/.swiftpm/xcode -Xcc -D_LIBCPP_HARDENING_MODE\=_LIBCPP_HARDENING_MODE_DEBUG -Xcc -ivfsstatcache -Xcc /Users/admin/builder/spi-builder-workspace/.derivedData/SDKStatCaches.noindex/xros27.0-24M361-e829b21a6f8c9b70876ba0858053c044735bd543db762f57723cac368afd1ce4.sdkstatcache -Xcc -fmodules-prune-interval\=86400 -Xcc -fmodules-prune-after\=345600 -Xcc -I/Users/admin/builder/spi-builder-workspace/.derivedData/Build/Products/Debug-xros/include -Xcc -I/Users/admin/builder/spi-builder-workspace/.derivedData/Build/Intermediates.noindex/SwiftSyntax.build/Debug-xros/SwiftSyntax-t.build/DerivedSources-normal/arm64 -Xcc -I/Users/admin/builder/spi-builder-workspace/.derivedData/Build/Intermediates.noindex/SwiftSyntax.build/Debug-xros/SwiftSyntax-t.build/DerivedSources/arm64 -Xcc -I/Users/admin/builder/spi-builder-workspace/.derivedData/Build/Intermediates.noindex/SwiftSyntax.build/Debug-xros/SwiftSyntax-t.build/DerivedSources -Xcc -DSWIFT_PACKAGE -Xcc -DDEBUG\=1 -no-auto-bridging-header-chaining -module-name SwiftSyntax -const-gather-protocols-file /Users/admin/builder/spi-builder-workspace/.derivedData/Build/Intermediates.noindex/SwiftSyntax.build/Debug-xros/SwiftSyntax-t.build/Objects-normal/arm64/SwiftSyntax_const_extract_protocols.json -disable-clang-spi -target-sdk-version 27.0 -target-sdk-name xros27.0 -external-plugin-path /Applications/Xcode-27.0.0-Release.Candidate.app/Contents/Developer/Platforms/XROS.platform/Developer/usr/lib/swift/host/plugins\#/Applications/Xcode-27.0.0-Release.Candidate.app/Contents/Developer/Platforms/XROS.platform/Developer/usr/bin/swift-plugin-server -external-plugin-path /Applications/Xcode-27.0.0-Release.Candidate.app/Contents/Developer/Platforms/XROS.platform/Developer/usr/local/lib/swift/host/plugins\#/Applications/Xcode-27.0.0-Release.Candidate.app/Contents/Developer/Platforms/XROS.platform/Developer/usr/bin/swift-plugin-server -in-process-plugin-server-path /Applications/Xcode-27.0.0-Release.Candidate.app/Contents/Developer/Toolchains/XcodeDefault.xctoolchain/usr/lib/swift/host/libSwiftInProcPluginServer.dylib -plugin-path /Applications/Xcode-27.0.0-Release.Candidate.app/Contents/Developer/Toolchains/XcodeDefault.xctoolchain/usr/lib/swift/host/plugins -plugin-path /Applications/Xcode-27.0.0-Release.Candidate.app/Contents/Developer/Toolchains/XcodeDefault.xctoolchain/usr/local/lib/swift/host/plugins -parse-as-library -o /Users/admin/builder/spi-builder-workspace/.derivedData/Build/Intermediates.noindex/SwiftSyntax.build/Debug-xros/SwiftSyntax-t.build/Objects-normal/arm64/SwiftcInvocation.o -index-unit-output-path /SwiftSyntax.build/Debug-xros/SwiftSyntax-t.build/Objects-normal/arm64/SwiftcInvocation.o -index-store-path /Users/admin/builder/spi-builder-workspace/.derivedData/Index.noindex/DataStore -index-system-modules
SwiftCompile normal arm64 /Users/admin/builder/spi-builder-workspace/Sources/SwiftSyntax/SwiftcInvocation.swift (in target 'SwiftSyntax' from project 'SwiftSyntax')
    cd /Users/admin/builder/spi-builder-workspace/.swiftpm/xcode
    builtin-SwiftPerFileCompile SwiftcInvocation.swift
SwiftCompile normal arm64 Compiling\ Syntax.swift /Users/admin/builder/spi-builder-workspace/Sources/SwiftSyntax/Syntax.swift (in target 'SwiftSyntax' from project 'SwiftSyntax')
SwiftCompile normal arm64 /Users/admin/builder/spi-builder-workspace/Sources/SwiftSyntax/Syntax.swift (in target 'SwiftSyntax' from project 'SwiftSyntax')
    cd /Users/admin/builder/spi-builder-workspace/.swiftpm/xcode
    builtin-SwiftPerFileCompile Syntax.swift
SwiftCompile normal arm64 Compiling\ AtomicCache.swift /Users/admin/builder/spi-builder-workspace/Sources/SwiftSyntax/AtomicCache.swift (in target 'SwiftSyntax' from project 'SwiftSyntax')
SwiftCompile normal arm64 /Users/admin/builder/spi-builder-workspace/Sources/SwiftSyntax/AtomicCache.swift (in target 'SwiftSyntax' from project 'SwiftSyntax')
    cd /Users/admin/builder/spi-builder-workspace/.swiftpm/xcode
    builtin-SwiftPerFileCompile AtomicCache.swift
SwiftCompile normal arm64 Compiling\ SyntaxChildren.swift /Users/admin/builder/spi-builder-workspace/Sources/SwiftSyntax/SyntaxChildren.swift (in target 'SwiftSyntax' from project 'SwiftSyntax')
SwiftCompile normal arm64 /Users/admin/builder/spi-builder-workspace/Sources/SwiftSyntax/SyntaxChildren.swift (in target 'SwiftSyntax' from project 'SwiftSyntax')
    cd /Users/admin/builder/spi-builder-workspace/.swiftpm/xcode
    builtin-SwiftPerFileCompile SyntaxChildren.swift
SwiftCompile normal arm64 Compiling\ SyntaxFactory.swift /Users/admin/builder/spi-builder-workspace/Sources/SwiftSyntax/SyntaxFactory.swift (in target 'SwiftSyntax' from project 'SwiftSyntax')
SwiftCompile normal arm64 /Users/admin/builder/spi-builder-workspace/Sources/SwiftSyntax/SyntaxFactory.swift (in target 'SwiftSyntax' from project 'SwiftSyntax')
    cd /Users/admin/builder/spi-builder-workspace/.swiftpm/xcode
    builtin-SwiftPerFileCompile SyntaxFactory.swift
SwiftCompile normal arm64 Compiling\ SyntaxNodes.swift /Users/admin/builder/spi-builder-workspace/Sources/SwiftSyntax/SyntaxNodes.swift (in target 'SwiftSyntax' from project 'SwiftSyntax')
SwiftCompile normal arm64 /Users/admin/builder/spi-builder-workspace/Sources/SwiftSyntax/SyntaxNodes.swift (in target 'SwiftSyntax' from project 'SwiftSyntax')
    cd /Users/admin/builder/spi-builder-workspace/.swiftpm/xcode
    builtin-SwiftPerFileCompile SyntaxNodes.swift
SwiftEmitModule normal arm64 Emitting\ module\ for\ SwiftSyntax (in target 'SwiftSyntax' from project 'SwiftSyntax')
SwiftCompile normal arm64 (in target 'SwiftSyntax' from project 'SwiftSyntax')
    cd /Users/admin/builder/spi-builder-workspace/.swiftpm/xcode

SwiftCompile normal arm64 Compiling\ Trivia.swift /Users/admin/builder/spi-builder-workspace/Sources/SwiftSyntax/Trivia.swift (in target 'SwiftSyntax' from project 'SwiftSyntax')
SwiftCompile normal arm64 /Users/admin/builder/spi-builder-workspace/Sources/SwiftSyntax/Trivia.swift (in target 'SwiftSyntax' from project 'SwiftSyntax')
    cd /Users/admin/builder/spi-builder-workspace/.swiftpm/xcode
    builtin-SwiftPerFileCompile Trivia.swift
SwiftCompile normal arm64 Compiling\ SyntaxBuilders.swift /Users/admin/builder/spi-builder-workspace/Sources/SwiftSyntax/SyntaxBuilders.swift (in target 'SwiftSyntax' from project 'SwiftSyntax')
SwiftCompile normal arm64 /Users/admin/builder/spi-builder-workspace/Sources/SwiftSyntax/SyntaxBuilders.swift (in target 'SwiftSyntax' from project 'SwiftSyntax')
    cd /Users/admin/builder/spi-builder-workspace/.swiftpm/xcode
    builtin-SwiftPerFileCompile SyntaxBuilders.swift
SwiftCompile normal arm64 Compiling\ SyntaxKind.swift /Users/admin/builder/spi-builder-workspace/Sources/SwiftSyntax/SyntaxKind.swift (in target 'SwiftSyntax' from project 'SwiftSyntax')
SwiftCompile normal arm64 /Users/admin/builder/spi-builder-workspace/Sources/SwiftSyntax/SyntaxKind.swift (in target 'SwiftSyntax' from project 'SwiftSyntax')
    cd /Users/admin/builder/spi-builder-workspace/.swiftpm/xcode
    builtin-SwiftPerFileCompile SyntaxKind.swift
SwiftDriverJobDiscovery normal arm64 Compiling AtomicCache.swift (in target 'SwiftSyntax' from project 'SwiftSyntax')
SwiftCompile normal arm64 Compiling\ SyntaxCollection.swift /Users/admin/builder/spi-builder-workspace/Sources/SwiftSyntax/SyntaxCollection.swift (in target 'SwiftSyntax' from project 'SwiftSyntax')
SwiftCompile normal arm64 /Users/admin/builder/spi-builder-workspace/Sources/SwiftSyntax/SyntaxCollection.swift (in target 'SwiftSyntax' from project 'SwiftSyntax')
    cd /Users/admin/builder/spi-builder-workspace/.swiftpm/xcode
    builtin-SwiftPerFileCompile SyntaxCollection.swift
SwiftDriverJobDiscovery normal arm64 Compiling SyntaxChildren.swift (in target 'SwiftSyntax' from project 'SwiftSyntax')
SwiftCompile normal arm64 Compiling\ SyntaxData.swift /Users/admin/builder/spi-builder-workspace/Sources/SwiftSyntax/SyntaxData.swift (in target 'SwiftSyntax' from project 'SwiftSyntax')
SwiftCompile normal arm64 /Users/admin/builder/spi-builder-workspace/Sources/SwiftSyntax/SyntaxData.swift (in target 'SwiftSyntax' from project 'SwiftSyntax')
    cd /Users/admin/builder/spi-builder-workspace/.swiftpm/xcode
    builtin-SwiftPerFileCompile SyntaxData.swift
PruneExplicitPrecompiledModules /Users/admin/builder/spi-builder-workspace/.derivedData/Build/Intermediates.noindex/ExplicitPrecompiledModules
PruneExplicitPrecompiledModules /Users/admin/builder/spi-builder-workspace/.derivedData/SDKExplicitPrecompiledModules
PruneExplicitPrecompiledModules /Users/admin/builder/spi-builder-workspace/.derivedData/Build/Intermediates.noindex/SwiftExplicitPrecompiledModules
2026-09-15 19:00:10.946 xcodebuild[694:4564] [MT] IDERunDestination: Supported platforms for the buildables in the current scheme is empty.
** BUILD FAILED **
The following build commands failed:
	SwiftCompile normal arm64 Compiling\ SwiftcInvocation.swift /Users/admin/builder/spi-builder-workspace/Sources/SwiftSyntax/SwiftcInvocation.swift (in target 'SwiftSyntax' from project 'SwiftSyntax')
	SwiftCompile normal arm64 /Users/admin/builder/spi-builder-workspace/Sources/SwiftSyntax/SwiftcInvocation.swift (in target 'SwiftSyntax' from project 'SwiftSyntax')
	Building workspace SwiftSyntax with scheme SwiftSyntax
(3 failures)
BUILD FAILURE 6.4 visionOS