Build Information
Failed to build JellyfinAPI, reference main (8ce10a), with Swift 6.2 for Android on 4 Oct 2026 11:08:43 UTC.
Build Command
bash -c docker run --pull=always --rm -v "checkouts-54344844-3":/host -w "$PWD" -e JAVA_HOME="/root/.sdkman/candidates/java/current" -e SPI_BUILD="1" -e SPI_PROCESSING="1" registry.gitlab.com/saguaro1/spi-images:android-6.2-latest swift build --swift-sdk aarch64-unknown-linux-android28 2>&1Build Log
========================================
RunAll
========================================
Builder version: 5.1.1
Interrupt handler set up.
========================================
Checkout
========================================
Clone URL: https://github.com/jellyfin/jellyfin-sdk-swift.git
Reference: main
Initialized empty Git repository in /host/spi-builder-workspace/.git/
hint: Using 'master' as the name for the initial branch. This default branch name
hint: is subject to change. To configure the initial branch name to use in all
hint: of your new repositories, which will suppress this warning, call:
hint:
hint: git config --global init.defaultBranch <name>
hint:
hint: Names commonly chosen instead of 'master' are 'main', 'trunk' and
hint: 'development'. The just-created branch can be renamed via this command:
hint:
hint: git branch -m <name>
From https://github.com/jellyfin/jellyfin-sdk-swift
* branch main -> FETCH_HEAD
* [new branch] main -> origin/main
HEAD is now at 8ce10a1 Generate 12.1, update generator (#64)
Cloned https://github.com/jellyfin/jellyfin-sdk-swift.git
Revision (git rev-parse @):
8ce10a167ad0b4145b2bc005acf8bebcfe6ebe46
SPI manifest file found: $PWD/.spi.yml
SUCCESS checkout https://github.com/jellyfin/jellyfin-sdk-swift.git at main
========================================
Build
========================================
Selected platform: android
Swift version: 6.2
Building package at path: $PWD
https://github.com/jellyfin/jellyfin-sdk-swift.git
Running build ...
bash -c docker run --pull=always --rm -v "checkouts-54344844-3":/host -w "$PWD" -e JAVA_HOME="/root/.sdkman/candidates/java/current" -e SPI_BUILD="1" -e SPI_PROCESSING="1" registry.gitlab.com/saguaro1/spi-images:android-6.2-latest swift build --swift-sdk aarch64-unknown-linux-android28 2>&1
android-6.2-latest: Pulling from saguaro1/spi-images
Digest: sha256:f47b2a33897778fb58ca39c1139e193fa7f391fa362fe0d23c00db9747030994
Status: Image is up to date for registry.gitlab.com/saguaro1/spi-images:android-6.2-latest
Fetching https://github.com/apple/swift-nio-transport-services.git
Fetching https://github.com/kean/Get
[1/2867] Fetching swift-nio-transport-services
[661/5218] Fetching swift-nio-transport-services, get
Fetched https://github.com/apple/swift-nio-transport-services.git from cache (0.50s)
Fetched https://github.com/kean/Get from cache (0.52s)
Computing version for https://github.com/kean/Get
Computed https://github.com/kean/Get at 2.2.1 (1.55s)
Computing version for https://github.com/apple/swift-nio-transport-services.git
Computed https://github.com/apple/swift-nio-transport-services.git at 1.28.0 (0.21s)
Fetching https://github.com/apple/swift-atomics.git
Fetching https://github.com/apple/swift-nio.git
[1/1885] Fetching swift-atomics
[1886/88150] Fetching swift-atomics, swift-nio
Fetched https://github.com/apple/swift-atomics.git from cache (5.07s)
Fetched https://github.com/apple/swift-nio.git from cache (5.11s)
Computing version for https://github.com/apple/swift-atomics.git
Computed https://github.com/apple/swift-atomics.git at 1.3.1 (5.31s)
Computing version for https://github.com/apple/swift-nio.git
Computed https://github.com/apple/swift-nio.git at 2.103.0 (0.37s)
Fetching https://github.com/apple/swift-system.git
Fetching https://github.com/apple/swift-collections.git
[1/7104] Fetching swift-system
[7105/35642] Fetching swift-system, swift-collections
Fetched https://github.com/apple/swift-system.git from cache (1.51s)
Fetched https://github.com/apple/swift-collections.git from cache (1.53s)
Computing version for https://github.com/apple/swift-collections.git
Computed https://github.com/apple/swift-collections.git at 1.7.1 (1.86s)
Computing version for https://github.com/apple/swift-system.git
Computed https://github.com/apple/swift-system.git at 1.8.1 (0.27s)
Creating working copy for https://github.com/kean/Get
Working copy of https://github.com/kean/Get resolved at 2.2.1
Creating working copy for https://github.com/apple/swift-collections.git
Working copy of https://github.com/apple/swift-collections.git resolved at 1.7.1
Creating working copy for https://github.com/apple/swift-atomics.git
Working copy of https://github.com/apple/swift-atomics.git resolved at 1.3.1
Creating working copy for https://github.com/apple/swift-nio.git
Working copy of https://github.com/apple/swift-nio.git resolved at 2.103.0
Creating working copy for https://github.com/apple/swift-system.git
Working copy of https://github.com/apple/swift-system.git resolved at 1.8.1
Creating working copy for https://github.com/apple/swift-nio-transport-services.git
Working copy of https://github.com/apple/swift-nio-transport-services.git resolved at 1.28.0
Downloading binary artifact https://github.com/LePips/openapi-generator/releases/download/v0.8.0/openapi-generator.artifactbundle.zip
[16375/6128024] Downloading https://github.com/LePips/openapi-generator/releases/download/v0.8.0/openapi-generator.artifactbundle.zip
Downloaded https://github.com/LePips/openapi-generator/releases/download/v0.8.0/openapi-generator.artifactbundle.zip (0.79s)
[1/1] Compiling plugin GenerateAPI
Building for debugging...
[1/29] Write sources
[15/29] Compiling CNIOWASI CNIOWASI.c
[16/29] Compiling CNIOWindows shim.c
[17/29] Compiling CNIOOpenBSD shim.c
[18/29] Compiling CNIOWindows WSAStartup.c
[19/29] Compiling CNIOPosix event_loop_id.c
[20/29] Write swift-version--11D90AFD9DD3AB2.txt
[20/29] Write sources
[22/29] Compiling _AtomicsShims.c
[23/29] Compiling CNIOLinux liburing_shims.c
[24/29] Compiling CNIODarwin shim.c
[25/29] Compiling CNIOFreeBSD shim.c
[26/33] Compiling CNIOLinux shim.c
[27/87] Compiling c-nioatomics.c
[28/87] Compiling c-atomics.c
[30/94] Compiling Atomics UnsafeAtomicLazyReference.swift
[31/94] Compiling Atomics AtomicMemoryOrderings.swift
[32/94] Compiling Atomics DoubleWord.swift
[33/94] Compiling Atomics ManagedAtomic.swift
[34/97] Compiling Atomics AtomicStorage.swift
[35/97] Compiling Atomics AtomicValue.swift
[36/99] Compiling InternalCollectionsUtilities UnsafeMutablePointer+Extras.swift
[37/99] Compiling InternalCollectionsUtilities UnsafeMutableRawBufferPointer+Extras.swift
[38/99] Compiling InternalCollectionsUtilities UnsafePointer+Extras.swift
[39/99] Compiling Atomics IntegerConformances.swift
[40/99] Compiling Atomics PointerConformances.swift
[41/99] Compiling Atomics Primitives.native.swift
[42/99] Compiling Atomics UnsafeAtomic.swift
[44/99] Compiling Atomics ManagedAtomicLazyReference.swift
[49/99] Emitting module InternalCollectionsUtilities
[50/99] Compiling NIOConcurrencyHelpers NIOLockedValueBox.swift
[51/99] Compiling InternalCollectionsUtilities FixedWidthInteger+roundUpToPowerOfTwo.swift
[52/99] Compiling InternalCollectionsUtilities Integer rank.swift
[53/99] Compiling InternalCollectionsUtilities UInt+first and last set bit.swift
[54/99] Compiling Atomics AtomicInteger.swift
[55/99] Compiling Atomics AtomicOptionalWrappable.swift
[56/99] Compiling Atomics AtomicReference.swift
[59/99] Compiling InternalCollectionsUtilities _UnsafeBitSet+_Word.swift
[60/99] Compiling InternalCollectionsUtilities _UnsafeBitSet.swift
[61/99] Compiling InternalCollectionsUtilities UnsafeBufferPointer+Extras.swift
[62/99] Compiling InternalCollectionsUtilities UnsafeMutableBufferPointer+Extras.swift
[64/99] Compiling Atomics IntegerOperations.swift
[65/99] Compiling Atomics Unmanaged extensions.swift
[66/99] Compiling InternalCollectionsUtilities _UnsafeBitSet+Index.swift
[76/99] Emitting module Atomics
[77/99] Compiling NIOConcurrencyHelpers NIOLock.swift
[78/99] Emitting module _NIODataStructures
[79/99] Compiling _NIOBase64 Base64.swift
[80/99] Emitting module _NIOBase64
[82/100] Compiling _NIODataStructures Heap.swift
[83/100] Compiling _NIODataStructures PriorityQueue.swift
[84/100] Compiling _NIODataStructures _TinyArray.swift
[85/101] Compiling InternalCollectionsUtilities UnsafeRawBufferPointer+Extras.swift
[86/101] Compiling InternalCollectionsUtilities _SortedCollection.swift
[87/101] Compiling InternalCollectionsUtilities _UniqueCollection.swift
[90/102] Compiling NIOConcurrencyHelpers NIOAtomic.swift
[91/102] Compiling NIOConcurrencyHelpers NIOThreadPoolWorkAvailable.swift
[92/102] Compiling NIOConcurrencyHelpers lock.swift
[93/102] Compiling NIOConcurrencyHelpers atomics.swift
[94/102] Emitting module NIOConcurrencyHelpers
[99/108] Compiling SpanPreview InputSpan.swift
[100/108] Compiling SpanPreview MutableSpan+InputSpanHelpers.swift
[101/108] Compiling SpanPreview OutputSpan+InputSpanHelpers.swift
[102/108] Emitting module SpanPreview
[104/151] Compiling DequeModule UniqueDeque+Consumption.swift
[105/151] Compiling DequeModule UniqueDeque+ContainerOperations.swift
[106/151] Compiling DequeModule UniqueDeque+Deprecations.swift
[107/151] Compiling DequeModule UniqueDeque+Descriptions.swift
[108/151] Compiling DequeModule UniqueDeque+Equatable.swift
[109/151] Compiling DequeModule UniqueDeque+Hashable.swift
[110/156] Compiling DequeModule RigidDeque+Descriptions.swift
[111/156] Compiling DequeModule RigidDeque+Equatable.swift
[112/156] Compiling DequeModule RigidDeque+Hashable.swift
[113/156] Compiling DequeModule RigidDeque+Initializers.swift
[114/156] Compiling DequeModule RigidDeque+Insertions.swift
[115/156] Compiling DequeModule RigidDeque+Iterable.swift
[116/156] Compiling DequeModule RigidDeque+Prepend.swift
[117/156] Compiling DequeModule RigidDeque+Removals.swift
[118/156] Compiling DequeModule RigidDeque+Replacements.swift
[119/156] Compiling DequeModule RigidDeque+Testing.swift
[120/156] Compiling DequeModule RigidDeque.swift
[121/156] Compiling DequeModule UniqueDeque+Append.swift
[122/156] Compiling DequeModule UniqueDeque+Initializers.swift
[123/156] Compiling DequeModule UniqueDeque+Insertions.swift
[124/156] Compiling DequeModule UniqueDeque+Iterable.swift
[125/156] Compiling DequeModule UniqueDeque+Prepend.swift
[126/156] Compiling DequeModule UniqueDeque+Removals.swift
[127/156] Compiling DequeModule Deque+Codable.swift
[128/156] Compiling DequeModule Deque+Collection.swift
[129/156] Compiling DequeModule Deque+CustomReflectable.swift
[130/156] Compiling DequeModule Deque+Descriptions.swift
[131/156] Compiling DequeModule Deque+Equatable.swift
[132/156] Compiling DequeModule Deque+ExpressibleByArrayLiteral.swift
[133/156] Compiling DequeModule Deque+Extras.swift
[134/156] Compiling DequeModule Deque+Hashable.swift
[135/156] Compiling DequeModule Deque+Testing.swift
[136/156] Compiling DequeModule Deque._Storage.swift
[137/156] Compiling DequeModule Deque._UnsafeHandle.swift
[138/156] Compiling DequeModule Deque.swift
[139/156] Compiling DequeModule _DequeBuffer.swift
[140/156] Compiling DequeModule _DequeBufferHeader.swift
[141/156] Compiling DequeModule RigidDeque+Append.swift
[142/156] Compiling DequeModule RigidDeque+Consumption.swift
[143/156] Compiling DequeModule RigidDeque+ContainerOperations.swift
[144/156] Compiling DequeModule RigidDeque+Deprecations.swift
[145/156] Compiling Get Response.swift
[146/156] Compiling Get DataLoader.swift
/host/spi-builder-workspace/.build/checkouts/Get/Sources/Get/DataLoader.swift:79:40: error: cannot use optional chaining on non-optional value of type '(URLSession, (any Error)?) -> ()'
77 | userSessionDelegate?.urlSession(session, didBecomeInvalidWithError: error)
78 | #else
79 | userSessionDelegate?.urlSession?(session, didBecomeInvalidWithError: error)
| `- error: cannot use optional chaining on non-optional value of type '(URLSession, (any Error)?) -> ()'
80 | #endif
81 | }
/host/spi-builder-workspace/.build/checkouts/Get/Sources/Get/DataLoader.swift:86:34: error: value of type 'any URLSessionDelegate' has no member 'urlSessionDidFinishEvents'
84 | func urlSessionDidFinishEvents(forBackgroundURLSession session: URLSession) {
85 | if #available(macOS 11.0, *) {
86 | userSessionDelegate?.urlSessionDidFinishEvents?(forBackgroundURLSession: session)
| `- error: value of type 'any URLSessionDelegate' has no member 'urlSessionDidFinishEvents'
87 | } else {
88 | // Fallback on earlier versions
/host/spi-builder-workspace/.build/checkouts/Get/Sources/Get/DataLoader.swift:102:37: error: cannot use optional chaining on non-optional value of type '(URLSession, URLSessionTask, (any Error)?) -> ()'
100 | userTaskDelegate?.urlSession(session, task: task, didCompleteWithError: error)
101 | #else
102 | handler.delegate?.urlSession?(session, task: task, didCompleteWithError: error)
| `- error: cannot use optional chaining on non-optional value of type '(URLSession, URLSessionTask, (any Error)?) -> ()'
103 | userTaskDelegate?.urlSession?(session, task: task, didCompleteWithError: error)
104 | #endif
/host/spi-builder-workspace/.build/checkouts/Get/Sources/Get/DataLoader.swift:103:37: error: cannot use optional chaining on non-optional value of type '(URLSession, URLSessionTask, (any Error)?) -> ()'
101 | #else
102 | handler.delegate?.urlSession?(session, task: task, didCompleteWithError: error)
103 | userTaskDelegate?.urlSession?(session, task: task, didCompleteWithError: error)
| `- error: cannot use optional chaining on non-optional value of type '(URLSession, URLSessionTask, (any Error)?) -> ()'
104 | #endif
105 | switch handler {
/host/spi-builder-workspace/.build/checkouts/Get/Sources/Get/DataLoader.swift:133:38: error: cannot use optional chaining on non-optional value of type '(URLSession, URLSessionTask, URLSessionTaskMetrics) -> ()'
131 | userTaskDelegate?.urlSession(session, task: task, didFinishCollecting: metrics)
132 | #else
133 | handler?.delegate?.urlSession?(session, task: task, didFinishCollecting: metrics)
| `- error: cannot use optional chaining on non-optional value of type '(URLSession, URLSessionTask, URLSessionTaskMetrics) -> ()'
134 | userTaskDelegate?.urlSession?(session, task: task, didFinishCollecting: metrics)
135 | #endif
/host/spi-builder-workspace/.build/checkouts/Get/Sources/Get/DataLoader.swift:134:37: error: cannot use optional chaining on non-optional value of type '(URLSession, URLSessionTask, URLSessionTaskMetrics) -> ()'
132 | #else
133 | handler?.delegate?.urlSession?(session, task: task, didFinishCollecting: metrics)
134 | userTaskDelegate?.urlSession?(session, task: task, didFinishCollecting: metrics)
| `- error: cannot use optional chaining on non-optional value of type '(URLSession, URLSessionTask, URLSessionTaskMetrics) -> ()'
135 | #endif
136 | }
/host/spi-builder-workspace/.build/checkouts/Get/Sources/Get/DataLoader.swift:144:45: error: cannot use optional chaining on non-optional value of type '(URLSession, URLSessionTask, HTTPURLResponse, URLRequest, @escaping @Sendable (URLRequest?) -> Void) -> ()'
142 | completionHandler(request)
143 | #else
144 | handlers[task]?.delegate?.urlSession?(session, task: task, willPerformHTTPRedirection: response, newRequest: request, completionHandler: completionHandler) ??
| `- error: cannot use optional chaining on non-optional value of type '(URLSession, URLSessionTask, HTTPURLResponse, URLRequest, @escaping @Sendable (URLRequest?) -> Void) -> ()'
145 | userTaskDelegate?.urlSession?(session, task: task, willPerformHTTPRedirection: response, newRequest: request, completionHandler: completionHandler) ??
146 | completionHandler(request)
/host/spi-builder-workspace/.build/checkouts/Get/Sources/Get/DataLoader.swift:145:37: error: cannot use optional chaining on non-optional value of type '(URLSession, URLSessionTask, HTTPURLResponse, URLRequest, @escaping @Sendable (URLRequest?) -> Void) -> ()'
143 | #else
144 | handlers[task]?.delegate?.urlSession?(session, task: task, willPerformHTTPRedirection: response, newRequest: request, completionHandler: completionHandler) ??
145 | userTaskDelegate?.urlSession?(session, task: task, willPerformHTTPRedirection: response, newRequest: request, completionHandler: completionHandler) ??
| `- error: cannot use optional chaining on non-optional value of type '(URLSession, URLSessionTask, HTTPURLResponse, URLRequest, @escaping @Sendable (URLRequest?) -> Void) -> ()'
146 | completionHandler(request)
147 | #endif
/host/spi-builder-workspace/.build/checkouts/Get/Sources/Get/DataLoader.swift:152:45: error: cannot use optional chaining on non-optional value of type '(URLSession, (any Error)?) -> ()'
150 | #if !os(Linux)
151 | func urlSession(_ session: URLSession, taskIsWaitingForConnectivity task: URLSessionTask) {
152 | handlers[task]?.delegate?.urlSession?(session, taskIsWaitingForConnectivity: task)
| `- error: cannot use optional chaining on non-optional value of type '(URLSession, (any Error)?) -> ()'
153 | userTaskDelegate?.urlSession?(session, taskIsWaitingForConnectivity: task)
154 | }
/host/spi-builder-workspace/.build/checkouts/Get/Sources/Get/DataLoader.swift:152:46: error: incorrect argument label in call (have '_:taskIsWaitingForConnectivity:', expected '_:didBecomeInvalidWithError:')
150 | #if !os(Linux)
151 | func urlSession(_ session: URLSession, taskIsWaitingForConnectivity task: URLSessionTask) {
152 | handlers[task]?.delegate?.urlSession?(session, taskIsWaitingForConnectivity: task)
| `- error: incorrect argument label in call (have '_:taskIsWaitingForConnectivity:', expected '_:didBecomeInvalidWithError:')
153 | userTaskDelegate?.urlSession?(session, taskIsWaitingForConnectivity: task)
154 | }
/host/spi-builder-workspace/.build/checkouts/Get/Sources/Get/DataLoader.swift:152:86: error: argument type 'URLSessionTask' does not conform to expected type 'Error'
150 | #if !os(Linux)
151 | func urlSession(_ session: URLSession, taskIsWaitingForConnectivity task: URLSessionTask) {
152 | handlers[task]?.delegate?.urlSession?(session, taskIsWaitingForConnectivity: task)
| `- error: argument type 'URLSessionTask' does not conform to expected type 'Error'
153 | userTaskDelegate?.urlSession?(session, taskIsWaitingForConnectivity: task)
154 | }
/host/spi-builder-workspace/.build/checkouts/Get/Sources/Get/DataLoader.swift:153:27: error: no exact matches in call to instance method 'urlSession'
151 | func urlSession(_ session: URLSession, taskIsWaitingForConnectivity task: URLSessionTask) {
152 | handlers[task]?.delegate?.urlSession?(session, taskIsWaitingForConnectivity: task)
153 | userTaskDelegate?.urlSession?(session, taskIsWaitingForConnectivity: task)
| |- error: no exact matches in call to instance method 'urlSession'
| |- note: candidate has partially matching parameter list (URLSession, didBecomeInvalidWithError: (any Error)?)
| `- note: candidate has partially matching parameter list (URLSession, didBecomeInvalidWithError: (any Error)?)
154 | }
155 |
/host/spi-builder-workspace/.build/checkouts/Get/Sources/Get/DataLoader.swift:153:37: error: cannot use optional chaining on non-optional value of type '(URLSession, (any Error)?) -> ()'
151 | func urlSession(_ session: URLSession, taskIsWaitingForConnectivity task: URLSessionTask) {
152 | handlers[task]?.delegate?.urlSession?(session, taskIsWaitingForConnectivity: task)
153 | userTaskDelegate?.urlSession?(session, taskIsWaitingForConnectivity: task)
| `- error: cannot use optional chaining on non-optional value of type '(URLSession, (any Error)?) -> ()'
154 | }
155 |
/host/spi-builder-workspace/.build/checkouts/Get/Sources/Get/DataLoader.swift:159:49: error: cannot use optional chaining on non-optional value of type '(URLSession, (any Error)?) -> ()'
157 | func urlSession(_ session: URLSession, didCreateTask task: URLSessionTask) {
158 | if #available(iOS 16.0, macOS 13.0, tvOS 16.0, watchOS 9.0, *) {
159 | handlers[task]?.delegate?.urlSession?(session, didCreateTask: task)
| `- error: cannot use optional chaining on non-optional value of type '(URLSession, (any Error)?) -> ()'
160 | userTaskDelegate?.urlSession?(session, didCreateTask: task)
161 | } else {
/host/spi-builder-workspace/.build/checkouts/Get/Sources/Get/DataLoader.swift:159:50: error: incorrect argument label in call (have '_:didCreateTask:', expected '_:didBecomeInvalidWithError:')
157 | func urlSession(_ session: URLSession, didCreateTask task: URLSessionTask) {
158 | if #available(iOS 16.0, macOS 13.0, tvOS 16.0, watchOS 9.0, *) {
159 | handlers[task]?.delegate?.urlSession?(session, didCreateTask: task)
| `- error: incorrect argument label in call (have '_:didCreateTask:', expected '_:didBecomeInvalidWithError:')
160 | userTaskDelegate?.urlSession?(session, didCreateTask: task)
161 | } else {
/host/spi-builder-workspace/.build/checkouts/Get/Sources/Get/DataLoader.swift:159:75: error: argument type 'URLSessionTask' does not conform to expected type 'Error'
157 | func urlSession(_ session: URLSession, didCreateTask task: URLSessionTask) {
158 | if #available(iOS 16.0, macOS 13.0, tvOS 16.0, watchOS 9.0, *) {
159 | handlers[task]?.delegate?.urlSession?(session, didCreateTask: task)
| `- error: argument type 'URLSessionTask' does not conform to expected type 'Error'
160 | userTaskDelegate?.urlSession?(session, didCreateTask: task)
161 | } else {
/host/spi-builder-workspace/.build/checkouts/Get/Sources/Get/DataLoader.swift:160:31: error: no exact matches in call to instance method 'urlSession'
158 | if #available(iOS 16.0, macOS 13.0, tvOS 16.0, watchOS 9.0, *) {
159 | handlers[task]?.delegate?.urlSession?(session, didCreateTask: task)
160 | userTaskDelegate?.urlSession?(session, didCreateTask: task)
| |- error: no exact matches in call to instance method 'urlSession'
| |- note: candidate has partially matching parameter list (URLSession, didBecomeInvalidWithError: (any Error)?)
| `- note: candidate has partially matching parameter list (URLSession, didBecomeInvalidWithError: (any Error)?)
161 | } else {
162 | // Doesn't exist on earlier versions
/host/spi-builder-workspace/.build/checkouts/Get/Sources/Get/DataLoader.swift:160:41: error: cannot use optional chaining on non-optional value of type '(URLSession, (any Error)?) -> ()'
158 | if #available(iOS 16.0, macOS 13.0, tvOS 16.0, watchOS 9.0, *) {
159 | handlers[task]?.delegate?.urlSession?(session, didCreateTask: task)
160 | userTaskDelegate?.urlSession?(session, didCreateTask: task)
| `- error: cannot use optional chaining on non-optional value of type '(URLSession, (any Error)?) -> ()'
161 | } else {
162 | // Doesn't exist on earlier versions
/host/spi-builder-workspace/.build/checkouts/Get/Sources/Get/DataLoader.swift:174:45: error: cannot use optional chaining on non-optional value of type '(URLSession, URLSessionTask, URLAuthenticationChallenge, @escaping @Sendable (URLSession.AuthChallengeDisposition, URLCredential?) -> Void) -> ()'
172 | completionHandler(.performDefaultHandling, nil)
173 | #else
174 | handlers[task]?.delegate?.urlSession?(session, task: task, didReceive: challenge, completionHandler: completionHandler) ??
| `- error: cannot use optional chaining on non-optional value of type '(URLSession, URLSessionTask, URLAuthenticationChallenge, @escaping @Sendable (URLSession.AuthChallengeDisposition, URLCredential?) -> Void) -> ()'
175 | userTaskDelegate?.urlSession?(session, task: task, didReceive: challenge, completionHandler: completionHandler) ??
176 | completionHandler(.performDefaultHandling, nil)
/host/spi-builder-workspace/.build/checkouts/Get/Sources/Get/DataLoader.swift:175:37: error: cannot use optional chaining on non-optional value of type '(URLSession, URLSessionTask, URLAuthenticationChallenge, @escaping @Sendable (URLSession.AuthChallengeDisposition, URLCredential?) -> Void) -> ()'
173 | #else
174 | handlers[task]?.delegate?.urlSession?(session, task: task, didReceive: challenge, completionHandler: completionHandler) ??
175 | userTaskDelegate?.urlSession?(session, task: task, didReceive: challenge, completionHandler: completionHandler) ??
| `- error: cannot use optional chaining on non-optional value of type '(URLSession, URLSessionTask, URLAuthenticationChallenge, @escaping @Sendable (URLSession.AuthChallengeDisposition, URLCredential?) -> Void) -> ()'
176 | completionHandler(.performDefaultHandling, nil)
177 | #endif
/host/spi-builder-workspace/.build/checkouts/Get/Sources/Get/DataLoader.swift:186:45: error: cannot use optional chaining on non-optional value of type '(URLSession, URLSessionTask, URLRequest, @escaping @Sendable (URLSession.DelayedRequestDisposition, URLRequest?) -> Void) -> ()'
184 | completionHandler(.continueLoading, nil)
185 | #else
186 | handlers[task]?.delegate?.urlSession?(session, task: task, willBeginDelayedRequest: request, completionHandler: completionHandler) ??
| `- error: cannot use optional chaining on non-optional value of type '(URLSession, URLSessionTask, URLRequest, @escaping @Sendable (URLSession.DelayedRequestDisposition, URLRequest?) -> Void) -> ()'
187 | userTaskDelegate?.urlSession?(session, task: task, willBeginDelayedRequest: request, completionHandler: completionHandler) ??
188 | completionHandler(.continueLoading, nil)
/host/spi-builder-workspace/.build/checkouts/Get/Sources/Get/DataLoader.swift:187:37: error: cannot use optional chaining on non-optional value of type '(URLSession, URLSessionTask, URLRequest, @escaping @Sendable (URLSession.DelayedRequestDisposition, URLRequest?) -> Void) -> ()'
185 | #else
186 | handlers[task]?.delegate?.urlSession?(session, task: task, willBeginDelayedRequest: request, completionHandler: completionHandler) ??
187 | userTaskDelegate?.urlSession?(session, task: task, willBeginDelayedRequest: request, completionHandler: completionHandler) ??
| `- error: cannot use optional chaining on non-optional value of type '(URLSession, URLSessionTask, URLRequest, @escaping @Sendable (URLSession.DelayedRequestDisposition, URLRequest?) -> Void) -> ()'
188 | completionHandler(.continueLoading, nil)
189 | #endif
/host/spi-builder-workspace/.build/checkouts/Get/Sources/Get/DataLoader.swift:197:39: error: cannot use optional chaining on non-optional value of type '(URLSession, URLSessionTask, Int64, Int64, Int64) -> ()'
195 | userTaskDelegate?.urlSession(session, task: task, didSendBodyData: bytesSent, totalBytesSent: totalBytesSent, totalBytesExpectedToSend: totalBytesExpectedToSend)
196 | #else
197 | handlers[task]?.delegate?.urlSession?(session, task: task, didSendBodyData: bytesSent, totalBytesSent: totalBytesSent, totalBytesExpectedToSend: totalBytesExpectedToSend) ??
| `- error: cannot use optional chaining on non-optional value of type '(URLSession, URLSessionTask, Int64, Int64, Int64) -> ()'
198 | userTaskDelegate?.urlSession?(session, task: task, didSendBodyData: bytesSent, totalBytesSent: totalBytesSent, totalBytesExpectedToSend: totalBytesExpectedToSend)
199 | #endif
/host/spi-builder-workspace/.build/checkouts/Get/Sources/Get/DataLoader.swift:198:31: error: cannot use optional chaining on non-optional value of type '(URLSession, URLSessionTask, Int64, Int64, Int64) -> ()'
196 | #else
197 | handlers[task]?.delegate?.urlSession?(session, task: task, didSendBodyData: bytesSent, totalBytesSent: totalBytesSent, totalBytesExpectedToSend: totalBytesExpectedToSend) ??
198 | userTaskDelegate?.urlSession?(session, task: task, didSendBodyData: bytesSent, totalBytesSent: totalBytesSent, totalBytesExpectedToSend: totalBytesExpectedToSend)
| `- error: cannot use optional chaining on non-optional value of type '(URLSession, URLSessionTask, Int64, Int64, Int64) -> ()'
199 | #endif
200 | }
/host/spi-builder-workspace/.build/checkouts/Get/Sources/Get/DataLoader.swift:210:75: error: cannot use optional chaining on non-optional value of type '(URLSession, URLSessionDataTask, URLResponse, @escaping @Sendable (URLSession.ResponseDisposition) -> Void) -> ()'
208 | completionHandler(.allow)
209 | #else
210 | (handlers[dataTask] as? DataTaskHandler)?.dataDelegate?.urlSession?(session, dataTask: dataTask, didReceive: response, completionHandler: completionHandler) ??
| `- error: cannot use optional chaining on non-optional value of type '(URLSession, URLSessionDataTask, URLResponse, @escaping @Sendable (URLSession.ResponseDisposition) -> Void) -> ()'
211 | userDataDelegate?.urlSession?(session, dataTask: dataTask, didReceive: response, completionHandler: completionHandler) ??
212 | completionHandler(.allow)
/host/spi-builder-workspace/.build/checkouts/Get/Sources/Get/DataLoader.swift:211:37: error: cannot use optional chaining on non-optional value of type '(URLSession, URLSessionDataTask, URLResponse, @escaping @Sendable (URLSession.ResponseDisposition) -> Void) -> ()'
209 | #else
210 | (handlers[dataTask] as? DataTaskHandler)?.dataDelegate?.urlSession?(session, dataTask: dataTask, didReceive: response, completionHandler: completionHandler) ??
211 | userDataDelegate?.urlSession?(session, dataTask: dataTask, didReceive: response, completionHandler: completionHandler) ??
| `- error: cannot use optional chaining on non-optional value of type '(URLSession, URLSessionDataTask, URLResponse, @escaping @Sendable (URLSession.ResponseDisposition) -> Void) -> ()'
212 | completionHandler(.allow)
213 | #endif
/host/spi-builder-workspace/.build/checkouts/Get/Sources/Get/DataLoader.swift:222:41: error: cannot use optional chaining on non-optional value of type '(URLSession, URLSessionDataTask, Data) -> ()'
220 | userDataDelegate?.urlSession(session, dataTask: dataTask, didReceive: data)
221 | #else
222 | handler.dataDelegate?.urlSession?(session, dataTask: dataTask, didReceive: data)
| `- error: cannot use optional chaining on non-optional value of type '(URLSession, URLSessionDataTask, Data) -> ()'
223 | userDataDelegate?.urlSession?(session, dataTask: dataTask, didReceive: data)
224 | #endif
/host/spi-builder-workspace/.build/checkouts/Get/Sources/Get/DataLoader.swift:223:37: error: cannot use optional chaining on non-optional value of type '(URLSession, URLSessionDataTask, Data) -> ()'
221 | #else
222 | handler.dataDelegate?.urlSession?(session, dataTask: dataTask, didReceive: data)
223 | userDataDelegate?.urlSession?(session, dataTask: dataTask, didReceive: data)
| `- error: cannot use optional chaining on non-optional value of type '(URLSession, URLSessionDataTask, Data) -> ()'
224 | #endif
225 | if handler.data == nil {
/host/spi-builder-workspace/.build/checkouts/Get/Sources/Get/DataLoader.swift:233:75: error: cannot use optional chaining on non-optional value of type '(URLSession, URLSessionDataTask, URLSessionDownloadTask) -> ()'
231 | #if !os(Linux)
232 | func urlSession(_ session: URLSession, dataTask: URLSessionDataTask, didBecome downloadTask: URLSessionDownloadTask) {
233 | (handlers[dataTask] as? DataTaskHandler)?.dataDelegate?.urlSession?(session, dataTask: dataTask, didBecome: downloadTask)
| `- error: cannot use optional chaining on non-optional value of type '(URLSession, URLSessionDataTask, URLSessionDownloadTask) -> ()'
234 | userDataDelegate?.urlSession?(session, dataTask: dataTask, didBecome: downloadTask)
235 | }
/host/spi-builder-workspace/.build/checkouts/Get/Sources/Get/DataLoader.swift:234:37: error: cannot use optional chaining on non-optional value of type '(URLSession, URLSessionDataTask, URLSessionDownloadTask) -> ()'
232 | func urlSession(_ session: URLSession, dataTask: URLSessionDataTask, didBecome downloadTask: URLSessionDownloadTask) {
233 | (handlers[dataTask] as? DataTaskHandler)?.dataDelegate?.urlSession?(session, dataTask: dataTask, didBecome: downloadTask)
234 | userDataDelegate?.urlSession?(session, dataTask: dataTask, didBecome: downloadTask)
| `- error: cannot use optional chaining on non-optional value of type '(URLSession, URLSessionDataTask, URLSessionDownloadTask) -> ()'
235 | }
236 |
/host/spi-builder-workspace/.build/checkouts/Get/Sources/Get/DataLoader.swift:238:75: error: cannot use optional chaining on non-optional value of type '(URLSession, URLSessionDataTask, URLSessionStreamTask) -> ()'
236 |
237 | func urlSession(_ session: URLSession, dataTask: URLSessionDataTask, didBecome streamTask: URLSessionStreamTask) {
238 | (handlers[dataTask] as? DataTaskHandler)?.dataDelegate?.urlSession?(session, dataTask: dataTask, didBecome: streamTask)
| `- error: cannot use optional chaining on non-optional value of type '(URLSession, URLSessionDataTask, URLSessionStreamTask) -> ()'
239 | userDataDelegate?.urlSession?(session, dataTask: dataTask, didBecome: streamTask)
240 | }
/host/spi-builder-workspace/.build/checkouts/Get/Sources/Get/DataLoader.swift:239:37: error: cannot use optional chaining on non-optional value of type '(URLSession, URLSessionDataTask, URLSessionStreamTask) -> ()'
237 | func urlSession(_ session: URLSession, dataTask: URLSessionDataTask, didBecome streamTask: URLSessionStreamTask) {
238 | (handlers[dataTask] as? DataTaskHandler)?.dataDelegate?.urlSession?(session, dataTask: dataTask, didBecome: streamTask)
239 | userDataDelegate?.urlSession?(session, dataTask: dataTask, didBecome: streamTask)
| `- error: cannot use optional chaining on non-optional value of type '(URLSession, URLSessionDataTask, URLSessionStreamTask) -> ()'
240 | }
241 | #endif
/host/spi-builder-workspace/.build/checkouts/Get/Sources/Get/DataLoader.swift:249:75: error: cannot use optional chaining on non-optional value of type '(URLSession, URLSessionDataTask, CachedURLResponse, @escaping @Sendable (CachedURLResponse?) -> Void) -> ()'
247 | completionHandler(proposedResponse)
248 | #else
249 | (handlers[dataTask] as? DataTaskHandler)?.dataDelegate?.urlSession?(session, dataTask: dataTask, willCacheResponse: proposedResponse, completionHandler: completionHandler) ??
| `- error: cannot use optional chaining on non-optional value of type '(URLSession, URLSessionDataTask, CachedURLResponse, @escaping @Sendable (CachedURLResponse?) -> Void) -> ()'
250 | userDataDelegate?.urlSession?(session, dataTask: dataTask, willCacheResponse: proposedResponse, completionHandler: completionHandler) ??
251 | completionHandler(proposedResponse)
/host/spi-builder-workspace/.build/checkouts/Get/Sources/Get/DataLoader.swift:250:37: error: cannot use optional chaining on non-optional value of type '(URLSession, URLSessionDataTask, CachedURLResponse, @escaping @Sendable (CachedURLResponse?) -> Void) -> ()'
248 | #else
249 | (handlers[dataTask] as? DataTaskHandler)?.dataDelegate?.urlSession?(session, dataTask: dataTask, willCacheResponse: proposedResponse, completionHandler: completionHandler) ??
250 | userDataDelegate?.urlSession?(session, dataTask: dataTask, willCacheResponse: proposedResponse, completionHandler: completionHandler) ??
| `- error: cannot use optional chaining on non-optional value of type '(URLSession, URLSessionDataTask, CachedURLResponse, @escaping @Sendable (CachedURLResponse?) -> Void) -> ()'
251 | completionHandler(proposedResponse)
252 | #endif
/host/spi-builder-workspace/.build/checkouts/Get/Sources/Get/DataLoader.swift:273:87: error: cannot use optional chaining on non-optional value of type '(URLSession, URLSessionDownloadTask, Int64, Int64, Int64) -> ()'
271 | userDownloadDelegate?.urlSession(session, downloadTask: downloadTask, didWriteData: bytesWritten, totalBytesWritten: totalBytesWritten, totalBytesExpectedToWrite: totalBytesExpectedToWrite)
272 | #else
273 | (handlers[downloadTask] as? DownloadTaskHandler)?.downloadDelegate?.urlSession?(session, downloadTask: downloadTask, didWriteData: bytesWritten, totalBytesWritten: totalBytesWritten, totalBytesExpectedToWrite: totalBytesExpectedToWrite)
| `- error: cannot use optional chaining on non-optional value of type '(URLSession, URLSessionDownloadTask, Int64, Int64, Int64) -> ()'
274 | userDownloadDelegate?.urlSession?(session, downloadTask: downloadTask, didWriteData: bytesWritten, totalBytesWritten: totalBytesWritten, totalBytesExpectedToWrite: totalBytesExpectedToWrite)
275 | #endif
/host/spi-builder-workspace/.build/checkouts/Get/Sources/Get/DataLoader.swift:274:41: error: cannot use optional chaining on non-optional value of type '(URLSession, URLSessionDownloadTask, Int64, Int64, Int64) -> ()'
272 | #else
273 | (handlers[downloadTask] as? DownloadTaskHandler)?.downloadDelegate?.urlSession?(session, downloadTask: downloadTask, didWriteData: bytesWritten, totalBytesWritten: totalBytesWritten, totalBytesExpectedToWrite: totalBytesExpectedToWrite)
274 | userDownloadDelegate?.urlSession?(session, downloadTask: downloadTask, didWriteData: bytesWritten, totalBytesWritten: totalBytesWritten, totalBytesExpectedToWrite: totalBytesExpectedToWrite)
| `- error: cannot use optional chaining on non-optional value of type '(URLSession, URLSessionDownloadTask, Int64, Int64, Int64) -> ()'
275 | #endif
276 | }
/host/spi-builder-workspace/.build/checkouts/Get/Sources/Get/DataLoader.swift:283:87: error: cannot use optional chaining on non-optional value of type '(URLSession, URLSessionDownloadTask, Int64, Int64) -> ()'
281 | userDownloadDelegate?.urlSession(session, downloadTask: downloadTask, didResumeAtOffset: fileOffset, expectedTotalBytes: expectedTotalBytes)
282 | #else
283 | (handlers[downloadTask] as? DownloadTaskHandler)?.downloadDelegate?.urlSession?(session, downloadTask: downloadTask, didResumeAtOffset: fileOffset, expectedTotalBytes: expectedTotalBytes)
| `- error: cannot use optional chaining on non-optional value of type '(URLSession, URLSessionDownloadTask, Int64, Int64) -> ()'
284 | userDownloadDelegate?.urlSession?(session, downloadTask: downloadTask, didResumeAtOffset: fileOffset, expectedTotalBytes: expectedTotalBytes)
285 | #endif
/host/spi-builder-workspace/.build/checkouts/Get/Sources/Get/DataLoader.swift:284:41: error: cannot use optional chaining on non-optional value of type '(URLSession, URLSessionDownloadTask, Int64, Int64) -> ()'
282 | #else
283 | (handlers[downloadTask] as? DownloadTaskHandler)?.downloadDelegate?.urlSession?(session, downloadTask: downloadTask, didResumeAtOffset: fileOffset, expectedTotalBytes: expectedTotalBytes)
284 | userDownloadDelegate?.urlSession?(session, downloadTask: downloadTask, didResumeAtOffset: fileOffset, expectedTotalBytes: expectedTotalBytes)
| `- error: cannot use optional chaining on non-optional value of type '(URLSession, URLSessionDownloadTask, Int64, Int64) -> ()'
285 | #endif
286 | }
[147/156] Compiling Get APIClientDelegate.swift
[148/156] Compiling Get Request.swift
[149/156] Emitting module Get
[150/156] Compiling Get APIClient.swift
BUILD FAILURE 6.2 android