The Swift Package Index logo.Swift Package Index

Build Information

Failed to build FSPagerView-SPM, reference main (46a5c3), with Swift 6.4 for visionOS using Xcode 27.0 on 24 Sep 2026 22:12:39 UTC.

Build Command

env DEVELOPER_DIR=/Applications/Xcode-27.0.0-Release.Candidate.app xcrun xcodebuild -IDEClonedSourcePackagesDirPathOverride=$PWD/.dependencies -skipMacroValidation -skipPackagePluginValidation -derivedDataPath $PWD/.derivedData build -scheme FSPagerView-SPM -destination generic/platform=xrOS

Build Log

========================================
RunAll
========================================
Builder version: 5.1.0
Interrupt handler set up.
========================================
Checkout
========================================
Clone URL: https://github.com/kimkyuchul/FSPagerView-SPM.git
Reference: main
Initialized empty Git repository in /Users/admin/builder/spi-builder-workspace/.git/
From https://github.com/kimkyuchul/FSPagerView-SPM
 * branch            main       -> FETCH_HEAD
 * [new branch]      main       -> origin/main
HEAD is now at 46a5c30 Update README version to 1.3.7
Cloned https://github.com/kimkyuchul/FSPagerView-SPM.git
Revision (git rev-parse @):
46a5c303e07e0b21e43048f1255e676f8fd4b18b
SUCCESS checkout https://github.com/kimkyuchul/FSPagerView-SPM.git at main
========================================
Build
========================================
Selected platform:         visionOS
Swift version:             6.4
Building package at path:  $PWD
https://github.com/kimkyuchul/FSPagerView-SPM.git
Command line invocation:
    /Applications/Xcode-27.0.0-Release.Candidate.app/Contents/Developer/usr/bin/xcodebuild -IDEClonedSourcePackagesDirPathOverride=/Users/admin/builder/spi-builder-workspace/.dependencies -resolvePackageDependencies
Resolve Package Graph
Resolve Package Graph
Resolved source packages:
  FSPagerView-SPM: /Users/admin/builder/spi-builder-workspace
resolved source packages: FSPagerView-SPM
2026-09-24 18:11:53.333 xcodebuild[528:3050] [MT] IDERunDestination: Supported platforms for the buildables in the current scheme is empty.
{
  "dependencies" : [
  ],
  "manifest_display_name" : "FSPagerView-SPM",
  "name" : "FSPagerView-SPM",
  "path" : "/Users/admin/builder/spi-builder-workspace",
  "platforms" : [
    {
      "name" : "ios",
      "version" : "15.0"
    }
  ],
  "products" : [
    {
      "name" : "FSPagerViewSwift",
      "targets" : [
        "FSPagerViewSwift"
      ],
      "type" : {
        "library" : [
          "automatic"
        ]
      }
    }
  ],
  "targets" : [
    {
      "c99name" : "FSPagerViewSwift",
      "module_type" : "SwiftTarget",
      "name" : "FSPagerViewSwift",
      "path" : "Sources/FSPagerViewSwift",
      "product_memberships" : [
        "FSPagerViewSwift"
      ],
      "sources" : [
        "FSPageControl.swift",
        "FSPageViewLayout.swift",
        "FSPageViewTransformer.swift",
        "FSPagerCollectionView.swift",
        "FSPagerView.swift",
        "FSPagerViewCell.swift",
        "FSPagerViewLayoutAttributes.swift"
      ],
      "target_dependencies" : [
        "FSPagerViewObjC"
      ],
      "type" : "library"
    },
    {
      "c99name" : "FSPagerViewObjC",
      "module_type" : "ClangTarget",
      "name" : "FSPagerViewObjC",
      "path" : "Sources/FSPagerViewObjC",
      "product_memberships" : [
        "FSPagerViewSwift"
      ],
      "sources" : [
        "FSPagerViewObjcCompat.m"
      ],
      "type" : "library"
    }
  ],
  "tools_version" : "6.0"
}
{
  "workspace" : {
    "name" : "FSPagerView-SPM",
    "schemes" : [
      "FSPagerView-SPM"
    ]
  }
}
2026-09-24 18:12:25.166 xcodebuild[625:3850] [MT] IDERunDestination: Supported platforms for the buildables in the current scheme is empty.
Running build ...
env DEVELOPER_DIR=/Applications/Xcode-27.0.0-Release.Candidate.app xcrun xcodebuild -IDEClonedSourcePackagesDirPathOverride=$PWD/.dependencies -skipMacroValidation -skipPackagePluginValidation -derivedDataPath $PWD/.derivedData build -scheme FSPagerView-SPM -destination generic/platform=xrOS
Command line invocation:
    /Applications/Xcode-27.0.0-Release.Candidate.app/Contents/Developer/usr/bin/xcodebuild -IDEClonedSourcePackagesDirPathOverride=/Users/admin/builder/spi-builder-workspace/.dependencies -skipMacroValidation -skipPackagePluginValidation -derivedDataPath /Users/admin/builder/spi-builder-workspace/.derivedData build -scheme FSPagerView-SPM -destination generic/platform=xrOS
Resolve Package Graph
Resolved source packages:
  FSPagerView-SPM: /Users/admin/builder/spi-builder-workspace
ComputePackagePrebuildTargetDependencyGraph
Prepare packages
CreateBuildRequest
SendProjectDescription
CreateBuildOperation
ComputeTargetDependencyGraph
note: Building targets in dependency order
note: Target dependency graph (3 targets)
    Target 'FSPagerViewSwift-product' in project 'FSPagerView-SPM'
        ➜ Explicit dependency on target 'FSPagerViewSwift' in project 'FSPagerView-SPM'
        ➜ Explicit dependency on target 'FSPagerViewObjC' in project 'FSPagerView-SPM'
    Target 'FSPagerViewSwift' in project 'FSPagerView-SPM'
        ➜ Explicit dependency on target 'FSPagerViewObjC' in project 'FSPagerView-SPM'
    Target 'FSPagerViewObjC' in project 'FSPagerView-SPM' (no dependencies)
GatherProvisioningInputs
CreateBuildDescription
ExecuteExternalTool /Applications/Xcode-27.0.0-Release.Candidate.app/Contents/Developer/Toolchains/XcodeDefault.xctoolchain/usr/bin/clang -v -E -dM -arch arm64 -isysroot /Applications/Xcode-27.0.0-Release.Candidate.app/Contents/Developer/Platforms/XROS.platform/Developer/SDKs/XROS27.0.sdk -x objective-c -c /dev/null
ExecuteExternalTool /Applications/Xcode-27.0.0-Release.Candidate.app/Contents/Developer/Toolchains/XcodeDefault.xctoolchain/usr/bin/clang -v -E -dM -isysroot /Applications/Xcode-27.0.0-Release.Candidate.app/Contents/Developer/Platforms/XROS.platform/Developer/SDKs/XROS27.0.sdk -x c -c /dev/null
ExecuteExternalTool /Applications/Xcode-27.0.0-Release.Candidate.app/Contents/Developer/Toolchains/XcodeDefault.xctoolchain/usr/bin/swiftc --version
ExecuteExternalTool /Applications/Xcode-27.0.0-Release.Candidate.app/Contents/Developer/Toolchains/XcodeDefault.xctoolchain/usr/bin/clang -v -E -dM -arch arm64 -isysroot /Applications/Xcode-27.0.0-Release.Candidate.app/Contents/Developer/Platforms/XROS.platform/Developer/SDKs/XROS27.0.sdk -x c -c /dev/null
ExecuteExternalTool /Applications/Xcode-27.0.0-Release.Candidate.app/Contents/Developer/Toolchains/XcodeDefault.xctoolchain/usr/bin/ld -version_details
Build description signature: a9d24562c291ced46338035f13ca1dc3
Build description path: /Users/admin/builder/spi-builder-workspace/.derivedData/Build/Intermediates.noindex/XCBuildData/a9d24562c291ced46338035f13ca1dc3.xcbuilddata
CreateBuildDirectory /Users/admin/builder/spi-builder-workspace/.derivedData/SDKExplicitPrecompiledModules
    cd /Users/admin/builder/spi-builder-workspace/.swiftpm/xcode
    builtin-create-build-directory /Users/admin/builder/spi-builder-workspace/.derivedData/SDKExplicitPrecompiledModules
CreateBuildDirectory /Users/admin/builder/spi-builder-workspace/.derivedData/ModuleCache.noindex
    cd /Users/admin/builder/spi-builder-workspace/.swiftpm/xcode
    builtin-create-build-directory /Users/admin/builder/spi-builder-workspace/.derivedData/ModuleCache.noindex
CreateBuildDirectory /Users/admin/builder/spi-builder-workspace/.derivedData/Build/Products
    cd /Users/admin/builder/spi-builder-workspace/.swiftpm/xcode
    builtin-create-build-directory /Users/admin/builder/spi-builder-workspace/.derivedData/Build/Products
CreateBuildDirectory /Users/admin/builder/spi-builder-workspace/.derivedData/CompilationCache.noindex
    cd /Users/admin/builder/spi-builder-workspace/.swiftpm/xcode
    builtin-create-build-directory /Users/admin/builder/spi-builder-workspace/.derivedData/CompilationCache.noindex
CreateBuildDirectory /Users/admin/builder/spi-builder-workspace/.derivedData/Build/Intermediates.noindex
    cd /Users/admin/builder/spi-builder-workspace/.swiftpm/xcode
    builtin-create-build-directory /Users/admin/builder/spi-builder-workspace/.derivedData/Build/Intermediates.noindex
ClangStatCache /Applications/Xcode-27.0.0-Release.Candidate.app/Contents/Developer/Toolchains/XcodeDefault.xctoolchain/usr/bin/clang-stat-cache /Applications/Xcode-27.0.0-Release.Candidate.app/Contents/Developer/Platforms/XROS.platform/Developer/SDKs/XROS27.0.sdk /Users/admin/builder/spi-builder-workspace/.derivedData/SDKStatCaches.noindex/xros27.0-24M361-e829b21a6f8c9b70876ba0858053c044735bd543db762f57723cac368afd1ce4.sdkstatcache
    cd /Users/admin/builder/spi-builder-workspace/.swiftpm/xcode
    /Applications/Xcode-27.0.0-Release.Candidate.app/Contents/Developer/Toolchains/XcodeDefault.xctoolchain/usr/bin/clang-stat-cache /Applications/Xcode-27.0.0-Release.Candidate.app/Contents/Developer/Platforms/XROS.platform/Developer/SDKs/XROS27.0.sdk -o /Users/admin/builder/spi-builder-workspace/.derivedData/SDKStatCaches.noindex/xros27.0-24M361-e829b21a6f8c9b70876ba0858053c044735bd543db762f57723cac368afd1ce4.sdkstatcache
CreateBuildDirectory /Users/admin/builder/spi-builder-workspace/.derivedData/Build/Products/Debug-xros
    cd /Users/admin/builder/spi-builder-workspace/.swiftpm/xcode
    builtin-create-build-directory /Users/admin/builder/spi-builder-workspace/.derivedData/Build/Products/Debug-xros
CreateBuildDirectory /Users/admin/builder/spi-builder-workspace/.derivedData/Build/Intermediates.noindex/SwiftExplicitPrecompiledModules
    cd /Users/admin/builder/spi-builder-workspace/.swiftpm/xcode
    builtin-create-build-directory /Users/admin/builder/spi-builder-workspace/.derivedData/Build/Intermediates.noindex/SwiftExplicitPrecompiledModules
CreateBuildDirectory /Users/admin/builder/spi-builder-workspace/.derivedData/Build/Intermediates.noindex/PrecompiledHeaders
    cd /Users/admin/builder/spi-builder-workspace/.swiftpm/xcode
    builtin-create-build-directory /Users/admin/builder/spi-builder-workspace/.derivedData/Build/Intermediates.noindex/PrecompiledHeaders
CreateBuildDirectory /Users/admin/builder/spi-builder-workspace/.derivedData/Build/Intermediates.noindex/ExplicitPrecompiledModules
    cd /Users/admin/builder/spi-builder-workspace/.swiftpm/xcode
    builtin-create-build-directory /Users/admin/builder/spi-builder-workspace/.derivedData/Build/Intermediates.noindex/ExplicitPrecompiledModules
CreateBuildDirectory /Users/admin/builder/spi-builder-workspace/.derivedData/Build/Intermediates.noindex/EagerLinkingTBDs/Debug-xros
    cd /Users/admin/builder/spi-builder-workspace/.swiftpm/xcode
    builtin-create-build-directory /Users/admin/builder/spi-builder-workspace/.derivedData/Build/Intermediates.noindex/EagerLinkingTBDs/Debug-xros
CreateBuildDirectory /Users/admin/builder/spi-builder-workspace/.derivedData/Build/Products/Debug-xros/PackageFrameworks
    cd /Users/admin/builder/spi-builder-workspace/.swiftpm/xcode
    builtin-create-build-directory /Users/admin/builder/spi-builder-workspace/.derivedData/Build/Products/Debug-xros/PackageFrameworks
WriteAuxiliaryFile /Users/admin/builder/spi-builder-workspace/.derivedData/Build/Intermediates.noindex/FSPagerView-SPM.build/Debug-xros/FSPagerViewObjC-t.build/FSPagerViewObjC.DependencyStaticMetadataFileList (in target 'FSPagerViewObjC' from project 'FSPagerView-SPM')
    cd /Users/admin/builder/spi-builder-workspace
    write-file /Users/admin/builder/spi-builder-workspace/.derivedData/Build/Intermediates.noindex/FSPagerView-SPM.build/Debug-xros/FSPagerViewObjC-t.build/FSPagerViewObjC.DependencyStaticMetadataFileList
WriteAuxiliaryFile /Users/admin/builder/spi-builder-workspace/.derivedData/Build/Intermediates.noindex/FSPagerView-SPM.build/Debug-xros/FSPagerViewObjC-t.build/FSPagerViewObjC.DependencyMetadataFileList (in target 'FSPagerViewObjC' from project 'FSPagerView-SPM')
    cd /Users/admin/builder/spi-builder-workspace
    write-file /Users/admin/builder/spi-builder-workspace/.derivedData/Build/Intermediates.noindex/FSPagerView-SPM.build/Debug-xros/FSPagerViewObjC-t.build/FSPagerViewObjC.DependencyMetadataFileList
WriteAuxiliaryFile /Users/admin/builder/spi-builder-workspace/.derivedData/Build/Intermediates.noindex/FSPagerView-SPM.build/Debug-xros/FSPagerViewSwift-t.build/FSPagerViewSwift.modulemap (in target 'FSPagerViewSwift' from project 'FSPagerView-SPM')
    cd /Users/admin/builder/spi-builder-workspace
    write-file /Users/admin/builder/spi-builder-workspace/.derivedData/Build/Intermediates.noindex/FSPagerView-SPM.build/Debug-xros/FSPagerViewSwift-t.build/FSPagerViewSwift.modulemap
WriteAuxiliaryFile /Users/admin/builder/spi-builder-workspace/.derivedData/Build/Intermediates.noindex/FSPagerView-SPM.build/Debug-xros/FSPagerViewObjC-t.build/FSPagerViewObjC.modulemap (in target 'FSPagerViewObjC' from project 'FSPagerView-SPM')
    cd /Users/admin/builder/spi-builder-workspace
    write-file /Users/admin/builder/spi-builder-workspace/.derivedData/Build/Intermediates.noindex/FSPagerView-SPM.build/Debug-xros/FSPagerViewObjC-t.build/FSPagerViewObjC.modulemap
WriteAuxiliaryFile /Users/admin/builder/spi-builder-workspace/.derivedData/Build/Intermediates.noindex/FSPagerView-SPM.build/Debug-xros/FSPagerViewObjC-t.build/Objects-normal/arm64/e6072d4f65d7061329687fe24e3d63a7-common-args.resp (in target 'FSPagerViewObjC' from project 'FSPagerView-SPM')
    cd /Users/admin/builder/spi-builder-workspace
    write-file /Users/admin/builder/spi-builder-workspace/.derivedData/Build/Intermediates.noindex/FSPagerView-SPM.build/Debug-xros/FSPagerViewObjC-t.build/Objects-normal/arm64/e6072d4f65d7061329687fe24e3d63a7-common-args.resp
-fobjc-arc -fmodules -gmodules '-fmodules-cache-path=/Users/admin/builder/spi-builder-workspace/.derivedData/ModuleCache.noindex' '-fmodule-name=FSPagerViewObjC' -fpascal-strings -O0 -DSWIFT_PACKAGE '-DDEBUG=1' '-DOBJC_OLD_DISPATCH_PROTOTYPES=1' -g -I/Users/admin/builder/spi-builder-workspace/.derivedData/Build/Products/Debug-xros/include -I/Users/admin/builder/spi-builder-workspace/Sources/FSPagerViewObjC -I/Users/admin/builder/spi-builder-workspace/.derivedData/Build/Intermediates.noindex/FSPagerView-SPM.build/Debug-xros/FSPagerViewObjC-t.build/DerivedSources-normal/arm64 -I/Users/admin/builder/spi-builder-workspace/.derivedData/Build/Intermediates.noindex/FSPagerView-SPM.build/Debug-xros/FSPagerViewObjC-t.build/DerivedSources/arm64 -I/Users/admin/builder/spi-builder-workspace/.derivedData/Build/Intermediates.noindex/FSPagerView-SPM.build/Debug-xros/FSPagerViewObjC-t.build/DerivedSources -F/Users/admin/builder/spi-builder-workspace/.derivedData/Build/Products/Debug-xros -iframework /Applications/Xcode-27.0.0-Release.Candidate.app/Contents/Developer/Platforms/XROS.platform/Developer/Library/Frameworks -iframework /Applications/Xcode-27.0.0-Release.Candidate.app/Contents/Developer/Platforms/XROS.platform/Developer/SDKs/XROS27.0.sdk/Developer/Library/Frameworks -DXcode
WriteAuxiliaryFile /Users/admin/builder/spi-builder-workspace/.derivedData/Build/Intermediates.noindex/FSPagerView-SPM.build/Debug-xros/FSPagerViewObjC-t.build/Objects-normal/arm64/FSPagerViewObjC.LinkFileList (in target 'FSPagerViewObjC' from project 'FSPagerView-SPM')
    cd /Users/admin/builder/spi-builder-workspace
    write-file /Users/admin/builder/spi-builder-workspace/.derivedData/Build/Intermediates.noindex/FSPagerView-SPM.build/Debug-xros/FSPagerViewObjC-t.build/Objects-normal/arm64/FSPagerViewObjC.LinkFileList
WriteAuxiliaryFile /Users/admin/builder/spi-builder-workspace/.derivedData/Build/Intermediates.noindex/FSPagerView-SPM.build/Debug-xros/FSPagerViewSwift-t.build/Objects-normal/arm64/FSPagerViewSwift.SwiftFileList (in target 'FSPagerViewSwift' from project 'FSPagerView-SPM')
    cd /Users/admin/builder/spi-builder-workspace
    write-file /Users/admin/builder/spi-builder-workspace/.derivedData/Build/Intermediates.noindex/FSPagerView-SPM.build/Debug-xros/FSPagerViewSwift-t.build/Objects-normal/arm64/FSPagerViewSwift.SwiftFileList
WriteAuxiliaryFile /Users/admin/builder/spi-builder-workspace/.derivedData/Build/Intermediates.noindex/FSPagerView-SPM.build/Debug-xros/FSPagerViewSwift-t.build/Objects-normal/arm64/FSPagerViewSwift.SwiftConstValuesFileList (in target 'FSPagerViewSwift' from project 'FSPagerView-SPM')
    cd /Users/admin/builder/spi-builder-workspace
    write-file /Users/admin/builder/spi-builder-workspace/.derivedData/Build/Intermediates.noindex/FSPagerView-SPM.build/Debug-xros/FSPagerViewSwift-t.build/Objects-normal/arm64/FSPagerViewSwift.SwiftConstValuesFileList
WriteAuxiliaryFile /Users/admin/builder/spi-builder-workspace/.derivedData/Build/Intermediates.noindex/FSPagerView-SPM.build/Debug-xros/FSPagerViewSwift-t.build/Objects-normal/arm64/FSPagerViewSwift_const_extract_protocols.json (in target 'FSPagerViewSwift' from project 'FSPagerView-SPM')
    cd /Users/admin/builder/spi-builder-workspace
    write-file /Users/admin/builder/spi-builder-workspace/.derivedData/Build/Intermediates.noindex/FSPagerView-SPM.build/Debug-xros/FSPagerViewSwift-t.build/Objects-normal/arm64/FSPagerViewSwift_const_extract_protocols.json
WriteAuxiliaryFile /Users/admin/builder/spi-builder-workspace/.derivedData/Build/Intermediates.noindex/FSPagerView-SPM.build/Debug-xros/FSPagerViewSwift-t.build/Objects-normal/arm64/FSPagerViewSwift.LinkFileList (in target 'FSPagerViewSwift' from project 'FSPagerView-SPM')
    cd /Users/admin/builder/spi-builder-workspace
    write-file /Users/admin/builder/spi-builder-workspace/.derivedData/Build/Intermediates.noindex/FSPagerView-SPM.build/Debug-xros/FSPagerViewSwift-t.build/Objects-normal/arm64/FSPagerViewSwift.LinkFileList
WriteAuxiliaryFile /Users/admin/builder/spi-builder-workspace/.derivedData/Build/Intermediates.noindex/FSPagerView-SPM.build/Debug-xros/FSPagerViewSwift-t.build/Objects-normal/arm64/FSPagerViewSwift-OutputFileMap.json (in target 'FSPagerViewSwift' from project 'FSPagerView-SPM')
    cd /Users/admin/builder/spi-builder-workspace
    write-file /Users/admin/builder/spi-builder-workspace/.derivedData/Build/Intermediates.noindex/FSPagerView-SPM.build/Debug-xros/FSPagerViewSwift-t.build/Objects-normal/arm64/FSPagerViewSwift-OutputFileMap.json
WriteAuxiliaryFile /Users/admin/builder/spi-builder-workspace/.derivedData/Build/Intermediates.noindex/FSPagerView-SPM.build/Debug-xros/FSPagerViewSwift-t.build/FSPagerViewSwift.DependencyStaticMetadataFileList (in target 'FSPagerViewSwift' from project 'FSPagerView-SPM')
    cd /Users/admin/builder/spi-builder-workspace
    write-file /Users/admin/builder/spi-builder-workspace/.derivedData/Build/Intermediates.noindex/FSPagerView-SPM.build/Debug-xros/FSPagerViewSwift-t.build/FSPagerViewSwift.DependencyStaticMetadataFileList
WriteAuxiliaryFile /Users/admin/builder/spi-builder-workspace/.derivedData/Build/Intermediates.noindex/FSPagerView-SPM.build/Debug-xros/FSPagerViewSwift-t.build/FSPagerViewSwift.DependencyMetadataFileList (in target 'FSPagerViewSwift' from project 'FSPagerView-SPM')
    cd /Users/admin/builder/spi-builder-workspace
    write-file /Users/admin/builder/spi-builder-workspace/.derivedData/Build/Intermediates.noindex/FSPagerView-SPM.build/Debug-xros/FSPagerViewSwift-t.build/FSPagerViewSwift.DependencyMetadataFileList
Copy /Users/admin/builder/spi-builder-workspace/.derivedData/Build/Intermediates.noindex/GeneratedModuleMaps-xros/FSPagerViewSwift.modulemap /Users/admin/builder/spi-builder-workspace/.derivedData/Build/Intermediates.noindex/FSPagerView-SPM.build/Debug-xros/FSPagerViewSwift-t.build/FSPagerViewSwift.modulemap (in target 'FSPagerViewSwift' from project 'FSPagerView-SPM')
    cd /Users/admin/builder/spi-builder-workspace
    builtin-copy -exclude .DS_Store -exclude CVS -exclude .svn -exclude .git -exclude .hg -resolve-src-symlinks /Users/admin/builder/spi-builder-workspace/.derivedData/Build/Intermediates.noindex/FSPagerView-SPM.build/Debug-xros/FSPagerViewSwift-t.build/FSPagerViewSwift.modulemap /Users/admin/builder/spi-builder-workspace/.derivedData/Build/Intermediates.noindex/GeneratedModuleMaps-xros
Copy /Users/admin/builder/spi-builder-workspace/.derivedData/Build/Intermediates.noindex/GeneratedModuleMaps-xros/FSPagerViewObjC.modulemap /Users/admin/builder/spi-builder-workspace/.derivedData/Build/Intermediates.noindex/FSPagerView-SPM.build/Debug-xros/FSPagerViewObjC-t.build/FSPagerViewObjC.modulemap (in target 'FSPagerViewObjC' from project 'FSPagerView-SPM')
    cd /Users/admin/builder/spi-builder-workspace
    builtin-copy -exclude .DS_Store -exclude CVS -exclude .svn -exclude .git -exclude .hg -resolve-src-symlinks /Users/admin/builder/spi-builder-workspace/.derivedData/Build/Intermediates.noindex/FSPagerView-SPM.build/Debug-xros/FSPagerViewObjC-t.build/FSPagerViewObjC.modulemap /Users/admin/builder/spi-builder-workspace/.derivedData/Build/Intermediates.noindex/GeneratedModuleMaps-xros
ScanDependencies /Users/admin/builder/spi-builder-workspace/.derivedData/Build/Intermediates.noindex/FSPagerView-SPM.build/Debug-xros/FSPagerViewObjC-t.build/Objects-normal/arm64/FSPagerViewObjcCompat.o /Users/admin/builder/spi-builder-workspace/Sources/FSPagerViewObjC/FSPagerViewObjcCompat.m normal arm64 objective-c com.apple.compilers.llvm.clang.1_0.compiler (in target 'FSPagerViewObjC' from project 'FSPagerView-SPM')
    cd /Users/admin/builder/spi-builder-workspace/.swiftpm/xcode

    Using response file: /Users/admin/builder/spi-builder-workspace/.derivedData/Build/Intermediates.noindex/FSPagerView-SPM.build/Debug-xros/FSPagerViewObjC-t.build/Objects-normal/arm64/e6072d4f65d7061329687fe24e3d63a7-common-args.resp

    builtin-ScanDependencies -o /Users/admin/builder/spi-builder-workspace/.derivedData/Build/Intermediates.noindex/FSPagerView-SPM.build/Debug-xros/FSPagerViewObjC-t.build/Objects-normal/arm64/FSPagerViewObjcCompat.o.scan -- /Applications/Xcode-27.0.0-Release.Candidate.app/Contents/Developer/Toolchains/XcodeDefault.xctoolchain/usr/bin/clang -x objective-c -ivfsstatcache /Users/admin/builder/spi-builder-workspace/.derivedData/SDKStatCaches.noindex/xros27.0-24M361-e829b21a6f8c9b70876ba0858053c044735bd543db762f57723cac368afd1ce4.sdkstatcache -target arm64-apple-xros1.0 -fmessage-length\=0 -fdiagnostics-show-note-include-stack -fmacro-backtrace-limit\=0 -fno-color-diagnostics -fmodules-prune-interval\=86400 -fmodules-prune-after\=345600 -fbuild-session-file\=/Users/admin/builder/spi-builder-workspace/.derivedData/ModuleCache.noindex/Session.modulevalidation -fmodules-validate-once-per-build-session -Wnon-modular-include-in-framework-module -Werror\=non-modular-include-in-framework-module -Wno-trigraphs -Wno-missing-field-initializers -Wno-missing-prototypes -Wno-return-type -Wno-implicit-atomic-properties -Wno-objc-interface-ivars -Wno-arc-repeated-use-of-weak -Wno-missing-braces -Wparentheses -Wswitch -Wno-unused-function -Wno-unused-label -Wno-unused-parameter -Wno-unused-variable -Wunused-value -Wno-empty-body -Wno-uninitialized -Wno-unknown-pragmas -Wno-shadow -Wno-four-char-constants -Wno-conversion -Wno-constant-conversion -Wno-int-conversion -Wno-bool-conversion -Wno-enum-conversion -Wno-float-conversion -Wno-non-literal-null-conversion -Wno-objc-literal-conversion -Wshorten-64-to-32 -Wpointer-sign -Wno-newline-eof -Wno-selector -Wno-strict-selector-match -Wno-undeclared-selector -Wno-deprecated-implementations -Wno-implicit-fallthrough -isysroot /Applications/Xcode-27.0.0-Release.Candidate.app/Contents/Developer/Platforms/XROS.platform/Developer/SDKs/XROS27.0.sdk -fstrict-aliasing -Wprotocol -Wdeprecated-declarations -Wno-sign-conversion -Wno-infinite-recursion -Wno-comma -Wno-block-capture-autoreleasing -Wno-strict-prototypes -Wno-semicolon-before-method-body -index-store-path /Users/admin/builder/spi-builder-workspace/.derivedData/Index.noindex/DataStore @/Users/admin/builder/spi-builder-workspace/.derivedData/Build/Intermediates.noindex/FSPagerView-SPM.build/Debug-xros/FSPagerViewObjC-t.build/Objects-normal/arm64/e6072d4f65d7061329687fe24e3d63a7-common-args.resp -MMD -MT dependencies -MF /Users/admin/builder/spi-builder-workspace/.derivedData/Build/Intermediates.noindex/FSPagerView-SPM.build/Debug-xros/FSPagerViewObjC-t.build/Objects-normal/arm64/FSPagerViewObjcCompat.d --serialize-diagnostics /Users/admin/builder/spi-builder-workspace/.derivedData/Build/Intermediates.noindex/FSPagerView-SPM.build/Debug-xros/FSPagerViewObjC-t.build/Objects-normal/arm64/FSPagerViewObjcCompat.dia -c /Users/admin/builder/spi-builder-workspace/Sources/FSPagerViewObjC/FSPagerViewObjcCompat.m -o /Users/admin/builder/spi-builder-workspace/.derivedData/Build/Intermediates.noindex/FSPagerView-SPM.build/Debug-xros/FSPagerViewObjC-t.build/Objects-normal/arm64/FSPagerViewObjcCompat.o -index-unit-output-path /FSPagerView-SPM.build/Debug-xros/FSPagerViewObjC-t.build/Objects-normal/arm64/FSPagerViewObjcCompat.o
SwiftDriver FSPagerViewSwift normal arm64 com.apple.xcode.tools.swift.compiler (in target 'FSPagerViewSwift' from project 'FSPagerView-SPM')
    cd /Users/admin/builder/spi-builder-workspace/.swiftpm/xcode
    builtin-SwiftDriver -- /Applications/Xcode-27.0.0-Release.Candidate.app/Contents/Developer/Toolchains/XcodeDefault.xctoolchain/usr/bin/swiftc -parse-as-library -module-name FSPagerViewSwift -Onone @/Users/admin/builder/spi-builder-workspace/.derivedData/Build/Intermediates.noindex/FSPagerView-SPM.build/Debug-xros/FSPagerViewSwift-t.build/Objects-normal/arm64/FSPagerViewSwift.SwiftFileList -DSWIFT_PACKAGE -DDEBUG -DSWIFT_MODULE_RESOURCE_BUNDLE_UNAVAILABLE -Xcc -fmodule-map-file\=/Users/admin/builder/spi-builder-workspace/.derivedData/Build/Intermediates.noindex/GeneratedModuleMaps-xros/FSPagerViewObjC.modulemap -DXcode -plugin-path /Applications/Xcode-27.0.0-Release.Candidate.app/Contents/Developer/Toolchains/XcodeDefault.xctoolchain/usr/lib/swift/host/plugins/testing -enable-experimental-feature DebugDescriptionMacro -sdk /Applications/Xcode-27.0.0-Release.Candidate.app/Contents/Developer/Platforms/XROS.platform/Developer/SDKs/XROS27.0.sdk -target arm64-apple-xros1.0 -g -module-cache-path /Users/admin/builder/spi-builder-workspace/.derivedData/ModuleCache.noindex -Xfrontend -serialize-debugging-options -enable-testing -index-store-path /Users/admin/builder/spi-builder-workspace/.derivedData/Index.noindex/DataStore -Xcc -D_LIBCPP_HARDENING_MODE\=_LIBCPP_HARDENING_MODE_DEBUG -swift-version 6 -I /Users/admin/builder/spi-builder-workspace/.derivedData/Build/Products/Debug-xros -Isystem /Applications/Xcode-27.0.0-Release.Candidate.app/Contents/Developer/Platforms/XROS.platform/Developer/usr/lib -F /Users/admin/builder/spi-builder-workspace/.derivedData/Build/Products/Debug-xros/PackageFrameworks -F /Users/admin/builder/spi-builder-workspace/.derivedData/Build/Products/Debug-xros -F /Applications/Xcode-27.0.0-Release.Candidate.app/Contents/Developer/Platforms/XROS.platform/Developer/Library/Frameworks -F /Applications/Xcode-27.0.0-Release.Candidate.app/Contents/Developer/Platforms/XROS.platform/Developer/SDKs/XROS27.0.sdk/Developer/Library/Frameworks -c -j10 -enable-batch-mode -incremental -Xcc -ivfsstatcache -Xcc /Users/admin/builder/spi-builder-workspace/.derivedData/SDKStatCaches.noindex/xros27.0-24M361-e829b21a6f8c9b70876ba0858053c044735bd543db762f57723cac368afd1ce4.sdkstatcache -output-file-map /Users/admin/builder/spi-builder-workspace/.derivedData/Build/Intermediates.noindex/FSPagerView-SPM.build/Debug-xros/FSPagerViewSwift-t.build/Objects-normal/arm64/FSPagerViewSwift-OutputFileMap.json -save-temps -no-color-diagnostics -explicit-module-build -module-cache-path /Users/admin/builder/spi-builder-workspace/.derivedData/Build/Intermediates.noindex/SwiftExplicitPrecompiledModules -clang-scanner-module-cache-path /Users/admin/builder/spi-builder-workspace/.derivedData/ModuleCache.noindex -sdk-module-cache-path /Users/admin/builder/spi-builder-workspace/.derivedData/SDKExplicitPrecompiledModules -emit-dependencies -emit-module -emit-module-path /Users/admin/builder/spi-builder-workspace/.derivedData/Build/Intermediates.noindex/FSPagerView-SPM.build/Debug-xros/FSPagerViewSwift-t.build/Objects-normal/arm64/FSPagerViewSwift.swiftmodule -serialize-diagnostics -dependency-scan-serialize-diagnostics-path /Users/admin/builder/spi-builder-workspace/.derivedData/Build/Intermediates.noindex/FSPagerView-SPM.build/Debug-xros/FSPagerViewSwift-t.build/Objects-normal/arm64/FSPagerViewSwift-dependency-scan.dia -validate-clang-modules-once -clang-build-session-file /Users/admin/builder/spi-builder-workspace/.derivedData/ModuleCache.noindex/Session.modulevalidation -Xcc -fmodules-prune-interval\=86400 -Xcc -fmodules-prune-after\=345600 -package-name spi_builder_workspace -emit-const-values -const-gather-protocols-list /Users/admin/builder/spi-builder-workspace/.derivedData/Build/Intermediates.noindex/FSPagerView-SPM.build/Debug-xros/FSPagerViewSwift-t.build/Objects-normal/arm64/FSPagerViewSwift_const_extract_protocols.json -Xcc -I/Users/admin/builder/spi-builder-workspace/Sources/FSPagerViewObjC -Xcc -I/Users/admin/builder/spi-builder-workspace/.derivedData/Build/Products/Debug-xros/include -Xcc -I/Users/admin/builder/spi-builder-workspace/.derivedData/Build/Intermediates.noindex/FSPagerView-SPM.build/Debug-xros/FSPagerViewSwift-t.build/DerivedSources-normal/arm64 -Xcc -I/Users/admin/builder/spi-builder-workspace/.derivedData/Build/Intermediates.noindex/FSPagerView-SPM.build/Debug-xros/FSPagerViewSwift-t.build/DerivedSources/arm64 -Xcc -I/Users/admin/builder/spi-builder-workspace/.derivedData/Build/Intermediates.noindex/FSPagerView-SPM.build/Debug-xros/FSPagerViewSwift-t.build/DerivedSources -Xcc -DSWIFT_PACKAGE -Xcc -DDEBUG\=1 -emit-objc-header -emit-objc-header-path /Users/admin/builder/spi-builder-workspace/.derivedData/Build/Intermediates.noindex/FSPagerView-SPM.build/Debug-xros/FSPagerViewSwift-t.build/Objects-normal/arm64/FSPagerViewSwift-Swift.h -working-directory /Users/admin/builder/spi-builder-workspace/.swiftpm/xcode -experimental-emit-module-separately -disable-cmo
PrecompileModule /Users/admin/builder/spi-builder-workspace/.derivedData/Build/Intermediates.noindex/ExplicitPrecompiledModules/_Builtin_stddef-37BO0P252DJ5APFPZTV8FX4QH.scan
    cd /
    builtin-precompileModule /Users/admin/builder/spi-builder-workspace/.derivedData/Build/Intermediates.noindex/ExplicitPrecompiledModules/_Builtin_stddef-37BO0P252DJ5APFPZTV8FX4QH.scan
PrecompileModule /Users/admin/builder/spi-builder-workspace/.derivedData/Build/Intermediates.noindex/ExplicitPrecompiledModules/_Builtin_float-8D9VEJGZPXN1J9DY16N78XAIW.scan
    cd /
    builtin-precompileModule /Users/admin/builder/spi-builder-workspace/.derivedData/Build/Intermediates.noindex/ExplicitPrecompiledModules/_Builtin_float-8D9VEJGZPXN1J9DY16N78XAIW.scan
PrecompileModule /Users/admin/builder/spi-builder-workspace/.derivedData/Build/Intermediates.noindex/ExplicitPrecompiledModules/_AvailabilityInternal-ACCTE0RG5RCWRONKKWPHRTA5L.scan
    cd /
    builtin-precompileModule /Users/admin/builder/spi-builder-workspace/.derivedData/Build/Intermediates.noindex/ExplicitPrecompiledModules/_AvailabilityInternal-ACCTE0RG5RCWRONKKWPHRTA5L.scan
PrecompileModule /Users/admin/builder/spi-builder-workspace/.derivedData/Build/Intermediates.noindex/ExplicitPrecompiledModules/_Builtin_stdarg-3YPNYSJCKS5V13YYUVXO3HGQ1.scan
    cd /
    builtin-precompileModule /Users/admin/builder/spi-builder-workspace/.derivedData/Build/Intermediates.noindex/ExplicitPrecompiledModules/_Builtin_stdarg-3YPNYSJCKS5V13YYUVXO3HGQ1.scan
PrecompileModule /Users/admin/builder/spi-builder-workspace/.derivedData/Build/Intermediates.noindex/ExplicitPrecompiledModules/ptrcheck-3R3I2L0ROGESWM94IW3TDZ7ZO.scan
    cd /
    builtin-precompileModule /Users/admin/builder/spi-builder-workspace/.derivedData/Build/Intermediates.noindex/ExplicitPrecompiledModules/ptrcheck-3R3I2L0ROGESWM94IW3TDZ7ZO.scan
PrecompileModule /Users/admin/builder/spi-builder-workspace/.derivedData/Build/Intermediates.noindex/ExplicitPrecompiledModules/_Builtin_stdbool-DSJWFF6LU7LT8RYOEZHJ4CWEO.scan
    cd /
    builtin-precompileModule /Users/admin/builder/spi-builder-workspace/.derivedData/Build/Intermediates.noindex/ExplicitPrecompiledModules/_Builtin_stdbool-DSJWFF6LU7LT8RYOEZHJ4CWEO.scan
PrecompileModule /Users/admin/builder/spi-builder-workspace/.derivedData/Build/Intermediates.noindex/ExplicitPrecompiledModules/ptrauth-20OGKC5BEA0XI76L64XS6OV78.scan
    cd /
    builtin-precompileModule /Users/admin/builder/spi-builder-workspace/.derivedData/Build/Intermediates.noindex/ExplicitPrecompiledModules/ptrauth-20OGKC5BEA0XI76L64XS6OV78.scan
PrecompileModule /Users/admin/builder/spi-builder-workspace/.derivedData/Build/Intermediates.noindex/ExplicitPrecompiledModules/_DarwinFoundation1-63TYZJTW6PQMVYA16YZHD28KK.scan
    cd /
    builtin-precompileModule /Users/admin/builder/spi-builder-workspace/.derivedData/Build/Intermediates.noindex/ExplicitPrecompiledModules/_DarwinFoundation1-63TYZJTW6PQMVYA16YZHD28KK.scan
PrecompileModule /Users/admin/builder/spi-builder-workspace/.derivedData/Build/Intermediates.noindex/ExplicitPrecompiledModules/_Builtin_limits-MH8I16VI01X1UETF68Q1I53V.scan
    cd /
    builtin-precompileModule /Users/admin/builder/spi-builder-workspace/.derivedData/Build/Intermediates.noindex/ExplicitPrecompiledModules/_Builtin_limits-MH8I16VI01X1UETF68Q1I53V.scan
PrecompileModule /Users/admin/builder/spi-builder-workspace/.derivedData/Build/Intermediates.noindex/ExplicitPrecompiledModules/_DarwinFoundation2-4NULAH52NPBK17R4YKBOGW5RP.scan
    cd /
    builtin-precompileModule /Users/admin/builder/spi-builder-workspace/.derivedData/Build/Intermediates.noindex/ExplicitPrecompiledModules/_DarwinFoundation2-4NULAH52NPBK17R4YKBOGW5RP.scan
PrecompileModule /Users/admin/builder/spi-builder-workspace/.derivedData/Build/Intermediates.noindex/ExplicitPrecompiledModules/_Builtin_stdint-4Y62XFYYLEP9GDZ77MCR576JZ.scan
    cd /
    builtin-precompileModule /Users/admin/builder/spi-builder-workspace/.derivedData/Build/Intermediates.noindex/ExplicitPrecompiledModules/_Builtin_stdint-4Y62XFYYLEP9GDZ77MCR576JZ.scan
PrecompileModule /Users/admin/builder/spi-builder-workspace/.derivedData/Build/Intermediates.noindex/ExplicitPrecompiledModules/_DarwinFoundation3-EOYSVSU02W6VW83EBS1013LSJ.scan
    cd /
    builtin-precompileModule /Users/admin/builder/spi-builder-workspace/.derivedData/Build/Intermediates.noindex/ExplicitPrecompiledModules/_DarwinFoundation3-EOYSVSU02W6VW83EBS1013LSJ.scan
PrecompileModule /Users/admin/builder/spi-builder-workspace/.derivedData/Build/Intermediates.noindex/ExplicitPrecompiledModules/_Builtin_inttypes-5CV8ZY5IJGLSC1HDGX82DTZ0R.scan
    cd /
    builtin-precompileModule /Users/admin/builder/spi-builder-workspace/.derivedData/Build/Intermediates.noindex/ExplicitPrecompiledModules/_Builtin_inttypes-5CV8ZY5IJGLSC1HDGX82DTZ0R.scan
PrecompileModule /Users/admin/builder/spi-builder-workspace/.derivedData/Build/Intermediates.noindex/ExplicitPrecompiledModules/Darwin-54K53J86MFBJSGJ5H8JDTJ69M.scan
    cd /
    builtin-precompileModule /Users/admin/builder/spi-builder-workspace/.derivedData/Build/Intermediates.noindex/ExplicitPrecompiledModules/Darwin-54K53J86MFBJSGJ5H8JDTJ69M.scan
PrecompileModule /Users/admin/builder/spi-builder-workspace/.derivedData/Build/Intermediates.noindex/ExplicitPrecompiledModules/ObjectiveC-CT47SD1VIW86G6LAAYVF760Q3.scan
    cd /
    builtin-precompileModule /Users/admin/builder/spi-builder-workspace/.derivedData/Build/Intermediates.noindex/ExplicitPrecompiledModules/ObjectiveC-CT47SD1VIW86G6LAAYVF760Q3.scan
PrecompileModule /Users/admin/builder/spi-builder-workspace/.derivedData/Build/Intermediates.noindex/ExplicitPrecompiledModules/os_object-1AQMGEIY2ZPVM682ZZCAVAC02.scan
    cd /
    builtin-precompileModule /Users/admin/builder/spi-builder-workspace/.derivedData/Build/Intermediates.noindex/ExplicitPrecompiledModules/os_object-1AQMGEIY2ZPVM682ZZCAVAC02.scan
PrecompileModule /Users/admin/builder/spi-builder-workspace/.derivedData/Build/Intermediates.noindex/ExplicitPrecompiledModules/os_workgroup-E8VQH2GT0IR8VS6LIR4O8IT59.scan
    cd /
    builtin-precompileModule /Users/admin/builder/spi-builder-workspace/.derivedData/Build/Intermediates.noindex/ExplicitPrecompiledModules/os_workgroup-E8VQH2GT0IR8VS6LIR4O8IT59.scan
PrecompileModule /Users/admin/builder/spi-builder-workspace/.derivedData/Build/Intermediates.noindex/ExplicitPrecompiledModules/Dispatch-34BWZXNMGWY1384ZWSWQI8G1H.scan
    cd /
    builtin-precompileModule /Users/admin/builder/spi-builder-workspace/.derivedData/Build/Intermediates.noindex/ExplicitPrecompiledModules/Dispatch-34BWZXNMGWY1384ZWSWQI8G1H.scan
PrecompileModule /Users/admin/builder/spi-builder-workspace/.derivedData/Build/Intermediates.noindex/ExplicitPrecompiledModules/XPC-C8VAINZXSINWC3J3L99C25L5X.scan
    cd /
    builtin-precompileModule /Users/admin/builder/spi-builder-workspace/.derivedData/Build/Intermediates.noindex/ExplicitPrecompiledModules/XPC-C8VAINZXSINWC3J3L99C25L5X.scan
PrecompileModule /Users/admin/builder/spi-builder-workspace/.derivedData/Build/Intermediates.noindex/ExplicitPrecompiledModules/CoreFoundation-6LZBEU9XA8X0403DJDE00VZMV.scan
    cd /
    builtin-precompileModule /Users/admin/builder/spi-builder-workspace/.derivedData/Build/Intermediates.noindex/ExplicitPrecompiledModules/CoreFoundation-6LZBEU9XA8X0403DJDE00VZMV.scan
PrecompileModule /Users/admin/builder/spi-builder-workspace/.derivedData/Build/Intermediates.noindex/ExplicitPrecompiledModules/CoreGraphics-82LL20AMJ6OHNFAPRFY0U9MEF.scan
    cd /
    builtin-precompileModule /Users/admin/builder/spi-builder-workspace/.derivedData/Build/Intermediates.noindex/ExplicitPrecompiledModules/CoreGraphics-82LL20AMJ6OHNFAPRFY0U9MEF.scan
PrecompileModule /Users/admin/builder/spi-builder-workspace/.derivedData/Build/Intermediates.noindex/ExplicitPrecompiledModules/CFNetwork-1HGD6K977YHS3L864YDSSKOGX.scan
    cd /
    builtin-precompileModule /Users/admin/builder/spi-builder-workspace/.derivedData/Build/Intermediates.noindex/ExplicitPrecompiledModules/CFNetwork-1HGD6K977YHS3L864YDSSKOGX.scan
PrecompileModule /Users/admin/builder/spi-builder-workspace/.derivedData/Build/Intermediates.noindex/ExplicitPrecompiledModules/Security-EY4UURDATYYFLVRAQBGQGLCV1.scan
    cd /
    builtin-precompileModule /Users/admin/builder/spi-builder-workspace/.derivedData/Build/Intermediates.noindex/ExplicitPrecompiledModules/Security-EY4UURDATYYFLVRAQBGQGLCV1.scan
PrecompileModule /Users/admin/builder/spi-builder-workspace/.derivedData/Build/Intermediates.noindex/ExplicitPrecompiledModules/Foundation-5K97OMGOY33AGGFPILCD83395.scan
    cd /
    builtin-precompileModule /Users/admin/builder/spi-builder-workspace/.derivedData/Build/Intermediates.noindex/ExplicitPrecompiledModules/Foundation-5K97OMGOY33AGGFPILCD83395.scan
PrecompileModule /Users/admin/builder/spi-builder-workspace/.derivedData/Build/Intermediates.noindex/ExplicitPrecompiledModules/CoreText-6ZNJWZBCZ0X2DD7V8DN39PIDZ.scan
    cd /
    builtin-precompileModule /Users/admin/builder/spi-builder-workspace/.derivedData/Build/Intermediates.noindex/ExplicitPrecompiledModules/CoreText-6ZNJWZBCZ0X2DD7V8DN39PIDZ.scan
PrecompileModule /Users/admin/builder/spi-builder-workspace/.derivedData/Build/Intermediates.noindex/ExplicitPrecompiledModules/ImageIO-EHMW75D6TVZEJK0Z25Q79TW5U.scan
    cd /
    builtin-precompileModule /Users/admin/builder/spi-builder-workspace/.derivedData/Build/Intermediates.noindex/ExplicitPrecompiledModules/ImageIO-EHMW75D6TVZEJK0Z25Q79TW5U.scan
PrecompileModule /Users/admin/builder/spi-builder-workspace/.derivedData/Build/Intermediates.noindex/ExplicitPrecompiledModules/UserNotifications-5VDXN8LQTCPAF0J8ZVEGP2S43.scan
    cd /
    builtin-precompileModule /Users/admin/builder/spi-builder-workspace/.derivedData/Build/Intermediates.noindex/ExplicitPrecompiledModules/UserNotifications-5VDXN8LQTCPAF0J8ZVEGP2S43.scan
PrecompileModule /Users/admin/builder/spi-builder-workspace/.derivedData/Build/Intermediates.noindex/ExplicitPrecompiledModules/UIUtilities-2PVE0XKGRXTO4JIGUNOKX22A.scan
    cd /
    builtin-precompileModule /Users/admin/builder/spi-builder-workspace/.derivedData/Build/Intermediates.noindex/ExplicitPrecompiledModules/UIUtilities-2PVE0XKGRXTO4JIGUNOKX22A.scan
PrecompileModule /Users/admin/builder/spi-builder-workspace/.derivedData/Build/Intermediates.noindex/ExplicitPrecompiledModules/FileProvider-DGJA4Z3Z2AQ0P5P9E3HNO670.scan
    cd /
    builtin-precompileModule /Users/admin/builder/spi-builder-workspace/.derivedData/Build/Intermediates.noindex/ExplicitPrecompiledModules/FileProvider-DGJA4Z3Z2AQ0P5P9E3HNO670.scan
PrecompileModule /Users/admin/builder/spi-builder-workspace/.derivedData/Build/Intermediates.noindex/ExplicitPrecompiledModules/Symbols-DLBW7XYV0ICF6HFJ6Z7LZOVE2.scan
    cd /
    builtin-precompileModule /Users/admin/builder/spi-builder-workspace/.derivedData/Build/Intermediates.noindex/ExplicitPrecompiledModules/Symbols-DLBW7XYV0ICF6HFJ6Z7LZOVE2.scan
PrecompileModule /Users/admin/builder/spi-builder-workspace/.derivedData/Build/Intermediates.noindex/ExplicitPrecompiledModules/_LocationEssentials-18RQ1E710NW5IUK4E3Y408OQI.scan
    cd /
    builtin-precompileModule /Users/admin/builder/spi-builder-workspace/.derivedData/Build/Intermediates.noindex/ExplicitPrecompiledModules/_LocationEssentials-18RQ1E710NW5IUK4E3Y408OQI.scan
PrecompileModule /Users/admin/builder/spi-builder-workspace/.derivedData/Build/Intermediates.noindex/ExplicitPrecompiledModules/IOSurface-EE64ANASRMNP9D30FG8QPKJE.scan
    cd /
    builtin-precompileModule /Users/admin/builder/spi-builder-workspace/.derivedData/Build/Intermediates.noindex/ExplicitPrecompiledModules/IOSurface-EE64ANASRMNP9D30FG8QPKJE.scan
PrecompileModule /Users/admin/builder/spi-builder-workspace/.derivedData/Build/Intermediates.noindex/ExplicitPrecompiledModules/CoreLocation-8FEFQZV6EEXWQXDV1ACP9H1ZU.scan
    cd /
    builtin-precompileModule /Users/admin/builder/spi-builder-workspace/.derivedData/Build/Intermediates.noindex/ExplicitPrecompiledModules/CoreLocation-8FEFQZV6EEXWQXDV1ACP9H1ZU.scan
PrecompileModule /Users/admin/builder/spi-builder-workspace/.derivedData/Build/Intermediates.noindex/ExplicitPrecompiledModules/Metal-9KFPEE1XQMRC3OT511TZKQGHD.scan
    cd /
    builtin-precompileModule /Users/admin/builder/spi-builder-workspace/.derivedData/Build/Intermediates.noindex/ExplicitPrecompiledModules/Metal-9KFPEE1XQMRC3OT511TZKQGHD.scan
PrecompileModule /Users/admin/builder/spi-builder-workspace/.derivedData/Build/Intermediates.noindex/ExplicitPrecompiledModules/OpenGLES-BGY4Z7RJFALY1RNCCON2ORF64.scan
    cd /
    builtin-precompileModule /Users/admin/builder/spi-builder-workspace/.derivedData/Build/Intermediates.noindex/ExplicitPrecompiledModules/OpenGLES-BGY4Z7RJFALY1RNCCON2ORF64.scan
PrecompileModule /Users/admin/builder/spi-builder-workspace/.derivedData/Build/Intermediates.noindex/ExplicitPrecompiledModules/CoreMotion-C48DVJ978X7C2XNKYCU9S2PQF.scan
    cd /
    builtin-precompileModule /Users/admin/builder/spi-builder-workspace/.derivedData/Build/Intermediates.noindex/ExplicitPrecompiledModules/CoreMotion-C48DVJ978X7C2XNKYCU9S2PQF.scan
SwiftExplicitDependencyGeneratePcm arm64 /Users/admin/builder/spi-builder-workspace/.derivedData/SDKExplicitPrecompiledModules/_Builtin_stdbool-1Q6BTYNEVHC9M74WL5O5GJ1ZM.pcm
SwiftExplicitDependencyGeneratePcm arm64 /Users/admin/builder/spi-builder-workspace/.derivedData/SDKExplicitPrecompiledModules/_AvailabilityInternal-6BH9T8OE123ARKKFOJFR111NS.pcm
SwiftExplicitDependencyGeneratePcm arm64 /Users/admin/builder/spi-builder-workspace/.derivedData/SDKExplicitPrecompiledModules/_Builtin_stddef-2IE0R9M96I5XG0WY72N2UIQ8V.pcm
SwiftExplicitDependencyGeneratePcm arm64 /Users/admin/builder/spi-builder-workspace/.derivedData/SDKExplicitPrecompiledModules/_SwiftConcurrencyShims-9H7TQT237JM0VTD7TXCR6CNM9.pcm
SwiftExplicitDependencyGeneratePcm arm64 /Users/admin/builder/spi-builder-workspace/.derivedData/SDKExplicitPrecompiledModules/ptrcheck-98Y8DWD0HPCMRMDFKAEZCA81O.pcm
SwiftExplicitDependencyGeneratePcm arm64 /Users/admin/builder/spi-builder-workspace/.derivedData/SDKExplicitPrecompiledModules/SwiftShims-2HAZ94YF1BA79JLFTAIV7APMW.pcm
SwiftExplicitDependencyGeneratePcm arm64 /Users/admin/builder/spi-builder-workspace/.derivedData/SDKExplicitPrecompiledModules/ptrauth-9Q1PN7OTQZN7B0Z9D7V7Q8UB1.pcm
SwiftExplicitDependencyGeneratePcm arm64 /Users/admin/builder/spi-builder-workspace/.derivedData/SDKExplicitPrecompiledModules/_Builtin_stdarg-62NPPE4D8O3BNLU35D74TGLVQ.pcm
SwiftExplicitDependencyGeneratePcm arm64 /Users/admin/builder/spi-builder-workspace/.derivedData/SDKExplicitPrecompiledModules/_Builtin_float-1J8SO31WACP82RKV0LOTRKG39.pcm
SwiftExplicitDependencyGeneratePcm arm64 /Users/admin/builder/spi-builder-workspace/.derivedData/SDKExplicitPrecompiledModules/DeveloperToolsSupport-194HZPFNNCEHRVXIO6O8L9S0O.pcm
PrecompileModule /Users/admin/builder/spi-builder-workspace/.derivedData/Build/Intermediates.noindex/ExplicitPrecompiledModules/CoreVideo-CNHT7FZYULCV4ZYXEI43K24FL.scan
    cd /
    builtin-precompileModule /Users/admin/builder/spi-builder-workspace/.derivedData/Build/Intermediates.noindex/ExplicitPrecompiledModules/CoreVideo-CNHT7FZYULCV4ZYXEI43K24FL.scan
SwiftExplicitDependencyGeneratePcm arm64 /Users/admin/builder/spi-builder-workspace/.derivedData/SDKExplicitPrecompiledModules/_DarwinFoundation1-AVZIQZ8HOAUXTT5CXVE5TNG7E.pcm
PrecompileModule /Users/admin/builder/spi-builder-workspace/.derivedData/Build/Intermediates.noindex/ExplicitPrecompiledModules/CoreImage-7KAWWHKM9PX5WFK1AQVSBS3K8.scan
    cd /
    builtin-precompileModule /Users/admin/builder/spi-builder-workspace/.derivedData/Build/Intermediates.noindex/ExplicitPrecompiledModules/CoreImage-7KAWWHKM9PX5WFK1AQVSBS3K8.scan
PrecompileModule /Users/admin/builder/spi-builder-workspace/.derivedData/Build/Intermediates.noindex/ExplicitPrecompiledModules/QuartzCore-1STLSM1REQE3E0XFHXHAMDEQY.scan
    cd /
    builtin-precompileModule /Users/admin/builder/spi-builder-workspace/.derivedData/Build/Intermediates.noindex/ExplicitPrecompiledModules/QuartzCore-1STLSM1REQE3E0XFHXHAMDEQY.scan
SwiftExplicitDependencyGeneratePcm arm64 /Users/admin/builder/spi-builder-workspace/.derivedData/SDKExplicitPrecompiledModules/_DarwinFoundation2-E0NXA4K8N3W3XTJG0EDH15WR2.pcm
SwiftExplicitDependencyGeneratePcm arm64 /Users/admin/builder/spi-builder-workspace/.derivedData/SDKExplicitPrecompiledModules/_Builtin_limits-599EXAY0E7DPK78D1JASUXYCQ.pcm
PrecompileModule /Users/admin/builder/spi-builder-workspace/.derivedData/Build/Intermediates.noindex/ExplicitPrecompiledModules/UIKit-3FDY32SUWOZ9AT8KENGULQA3X.scan
    cd /
    builtin-precompileModule /Users/admin/builder/spi-builder-workspace/.derivedData/Build/Intermediates.noindex/ExplicitPrecompiledModules/UIKit-3FDY32SUWOZ9AT8KENGULQA3X.scan
SwiftExplicitDependencyGeneratePcm arm64 /Users/admin/builder/spi-builder-workspace/.derivedData/SDKExplicitPrecompiledModules/_Builtin_stdint-F1DLW8WMMSOC414RWOQWK8OS8.pcm
SwiftExplicitDependencyGeneratePcm arm64 /Users/admin/builder/spi-builder-workspace/.derivedData/SDKExplicitPrecompiledModules/sys_types-A3BBS6FJZK4C974FRQ5ZCTND7.pcm
SwiftExplicitDependencyGeneratePcm arm64 /Users/admin/builder/spi-builder-workspace/.derivedData/SDKExplicitPrecompiledModules/_Builtin_tgmath-6A504NZTD9420A66PPDYUHISN.pcm
SwiftExplicitDependencyGeneratePcm arm64 /Users/admin/builder/spi-builder-workspace/.derivedData/SDKExplicitPrecompiledModules/string_h-BGPLTZ4H9HACR813QKF6VS72D.pcm
SwiftExplicitDependencyGeneratePcm arm64 /Users/admin/builder/spi-builder-workspace/.derivedData/SDKExplicitPrecompiledModules/_Builtin_stdatomic-158FFQF46AB7DZCSEC3RCRTFC.pcm
SwiftExplicitDependencyGeneratePcm arm64 /Users/admin/builder/spi-builder-workspace/.derivedData/SDKExplicitPrecompiledModules/_DarwinFoundation3-C1P0SZMW1CBYZ1956G2WPAGVQ.pcm
SwiftExplicitDependencyGeneratePcm arm64 /Users/admin/builder/spi-builder-workspace/.derivedData/SDKExplicitPrecompiledModules/_Builtin_intrinsics-3111M8ALPD4YFW0NUUUBCM0JD.pcm
SwiftExplicitDependencyGeneratePcm arm64 /Users/admin/builder/spi-builder-workspace/.derivedData/SDKExplicitPrecompiledModules/_Builtin_inttypes-9DU9NJC5HKVLIXJ97CZROETBU.pcm
SwiftExplicitDependencyGeneratePcm arm64 /Users/admin/builder/spi-builder-workspace/.derivedData/SDKExplicitPrecompiledModules/Darwin-ET1KOXI5QIB2QZ81K0LJ5SCNP.pcm
SwiftExplicitDependencyGeneratePcm arm64 /Users/admin/builder/spi-builder-workspace/.derivedData/SDKExplicitPrecompiledModules/simd-7J2M7D2SOHYQ7IO8MYH2RXTKH.pcm
SwiftExplicitDependencyGeneratePcm arm64 /Users/admin/builder/spi-builder-workspace/.derivedData/SDKExplicitPrecompiledModules/ObjectiveC-7UYOWV2RO2CMEGURP3Y7WLPAT.pcm
SwiftExplicitDependencyGeneratePcm arm64 /Users/admin/builder/spi-builder-workspace/.derivedData/SDKExplicitPrecompiledModules/MachO-6F2CAO15JWU9TP0S5ZC6PL9IB.pcm
CompileC /Users/admin/builder/spi-builder-workspace/.derivedData/Build/Intermediates.noindex/FSPagerView-SPM.build/Debug-xros/FSPagerViewObjC-t.build/Objects-normal/arm64/FSPagerViewObjcCompat.o /Users/admin/builder/spi-builder-workspace/Sources/FSPagerViewObjC/FSPagerViewObjcCompat.m normal arm64 objective-c com.apple.compilers.llvm.clang.1_0.compiler (in target 'FSPagerViewObjC' from project 'FSPagerView-SPM')
    cd /Users/admin/builder/spi-builder-workspace/.swiftpm/xcode

    Using response file: /Users/admin/builder/spi-builder-workspace/.derivedData/Build/Intermediates.noindex/FSPagerView-SPM.build/Debug-xros/FSPagerViewObjC-t.build/Objects-normal/arm64/e6072d4f65d7061329687fe24e3d63a7-common-args.resp

    /Applications/Xcode-27.0.0-Release.Candidate.app/Contents/Developer/Toolchains/XcodeDefault.xctoolchain/usr/bin/clang -x objective-c -ivfsstatcache /Users/admin/builder/spi-builder-workspace/.derivedData/SDKStatCaches.noindex/xros27.0-24M361-e829b21a6f8c9b70876ba0858053c044735bd543db762f57723cac368afd1ce4.sdkstatcache -target arm64-apple-xros1.0 -fmessage-length\=0 -fdiagnostics-show-note-include-stack -fmacro-backtrace-limit\=0 -fno-color-diagnostics -fmodules-prune-interval\=86400 -fmodules-prune-after\=345600 -fbuild-session-file\=/Users/admin/builder/spi-builder-workspace/.derivedData/ModuleCache.noindex/Session.modulevalidation -fmodules-validate-once-per-build-session -Wnon-modular-include-in-framework-module -Werror\=non-modular-include-in-framework-module -Wno-trigraphs -Wno-missing-field-initializers -Wno-missing-prototypes -Wno-return-type -Wno-implicit-atomic-properties -Wno-objc-interface-ivars -Wno-arc-repeated-use-of-weak -Wno-missing-braces -Wparentheses -Wswitch -Wno-unused-function -Wno-unused-label -Wno-unused-parameter -Wno-unused-variable -Wunused-value -Wno-empty-body -Wno-uninitialized -Wno-unknown-pragmas -Wno-shadow -Wno-four-char-constants -Wno-conversion -Wno-constant-conversion -Wno-int-conversion -Wno-bool-conversion -Wno-enum-conversion -Wno-float-conversion -Wno-non-literal-null-conversion -Wno-objc-literal-conversion -Wshorten-64-to-32 -Wpointer-sign -Wno-newline-eof -Wno-selector -Wno-strict-selector-match -Wno-undeclared-selector -Wno-deprecated-implementations -Wno-implicit-fallthrough -isysroot /Applications/Xcode-27.0.0-Release.Candidate.app/Contents/Developer/Platforms/XROS.platform/Developer/SDKs/XROS27.0.sdk -fstrict-aliasing -Wprotocol -Wdeprecated-declarations -Wno-sign-conversion -Wno-infinite-recursion -Wno-comma -Wno-block-capture-autoreleasing -Wno-strict-prototypes -Wno-semicolon-before-method-body -index-store-path /Users/admin/builder/spi-builder-workspace/.derivedData/Index.noindex/DataStore @/Users/admin/builder/spi-builder-workspace/.derivedData/Build/Intermediates.noindex/FSPagerView-SPM.build/Debug-xros/FSPagerViewObjC-t.build/Objects-normal/arm64/e6072d4f65d7061329687fe24e3d63a7-common-args.resp -MMD -MT dependencies -MF /Users/admin/builder/spi-builder-workspace/.derivedData/Build/Intermediates.noindex/FSPagerView-SPM.build/Debug-xros/FSPagerViewObjC-t.build/Objects-normal/arm64/FSPagerViewObjcCompat.d --serialize-diagnostics /Users/admin/builder/spi-builder-workspace/.derivedData/Build/Intermediates.noindex/FSPagerView-SPM.build/Debug-xros/FSPagerViewObjC-t.build/Objects-normal/arm64/FSPagerViewObjcCompat.dia -c /Users/admin/builder/spi-builder-workspace/Sources/FSPagerViewObjC/FSPagerViewObjcCompat.m -o /Users/admin/builder/spi-builder-workspace/.derivedData/Build/Intermediates.noindex/FSPagerView-SPM.build/Debug-xros/FSPagerViewObjC-t.build/Objects-normal/arm64/FSPagerViewObjcCompat.o -index-unit-output-path /FSPagerView-SPM.build/Debug-xros/FSPagerViewObjC-t.build/Objects-normal/arm64/FSPagerViewObjcCompat.o
Ld /Users/admin/builder/spi-builder-workspace/.derivedData/Build/Products/Debug-xros/FSPagerViewObjC.o normal (in target 'FSPagerViewObjC' from project 'FSPagerView-SPM')
    cd /Users/admin/builder/spi-builder-workspace
    /Applications/Xcode-27.0.0-Release.Candidate.app/Contents/Developer/Toolchains/XcodeDefault.xctoolchain/usr/bin/clang -Xlinker -reproducible -target arm64-apple-xros1.0 -r -isysroot /Applications/Xcode-27.0.0-Release.Candidate.app/Contents/Developer/Platforms/XROS.platform/Developer/SDKs/XROS27.0.sdk -O0 -Xlinker -no_warn_duplicate_libraries -F/Users/admin/builder/spi-builder-workspace/.derivedData/Build/Intermediates.noindex/EagerLinkingTBDs/Debug-xros -F/Users/admin/builder/spi-builder-workspace/.derivedData/Build/Products/Debug-xros -iframework /Applications/Xcode-27.0.0-Release.Candidate.app/Contents/Developer/Platforms/XROS.platform/Developer/Library/Frameworks -iframework /Applications/Xcode-27.0.0-Release.Candidate.app/Contents/Developer/Platforms/XROS.platform/Developer/SDKs/XROS27.0.sdk/Developer/Library/Frameworks -filelist /Users/admin/builder/spi-builder-workspace/.derivedData/Build/Intermediates.noindex/FSPagerView-SPM.build/Debug-xros/FSPagerViewObjC-t.build/Objects-normal/arm64/FSPagerViewObjC.LinkFileList -nostdlib -Xlinker -object_path_lto -Xlinker /Users/admin/builder/spi-builder-workspace/.derivedData/Build/Intermediates.noindex/FSPagerView-SPM.build/Debug-xros/FSPagerViewObjC-t.build/Objects-normal/arm64/FSPagerViewObjC_lto.o -Xlinker -no_deduplicate -Xlinker -dependency_info -Xlinker /Users/admin/builder/spi-builder-workspace/.derivedData/Build/Intermediates.noindex/FSPagerView-SPM.build/Debug-xros/FSPagerViewObjC-t.build/Objects-normal/arm64/FSPagerViewObjC_dependency_info.dat -fobjc-arc -fobjc-link-runtime -o /Users/admin/builder/spi-builder-workspace/.derivedData/Build/Products/Debug-xros/FSPagerViewObjC.o
SwiftExplicitDependencyGeneratePcm arm64 /Users/admin/builder/spi-builder-workspace/.derivedData/SDKExplicitPrecompiledModules/os_object-A49MUZWNB60JKCX0NMFXESEZD.pcm
SwiftExplicitDependencyGeneratePcm arm64 /Users/admin/builder/spi-builder-workspace/.derivedData/SDKExplicitPrecompiledModules/os_workgroup-1J3Q9ELSMX5271913GPIT75QV.pcm
SwiftExplicitDependencyGeneratePcm arm64 /Users/admin/builder/spi-builder-workspace/.derivedData/SDKExplicitPrecompiledModules/Dispatch-7TDXDXPVVCZ0IQLPT2W4Z1AW3.pcm
SwiftExplicitDependencyGeneratePcm arm64 /Users/admin/builder/spi-builder-workspace/.derivedData/SDKExplicitPrecompiledModules/Spatial-92H2FIVGSGXGN6Z0PM4QAD9U8.pcm
SwiftExplicitDependencyGeneratePcm arm64 /Users/admin/builder/spi-builder-workspace/.derivedData/SDKExplicitPrecompiledModules/XPC-1U8J3QOEPI1JREQTBJYCK4Z2Z.pcm
SwiftExplicitDependencyGeneratePcm arm64 /Users/admin/builder/spi-builder-workspace/.derivedData/SDKExplicitPrecompiledModules/CoreFoundation-5D49BF05JAG3T79HLXZS0QOEB.pcm
SwiftExplicitDependencyGeneratePcm arm64 /Users/admin/builder/spi-builder-workspace/.derivedData/SDKExplicitPrecompiledModules/os-7D3ZMGEZW9BBPJG5AFYWTJQLV.pcm
SwiftExplicitDependencyGeneratePcm arm64 /Users/admin/builder/spi-builder-workspace/.derivedData/SDKExplicitPrecompiledModules/Security-4BDO3J0PXFNR7ZRKSDSXCO6IM.pcm
SwiftExplicitDependencyGeneratePcm arm64 /Users/admin/builder/spi-builder-workspace/.derivedData/SDKExplicitPrecompiledModules/CFNetwork-8XNJAT23SK5D0OET9NV9X387I.pcm
SwiftExplicitDependencyGeneratePcm arm64 /Users/admin/builder/spi-builder-workspace/.derivedData/SDKExplicitPrecompiledModules/CoreGraphics-AY8OPKLJIGMHZ9MYROUT854WA.pcm
SwiftExplicitDependencyGeneratePcm arm64 /Users/admin/builder/spi-builder-workspace/.derivedData/SDKExplicitPrecompiledModules/Foundation-48S9SVOOX01R4NP8KF0LJG57Z.pcm
SwiftExplicitDependencyGeneratePcm arm64 /Users/admin/builder/spi-builder-workspace/.derivedData/SDKExplicitPrecompiledModules/ImageIO-IAKQMD68GVR7DW77YOHGK8X7.pcm
SwiftExplicitDependencyGeneratePcm arm64 /Users/admin/builder/spi-builder-workspace/.derivedData/SDKExplicitPrecompiledModules/CoreText-3Q9AYRR8Y0RMYX4VGST56EDCZ.pcm
SwiftExplicitDependencyGeneratePcm arm64 /Users/admin/builder/spi-builder-workspace/.derivedData/SDKExplicitPrecompiledModules/DataDetection-7LQD8Z3LW2FUEO4CR6TGECXW0.pcm
SwiftExplicitDependencyGeneratePcm arm64 /Users/admin/builder/spi-builder-workspace/.derivedData/SDKExplicitPrecompiledModules/FileProvider-C1CJK6EJC5IUBTWZU8FS47OM3.pcm
SwiftExplicitDependencyGeneratePcm arm64 /Users/admin/builder/spi-builder-workspace/.derivedData/SDKExplicitPrecompiledModules/IOSurface-2D5KLETWRIPRMLT8HCRTTINH3.pcm
SwiftExplicitDependencyGeneratePcm arm64 /Users/admin/builder/spi-builder-workspace/.derivedData/SDKExplicitPrecompiledModules/Symbols-ECOU17NNJUYRSDVSZI1SX0DNL.pcm
SwiftExplicitDependencyGeneratePcm arm64 /Users/admin/builder/spi-builder-workspace/.derivedData/SDKExplicitPrecompiledModules/OSLog-3CTW8AFBZNTJNTYU2CNXR306R.pcm
SwiftExplicitDependencyGeneratePcm arm64 /Users/admin/builder/spi-builder-workspace/.derivedData/SDKExplicitPrecompiledModules/Accessibility-8QB8DU95K5GFNCPAUIMZLHBIU.pcm
SwiftExplicitDependencyGeneratePcm arm64 /Users/admin/builder/spi-builder-workspace/.derivedData/SDKExplicitPrecompiledModules/UserNotifications-6JIY9EEYAYYTJITYYQZF42LAH.pcm
SwiftExplicitDependencyGeneratePcm arm64 /Users/admin/builder/spi-builder-workspace/.derivedData/SDKExplicitPrecompiledModules/CoreTransferable-EFMTSDPFE8WPPM5HOZ47P0KQO.pcm
SwiftExplicitDependencyGeneratePcm arm64 /Users/admin/builder/spi-builder-workspace/.derivedData/SDKExplicitPrecompiledModules/UIUtilities-F3U0HSZMZSXCP772P753OT1G5.pcm
SwiftExplicitDependencyGeneratePcm arm64 /Users/admin/builder/spi-builder-workspace/.derivedData/SDKExplicitPrecompiledModules/_LocationEssentials-32JNDL0Y7WK6X17R1HPKJCQEE.pcm
SwiftExplicitDependencyGeneratePcm arm64 /Users/admin/builder/spi-builder-workspace/.derivedData/SDKExplicitPrecompiledModules/UniformTypeIdentifiers-9BPZRHV9PRGRSU35W243D89CW.pcm
SwiftExplicitDependencyGeneratePcm arm64 /Users/admin/builder/spi-builder-workspace/.derivedData/SDKExplicitPrecompiledModules/CoreLocation-E62WUNIY48I4BO5WNB3SVVIP8.pcm
SwiftExplicitDependencyGeneratePcm arm64 /Users/admin/builder/spi-builder-workspace/.derivedData/SDKExplicitPrecompiledModules/Metal-CAKGHYH5ACDACD017V00QOQC9.pcm
SwiftExplicitDependencyGeneratePcm arm64 /Users/admin/builder/spi-builder-workspace/.derivedData/SDKExplicitPrecompiledModules/OpenGLES-CKJ9EEPIRPNP44Q12R6YOKS1E.pcm
SwiftExplicitDependencyGeneratePcm arm64 /Users/admin/builder/spi-builder-workspace/.derivedData/SDKExplicitPrecompiledModules/CoreMotion-DCVNRIJ2COFK7QG37YNW48EGV.pcm
SwiftExplicitDependencyGeneratePcm arm64 /Users/admin/builder/spi-builder-workspace/.derivedData/SDKExplicitPrecompiledModules/CoreVideo-4PK3Q849TG28PPFW9ON3UC1O9.pcm
SwiftExplicitDependencyGeneratePcm arm64 /Users/admin/builder/spi-builder-workspace/.derivedData/SDKExplicitPrecompiledModules/CoreImage-9GN6OPXIJ356C54K347I7T417.pcm
SwiftExplicitDependencyGeneratePcm arm64 /Users/admin/builder/spi-builder-workspace/.derivedData/SDKExplicitPrecompiledModules/QuartzCore-6ZHUATRF8P4D51R22KZF8F6EG.pcm
SwiftExplicitDependencyGeneratePcm arm64 /Users/admin/builder/spi-builder-workspace/.derivedData/SDKExplicitPrecompiledModules/SwiftUICore-374BUSM2QWS9MQO694AHOADDT.pcm
SwiftExplicitDependencyGeneratePcm arm64 /Users/admin/builder/spi-builder-workspace/.derivedData/SDKExplicitPrecompiledModules/UIKit-1PV3XTOUQPUVY5I4MLPUAXR9J.pcm
SwiftCompile normal arm64 Compiling\ FSPagerCollectionView.swift /Users/admin/builder/spi-builder-workspace/Sources/FSPagerViewSwift/FSPagerCollectionView.swift (in target 'FSPagerViewSwift' from project 'FSPagerView-SPM')
SwiftCompile normal arm64 /Users/admin/builder/spi-builder-workspace/Sources/FSPagerViewSwift/FSPagerCollectionView.swift (in target 'FSPagerViewSwift' from project 'FSPagerView-SPM')
    cd /Users/admin/builder/spi-builder-workspace/.swiftpm/xcode
    builtin-SwiftPerFileCompile FSPagerCollectionView.swift
SwiftEmitModule normal arm64 Emitting\ module\ for\ FSPagerViewSwift (in target 'FSPagerViewSwift' from project 'FSPagerView-SPM')
/Users/admin/builder/spi-builder-workspace/Sources/FSPagerViewSwift/FSPageControl.swift:305:1: warning: extension declares a conformance of imported type 'State' to imported protocol 'Hashable'; this will not behave correctly if the owners of 'UIKit' introduce this conformance in the future
303 | }
304 |
305 | extension UIControl.State: Hashable {
    | |- warning: extension declares a conformance of imported type 'State' to imported protocol 'Hashable'; this will not behave correctly if the owners of 'UIKit' introduce this conformance in the future
    | `- note: add '@retroactive' to silence this warning
306 |     public var hashValue: Int {
307 |         return Int((6777*self.rawValue+3777)%UInt(UInt16.max))
/Users/admin/builder/spi-builder-workspace/Sources/FSPagerViewSwift/FSPagerView.swift:460:31: warning: 'UINib' was deprecated in visionOS 1.0: Loading Interface Builder products will not be supported in a future version of visionOS. [#DeprecatedDeclaration]
458 |     ///   - identifier: The reuse identifier to associate with the specified nib file. This parameter must not be nil and must not be an empty string.
459 |     @objc(registerNib:forCellWithReuseIdentifier:)
460 |     open func register(_ nib: UINib?, forCellWithReuseIdentifier identifier: String) {
    |                               `- warning: 'UINib' was deprecated in visionOS 1.0: Loading Interface Builder products will not be supported in a future version of visionOS. [#DeprecatedDeclaration]
461 |         self.collectionView.register(nib, forCellWithReuseIdentifier: identifier)
462 |     }
[#DeprecatedDeclaration]: <https://docs.swift.org/compiler/documentation/diagnostics/deprecated-declaration>
SwiftCompile normal arm64 (in target 'FSPagerViewSwift' from project 'FSPagerView-SPM')
    cd /Users/admin/builder/spi-builder-workspace/.swiftpm/xcode

SwiftCompile normal arm64 Compiling\ FSPageControl.swift /Users/admin/builder/spi-builder-workspace/Sources/FSPagerViewSwift/FSPageControl.swift (in target 'FSPagerViewSwift' from project 'FSPagerView-SPM')
SwiftCompile normal arm64 /Users/admin/builder/spi-builder-workspace/Sources/FSPagerViewSwift/FSPageControl.swift (in target 'FSPagerViewSwift' from project 'FSPagerView-SPM')
    cd /Users/admin/builder/spi-builder-workspace/.swiftpm/xcode
    builtin-SwiftPerFileCompile FSPageControl.swift
SwiftCompile normal arm64 Compiling\ FSPageViewTransformer.swift /Users/admin/builder/spi-builder-workspace/Sources/FSPagerViewSwift/FSPageViewTransformer.swift (in target 'FSPagerViewSwift' from project 'FSPagerView-SPM')
SwiftCompile normal arm64 /Users/admin/builder/spi-builder-workspace/Sources/FSPagerViewSwift/FSPageViewTransformer.swift (in target 'FSPagerViewSwift' from project 'FSPagerView-SPM')
    cd /Users/admin/builder/spi-builder-workspace/.swiftpm/xcode
    builtin-SwiftPerFileCompile FSPageViewTransformer.swift
SwiftCompile normal arm64 Compiling\ FSPageViewLayout.swift /Users/admin/builder/spi-builder-workspace/Sources/FSPagerViewSwift/FSPageViewLayout.swift (in target 'FSPagerViewSwift' from project 'FSPagerView-SPM')
/Users/admin/builder/spi-builder-workspace/Sources/FSPagerViewSwift/FSPageViewLayout.swift:45:72: error: 'orientationDidChangeNotification' is unavailable in visionOS
 43 |     deinit {
 44 |         #if !os(tvOS)
 45 |         NotificationCenter.default.removeObserver(self, name: UIDevice.orientationDidChangeNotification, object: nil)
    |                                                                        `- error: 'orientationDidChangeNotification' is unavailable in visionOS
 46 |         #endif
 47 |     }
/Applications/Xcode-27.0.0-Release.Candidate.app/Contents/Developer/Platforms/XROS.platform/Developer/SDKs/XROS27.0.sdk/System/Library/Frameworks/UIKit.framework/Headers/UIDevice.h:83:39: note: 'orientationDidChangeNotification' has been explicitly marked unavailable here
81 | }
82 |
83 | UIKIT_EXTERN NSNotificationName const UIDeviceOrientationDidChangeNotification API_UNAVAILABLE(tvos, visionos, watchos) NS_SWIFT_NONISOLATED;
   |                                       `- note: 'orientationDidChangeNotification' has been explicitly marked unavailable here
84 | UIKIT_EXTERN NSNotificationName const UIDeviceBatteryStateDidChangeNotification   API_AVAILABLE(ios(3.0)) API_UNAVAILABLE(tvos, watchos) NS_SWIFT_NONISOLATED;
85 | UIKIT_EXTERN NSNotificationName const UIDeviceBatteryLevelDidChangeNotification   API_AVAILABLE(ios(3.0)) API_UNAVAILABLE(tvos, watchos) NS_SWIFT_NONISOLATED;
/Users/admin/builder/spi-builder-workspace/Sources/FSPagerViewSwift/FSPageViewLayout.swift:260:133: error: 'orientationDidChangeNotification' is unavailable in visionOS
258 |     fileprivate func commonInit() {
259 |         #if !os(tvOS)
260 |             NotificationCenter.default.addObserver(self, selector: #selector(didReceiveNotification(notification:)), name: UIDevice.orientationDidChangeNotification, object: nil)
    |                                                                                                                                     `- error: 'orientationDidChangeNotification' is unavailable in visionOS
261 |         #endif
262 |     }
/Applications/Xcode-27.0.0-Release.Candidate.app/Contents/Developer/Platforms/XROS.platform/Developer/SDKs/XROS27.0.sdk/System/Library/Frameworks/UIKit.framework/Headers/UIDevice.h:83:39: note: 'orientationDidChangeNotification' has been explicitly marked unavailable here
81 | }
82 |
83 | UIKIT_EXTERN NSNotificationName const UIDeviceOrientationDidChangeNotification API_UNAVAILABLE(tvos, visionos, watchos) NS_SWIFT_NONISOLATED;
   |                                       `- note: 'orientationDidChangeNotification' has been explicitly marked unavailable here
84 | UIKIT_EXTERN NSNotificationName const UIDeviceBatteryStateDidChangeNotification   API_AVAILABLE(ios(3.0)) API_UNAVAILABLE(tvos, watchos) NS_SWIFT_NONISOLATED;
85 | UIKIT_EXTERN NSNotificationName const UIDeviceBatteryLevelDidChangeNotification   API_AVAILABLE(ios(3.0)) API_UNAVAILABLE(tvos, watchos) NS_SWIFT_NONISOLATED;
Failed frontend command:
/Applications/Xcode-27.0.0-Release.Candidate.app/Contents/Developer/Toolchains/XcodeDefault.xctoolchain/usr/bin/swift-frontend -frontend -c /Users/admin/builder/spi-builder-workspace/Sources/FSPagerViewSwift/FSPageControl.swift -primary-file /Users/admin/builder/spi-builder-workspace/Sources/FSPagerViewSwift/FSPageViewLayout.swift /Users/admin/builder/spi-builder-workspace/Sources/FSPagerViewSwift/FSPageViewTransformer.swift /Users/admin/builder/spi-builder-workspace/Sources/FSPagerViewSwift/FSPagerCollectionView.swift /Users/admin/builder/spi-builder-workspace/Sources/FSPagerViewSwift/FSPagerView.swift /Users/admin/builder/spi-builder-workspace/Sources/FSPagerViewSwift/FSPagerViewCell.swift /Users/admin/builder/spi-builder-workspace/Sources/FSPagerViewSwift/FSPagerViewLayoutAttributes.swift -emit-dependencies-path /Users/admin/builder/spi-builder-workspace/.derivedData/Build/Intermediates.noindex/FSPagerView-SPM.build/Debug-xros/FSPagerViewSwift-t.build/Objects-normal/arm64/FSPageViewLayout.d -emit-const-values-path /Users/admin/builder/spi-builder-workspace/.derivedData/Build/Intermediates.noindex/FSPagerView-SPM.build/Debug-xros/FSPagerViewSwift-t.build/Objects-normal/arm64/FSPageViewLayout.swiftconstvalues -emit-reference-dependencies-path /Users/admin/builder/spi-builder-workspace/.derivedData/Build/Intermediates.noindex/FSPagerView-SPM.build/Debug-xros/FSPagerViewSwift-t.build/Objects-normal/arm64/FSPageViewLayout.swiftdeps -serialize-diagnostics-path /Users/admin/builder/spi-builder-workspace/.derivedData/Build/Intermediates.noindex/FSPagerView-SPM.build/Debug-xros/FSPagerViewSwift-t.build/Objects-normal/arm64/FSPageViewLayout.dia -target arm64-apple-xros1.0 -disable-cross-import-overlay-search -load-resolved-plugin /Applications/Xcode-27.0.0-Release.Candidate.app/Contents/Developer/Platforms/XROS.platform/Developer/usr/lib/swift/host/plugins/libFoundationMacros.dylib\#/Applications/Xcode-27.0.0-Release.Candidate.app/Contents/Developer/Platforms/XROS.platform/Developer/usr/bin/swift-plugin-server\#FoundationMacros -load-resolved-plugin /Applications/Xcode-27.0.0-Release.Candidate.app/Contents/Developer/Platforms/XROS.platform/Developer/usr/lib/swift/host/plugins/libObservationMacros.dylib\#/Applications/Xcode-27.0.0-Release.Candidate.app/Contents/Developer/Platforms/XROS.platform/Developer/usr/bin/swift-plugin-server\#ObservationMacros -load-resolved-plugin /Applications/Xcode-27.0.0-Release.Candidate.app/Contents/Developer/Platforms/XROS.platform/Developer/usr/lib/swift/host/plugins/libPreviewsMacros.dylib\#/Applications/Xcode-27.0.0-Release.Candidate.app/Contents/Developer/Platforms/XROS.platform/Developer/usr/bin/swift-plugin-server\#PreviewsMacros -load-resolved-plugin /Applications/Xcode-27.0.0-Release.Candidate.app/Contents/Developer/Platforms/XROS.platform/Developer/usr/lib/swift/host/plugins/libSwiftMacros.dylib\#/Applications/Xcode-27.0.0-Release.Candidate.app/Contents/Developer/Platforms/XROS.platform/Developer/usr/bin/swift-plugin-server\#SwiftMacros -load-resolved-plugin /Applications/Xcode-27.0.0-Release.Candidate.app/Contents/Developer/Platforms/XROS.platform/Developer/usr/lib/swift/host/plugins/libSwiftUIMacros.dylib\#/Applications/Xcode-27.0.0-Release.Candidate.app/Contents/Developer/Platforms/XROS.platform/Developer/usr/bin/swift-plugin-server\#SwiftUIMacros -disable-implicit-swift-modules -Xcc -fno-implicit-modules -Xcc -fno-implicit-module-maps -explicit-swift-module-map-file /Users/admin/builder/spi-builder-workspace/.derivedData/Build/Intermediates.noindex/FSPagerView-SPM.build/Debug-xros/FSPagerViewSwift-t.build/Objects-normal/arm64/FSPagerViewSwift-dependencies-1.json -Xllvm -aarch64-use-tbi -enable-objc-interop -stack-check -sdk /Applications/Xcode-27.0.0-Release.Candidate.app/Contents/Developer/Platforms/XROS.platform/Developer/SDKs/XROS27.0.sdk -I /Users/admin/builder/spi-builder-workspace/.derivedData/Build/Products/Debug-xros -Isystem /Applications/Xcode-27.0.0-Release.Candidate.app/Contents/Developer/Platforms/XROS.platform/Developer/usr/lib -F /Users/admin/builder/spi-builder-workspace/.derivedData/Build/Products/Debug-xros/PackageFrameworks -F /Users/admin/builder/spi-builder-workspace/.derivedData/Build/Products/Debug-xros -F /Applications/Xcode-27.0.0-Release.Candidate.app/Contents/Developer/Platforms/XROS.platform/Developer/Library/Frameworks -F /Applications/Xcode-27.0.0-Release.Candidate.app/Contents/Developer/Platforms/XROS.platform/Developer/SDKs/XROS27.0.sdk/Developer/Library/Frameworks -module-cache-path /Users/admin/builder/spi-builder-workspace/.derivedData/Build/Intermediates.noindex/SwiftExplicitPrecompiledModules -no-color-diagnostics -Xcc -fno-color-diagnostics -enable-testing -g -debug-info-format\=dwarf -dwarf-version\=4 -swift-version 6 -Onone -D SWIFT_PACKAGE -D DEBUG -D SWIFT_MODULE_RESOURCE_BUNDLE_UNAVAILABLE -D Xcode -serialize-debugging-options -enable-experimental-feature DebugDescriptionMacro -empty-abi-descriptor -validate-clang-modules-once -clang-build-session-file /Users/admin/builder/spi-builder-workspace/.derivedData/ModuleCache.noindex/Session.modulevalidation -Xcc -working-directory -Xcc /Users/admin/builder/spi-builder-workspace/.swiftpm/xcode -enable-anonymous-context-mangled-names -file-compilation-dir /Users/admin/builder/spi-builder-workspace/.swiftpm/xcode -Xcc -fmodule-map-file\=/Users/admin/builder/spi-builder-workspace/.derivedData/Build/Intermediates.noindex/GeneratedModuleMaps-xros/FSPagerViewObjC.modulemap -Xcc -D_LIBCPP_HARDENING_MODE\=_LIBCPP_HARDENING_MODE_DEBUG -Xcc -ivfsstatcache -Xcc /Users/admin/builder/spi-builder-workspace/.derivedData/SDKStatCaches.noindex/xros27.0-24M361-e829b21a6f8c9b70876ba0858053c044735bd543db762f57723cac368afd1ce4.sdkstatcache -Xcc -fmodules-prune-interval\=86400 -Xcc -fmodules-prune-after\=345600 -Xcc -I/Users/admin/builder/spi-builder-workspace/Sources/FSPagerViewObjC -Xcc -I/Users/admin/builder/spi-builder-workspace/.derivedData/Build/Products/Debug-xros/include -Xcc -I/Users/admin/builder/spi-builder-workspace/.derivedData/Build/Intermediates.noindex/FSPagerView-SPM.build/Debug-xros/FSPagerViewSwift-t.build/DerivedSources-normal/arm64 -Xcc -I/Users/admin/builder/spi-builder-workspace/.derivedData/Build/Intermediates.noindex/FSPagerView-SPM.build/Debug-xros/FSPagerViewSwift-t.build/DerivedSources/arm64 -Xcc -I/Users/admin/builder/spi-builder-workspace/.derivedData/Build/Intermediates.noindex/FSPagerView-SPM.build/Debug-xros/FSPagerViewSwift-t.build/DerivedSources -Xcc -DSWIFT_PACKAGE -Xcc -DDEBUG\=1 -no-auto-bridging-header-chaining -module-name FSPagerViewSwift -package-name spi_builder_workspace -const-gather-protocols-file /Users/admin/builder/spi-builder-workspace/.derivedData/Build/Intermediates.noindex/FSPagerView-SPM.build/Debug-xros/FSPagerViewSwift-t.build/Objects-normal/arm64/FSPagerViewSwift_const_extract_protocols.json -disable-clang-spi -clang-target arm64-apple-xros27.0 -target-sdk-version 27.0 -target-sdk-name xros27.0 -in-process-plugin-server-path /Applications/Xcode-27.0.0-Release.Candidate.app/Contents/Developer/Toolchains/XcodeDefault.xctoolchain/usr/lib/swift/host/libSwiftInProcPluginServer.dylib -parse-as-library -o /Users/admin/builder/spi-builder-workspace/.derivedData/Build/Intermediates.noindex/FSPagerView-SPM.build/Debug-xros/FSPagerViewSwift-t.build/Objects-normal/arm64/FSPageViewLayout.o -debug-module-path /Users/admin/builder/spi-builder-workspace/.derivedData/Build/Intermediates.noindex/FSPagerView-SPM.build/Debug-xros/FSPagerViewSwift-t.build/Objects-normal/arm64/FSPagerViewSwift.swiftmodule -index-unit-output-path /FSPagerView-SPM.build/Debug-xros/FSPagerViewSwift-t.build/Objects-normal/arm64/FSPageViewLayout.o -index-store-path /Users/admin/builder/spi-builder-workspace/.derivedData/Index.noindex/DataStore -index-system-modules
SwiftCompile normal arm64 /Users/admin/builder/spi-builder-workspace/Sources/FSPagerViewSwift/FSPageViewLayout.swift (in target 'FSPagerViewSwift' from project 'FSPagerView-SPM')
    cd /Users/admin/builder/spi-builder-workspace/.swiftpm/xcode
    builtin-SwiftPerFileCompile FSPageViewLayout.swift
SwiftCompile normal arm64 Compiling\ FSPagerViewLayoutAttributes.swift /Users/admin/builder/spi-builder-workspace/Sources/FSPagerViewSwift/FSPagerViewLayoutAttributes.swift (in target 'FSPagerViewSwift' from project 'FSPagerView-SPM')
SwiftCompile normal arm64 /Users/admin/builder/spi-builder-workspace/Sources/FSPagerViewSwift/FSPagerViewLayoutAttributes.swift (in target 'FSPagerViewSwift' from project 'FSPagerView-SPM')
    cd /Users/admin/builder/spi-builder-workspace/.swiftpm/xcode
    builtin-SwiftPerFileCompile FSPagerViewLayoutAttributes.swift
SwiftCompile normal arm64 Compiling\ FSPagerViewCell.swift /Users/admin/builder/spi-builder-workspace/Sources/FSPagerViewSwift/FSPagerViewCell.swift (in target 'FSPagerViewSwift' from project 'FSPagerView-SPM')
SwiftCompile normal arm64 /Users/admin/builder/spi-builder-workspace/Sources/FSPagerViewSwift/FSPagerViewCell.swift (in target 'FSPagerViewSwift' from project 'FSPagerView-SPM')
    cd /Users/admin/builder/spi-builder-workspace/.swiftpm/xcode
    builtin-SwiftPerFileCompile FSPagerViewCell.swift
SwiftCompile normal arm64 Compiling\ FSPagerView.swift /Users/admin/builder/spi-builder-workspace/Sources/FSPagerViewSwift/FSPagerView.swift (in target 'FSPagerViewSwift' from project 'FSPagerView-SPM')
/Users/admin/builder/spi-builder-workspace/Sources/FSPagerViewSwift/FSPagerView.swift:460:31: warning: 'UINib' was deprecated in visionOS 1.0: Loading Interface Builder products will not be supported in a future version of visionOS. [#DeprecatedDeclaration]
458 |     ///   - identifier: The reuse identifier to associate with the specified nib file. This parameter must not be nil and must not be an empty string.
459 |     @objc(registerNib:forCellWithReuseIdentifier:)
460 |     open func register(_ nib: UINib?, forCellWithReuseIdentifier identifier: String) {
    |                               `- warning: 'UINib' was deprecated in visionOS 1.0: Loading Interface Builder products will not be supported in a future version of visionOS. [#DeprecatedDeclaration]
461 |         self.collectionView.register(nib, forCellWithReuseIdentifier: identifier)
462 |     }
SwiftCompile normal arm64 /Users/admin/builder/spi-builder-workspace/Sources/FSPagerViewSwift/FSPagerView.swift (in target 'FSPagerViewSwift' from project 'FSPagerView-SPM')
    cd /Users/admin/builder/spi-builder-workspace/.swiftpm/xcode
    builtin-SwiftPerFileCompile FSPagerView.swift
SwiftDriverJobDiscovery normal arm64 Emitting module for FSPagerViewSwift (in target 'FSPagerViewSwift' from project 'FSPagerView-SPM')
SwiftDriver\ Compilation\ Requirements FSPagerViewSwift normal arm64 com.apple.xcode.tools.swift.compiler (in target 'FSPagerViewSwift' from project 'FSPagerView-SPM')
    cd /Users/admin/builder/spi-builder-workspace/.swiftpm/xcode
    builtin-Swift-Compilation-Requirements -- /Applications/Xcode-27.0.0-Release.Candidate.app/Contents/Developer/Toolchains/XcodeDefault.xctoolchain/usr/bin/swiftc -parse-as-library -module-name FSPagerViewSwift -Onone @/Users/admin/builder/spi-builder-workspace/.derivedData/Build/Intermediates.noindex/FSPagerView-SPM.build/Debug-xros/FSPagerViewSwift-t.build/Objects-normal/arm64/FSPagerViewSwift.SwiftFileList -DSWIFT_PACKAGE -DDEBUG -DSWIFT_MODULE_RESOURCE_BUNDLE_UNAVAILABLE -Xcc -fmodule-map-file\=/Users/admin/builder/spi-builder-workspace/.derivedData/Build/Intermediates.noindex/GeneratedModuleMaps-xros/FSPagerViewObjC.modulemap -DXcode -plugin-path /Applications/Xcode-27.0.0-Release.Candidate.app/Contents/Developer/Toolchains/XcodeDefault.xctoolchain/usr/lib/swift/host/plugins/testing -enable-experimental-feature DebugDescriptionMacro -sdk /Applications/Xcode-27.0.0-Release.Candidate.app/Contents/Developer/Platforms/XROS.platform/Developer/SDKs/XROS27.0.sdk -target arm64-apple-xros1.0 -g -module-cache-path /Users/admin/builder/spi-builder-workspace/.derivedData/ModuleCache.noindex -Xfrontend -serialize-debugging-options -enable-testing -index-store-path /Users/admin/builder/spi-builder-workspace/.derivedData/Index.noindex/DataStore -Xcc -D_LIBCPP_HARDENING_MODE\=_LIBCPP_HARDENING_MODE_DEBUG -swift-version 6 -I /Users/admin/builder/spi-builder-workspace/.derivedData/Build/Products/Debug-xros -Isystem /Applications/Xcode-27.0.0-Release.Candidate.app/Contents/Developer/Platforms/XROS.platform/Developer/usr/lib -F /Users/admin/builder/spi-builder-workspace/.derivedData/Build/Products/Debug-xros/PackageFrameworks -F /Users/admin/builder/spi-builder-workspace/.derivedData/Build/Products/Debug-xros -F /Applications/Xcode-27.0.0-Release.Candidate.app/Contents/Developer/Platforms/XROS.platform/Developer/Library/Frameworks -F /Applications/Xcode-27.0.0-Release.Candidate.app/Contents/Developer/Platforms/XROS.platform/Developer/SDKs/XROS27.0.sdk/Developer/Library/Frameworks -c -j10 -enable-batch-mode -incremental -Xcc -ivfsstatcache -Xcc /Users/admin/builder/spi-builder-workspace/.derivedData/SDKStatCaches.noindex/xros27.0-24M361-e829b21a6f8c9b70876ba0858053c044735bd543db762f57723cac368afd1ce4.sdkstatcache -output-file-map /Users/admin/builder/spi-builder-workspace/.derivedData/Build/Intermediates.noindex/FSPagerView-SPM.build/Debug-xros/FSPagerViewSwift-t.build/Objects-normal/arm64/FSPagerViewSwift-OutputFileMap.json -save-temps -no-color-diagnostics -explicit-module-build -module-cache-path /Users/admin/builder/spi-builder-workspace/.derivedData/Build/Intermediates.noindex/SwiftExplicitPrecompiledModules -clang-scanner-module-cache-path /Users/admin/builder/spi-builder-workspace/.derivedData/ModuleCache.noindex -sdk-module-cache-path /Users/admin/builder/spi-builder-workspace/.derivedData/SDKExplicitPrecompiledModules -emit-dependencies -emit-module -emit-module-path /Users/admin/builder/spi-builder-workspace/.derivedData/Build/Intermediates.noindex/FSPagerView-SPM.build/Debug-xros/FSPagerViewSwift-t.build/Objects-normal/arm64/FSPagerViewSwift.swiftmodule -serialize-diagnostics -dependency-scan-serialize-diagnostics-path /Users/admin/builder/spi-builder-workspace/.derivedData/Build/Intermediates.noindex/FSPagerView-SPM.build/Debug-xros/FSPagerViewSwift-t.build/Objects-normal/arm64/FSPagerViewSwift-dependency-scan.dia -validate-clang-modules-once -clang-build-session-file /Users/admin/builder/spi-builder-workspace/.derivedData/ModuleCache.noindex/Session.modulevalidation -Xcc -fmodules-prune-interval\=86400 -Xcc -fmodules-prune-after\=345600 -package-name spi_builder_workspace -emit-const-values -const-gather-protocols-list /Users/admin/builder/spi-builder-workspace/.derivedData/Build/Intermediates.noindex/FSPagerView-SPM.build/Debug-xros/FSPagerViewSwift-t.build/Objects-normal/arm64/FSPagerViewSwift_const_extract_protocols.json -Xcc -I/Users/admin/builder/spi-builder-workspace/Sources/FSPagerViewObjC -Xcc -I/Users/admin/builder/spi-builder-workspace/.derivedData/Build/Products/Debug-xros/include -Xcc -I/Users/admin/builder/spi-builder-workspace/.derivedData/Build/Intermediates.noindex/FSPagerView-SPM.build/Debug-xros/FSPagerViewSwift-t.build/DerivedSources-normal/arm64 -Xcc -I/Users/admin/builder/spi-builder-workspace/.derivedData/Build/Intermediates.noindex/FSPagerView-SPM.build/Debug-xros/FSPagerViewSwift-t.build/DerivedSources/arm64 -Xcc -I/Users/admin/builder/spi-builder-workspace/.derivedData/Build/Intermediates.noindex/FSPagerView-SPM.build/Debug-xros/FSPagerViewSwift-t.build/DerivedSources -Xcc -DSWIFT_PACKAGE -Xcc -DDEBUG\=1 -emit-objc-header -emit-objc-header-path /Users/admin/builder/spi-builder-workspace/.derivedData/Build/Intermediates.noindex/FSPagerView-SPM.build/Debug-xros/FSPagerViewSwift-t.build/Objects-normal/arm64/FSPagerViewSwift-Swift.h -working-directory /Users/admin/builder/spi-builder-workspace/.swiftpm/xcode -experimental-emit-module-separately -disable-cmo
SwiftMergeGeneratedHeaders /Users/admin/builder/spi-builder-workspace/.derivedData/Build/Intermediates.noindex/GeneratedModuleMaps-xros/FSPagerViewSwift-Swift.h /Users/admin/builder/spi-builder-workspace/.derivedData/Build/Intermediates.noindex/FSPagerView-SPM.build/Debug-xros/FSPagerViewSwift-t.build/Objects-normal/arm64/FSPagerViewSwift-Swift.h (in target 'FSPagerViewSwift' from project 'FSPagerView-SPM')
    cd /Users/admin/builder/spi-builder-workspace
    builtin-swiftHeaderTool -arch arm64 /Users/admin/builder/spi-builder-workspace/.derivedData/Build/Intermediates.noindex/FSPagerView-SPM.build/Debug-xros/FSPagerViewSwift-t.build/Objects-normal/arm64/FSPagerViewSwift-Swift.h -o /Users/admin/builder/spi-builder-workspace/.derivedData/Build/Intermediates.noindex/GeneratedModuleMaps-xros/FSPagerViewSwift-Swift.h
Copy /Users/admin/builder/spi-builder-workspace/.derivedData/Build/Products/Debug-xros/FSPagerViewSwift.swiftmodule/arm64-apple-xros.swiftdoc /Users/admin/builder/spi-builder-workspace/.derivedData/Build/Intermediates.noindex/FSPagerView-SPM.build/Debug-xros/FSPagerViewSwift-t.build/Objects-normal/arm64/FSPagerViewSwift.swiftdoc (in target 'FSPagerViewSwift' from project 'FSPagerView-SPM')
    cd /Users/admin/builder/spi-builder-workspace
    builtin-copy -exclude .DS_Store -exclude CVS -exclude .svn -exclude .git -exclude .hg -resolve-src-symlinks -rename /Users/admin/builder/spi-builder-workspace/.derivedData/Build/Intermediates.noindex/FSPagerView-SPM.build/Debug-xros/FSPagerViewSwift-t.build/Objects-normal/arm64/FSPagerViewSwift.swiftdoc /Users/admin/builder/spi-builder-workspace/.derivedData/Build/Products/Debug-xros/FSPagerViewSwift.swiftmodule/arm64-apple-xros.swiftdoc
Copy /Users/admin/builder/spi-builder-workspace/.derivedData/Build/Products/Debug-xros/FSPagerViewSwift.swiftmodule/arm64-apple-xros.swiftmodule /Users/admin/builder/spi-builder-workspace/.derivedData/Build/Intermediates.noindex/FSPagerView-SPM.build/Debug-xros/FSPagerViewSwift-t.build/Objects-normal/arm64/FSPagerViewSwift.swiftmodule (in target 'FSPagerViewSwift' from project 'FSPagerView-SPM')
    cd /Users/admin/builder/spi-builder-workspace
    builtin-copy -exclude .DS_Store -exclude CVS -exclude .svn -exclude .git -exclude .hg -resolve-src-symlinks -rename /Users/admin/builder/spi-builder-workspace/.derivedData/Build/Intermediates.noindex/FSPagerView-SPM.build/Debug-xros/FSPagerViewSwift-t.build/Objects-normal/arm64/FSPagerViewSwift.swiftmodule /Users/admin/builder/spi-builder-workspace/.derivedData/Build/Products/Debug-xros/FSPagerViewSwift.swiftmodule/arm64-apple-xros.swiftmodule
Copy /Users/admin/builder/spi-builder-workspace/.derivedData/Build/Products/Debug-xros/FSPagerViewSwift.swiftmodule/arm64-apple-xros.abi.json /Users/admin/builder/spi-builder-workspace/.derivedData/Build/Intermediates.noindex/FSPagerView-SPM.build/Debug-xros/FSPagerViewSwift-t.build/Objects-normal/arm64/FSPagerViewSwift.abi.json (in target 'FSPagerViewSwift' from project 'FSPagerView-SPM')
    cd /Users/admin/builder/spi-builder-workspace
    builtin-copy -exclude .DS_Store -exclude CVS -exclude .svn -exclude .git -exclude .hg -resolve-src-symlinks -rename /Users/admin/builder/spi-builder-workspace/.derivedData/Build/Intermediates.noindex/FSPagerView-SPM.build/Debug-xros/FSPagerViewSwift-t.build/Objects-normal/arm64/FSPagerViewSwift.abi.json /Users/admin/builder/spi-builder-workspace/.derivedData/Build/Products/Debug-xros/FSPagerViewSwift.swiftmodule/arm64-apple-xros.abi.json
Copy /Users/admin/builder/spi-builder-workspace/.derivedData/Build/Products/Debug-xros/FSPagerViewSwift.swiftmodule/Project/arm64-apple-xros.swiftsourceinfo /Users/admin/builder/spi-builder-workspace/.derivedData/Build/Intermediates.noindex/FSPagerView-SPM.build/Debug-xros/FSPagerViewSwift-t.build/Objects-normal/arm64/FSPagerViewSwift.swiftsourceinfo (in target 'FSPagerViewSwift' from project 'FSPagerView-SPM')
    cd /Users/admin/builder/spi-builder-workspace
    builtin-copy -exclude .DS_Store -exclude CVS -exclude .svn -exclude .git -exclude .hg -resolve-src-symlinks -rename /Users/admin/builder/spi-builder-workspace/.derivedData/Build/Intermediates.noindex/FSPagerView-SPM.build/Debug-xros/FSPagerViewSwift-t.build/Objects-normal/arm64/FSPagerViewSwift.swiftsourceinfo /Users/admin/builder/spi-builder-workspace/.derivedData/Build/Products/Debug-xros/FSPagerViewSwift.swiftmodule/Project/arm64-apple-xros.swiftsourceinfo
PruneExplicitPrecompiledModules /Users/admin/builder/spi-builder-workspace/.derivedData/Build/Intermediates.noindex/SwiftExplicitPrecompiledModules
PruneExplicitPrecompiledModules /Users/admin/builder/spi-builder-workspace/.derivedData/SDKExplicitPrecompiledModules
PruneExplicitPrecompiledModules /Users/admin/builder/spi-builder-workspace/.derivedData/Build/Intermediates.noindex/ExplicitPrecompiledModules
2026-09-24 18:12:26.696 xcodebuild[626:3894] [MT] IDERunDestination: Supported platforms for the buildables in the current scheme is empty.
** BUILD FAILED **
The following build commands failed:
	SwiftCompile normal arm64 Compiling\ FSPageViewLayout.swift /Users/admin/builder/spi-builder-workspace/Sources/FSPagerViewSwift/FSPageViewLayout.swift (in target 'FSPagerViewSwift' from project 'FSPagerView-SPM')
	SwiftCompile normal arm64 /Users/admin/builder/spi-builder-workspace/Sources/FSPagerViewSwift/FSPageViewLayout.swift (in target 'FSPagerViewSwift' from project 'FSPagerView-SPM')
	Building workspace FSPagerView-SPM with scheme FSPagerView-SPM
(3 failures)
Command line invocation:
    /Applications/Xcode-27.0.0-Release.Candidate.app/Contents/Developer/usr/bin/xcodebuild -IDEClonedSourcePackagesDirPathOverride=/Users/admin/builder/spi-builder-workspace/.dependencies -resolvePackageDependencies
Resolve Package Graph
Resolved source packages:
  FSPagerView-SPM: /Users/admin/builder/spi-builder-workspace
resolved source packages: FSPagerView-SPM
2026-09-24 18:12:35.888 xcodebuild[785:4589] [MT] IDERunDestination: Supported platforms for the buildables in the current scheme is empty.
{
  "dependencies" : [
  ],
  "manifest_display_name" : "FSPagerView-SPM",
  "name" : "FSPagerView-SPM",
  "path" : "/Users/admin/builder/spi-builder-workspace",
  "platforms" : [
    {
      "name" : "ios",
      "version" : "15.0"
    }
  ],
  "products" : [
    {
      "name" : "FSPagerViewSwift",
      "targets" : [
        "FSPagerViewSwift"
      ],
      "type" : {
        "library" : [
          "automatic"
        ]
      }
    }
  ],
  "targets" : [
    {
      "c99name" : "FSPagerViewSwift",
      "module_type" : "SwiftTarget",
      "name" : "FSPagerViewSwift",
      "path" : "Sources/FSPagerViewSwift",
      "product_memberships" : [
        "FSPagerViewSwift"
      ],
      "sources" : [
        "FSPageControl.swift",
        "FSPageViewLayout.swift",
        "FSPageViewTransformer.swift",
        "FSPagerCollectionView.swift",
        "FSPagerView.swift",
        "FSPagerViewCell.swift",
        "FSPagerViewLayoutAttributes.swift"
      ],
      "target_dependencies" : [
        "FSPagerViewObjC"
      ],
      "type" : "library"
    },
    {
      "c99name" : "FSPagerViewObjC",
      "module_type" : "ClangTarget",
      "name" : "FSPagerViewObjC",
      "path" : "Sources/FSPagerViewObjC",
      "product_memberships" : [
        "FSPagerViewSwift"
      ],
      "sources" : [
        "FSPagerViewObjcCompat.m"
      ],
      "type" : "library"
    }
  ],
  "tools_version" : "6.0"
}
{
  "workspace" : {
    "name" : "FSPagerView-SPM",
    "schemes" : [
      "FSPagerView-SPM"
    ]
  }
}
2026-09-24 18:12:37.108 xcodebuild[793:4655] [MT] IDERunDestination: Supported platforms for the buildables in the current scheme is empty.
Running build ...
env DEVELOPER_DIR=/Applications/Xcode-27.0.0-Release.Candidate.app xcrun xcodebuild -IDEClonedSourcePackagesDirPathOverride=$PWD/.dependencies -skipMacroValidation -skipPackagePluginValidation -derivedDataPath $PWD/.derivedData build -scheme FSPagerView-SPM -destination generic/platform=xrOS
Command line invocation:
    /Applications/Xcode-27.0.0-Release.Candidate.app/Contents/Developer/usr/bin/xcodebuild -IDEClonedSourcePackagesDirPathOverride=/Users/admin/builder/spi-builder-workspace/.dependencies -skipMacroValidation -skipPackagePluginValidation -derivedDataPath /Users/admin/builder/spi-builder-workspace/.derivedData build -scheme FSPagerView-SPM -destination generic/platform=xrOS
Resolve Package Graph
Resolved source packages:
  FSPagerView-SPM: /Users/admin/builder/spi-builder-workspace
ComputePackagePrebuildTargetDependencyGraph
Prepare packages
CreateBuildRequest
SendProjectDescription
CreateBuildOperation
ComputeTargetDependencyGraph
note: Building targets in dependency order
note: Target dependency graph (3 targets)
    Target 'FSPagerViewSwift-product' in project 'FSPagerView-SPM'
        ➜ Explicit dependency on target 'FSPagerViewSwift' in project 'FSPagerView-SPM'
        ➜ Explicit dependency on target 'FSPagerViewObjC' in project 'FSPagerView-SPM'
    Target 'FSPagerViewSwift' in project 'FSPagerView-SPM'
        ➜ Explicit dependency on target 'FSPagerViewObjC' in project 'FSPagerView-SPM'
    Target 'FSPagerViewObjC' in project 'FSPagerView-SPM' (no dependencies)
GatherProvisioningInputs
CreateBuildDescription
ClangStatCache /Applications/Xcode-27.0.0-Release.Candidate.app/Contents/Developer/Toolchains/XcodeDefault.xctoolchain/usr/bin/clang-stat-cache /Applications/Xcode-27.0.0-Release.Candidate.app/Contents/Developer/Platforms/XROS.platform/Developer/SDKs/XROS27.0.sdk /Users/admin/builder/spi-builder-workspace/.derivedData/SDKStatCaches.noindex/xros27.0-24M361-e829b21a6f8c9b70876ba0858053c044735bd543db762f57723cac368afd1ce4.sdkstatcache
    cd /Users/admin/builder/spi-builder-workspace/.swiftpm/xcode
    /Applications/Xcode-27.0.0-Release.Candidate.app/Contents/Developer/Toolchains/XcodeDefault.xctoolchain/usr/bin/clang-stat-cache /Applications/Xcode-27.0.0-Release.Candidate.app/Contents/Developer/Platforms/XROS.platform/Developer/SDKs/XROS27.0.sdk -o /Users/admin/builder/spi-builder-workspace/.derivedData/SDKStatCaches.noindex/xros27.0-24M361-e829b21a6f8c9b70876ba0858053c044735bd543db762f57723cac368afd1ce4.sdkstatcache
SwiftDriver FSPagerViewSwift normal arm64 com.apple.xcode.tools.swift.compiler (in target 'FSPagerViewSwift' from project 'FSPagerView-SPM')
    cd /Users/admin/builder/spi-builder-workspace/.swiftpm/xcode
    builtin-SwiftDriver -- /Applications/Xcode-27.0.0-Release.Candidate.app/Contents/Developer/Toolchains/XcodeDefault.xctoolchain/usr/bin/swiftc -parse-as-library -module-name FSPagerViewSwift -Onone @/Users/admin/builder/spi-builder-workspace/.derivedData/Build/Intermediates.noindex/FSPagerView-SPM.build/Debug-xros/FSPagerViewSwift-t.build/Objects-normal/arm64/FSPagerViewSwift.SwiftFileList -DSWIFT_PACKAGE -DDEBUG -DSWIFT_MODULE_RESOURCE_BUNDLE_UNAVAILABLE -Xcc -fmodule-map-file\=/Users/admin/builder/spi-builder-workspace/.derivedData/Build/Intermediates.noindex/GeneratedModuleMaps-xros/FSPagerViewObjC.modulemap -DXcode -plugin-path /Applications/Xcode-27.0.0-Release.Candidate.app/Contents/Developer/Toolchains/XcodeDefault.xctoolchain/usr/lib/swift/host/plugins/testing -enable-experimental-feature DebugDescriptionMacro -sdk /Applications/Xcode-27.0.0-Release.Candidate.app/Contents/Developer/Platforms/XROS.platform/Developer/SDKs/XROS27.0.sdk -target arm64-apple-xros1.0 -g -module-cache-path /Users/admin/builder/spi-builder-workspace/.derivedData/ModuleCache.noindex -Xfrontend -serialize-debugging-options -enable-testing -index-store-path /Users/admin/builder/spi-builder-workspace/.derivedData/Index.noindex/DataStore -Xcc -D_LIBCPP_HARDENING_MODE\=_LIBCPP_HARDENING_MODE_DEBUG -swift-version 6 -I /Users/admin/builder/spi-builder-workspace/.derivedData/Build/Products/Debug-xros -Isystem /Applications/Xcode-27.0.0-Release.Candidate.app/Contents/Developer/Platforms/XROS.platform/Developer/usr/lib -F /Users/admin/builder/spi-builder-workspace/.derivedData/Build/Products/Debug-xros/PackageFrameworks -F /Users/admin/builder/spi-builder-workspace/.derivedData/Build/Products/Debug-xros -F /Applications/Xcode-27.0.0-Release.Candidate.app/Contents/Developer/Platforms/XROS.platform/Developer/Library/Frameworks -F /Applications/Xcode-27.0.0-Release.Candidate.app/Contents/Developer/Platforms/XROS.platform/Developer/SDKs/XROS27.0.sdk/Developer/Library/Frameworks -c -j10 -enable-batch-mode -incremental -Xcc -ivfsstatcache -Xcc /Users/admin/builder/spi-builder-workspace/.derivedData/SDKStatCaches.noindex/xros27.0-24M361-e829b21a6f8c9b70876ba0858053c044735bd543db762f57723cac368afd1ce4.sdkstatcache -output-file-map /Users/admin/builder/spi-builder-workspace/.derivedData/Build/Intermediates.noindex/FSPagerView-SPM.build/Debug-xros/FSPagerViewSwift-t.build/Objects-normal/arm64/FSPagerViewSwift-OutputFileMap.json -save-temps -no-color-diagnostics -explicit-module-build -module-cache-path /Users/admin/builder/spi-builder-workspace/.derivedData/Build/Intermediates.noindex/SwiftExplicitPrecompiledModules -clang-scanner-module-cache-path /Users/admin/builder/spi-builder-workspace/.derivedData/ModuleCache.noindex -sdk-module-cache-path /Users/admin/builder/spi-builder-workspace/.derivedData/SDKExplicitPrecompiledModules -emit-dependencies -emit-module -emit-module-path /Users/admin/builder/spi-builder-workspace/.derivedData/Build/Intermediates.noindex/FSPagerView-SPM.build/Debug-xros/FSPagerViewSwift-t.build/Objects-normal/arm64/FSPagerViewSwift.swiftmodule -serialize-diagnostics -dependency-scan-serialize-diagnostics-path /Users/admin/builder/spi-builder-workspace/.derivedData/Build/Intermediates.noindex/FSPagerView-SPM.build/Debug-xros/FSPagerViewSwift-t.build/Objects-normal/arm64/FSPagerViewSwift-dependency-scan.dia -validate-clang-modules-once -clang-build-session-file /Users/admin/builder/spi-builder-workspace/.derivedData/ModuleCache.noindex/Session.modulevalidation -Xcc -fmodules-prune-interval\=86400 -Xcc -fmodules-prune-after\=345600 -package-name spi_builder_workspace -emit-const-values -const-gather-protocols-list /Users/admin/builder/spi-builder-workspace/.derivedData/Build/Intermediates.noindex/FSPagerView-SPM.build/Debug-xros/FSPagerViewSwift-t.build/Objects-normal/arm64/FSPagerViewSwift_const_extract_protocols.json -Xcc -I/Users/admin/builder/spi-builder-workspace/Sources/FSPagerViewObjC -Xcc -I/Users/admin/builder/spi-builder-workspace/.derivedData/Build/Products/Debug-xros/include -Xcc -I/Users/admin/builder/spi-builder-workspace/.derivedData/Build/Intermediates.noindex/FSPagerView-SPM.build/Debug-xros/FSPagerViewSwift-t.build/DerivedSources-normal/arm64 -Xcc -I/Users/admin/builder/spi-builder-workspace/.derivedData/Build/Intermediates.noindex/FSPagerView-SPM.build/Debug-xros/FSPagerViewSwift-t.build/DerivedSources/arm64 -Xcc -I/Users/admin/builder/spi-builder-workspace/.derivedData/Build/Intermediates.noindex/FSPagerView-SPM.build/Debug-xros/FSPagerViewSwift-t.build/DerivedSources -Xcc -DSWIFT_PACKAGE -Xcc -DDEBUG\=1 -emit-objc-header -emit-objc-header-path /Users/admin/builder/spi-builder-workspace/.derivedData/Build/Intermediates.noindex/FSPagerView-SPM.build/Debug-xros/FSPagerViewSwift-t.build/Objects-normal/arm64/FSPagerViewSwift-Swift.h -working-directory /Users/admin/builder/spi-builder-workspace/.swiftpm/xcode -experimental-emit-module-separately -disable-cmo
SwiftCompile normal arm64 Compiling\ FSPageViewTransformer.swift /Users/admin/builder/spi-builder-workspace/Sources/FSPagerViewSwift/FSPageViewTransformer.swift (in target 'FSPagerViewSwift' from project 'FSPagerView-SPM')
SwiftCompile normal arm64 /Users/admin/builder/spi-builder-workspace/Sources/FSPagerViewSwift/FSPageViewTransformer.swift (in target 'FSPagerViewSwift' from project 'FSPagerView-SPM')
    cd /Users/admin/builder/spi-builder-workspace/.swiftpm/xcode
    builtin-SwiftPerFileCompile FSPageViewTransformer.swift
SwiftCompile normal arm64 Compiling\ FSPagerCollectionView.swift /Users/admin/builder/spi-builder-workspace/Sources/FSPagerViewSwift/FSPagerCollectionView.swift (in target 'FSPagerViewSwift' from project 'FSPagerView-SPM')
SwiftCompile normal arm64 /Users/admin/builder/spi-builder-workspace/Sources/FSPagerViewSwift/FSPagerCollectionView.swift (in target 'FSPagerViewSwift' from project 'FSPagerView-SPM')
    cd /Users/admin/builder/spi-builder-workspace/.swiftpm/xcode
    builtin-SwiftPerFileCompile FSPagerCollectionView.swift
SwiftEmitModule normal arm64 Emitting\ module\ for\ FSPagerViewSwift (in target 'FSPagerViewSwift' from project 'FSPagerView-SPM')
/Users/admin/builder/spi-builder-workspace/Sources/FSPagerViewSwift/FSPageControl.swift:305:1: warning: extension declares a conformance of imported type 'State' to imported protocol 'Hashable'; this will not behave correctly if the owners of 'UIKit' introduce this conformance in the future
303 | }
304 |
305 | extension UIControl.State: Hashable {
    | |- warning: extension declares a conformance of imported type 'State' to imported protocol 'Hashable'; this will not behave correctly if the owners of 'UIKit' introduce this conformance in the future
    | `- note: add '@retroactive' to silence this warning
306 |     public var hashValue: Int {
307 |         return Int((6777*self.rawValue+3777)%UInt(UInt16.max))
SwiftCompile normal arm64 (in target 'FSPagerViewSwift' from project 'FSPagerView-SPM')
    cd /Users/admin/builder/spi-builder-workspace/.swiftpm/xcode

SwiftCompile normal arm64 Compiling\ FSPagerView.swift /Users/admin/builder/spi-builder-workspace/Sources/FSPagerViewSwift/FSPagerView.swift (in target 'FSPagerViewSwift' from project 'FSPagerView-SPM')
SwiftCompile normal arm64 /Users/admin/builder/spi-builder-workspace/Sources/FSPagerViewSwift/FSPagerView.swift (in target 'FSPagerViewSwift' from project 'FSPagerView-SPM')
    cd /Users/admin/builder/spi-builder-workspace/.swiftpm/xcode
    builtin-SwiftPerFileCompile FSPagerView.swift
/Users/admin/builder/spi-builder-workspace/Sources/FSPagerViewSwift/FSPagerView.swift:460:31: warning: 'UINib' was deprecated in visionOS 1.0: Loading Interface Builder products will not be supported in a future version of visionOS. [#DeprecatedDeclaration]
458 |     ///   - identifier: The reuse identifier to associate with the specified nib file. This parameter must not be nil and must not be an empty string.
459 |     @objc(registerNib:forCellWithReuseIdentifier:)
460 |     open func register(_ nib: UINib?, forCellWithReuseIdentifier identifier: String) {
    |                               `- warning: 'UINib' was deprecated in visionOS 1.0: Loading Interface Builder products will not be supported in a future version of visionOS. [#DeprecatedDeclaration]
461 |         self.collectionView.register(nib, forCellWithReuseIdentifier: identifier)
462 |     }
SwiftCompile normal arm64 Compiling\ FSPageControl.swift /Users/admin/builder/spi-builder-workspace/Sources/FSPagerViewSwift/FSPageControl.swift (in target 'FSPagerViewSwift' from project 'FSPagerView-SPM')
SwiftCompile normal arm64 /Users/admin/builder/spi-builder-workspace/Sources/FSPagerViewSwift/FSPageControl.swift (in target 'FSPagerViewSwift' from project 'FSPagerView-SPM')
    cd /Users/admin/builder/spi-builder-workspace/.swiftpm/xcode
    builtin-SwiftPerFileCompile FSPageControl.swift
SwiftCompile normal arm64 Compiling\ FSPagerViewCell.swift /Users/admin/builder/spi-builder-workspace/Sources/FSPagerViewSwift/FSPagerViewCell.swift (in target 'FSPagerViewSwift' from project 'FSPagerView-SPM')
SwiftCompile normal arm64 /Users/admin/builder/spi-builder-workspace/Sources/FSPagerViewSwift/FSPagerViewCell.swift (in target 'FSPagerViewSwift' from project 'FSPagerView-SPM')
    cd /Users/admin/builder/spi-builder-workspace/.swiftpm/xcode
    builtin-SwiftPerFileCompile FSPagerViewCell.swift
SwiftCompile normal arm64 Compiling\ FSPageViewLayout.swift /Users/admin/builder/spi-builder-workspace/Sources/FSPagerViewSwift/FSPageViewLayout.swift (in target 'FSPagerViewSwift' from project 'FSPagerView-SPM')
/Users/admin/builder/spi-builder-workspace/Sources/FSPagerViewSwift/FSPageViewLayout.swift:45:72: error: 'orientationDidChangeNotification' is unavailable in visionOS
 43 |     deinit {
 44 |         #if !os(tvOS)
 45 |         NotificationCenter.default.removeObserver(self, name: UIDevice.orientationDidChangeNotification, object: nil)
    |                                                                        `- error: 'orientationDidChangeNotification' is unavailable in visionOS
 46 |         #endif
 47 |     }
/Applications/Xcode-27.0.0-Release.Candidate.app/Contents/Developer/Platforms/XROS.platform/Developer/SDKs/XROS27.0.sdk/System/Library/Frameworks/UIKit.framework/Headers/UIDevice.h:83:39: note: 'orientationDidChangeNotification' has been explicitly marked unavailable here
81 | }
82 |
83 | UIKIT_EXTERN NSNotificationName const UIDeviceOrientationDidChangeNotification API_UNAVAILABLE(tvos, visionos, watchos) NS_SWIFT_NONISOLATED;
   |                                       `- note: 'orientationDidChangeNotification' has been explicitly marked unavailable here
84 | UIKIT_EXTERN NSNotificationName const UIDeviceBatteryStateDidChangeNotification   API_AVAILABLE(ios(3.0)) API_UNAVAILABLE(tvos, watchos) NS_SWIFT_NONISOLATED;
85 | UIKIT_EXTERN NSNotificationName const UIDeviceBatteryLevelDidChangeNotification   API_AVAILABLE(ios(3.0)) API_UNAVAILABLE(tvos, watchos) NS_SWIFT_NONISOLATED;
/Users/admin/builder/spi-builder-workspace/Sources/FSPagerViewSwift/FSPageViewLayout.swift:260:133: error: 'orientationDidChangeNotification' is unavailable in visionOS
258 |     fileprivate func commonInit() {
259 |         #if !os(tvOS)
260 |             NotificationCenter.default.addObserver(self, selector: #selector(didReceiveNotification(notification:)), name: UIDevice.orientationDidChangeNotification, object: nil)
    |                                                                                                                                     `- error: 'orientationDidChangeNotification' is unavailable in visionOS
261 |         #endif
262 |     }
/Applications/Xcode-27.0.0-Release.Candidate.app/Contents/Developer/Platforms/XROS.platform/Developer/SDKs/XROS27.0.sdk/System/Library/Frameworks/UIKit.framework/Headers/UIDevice.h:83:39: note: 'orientationDidChangeNotification' has been explicitly marked unavailable here
81 | }
82 |
83 | UIKIT_EXTERN NSNotificationName const UIDeviceOrientationDidChangeNotification API_UNAVAILABLE(tvos, visionos, watchos) NS_SWIFT_NONISOLATED;
   |                                       `- note: 'orientationDidChangeNotification' has been explicitly marked unavailable here
84 | UIKIT_EXTERN NSNotificationName const UIDeviceBatteryStateDidChangeNotification   API_AVAILABLE(ios(3.0)) API_UNAVAILABLE(tvos, watchos) NS_SWIFT_NONISOLATED;
85 | UIKIT_EXTERN NSNotificationName const UIDeviceBatteryLevelDidChangeNotification   API_AVAILABLE(ios(3.0)) API_UNAVAILABLE(tvos, watchos) NS_SWIFT_NONISOLATED;
Failed frontend command:
/Applications/Xcode-27.0.0-Release.Candidate.app/Contents/Developer/Toolchains/XcodeDefault.xctoolchain/usr/bin/swift-frontend -frontend -c /Users/admin/builder/spi-builder-workspace/Sources/FSPagerViewSwift/FSPageControl.swift -primary-file /Users/admin/builder/spi-builder-workspace/Sources/FSPagerViewSwift/FSPageViewLayout.swift /Users/admin/builder/spi-builder-workspace/Sources/FSPagerViewSwift/FSPageViewTransformer.swift /Users/admin/builder/spi-builder-workspace/Sources/FSPagerViewSwift/FSPagerCollectionView.swift /Users/admin/builder/spi-builder-workspace/Sources/FSPagerViewSwift/FSPagerView.swift /Users/admin/builder/spi-builder-workspace/Sources/FSPagerViewSwift/FSPagerViewCell.swift /Users/admin/builder/spi-builder-workspace/Sources/FSPagerViewSwift/FSPagerViewLayoutAttributes.swift -emit-dependencies-path /Users/admin/builder/spi-builder-workspace/.derivedData/Build/Intermediates.noindex/FSPagerView-SPM.build/Debug-xros/FSPagerViewSwift-t.build/Objects-normal/arm64/FSPageViewLayout.d -emit-const-values-path /Users/admin/builder/spi-builder-workspace/.derivedData/Build/Intermediates.noindex/FSPagerView-SPM.build/Debug-xros/FSPagerViewSwift-t.build/Objects-normal/arm64/FSPageViewLayout.swiftconstvalues -emit-reference-dependencies-path /Users/admin/builder/spi-builder-workspace/.derivedData/Build/Intermediates.noindex/FSPagerView-SPM.build/Debug-xros/FSPagerViewSwift-t.build/Objects-normal/arm64/FSPageViewLayout.swiftdeps -serialize-diagnostics-path /Users/admin/builder/spi-builder-workspace/.derivedData/Build/Intermediates.noindex/FSPagerView-SPM.build/Debug-xros/FSPagerViewSwift-t.build/Objects-normal/arm64/FSPageViewLayout.dia -target arm64-apple-xros1.0 -disable-cross-import-overlay-search -load-resolved-plugin /Applications/Xcode-27.0.0-Release.Candidate.app/Contents/Developer/Platforms/XROS.platform/Developer/usr/lib/swift/host/plugins/libFoundationMacros.dylib\#/Applications/Xcode-27.0.0-Release.Candidate.app/Contents/Developer/Platforms/XROS.platform/Developer/usr/bin/swift-plugin-server\#FoundationMacros -load-resolved-plugin /Applications/Xcode-27.0.0-Release.Candidate.app/Contents/Developer/Platforms/XROS.platform/Developer/usr/lib/swift/host/plugins/libObservationMacros.dylib\#/Applications/Xcode-27.0.0-Release.Candidate.app/Contents/Developer/Platforms/XROS.platform/Developer/usr/bin/swift-plugin-server\#ObservationMacros -load-resolved-plugin /Applications/Xcode-27.0.0-Release.Candidate.app/Contents/Developer/Platforms/XROS.platform/Developer/usr/lib/swift/host/plugins/libPreviewsMacros.dylib\#/Applications/Xcode-27.0.0-Release.Candidate.app/Contents/Developer/Platforms/XROS.platform/Developer/usr/bin/swift-plugin-server\#PreviewsMacros -load-resolved-plugin /Applications/Xcode-27.0.0-Release.Candidate.app/Contents/Developer/Platforms/XROS.platform/Developer/usr/lib/swift/host/plugins/libSwiftMacros.dylib\#/Applications/Xcode-27.0.0-Release.Candidate.app/Contents/Developer/Platforms/XROS.platform/Developer/usr/bin/swift-plugin-server\#SwiftMacros -load-resolved-plugin /Applications/Xcode-27.0.0-Release.Candidate.app/Contents/Developer/Platforms/XROS.platform/Developer/usr/lib/swift/host/plugins/libSwiftUIMacros.dylib\#/Applications/Xcode-27.0.0-Release.Candidate.app/Contents/Developer/Platforms/XROS.platform/Developer/usr/bin/swift-plugin-server\#SwiftUIMacros -disable-implicit-swift-modules -Xcc -fno-implicit-modules -Xcc -fno-implicit-module-maps -explicit-swift-module-map-file /Users/admin/builder/spi-builder-workspace/.derivedData/Build/Intermediates.noindex/FSPagerView-SPM.build/Debug-xros/FSPagerViewSwift-t.build/Objects-normal/arm64/FSPagerViewSwift-dependencies-1.json -Xllvm -aarch64-use-tbi -enable-objc-interop -stack-check -sdk /Applications/Xcode-27.0.0-Release.Candidate.app/Contents/Developer/Platforms/XROS.platform/Developer/SDKs/XROS27.0.sdk -I /Users/admin/builder/spi-builder-workspace/.derivedData/Build/Products/Debug-xros -Isystem /Applications/Xcode-27.0.0-Release.Candidate.app/Contents/Developer/Platforms/XROS.platform/Developer/usr/lib -F /Users/admin/builder/spi-builder-workspace/.derivedData/Build/Products/Debug-xros/PackageFrameworks -F /Users/admin/builder/spi-builder-workspace/.derivedData/Build/Products/Debug-xros -F /Applications/Xcode-27.0.0-Release.Candidate.app/Contents/Developer/Platforms/XROS.platform/Developer/Library/Frameworks -F /Applications/Xcode-27.0.0-Release.Candidate.app/Contents/Developer/Platforms/XROS.platform/Developer/SDKs/XROS27.0.sdk/Developer/Library/Frameworks -module-cache-path /Users/admin/builder/spi-builder-workspace/.derivedData/Build/Intermediates.noindex/SwiftExplicitPrecompiledModules -no-color-diagnostics -Xcc -fno-color-diagnostics -enable-testing -g -debug-info-format\=dwarf -dwarf-version\=4 -swift-version 6 -Onone -D SWIFT_PACKAGE -D DEBUG -D SWIFT_MODULE_RESOURCE_BUNDLE_UNAVAILABLE -D Xcode -serialize-debugging-options -enable-experimental-feature DebugDescriptionMacro -empty-abi-descriptor -validate-clang-modules-once -clang-build-session-file /Users/admin/builder/spi-builder-workspace/.derivedData/ModuleCache.noindex/Session.modulevalidation -Xcc -working-directory -Xcc /Users/admin/builder/spi-builder-workspace/.swiftpm/xcode -enable-anonymous-context-mangled-names -file-compilation-dir /Users/admin/builder/spi-builder-workspace/.swiftpm/xcode -Xcc -fmodule-map-file\=/Users/admin/builder/spi-builder-workspace/.derivedData/Build/Intermediates.noindex/GeneratedModuleMaps-xros/FSPagerViewObjC.modulemap -Xcc -D_LIBCPP_HARDENING_MODE\=_LIBCPP_HARDENING_MODE_DEBUG -Xcc -ivfsstatcache -Xcc /Users/admin/builder/spi-builder-workspace/.derivedData/SDKStatCaches.noindex/xros27.0-24M361-e829b21a6f8c9b70876ba0858053c044735bd543db762f57723cac368afd1ce4.sdkstatcache -Xcc -fmodules-prune-interval\=86400 -Xcc -fmodules-prune-after\=345600 -Xcc -I/Users/admin/builder/spi-builder-workspace/Sources/FSPagerViewObjC -Xcc -I/Users/admin/builder/spi-builder-workspace/.derivedData/Build/Products/Debug-xros/include -Xcc -I/Users/admin/builder/spi-builder-workspace/.derivedData/Build/Intermediates.noindex/FSPagerView-SPM.build/Debug-xros/FSPagerViewSwift-t.build/DerivedSources-normal/arm64 -Xcc -I/Users/admin/builder/spi-builder-workspace/.derivedData/Build/Intermediates.noindex/FSPagerView-SPM.build/Debug-xros/FSPagerViewSwift-t.build/DerivedSources/arm64 -Xcc -I/Users/admin/builder/spi-builder-workspace/.derivedData/Build/Intermediates.noindex/FSPagerView-SPM.build/Debug-xros/FSPagerViewSwift-t.build/DerivedSources -Xcc -DSWIFT_PACKAGE -Xcc -DDEBUG\=1 -no-auto-bridging-header-chaining -module-name FSPagerViewSwift -package-name spi_builder_workspace -const-gather-protocols-file /Users/admin/builder/spi-builder-workspace/.derivedData/Build/Intermediates.noindex/FSPagerView-SPM.build/Debug-xros/FSPagerViewSwift-t.build/Objects-normal/arm64/FSPagerViewSwift_const_extract_protocols.json -disable-clang-spi -clang-target arm64-apple-xros27.0 -target-sdk-version 27.0 -target-sdk-name xros27.0 -in-process-plugin-server-path /Applications/Xcode-27.0.0-Release.Candidate.app/Contents/Developer/Toolchains/XcodeDefault.xctoolchain/usr/lib/swift/host/libSwiftInProcPluginServer.dylib -parse-as-library -o /Users/admin/builder/spi-builder-workspace/.derivedData/Build/Intermediates.noindex/FSPagerView-SPM.build/Debug-xros/FSPagerViewSwift-t.build/Objects-normal/arm64/FSPageViewLayout.o -debug-module-path /Users/admin/builder/spi-builder-workspace/.derivedData/Build/Intermediates.noindex/FSPagerView-SPM.build/Debug-xros/FSPagerViewSwift-t.build/Objects-normal/arm64/FSPagerViewSwift.swiftmodule -index-unit-output-path /FSPagerView-SPM.build/Debug-xros/FSPagerViewSwift-t.build/Objects-normal/arm64/FSPageViewLayout.o -index-store-path /Users/admin/builder/spi-builder-workspace/.derivedData/Index.noindex/DataStore -index-system-modules
SwiftCompile normal arm64 /Users/admin/builder/spi-builder-workspace/Sources/FSPagerViewSwift/FSPageViewLayout.swift (in target 'FSPagerViewSwift' from project 'FSPagerView-SPM')
    cd /Users/admin/builder/spi-builder-workspace/.swiftpm/xcode
    builtin-SwiftPerFileCompile FSPageViewLayout.swift
SwiftCompile normal arm64 Compiling\ FSPagerViewLayoutAttributes.swift /Users/admin/builder/spi-builder-workspace/Sources/FSPagerViewSwift/FSPagerViewLayoutAttributes.swift (in target 'FSPagerViewSwift' from project 'FSPagerView-SPM')
SwiftCompile normal arm64 /Users/admin/builder/spi-builder-workspace/Sources/FSPagerViewSwift/FSPagerViewLayoutAttributes.swift (in target 'FSPagerViewSwift' from project 'FSPagerView-SPM')
    cd /Users/admin/builder/spi-builder-workspace/.swiftpm/xcode
    builtin-SwiftPerFileCompile FSPagerViewLayoutAttributes.swift
SwiftDriverJobDiscovery normal arm64 Compiling FSPagerViewLayoutAttributes.swift (in target 'FSPagerViewSwift' from project 'FSPagerView-SPM')
SwiftDriverJobDiscovery normal arm64 Compiling FSPagerCollectionView.swift (in target 'FSPagerViewSwift' from project 'FSPagerView-SPM')
PruneExplicitPrecompiledModules /Users/admin/builder/spi-builder-workspace/.derivedData/Build/Intermediates.noindex/SwiftExplicitPrecompiledModules
PruneExplicitPrecompiledModules /Users/admin/builder/spi-builder-workspace/.derivedData/Build/Intermediates.noindex/ExplicitPrecompiledModules
PruneExplicitPrecompiledModules /Users/admin/builder/spi-builder-workspace/.derivedData/SDKExplicitPrecompiledModules
2026-09-24 18:12:38.055 xcodebuild[794:4694] [MT] IDERunDestination: Supported platforms for the buildables in the current scheme is empty.
** BUILD FAILED **
The following build commands failed:
	SwiftCompile normal arm64 Compiling\ FSPageViewLayout.swift /Users/admin/builder/spi-builder-workspace/Sources/FSPagerViewSwift/FSPageViewLayout.swift (in target 'FSPagerViewSwift' from project 'FSPagerView-SPM')
	SwiftCompile normal arm64 /Users/admin/builder/spi-builder-workspace/Sources/FSPagerViewSwift/FSPageViewLayout.swift (in target 'FSPagerViewSwift' from project 'FSPagerView-SPM')
	Building workspace FSPagerView-SPM with scheme FSPagerView-SPM
(3 failures)
BUILD FAILURE 6.4 visionOS