Build Information
Failed to build SPARQLSyntax, reference 0.2.12 (31beb0), with Swift 6.3 for watchOS using Xcode 26.4 on 19 Aug 2026 03:32:59 UTC.
Build Command
env DEVELOPER_DIR=/Applications/Xcode-26.5.0.app xcrun xcodebuild -IDEClonedSourcePackagesDirPathOverride=$PWD/.dependencies -skipMacroValidation -skipPackagePluginValidation -derivedDataPath $PWD/.derivedData build -scheme SPARQLSyntax-Package -destination generic/platform=watchOSBuild Log
CompileC /Users/admin/builder/spi-builder-workspace/.derivedData/Build/Intermediates.noindex/Cserd.build/Debug-watchos/serd.build/Objects-normal/armv7k/n3.o /Users/admin/builder/spi-builder-workspace/.dependencies/checkouts/swift-serd/Sources/serd/n3.c normal armv7k c com.apple.compilers.llvm.clang.1_0.compiler (in target 'serd' from project 'Cserd')
cd /Users/admin/builder/spi-builder-workspace/.swiftpm/xcode
Using response file: /Users/admin/builder/spi-builder-workspace/.derivedData/Build/Intermediates.noindex/Cserd.build/Debug-watchos/serd.build/Objects-normal/armv7k/7187679823f38a2a940e0043cdf9d637-common-args.resp
/Applications/Xcode-26.5.0.app/Contents/Developer/Toolchains/XcodeDefault.xctoolchain/usr/bin/clang -x c -ivfsstatcache /Users/admin/builder/spi-builder-workspace/.derivedData/SDKStatCaches.noindex/watchos26.5-23T570-688ef53f1462e2c8f657fdc38a81448f7931b973dfc65d9472806dbbc3af9379.sdkstatcache -target armv7k-apple-watchos5.0 -fmessage-length\=0 -fdiagnostics-show-note-include-stack -fmacro-backtrace-limit\=0 -fno-color-diagnostics -fmodules-prune-interval\=86400 -fmodules-prune-after\=345600 -fbuild-session-file\=/Users/admin/builder/spi-builder-workspace/.derivedData/ModuleCache.noindex/Session.modulevalidation -fmodules-validate-once-per-build-session -Wnon-modular-include-in-framework-module -Werror\=non-modular-include-in-framework-module -Wno-trigraphs -Wno-missing-field-initializers -Wno-missing-prototypes -Wno-return-type -Wno-missing-braces -Wparentheses -Wswitch -Wno-unused-function -Wno-unused-label -Wno-unused-parameter -Wno-unused-variable -Wunused-value -Wno-empty-body -Wno-uninitialized -Wno-unknown-pragmas -w -Wno-shadow -Wno-four-char-constants -Wno-conversion -Wno-constant-conversion -Wno-int-conversion -Wno-bool-conversion -Wno-enum-conversion -Wno-float-conversion -Wno-non-literal-null-conversion -Wno-objc-literal-conversion -Wno-shorten-64-to-32 -Wpointer-sign -Wno-newline-eof -Wno-implicit-fallthrough -isysroot /Applications/Xcode-26.5.0.app/Contents/Developer/Platforms/WatchOS.platform/Developer/SDKs/WatchOS26.5.sdk -fstrict-aliasing -Wdeprecated-declarations -Wno-sign-conversion -Wno-infinite-recursion -Wno-comma -Wno-block-capture-autoreleasing -Wno-strict-prototypes -Wno-semicolon-before-method-body -index-store-path /Users/admin/builder/spi-builder-workspace/.derivedData/Index.noindex/DataStore @/Users/admin/builder/spi-builder-workspace/.derivedData/Build/Intermediates.noindex/Cserd.build/Debug-watchos/serd.build/Objects-normal/armv7k/7187679823f38a2a940e0043cdf9d637-common-args.resp -MMD -MT dependencies -MF /Users/admin/builder/spi-builder-workspace/.derivedData/Build/Intermediates.noindex/Cserd.build/Debug-watchos/serd.build/Objects-normal/armv7k/n3.d --serialize-diagnostics /Users/admin/builder/spi-builder-workspace/.derivedData/Build/Intermediates.noindex/Cserd.build/Debug-watchos/serd.build/Objects-normal/armv7k/n3.dia -c /Users/admin/builder/spi-builder-workspace/.dependencies/checkouts/swift-serd/Sources/serd/n3.c -o /Users/admin/builder/spi-builder-workspace/.derivedData/Build/Intermediates.noindex/Cserd.build/Debug-watchos/serd.build/Objects-normal/armv7k/n3.o -index-unit-output-path /Cserd.build/Debug-watchos/serd.build/Objects-normal/armv7k/n3.o
CompileC /Users/admin/builder/spi-builder-workspace/.derivedData/Build/Intermediates.noindex/Cserd.build/Debug-watchos/serd.build/Objects-normal/armv7k/env.o /Users/admin/builder/spi-builder-workspace/.dependencies/checkouts/swift-serd/Sources/serd/env.c normal armv7k c com.apple.compilers.llvm.clang.1_0.compiler (in target 'serd' from project 'Cserd')
cd /Users/admin/builder/spi-builder-workspace/.swiftpm/xcode
Using response file: /Users/admin/builder/spi-builder-workspace/.derivedData/Build/Intermediates.noindex/Cserd.build/Debug-watchos/serd.build/Objects-normal/armv7k/7187679823f38a2a940e0043cdf9d637-common-args.resp
/Applications/Xcode-26.5.0.app/Contents/Developer/Toolchains/XcodeDefault.xctoolchain/usr/bin/clang -x c -ivfsstatcache /Users/admin/builder/spi-builder-workspace/.derivedData/SDKStatCaches.noindex/watchos26.5-23T570-688ef53f1462e2c8f657fdc38a81448f7931b973dfc65d9472806dbbc3af9379.sdkstatcache -target armv7k-apple-watchos5.0 -fmessage-length\=0 -fdiagnostics-show-note-include-stack -fmacro-backtrace-limit\=0 -fno-color-diagnostics -fmodules-prune-interval\=86400 -fmodules-prune-after\=345600 -fbuild-session-file\=/Users/admin/builder/spi-builder-workspace/.derivedData/ModuleCache.noindex/Session.modulevalidation -fmodules-validate-once-per-build-session -Wnon-modular-include-in-framework-module -Werror\=non-modular-include-in-framework-module -Wno-trigraphs -Wno-missing-field-initializers -Wno-missing-prototypes -Wno-return-type -Wno-missing-braces -Wparentheses -Wswitch -Wno-unused-function -Wno-unused-label -Wno-unused-parameter -Wno-unused-variable -Wunused-value -Wno-empty-body -Wno-uninitialized -Wno-unknown-pragmas -w -Wno-shadow -Wno-four-char-constants -Wno-conversion -Wno-constant-conversion -Wno-int-conversion -Wno-bool-conversion -Wno-enum-conversion -Wno-float-conversion -Wno-non-literal-null-conversion -Wno-objc-literal-conversion -Wno-shorten-64-to-32 -Wpointer-sign -Wno-newline-eof -Wno-implicit-fallthrough -isysroot /Applications/Xcode-26.5.0.app/Contents/Developer/Platforms/WatchOS.platform/Developer/SDKs/WatchOS26.5.sdk -fstrict-aliasing -Wdeprecated-declarations -Wno-sign-conversion -Wno-infinite-recursion -Wno-comma -Wno-block-capture-autoreleasing -Wno-strict-prototypes -Wno-semicolon-before-method-body -index-store-path /Users/admin/builder/spi-builder-workspace/.derivedData/Index.noindex/DataStore @/Users/admin/builder/spi-builder-workspace/.derivedData/Build/Intermediates.noindex/Cserd.build/Debug-watchos/serd.build/Objects-normal/armv7k/7187679823f38a2a940e0043cdf9d637-common-args.resp -MMD -MT dependencies -MF /Users/admin/builder/spi-builder-workspace/.derivedData/Build/Intermediates.noindex/Cserd.build/Debug-watchos/serd.build/Objects-normal/armv7k/env.d --serialize-diagnostics /Users/admin/builder/spi-builder-workspace/.derivedData/Build/Intermediates.noindex/Cserd.build/Debug-watchos/serd.build/Objects-normal/armv7k/env.dia -c /Users/admin/builder/spi-builder-workspace/.dependencies/checkouts/swift-serd/Sources/serd/env.c -o /Users/admin/builder/spi-builder-workspace/.derivedData/Build/Intermediates.noindex/Cserd.build/Debug-watchos/serd.build/Objects-normal/armv7k/env.o -index-unit-output-path /Cserd.build/Debug-watchos/serd.build/Objects-normal/armv7k/env.o
CompileC /Users/admin/builder/spi-builder-workspace/.derivedData/Build/Intermediates.noindex/Cserd.build/Debug-watchos/serd.build/Objects-normal/armv7k/byte_source.o /Users/admin/builder/spi-builder-workspace/.dependencies/checkouts/swift-serd/Sources/serd/byte_source.c normal armv7k c com.apple.compilers.llvm.clang.1_0.compiler (in target 'serd' from project 'Cserd')
cd /Users/admin/builder/spi-builder-workspace/.swiftpm/xcode
Using response file: /Users/admin/builder/spi-builder-workspace/.derivedData/Build/Intermediates.noindex/Cserd.build/Debug-watchos/serd.build/Objects-normal/armv7k/7187679823f38a2a940e0043cdf9d637-common-args.resp
/Applications/Xcode-26.5.0.app/Contents/Developer/Toolchains/XcodeDefault.xctoolchain/usr/bin/clang -x c -ivfsstatcache /Users/admin/builder/spi-builder-workspace/.derivedData/SDKStatCaches.noindex/watchos26.5-23T570-688ef53f1462e2c8f657fdc38a81448f7931b973dfc65d9472806dbbc3af9379.sdkstatcache -target armv7k-apple-watchos5.0 -fmessage-length\=0 -fdiagnostics-show-note-include-stack -fmacro-backtrace-limit\=0 -fno-color-diagnostics -fmodules-prune-interval\=86400 -fmodules-prune-after\=345600 -fbuild-session-file\=/Users/admin/builder/spi-builder-workspace/.derivedData/ModuleCache.noindex/Session.modulevalidation -fmodules-validate-once-per-build-session -Wnon-modular-include-in-framework-module -Werror\=non-modular-include-in-framework-module -Wno-trigraphs -Wno-missing-field-initializers -Wno-missing-prototypes -Wno-return-type -Wno-missing-braces -Wparentheses -Wswitch -Wno-unused-function -Wno-unused-label -Wno-unused-parameter -Wno-unused-variable -Wunused-value -Wno-empty-body -Wno-uninitialized -Wno-unknown-pragmas -w -Wno-shadow -Wno-four-char-constants -Wno-conversion -Wno-constant-conversion -Wno-int-conversion -Wno-bool-conversion -Wno-enum-conversion -Wno-float-conversion -Wno-non-literal-null-conversion -Wno-objc-literal-conversion -Wno-shorten-64-to-32 -Wpointer-sign -Wno-newline-eof -Wno-implicit-fallthrough -isysroot /Applications/Xcode-26.5.0.app/Contents/Developer/Platforms/WatchOS.platform/Developer/SDKs/WatchOS26.5.sdk -fstrict-aliasing -Wdeprecated-declarations -Wno-sign-conversion -Wno-infinite-recursion -Wno-comma -Wno-block-capture-autoreleasing -Wno-strict-prototypes -Wno-semicolon-before-method-body -index-store-path /Users/admin/builder/spi-builder-workspace/.derivedData/Index.noindex/DataStore @/Users/admin/builder/spi-builder-workspace/.derivedData/Build/Intermediates.noindex/Cserd.build/Debug-watchos/serd.build/Objects-normal/armv7k/7187679823f38a2a940e0043cdf9d637-common-args.resp -MMD -MT dependencies -MF /Users/admin/builder/spi-builder-workspace/.derivedData/Build/Intermediates.noindex/Cserd.build/Debug-watchos/serd.build/Objects-normal/armv7k/byte_source.d --serialize-diagnostics /Users/admin/builder/spi-builder-workspace/.derivedData/Build/Intermediates.noindex/Cserd.build/Debug-watchos/serd.build/Objects-normal/armv7k/byte_source.dia -c /Users/admin/builder/spi-builder-workspace/.dependencies/checkouts/swift-serd/Sources/serd/byte_source.c -o /Users/admin/builder/spi-builder-workspace/.derivedData/Build/Intermediates.noindex/Cserd.build/Debug-watchos/serd.build/Objects-normal/armv7k/byte_source.o -index-unit-output-path /Cserd.build/Debug-watchos/serd.build/Objects-normal/armv7k/byte_source.o
CompileC /Users/admin/builder/spi-builder-workspace/.derivedData/Build/Intermediates.noindex/Cserd.build/Debug-watchos/serd.build/Objects-normal/arm64_32/writer.o /Users/admin/builder/spi-builder-workspace/.dependencies/checkouts/swift-serd/Sources/serd/writer.c normal arm64_32 c com.apple.compilers.llvm.clang.1_0.compiler (in target 'serd' from project 'Cserd')
cd /Users/admin/builder/spi-builder-workspace/.swiftpm/xcode
Using response file: /Users/admin/builder/spi-builder-workspace/.derivedData/Build/Intermediates.noindex/Cserd.build/Debug-watchos/serd.build/Objects-normal/arm64_32/7187679823f38a2a940e0043cdf9d637-common-args.resp
/Applications/Xcode-26.5.0.app/Contents/Developer/Toolchains/XcodeDefault.xctoolchain/usr/bin/clang -x c -ivfsstatcache /Users/admin/builder/spi-builder-workspace/.derivedData/SDKStatCaches.noindex/watchos26.5-23T570-688ef53f1462e2c8f657fdc38a81448f7931b973dfc65d9472806dbbc3af9379.sdkstatcache -target arm64_32-apple-watchos5.0 -fmessage-length\=0 -fdiagnostics-show-note-include-stack -fmacro-backtrace-limit\=0 -fno-color-diagnostics -fmodules-prune-interval\=86400 -fmodules-prune-after\=345600 -fbuild-session-file\=/Users/admin/builder/spi-builder-workspace/.derivedData/ModuleCache.noindex/Session.modulevalidation -fmodules-validate-once-per-build-session -Wnon-modular-include-in-framework-module -Werror\=non-modular-include-in-framework-module -Wno-trigraphs -Wno-missing-field-initializers -Wno-missing-prototypes -Wno-return-type -Wno-missing-braces -Wparentheses -Wswitch -Wno-unused-function -Wno-unused-label -Wno-unused-parameter -Wno-unused-variable -Wunused-value -Wno-empty-body -Wno-uninitialized -Wno-unknown-pragmas -w -Wno-shadow -Wno-four-char-constants -Wno-conversion -Wno-constant-conversion -Wno-int-conversion -Wno-bool-conversion -Wno-enum-conversion -Wno-float-conversion -Wno-non-literal-null-conversion -Wno-objc-literal-conversion -Wno-shorten-64-to-32 -Wpointer-sign -Wno-newline-eof -Wno-implicit-fallthrough -isysroot /Applications/Xcode-26.5.0.app/Contents/Developer/Platforms/WatchOS.platform/Developer/SDKs/WatchOS26.5.sdk -fstrict-aliasing -Wdeprecated-declarations -Wno-sign-conversion -Wno-infinite-recursion -Wno-comma -Wno-block-capture-autoreleasing -Wno-strict-prototypes -Wno-semicolon-before-method-body -index-store-path /Users/admin/builder/spi-builder-workspace/.derivedData/Index.noindex/DataStore @/Users/admin/builder/spi-builder-workspace/.derivedData/Build/Intermediates.noindex/Cserd.build/Debug-watchos/serd.build/Objects-normal/arm64_32/7187679823f38a2a940e0043cdf9d637-common-args.resp -MMD -MT dependencies -MF /Users/admin/builder/spi-builder-workspace/.derivedData/Build/Intermediates.noindex/Cserd.build/Debug-watchos/serd.build/Objects-normal/arm64_32/writer.d --serialize-diagnostics /Users/admin/builder/spi-builder-workspace/.derivedData/Build/Intermediates.noindex/Cserd.build/Debug-watchos/serd.build/Objects-normal/arm64_32/writer.dia -c /Users/admin/builder/spi-builder-workspace/.dependencies/checkouts/swift-serd/Sources/serd/writer.c -o /Users/admin/builder/spi-builder-workspace/.derivedData/Build/Intermediates.noindex/Cserd.build/Debug-watchos/serd.build/Objects-normal/arm64_32/writer.o -index-unit-output-path /Cserd.build/Debug-watchos/serd.build/Objects-normal/arm64_32/writer.o
CompileC /Users/admin/builder/spi-builder-workspace/.derivedData/Build/Intermediates.noindex/Cserd.build/Debug-watchos/serd.build/Objects-normal/arm64_32/uri.o /Users/admin/builder/spi-builder-workspace/.dependencies/checkouts/swift-serd/Sources/serd/uri.c normal arm64_32 c com.apple.compilers.llvm.clang.1_0.compiler (in target 'serd' from project 'Cserd')
cd /Users/admin/builder/spi-builder-workspace/.swiftpm/xcode
Using response file: /Users/admin/builder/spi-builder-workspace/.derivedData/Build/Intermediates.noindex/Cserd.build/Debug-watchos/serd.build/Objects-normal/arm64_32/7187679823f38a2a940e0043cdf9d637-common-args.resp
/Applications/Xcode-26.5.0.app/Contents/Developer/Toolchains/XcodeDefault.xctoolchain/usr/bin/clang -x c -ivfsstatcache /Users/admin/builder/spi-builder-workspace/.derivedData/SDKStatCaches.noindex/watchos26.5-23T570-688ef53f1462e2c8f657fdc38a81448f7931b973dfc65d9472806dbbc3af9379.sdkstatcache -target arm64_32-apple-watchos5.0 -fmessage-length\=0 -fdiagnostics-show-note-include-stack -fmacro-backtrace-limit\=0 -fno-color-diagnostics -fmodules-prune-interval\=86400 -fmodules-prune-after\=345600 -fbuild-session-file\=/Users/admin/builder/spi-builder-workspace/.derivedData/ModuleCache.noindex/Session.modulevalidation -fmodules-validate-once-per-build-session -Wnon-modular-include-in-framework-module -Werror\=non-modular-include-in-framework-module -Wno-trigraphs -Wno-missing-field-initializers -Wno-missing-prototypes -Wno-return-type -Wno-missing-braces -Wparentheses -Wswitch -Wno-unused-function -Wno-unused-label -Wno-unused-parameter -Wno-unused-variable -Wunused-value -Wno-empty-body -Wno-uninitialized -Wno-unknown-pragmas -w -Wno-shadow -Wno-four-char-constants -Wno-conversion -Wno-constant-conversion -Wno-int-conversion -Wno-bool-conversion -Wno-enum-conversion -Wno-float-conversion -Wno-non-literal-null-conversion -Wno-objc-literal-conversion -Wno-shorten-64-to-32 -Wpointer-sign -Wno-newline-eof -Wno-implicit-fallthrough -isysroot /Applications/Xcode-26.5.0.app/Contents/Developer/Platforms/WatchOS.platform/Developer/SDKs/WatchOS26.5.sdk -fstrict-aliasing -Wdeprecated-declarations -Wno-sign-conversion -Wno-infinite-recursion -Wno-comma -Wno-block-capture-autoreleasing -Wno-strict-prototypes -Wno-semicolon-before-method-body -index-store-path /Users/admin/builder/spi-builder-workspace/.derivedData/Index.noindex/DataStore @/Users/admin/builder/spi-builder-workspace/.derivedData/Build/Intermediates.noindex/Cserd.build/Debug-watchos/serd.build/Objects-normal/arm64_32/7187679823f38a2a940e0043cdf9d637-common-args.resp -MMD -MT dependencies -MF /Users/admin/builder/spi-builder-workspace/.derivedData/Build/Intermediates.noindex/Cserd.build/Debug-watchos/serd.build/Objects-normal/arm64_32/uri.d --serialize-diagnostics /Users/admin/builder/spi-builder-workspace/.derivedData/Build/Intermediates.noindex/Cserd.build/Debug-watchos/serd.build/Objects-normal/arm64_32/uri.dia -c /Users/admin/builder/spi-builder-workspace/.dependencies/checkouts/swift-serd/Sources/serd/uri.c -o /Users/admin/builder/spi-builder-workspace/.derivedData/Build/Intermediates.noindex/Cserd.build/Debug-watchos/serd.build/Objects-normal/arm64_32/uri.o -index-unit-output-path /Cserd.build/Debug-watchos/serd.build/Objects-normal/arm64_32/uri.o
CompileC /Users/admin/builder/spi-builder-workspace/.derivedData/Build/Intermediates.noindex/Cserd.build/Debug-watchos/serd.build/Objects-normal/arm64_32/string.o /Users/admin/builder/spi-builder-workspace/.dependencies/checkouts/swift-serd/Sources/serd/string.c normal arm64_32 c com.apple.compilers.llvm.clang.1_0.compiler (in target 'serd' from project 'Cserd')
cd /Users/admin/builder/spi-builder-workspace/.swiftpm/xcode
Using response file: /Users/admin/builder/spi-builder-workspace/.derivedData/Build/Intermediates.noindex/Cserd.build/Debug-watchos/serd.build/Objects-normal/arm64_32/7187679823f38a2a940e0043cdf9d637-common-args.resp
/Applications/Xcode-26.5.0.app/Contents/Developer/Toolchains/XcodeDefault.xctoolchain/usr/bin/clang -x c -ivfsstatcache /Users/admin/builder/spi-builder-workspace/.derivedData/SDKStatCaches.noindex/watchos26.5-23T570-688ef53f1462e2c8f657fdc38a81448f7931b973dfc65d9472806dbbc3af9379.sdkstatcache -target arm64_32-apple-watchos5.0 -fmessage-length\=0 -fdiagnostics-show-note-include-stack -fmacro-backtrace-limit\=0 -fno-color-diagnostics -fmodules-prune-interval\=86400 -fmodules-prune-after\=345600 -fbuild-session-file\=/Users/admin/builder/spi-builder-workspace/.derivedData/ModuleCache.noindex/Session.modulevalidation -fmodules-validate-once-per-build-session -Wnon-modular-include-in-framework-module -Werror\=non-modular-include-in-framework-module -Wno-trigraphs -Wno-missing-field-initializers -Wno-missing-prototypes -Wno-return-type -Wno-missing-braces -Wparentheses -Wswitch -Wno-unused-function -Wno-unused-label -Wno-unused-parameter -Wno-unused-variable -Wunused-value -Wno-empty-body -Wno-uninitialized -Wno-unknown-pragmas -w -Wno-shadow -Wno-four-char-constants -Wno-conversion -Wno-constant-conversion -Wno-int-conversion -Wno-bool-conversion -Wno-enum-conversion -Wno-float-conversion -Wno-non-literal-null-conversion -Wno-objc-literal-conversion -Wno-shorten-64-to-32 -Wpointer-sign -Wno-newline-eof -Wno-implicit-fallthrough -isysroot /Applications/Xcode-26.5.0.app/Contents/Developer/Platforms/WatchOS.platform/Developer/SDKs/WatchOS26.5.sdk -fstrict-aliasing -Wdeprecated-declarations -Wno-sign-conversion -Wno-infinite-recursion -Wno-comma -Wno-block-capture-autoreleasing -Wno-strict-prototypes -Wno-semicolon-before-method-body -index-store-path /Users/admin/builder/spi-builder-workspace/.derivedData/Index.noindex/DataStore @/Users/admin/builder/spi-builder-workspace/.derivedData/Build/Intermediates.noindex/Cserd.build/Debug-watchos/serd.build/Objects-normal/arm64_32/7187679823f38a2a940e0043cdf9d637-common-args.resp -MMD -MT dependencies -MF /Users/admin/builder/spi-builder-workspace/.derivedData/Build/Intermediates.noindex/Cserd.build/Debug-watchos/serd.build/Objects-normal/arm64_32/string.d --serialize-diagnostics /Users/admin/builder/spi-builder-workspace/.derivedData/Build/Intermediates.noindex/Cserd.build/Debug-watchos/serd.build/Objects-normal/arm64_32/string.dia -c /Users/admin/builder/spi-builder-workspace/.dependencies/checkouts/swift-serd/Sources/serd/string.c -o /Users/admin/builder/spi-builder-workspace/.derivedData/Build/Intermediates.noindex/Cserd.build/Debug-watchos/serd.build/Objects-normal/arm64_32/string.o -index-unit-output-path /Cserd.build/Debug-watchos/serd.build/Objects-normal/arm64_32/string.o
CompileC /Users/admin/builder/spi-builder-workspace/.derivedData/Build/Intermediates.noindex/Cserd.build/Debug-watchos/serd.build/Objects-normal/arm64_32/reader.o /Users/admin/builder/spi-builder-workspace/.dependencies/checkouts/swift-serd/Sources/serd/reader.c normal arm64_32 c com.apple.compilers.llvm.clang.1_0.compiler (in target 'serd' from project 'Cserd')
cd /Users/admin/builder/spi-builder-workspace/.swiftpm/xcode
Using response file: /Users/admin/builder/spi-builder-workspace/.derivedData/Build/Intermediates.noindex/Cserd.build/Debug-watchos/serd.build/Objects-normal/arm64_32/7187679823f38a2a940e0043cdf9d637-common-args.resp
/Applications/Xcode-26.5.0.app/Contents/Developer/Toolchains/XcodeDefault.xctoolchain/usr/bin/clang -x c -ivfsstatcache /Users/admin/builder/spi-builder-workspace/.derivedData/SDKStatCaches.noindex/watchos26.5-23T570-688ef53f1462e2c8f657fdc38a81448f7931b973dfc65d9472806dbbc3af9379.sdkstatcache -target arm64_32-apple-watchos5.0 -fmessage-length\=0 -fdiagnostics-show-note-include-stack -fmacro-backtrace-limit\=0 -fno-color-diagnostics -fmodules-prune-interval\=86400 -fmodules-prune-after\=345600 -fbuild-session-file\=/Users/admin/builder/spi-builder-workspace/.derivedData/ModuleCache.noindex/Session.modulevalidation -fmodules-validate-once-per-build-session -Wnon-modular-include-in-framework-module -Werror\=non-modular-include-in-framework-module -Wno-trigraphs -Wno-missing-field-initializers -Wno-missing-prototypes -Wno-return-type -Wno-missing-braces -Wparentheses -Wswitch -Wno-unused-function -Wno-unused-label -Wno-unused-parameter -Wno-unused-variable -Wunused-value -Wno-empty-body -Wno-uninitialized -Wno-unknown-pragmas -w -Wno-shadow -Wno-four-char-constants -Wno-conversion -Wno-constant-conversion -Wno-int-conversion -Wno-bool-conversion -Wno-enum-conversion -Wno-float-conversion -Wno-non-literal-null-conversion -Wno-objc-literal-conversion -Wno-shorten-64-to-32 -Wpointer-sign -Wno-newline-eof -Wno-implicit-fallthrough -isysroot /Applications/Xcode-26.5.0.app/Contents/Developer/Platforms/WatchOS.platform/Developer/SDKs/WatchOS26.5.sdk -fstrict-aliasing -Wdeprecated-declarations -Wno-sign-conversion -Wno-infinite-recursion -Wno-comma -Wno-block-capture-autoreleasing -Wno-strict-prototypes -Wno-semicolon-before-method-body -index-store-path /Users/admin/builder/spi-builder-workspace/.derivedData/Index.noindex/DataStore @/Users/admin/builder/spi-builder-workspace/.derivedData/Build/Intermediates.noindex/Cserd.build/Debug-watchos/serd.build/Objects-normal/arm64_32/7187679823f38a2a940e0043cdf9d637-common-args.resp -MMD -MT dependencies -MF /Users/admin/builder/spi-builder-workspace/.derivedData/Build/Intermediates.noindex/Cserd.build/Debug-watchos/serd.build/Objects-normal/arm64_32/reader.d --serialize-diagnostics /Users/admin/builder/spi-builder-workspace/.derivedData/Build/Intermediates.noindex/Cserd.build/Debug-watchos/serd.build/Objects-normal/arm64_32/reader.dia -c /Users/admin/builder/spi-builder-workspace/.dependencies/checkouts/swift-serd/Sources/serd/reader.c -o /Users/admin/builder/spi-builder-workspace/.derivedData/Build/Intermediates.noindex/Cserd.build/Debug-watchos/serd.build/Objects-normal/arm64_32/reader.o -index-unit-output-path /Cserd.build/Debug-watchos/serd.build/Objects-normal/arm64_32/reader.o
CompileC /Users/admin/builder/spi-builder-workspace/.derivedData/Build/Intermediates.noindex/Cserd.build/Debug-watchos/serd.build/Objects-normal/arm64_32/node.o /Users/admin/builder/spi-builder-workspace/.dependencies/checkouts/swift-serd/Sources/serd/node.c normal arm64_32 c com.apple.compilers.llvm.clang.1_0.compiler (in target 'serd' from project 'Cserd')
cd /Users/admin/builder/spi-builder-workspace/.swiftpm/xcode
Using response file: /Users/admin/builder/spi-builder-workspace/.derivedData/Build/Intermediates.noindex/Cserd.build/Debug-watchos/serd.build/Objects-normal/arm64_32/7187679823f38a2a940e0043cdf9d637-common-args.resp
/Applications/Xcode-26.5.0.app/Contents/Developer/Toolchains/XcodeDefault.xctoolchain/usr/bin/clang -x c -ivfsstatcache /Users/admin/builder/spi-builder-workspace/.derivedData/SDKStatCaches.noindex/watchos26.5-23T570-688ef53f1462e2c8f657fdc38a81448f7931b973dfc65d9472806dbbc3af9379.sdkstatcache -target arm64_32-apple-watchos5.0 -fmessage-length\=0 -fdiagnostics-show-note-include-stack -fmacro-backtrace-limit\=0 -fno-color-diagnostics -fmodules-prune-interval\=86400 -fmodules-prune-after\=345600 -fbuild-session-file\=/Users/admin/builder/spi-builder-workspace/.derivedData/ModuleCache.noindex/Session.modulevalidation -fmodules-validate-once-per-build-session -Wnon-modular-include-in-framework-module -Werror\=non-modular-include-in-framework-module -Wno-trigraphs -Wno-missing-field-initializers -Wno-missing-prototypes -Wno-return-type -Wno-missing-braces -Wparentheses -Wswitch -Wno-unused-function -Wno-unused-label -Wno-unused-parameter -Wno-unused-variable -Wunused-value -Wno-empty-body -Wno-uninitialized -Wno-unknown-pragmas -w -Wno-shadow -Wno-four-char-constants -Wno-conversion -Wno-constant-conversion -Wno-int-conversion -Wno-bool-conversion -Wno-enum-conversion -Wno-float-conversion -Wno-non-literal-null-conversion -Wno-objc-literal-conversion -Wno-shorten-64-to-32 -Wpointer-sign -Wno-newline-eof -Wno-implicit-fallthrough -isysroot /Applications/Xcode-26.5.0.app/Contents/Developer/Platforms/WatchOS.platform/Developer/SDKs/WatchOS26.5.sdk -fstrict-aliasing -Wdeprecated-declarations -Wno-sign-conversion -Wno-infinite-recursion -Wno-comma -Wno-block-capture-autoreleasing -Wno-strict-prototypes -Wno-semicolon-before-method-body -index-store-path /Users/admin/builder/spi-builder-workspace/.derivedData/Index.noindex/DataStore @/Users/admin/builder/spi-builder-workspace/.derivedData/Build/Intermediates.noindex/Cserd.build/Debug-watchos/serd.build/Objects-normal/arm64_32/7187679823f38a2a940e0043cdf9d637-common-args.resp -MMD -MT dependencies -MF /Users/admin/builder/spi-builder-workspace/.derivedData/Build/Intermediates.noindex/Cserd.build/Debug-watchos/serd.build/Objects-normal/arm64_32/node.d --serialize-diagnostics /Users/admin/builder/spi-builder-workspace/.derivedData/Build/Intermediates.noindex/Cserd.build/Debug-watchos/serd.build/Objects-normal/arm64_32/node.dia -c /Users/admin/builder/spi-builder-workspace/.dependencies/checkouts/swift-serd/Sources/serd/node.c -o /Users/admin/builder/spi-builder-workspace/.derivedData/Build/Intermediates.noindex/Cserd.build/Debug-watchos/serd.build/Objects-normal/arm64_32/node.o -index-unit-output-path /Cserd.build/Debug-watchos/serd.build/Objects-normal/arm64_32/node.o
CompileC /Users/admin/builder/spi-builder-workspace/.derivedData/Build/Intermediates.noindex/Cserd.build/Debug-watchos/serd.build/Objects-normal/arm64_32/n3.o /Users/admin/builder/spi-builder-workspace/.dependencies/checkouts/swift-serd/Sources/serd/n3.c normal arm64_32 c com.apple.compilers.llvm.clang.1_0.compiler (in target 'serd' from project 'Cserd')
cd /Users/admin/builder/spi-builder-workspace/.swiftpm/xcode
Using response file: /Users/admin/builder/spi-builder-workspace/.derivedData/Build/Intermediates.noindex/Cserd.build/Debug-watchos/serd.build/Objects-normal/arm64_32/7187679823f38a2a940e0043cdf9d637-common-args.resp
/Applications/Xcode-26.5.0.app/Contents/Developer/Toolchains/XcodeDefault.xctoolchain/usr/bin/clang -x c -ivfsstatcache /Users/admin/builder/spi-builder-workspace/.derivedData/SDKStatCaches.noindex/watchos26.5-23T570-688ef53f1462e2c8f657fdc38a81448f7931b973dfc65d9472806dbbc3af9379.sdkstatcache -target arm64_32-apple-watchos5.0 -fmessage-length\=0 -fdiagnostics-show-note-include-stack -fmacro-backtrace-limit\=0 -fno-color-diagnostics -fmodules-prune-interval\=86400 -fmodules-prune-after\=345600 -fbuild-session-file\=/Users/admin/builder/spi-builder-workspace/.derivedData/ModuleCache.noindex/Session.modulevalidation -fmodules-validate-once-per-build-session -Wnon-modular-include-in-framework-module -Werror\=non-modular-include-in-framework-module -Wno-trigraphs -Wno-missing-field-initializers -Wno-missing-prototypes -Wno-return-type -Wno-missing-braces -Wparentheses -Wswitch -Wno-unused-function -Wno-unused-label -Wno-unused-parameter -Wno-unused-variable -Wunused-value -Wno-empty-body -Wno-uninitialized -Wno-unknown-pragmas -w -Wno-shadow -Wno-four-char-constants -Wno-conversion -Wno-constant-conversion -Wno-int-conversion -Wno-bool-conversion -Wno-enum-conversion -Wno-float-conversion -Wno-non-literal-null-conversion -Wno-objc-literal-conversion -Wno-shorten-64-to-32 -Wpointer-sign -Wno-newline-eof -Wno-implicit-fallthrough -isysroot /Applications/Xcode-26.5.0.app/Contents/Developer/Platforms/WatchOS.platform/Developer/SDKs/WatchOS26.5.sdk -fstrict-aliasing -Wdeprecated-declarations -Wno-sign-conversion -Wno-infinite-recursion -Wno-comma -Wno-block-capture-autoreleasing -Wno-strict-prototypes -Wno-semicolon-before-method-body -index-store-path /Users/admin/builder/spi-builder-workspace/.derivedData/Index.noindex/DataStore @/Users/admin/builder/spi-builder-workspace/.derivedData/Build/Intermediates.noindex/Cserd.build/Debug-watchos/serd.build/Objects-normal/arm64_32/7187679823f38a2a940e0043cdf9d637-common-args.resp -MMD -MT dependencies -MF /Users/admin/builder/spi-builder-workspace/.derivedData/Build/Intermediates.noindex/Cserd.build/Debug-watchos/serd.build/Objects-normal/arm64_32/n3.d --serialize-diagnostics /Users/admin/builder/spi-builder-workspace/.derivedData/Build/Intermediates.noindex/Cserd.build/Debug-watchos/serd.build/Objects-normal/arm64_32/n3.dia -c /Users/admin/builder/spi-builder-workspace/.dependencies/checkouts/swift-serd/Sources/serd/n3.c -o /Users/admin/builder/spi-builder-workspace/.derivedData/Build/Intermediates.noindex/Cserd.build/Debug-watchos/serd.build/Objects-normal/arm64_32/n3.o -index-unit-output-path /Cserd.build/Debug-watchos/serd.build/Objects-normal/arm64_32/n3.o
CompileC /Users/admin/builder/spi-builder-workspace/.derivedData/Build/Intermediates.noindex/Cserd.build/Debug-watchos/serd.build/Objects-normal/arm64_32/env.o /Users/admin/builder/spi-builder-workspace/.dependencies/checkouts/swift-serd/Sources/serd/env.c normal arm64_32 c com.apple.compilers.llvm.clang.1_0.compiler (in target 'serd' from project 'Cserd')
cd /Users/admin/builder/spi-builder-workspace/.swiftpm/xcode
Using response file: /Users/admin/builder/spi-builder-workspace/.derivedData/Build/Intermediates.noindex/Cserd.build/Debug-watchos/serd.build/Objects-normal/arm64_32/7187679823f38a2a940e0043cdf9d637-common-args.resp
/Applications/Xcode-26.5.0.app/Contents/Developer/Toolchains/XcodeDefault.xctoolchain/usr/bin/clang -x c -ivfsstatcache /Users/admin/builder/spi-builder-workspace/.derivedData/SDKStatCaches.noindex/watchos26.5-23T570-688ef53f1462e2c8f657fdc38a81448f7931b973dfc65d9472806dbbc3af9379.sdkstatcache -target arm64_32-apple-watchos5.0 -fmessage-length\=0 -fdiagnostics-show-note-include-stack -fmacro-backtrace-limit\=0 -fno-color-diagnostics -fmodules-prune-interval\=86400 -fmodules-prune-after\=345600 -fbuild-session-file\=/Users/admin/builder/spi-builder-workspace/.derivedData/ModuleCache.noindex/Session.modulevalidation -fmodules-validate-once-per-build-session -Wnon-modular-include-in-framework-module -Werror\=non-modular-include-in-framework-module -Wno-trigraphs -Wno-missing-field-initializers -Wno-missing-prototypes -Wno-return-type -Wno-missing-braces -Wparentheses -Wswitch -Wno-unused-function -Wno-unused-label -Wno-unused-parameter -Wno-unused-variable -Wunused-value -Wno-empty-body -Wno-uninitialized -Wno-unknown-pragmas -w -Wno-shadow -Wno-four-char-constants -Wno-conversion -Wno-constant-conversion -Wno-int-conversion -Wno-bool-conversion -Wno-enum-conversion -Wno-float-conversion -Wno-non-literal-null-conversion -Wno-objc-literal-conversion -Wno-shorten-64-to-32 -Wpointer-sign -Wno-newline-eof -Wno-implicit-fallthrough -isysroot /Applications/Xcode-26.5.0.app/Contents/Developer/Platforms/WatchOS.platform/Developer/SDKs/WatchOS26.5.sdk -fstrict-aliasing -Wdeprecated-declarations -Wno-sign-conversion -Wno-infinite-recursion -Wno-comma -Wno-block-capture-autoreleasing -Wno-strict-prototypes -Wno-semicolon-before-method-body -index-store-path /Users/admin/builder/spi-builder-workspace/.derivedData/Index.noindex/DataStore @/Users/admin/builder/spi-builder-workspace/.derivedData/Build/Intermediates.noindex/Cserd.build/Debug-watchos/serd.build/Objects-normal/arm64_32/7187679823f38a2a940e0043cdf9d637-common-args.resp -MMD -MT dependencies -MF /Users/admin/builder/spi-builder-workspace/.derivedData/Build/Intermediates.noindex/Cserd.build/Debug-watchos/serd.build/Objects-normal/arm64_32/env.d --serialize-diagnostics /Users/admin/builder/spi-builder-workspace/.derivedData/Build/Intermediates.noindex/Cserd.build/Debug-watchos/serd.build/Objects-normal/arm64_32/env.dia -c /Users/admin/builder/spi-builder-workspace/.dependencies/checkouts/swift-serd/Sources/serd/env.c -o /Users/admin/builder/spi-builder-workspace/.derivedData/Build/Intermediates.noindex/Cserd.build/Debug-watchos/serd.build/Objects-normal/arm64_32/env.o -index-unit-output-path /Cserd.build/Debug-watchos/serd.build/Objects-normal/arm64_32/env.o
CompileC /Users/admin/builder/spi-builder-workspace/.derivedData/Build/Intermediates.noindex/Cserd.build/Debug-watchos/serd.build/Objects-normal/arm64_32/byte_source.o /Users/admin/builder/spi-builder-workspace/.dependencies/checkouts/swift-serd/Sources/serd/byte_source.c normal arm64_32 c com.apple.compilers.llvm.clang.1_0.compiler (in target 'serd' from project 'Cserd')
cd /Users/admin/builder/spi-builder-workspace/.swiftpm/xcode
Using response file: /Users/admin/builder/spi-builder-workspace/.derivedData/Build/Intermediates.noindex/Cserd.build/Debug-watchos/serd.build/Objects-normal/arm64_32/7187679823f38a2a940e0043cdf9d637-common-args.resp
/Applications/Xcode-26.5.0.app/Contents/Developer/Toolchains/XcodeDefault.xctoolchain/usr/bin/clang -x c -ivfsstatcache /Users/admin/builder/spi-builder-workspace/.derivedData/SDKStatCaches.noindex/watchos26.5-23T570-688ef53f1462e2c8f657fdc38a81448f7931b973dfc65d9472806dbbc3af9379.sdkstatcache -target arm64_32-apple-watchos5.0 -fmessage-length\=0 -fdiagnostics-show-note-include-stack -fmacro-backtrace-limit\=0 -fno-color-diagnostics -fmodules-prune-interval\=86400 -fmodules-prune-after\=345600 -fbuild-session-file\=/Users/admin/builder/spi-builder-workspace/.derivedData/ModuleCache.noindex/Session.modulevalidation -fmodules-validate-once-per-build-session -Wnon-modular-include-in-framework-module -Werror\=non-modular-include-in-framework-module -Wno-trigraphs -Wno-missing-field-initializers -Wno-missing-prototypes -Wno-return-type -Wno-missing-braces -Wparentheses -Wswitch -Wno-unused-function -Wno-unused-label -Wno-unused-parameter -Wno-unused-variable -Wunused-value -Wno-empty-body -Wno-uninitialized -Wno-unknown-pragmas -w -Wno-shadow -Wno-four-char-constants -Wno-conversion -Wno-constant-conversion -Wno-int-conversion -Wno-bool-conversion -Wno-enum-conversion -Wno-float-conversion -Wno-non-literal-null-conversion -Wno-objc-literal-conversion -Wno-shorten-64-to-32 -Wpointer-sign -Wno-newline-eof -Wno-implicit-fallthrough -isysroot /Applications/Xcode-26.5.0.app/Contents/Developer/Platforms/WatchOS.platform/Developer/SDKs/WatchOS26.5.sdk -fstrict-aliasing -Wdeprecated-declarations -Wno-sign-conversion -Wno-infinite-recursion -Wno-comma -Wno-block-capture-autoreleasing -Wno-strict-prototypes -Wno-semicolon-before-method-body -index-store-path /Users/admin/builder/spi-builder-workspace/.derivedData/Index.noindex/DataStore @/Users/admin/builder/spi-builder-workspace/.derivedData/Build/Intermediates.noindex/Cserd.build/Debug-watchos/serd.build/Objects-normal/arm64_32/7187679823f38a2a940e0043cdf9d637-common-args.resp -MMD -MT dependencies -MF /Users/admin/builder/spi-builder-workspace/.derivedData/Build/Intermediates.noindex/Cserd.build/Debug-watchos/serd.build/Objects-normal/arm64_32/byte_source.d --serialize-diagnostics /Users/admin/builder/spi-builder-workspace/.derivedData/Build/Intermediates.noindex/Cserd.build/Debug-watchos/serd.build/Objects-normal/arm64_32/byte_source.dia -c /Users/admin/builder/spi-builder-workspace/.dependencies/checkouts/swift-serd/Sources/serd/byte_source.c -o /Users/admin/builder/spi-builder-workspace/.derivedData/Build/Intermediates.noindex/Cserd.build/Debug-watchos/serd.build/Objects-normal/arm64_32/byte_source.o -index-unit-output-path /Cserd.build/Debug-watchos/serd.build/Objects-normal/arm64_32/byte_source.o
Ld /Users/admin/builder/spi-builder-workspace/.derivedData/Build/Intermediates.noindex/Cserd.build/Debug-watchos/serd.build/Objects-normal/armv7k/Binary/serd.o normal armv7k (in target 'serd' from project 'Cserd')
cd /Users/admin/builder/spi-builder-workspace/.dependencies/checkouts/swift-serd
/Applications/Xcode-26.5.0.app/Contents/Developer/Toolchains/XcodeDefault.xctoolchain/usr/bin/clang -Xlinker -reproducible -target armv7k-apple-watchos5.0 -r -isysroot /Applications/Xcode-26.5.0.app/Contents/Developer/Platforms/WatchOS.platform/Developer/SDKs/WatchOS26.5.sdk -O0 -w -F/Users/admin/builder/spi-builder-workspace/.derivedData/Build/Intermediates.noindex/EagerLinkingTBDs/Debug-watchos -F/Users/admin/builder/spi-builder-workspace/.derivedData/Build/Products/Debug-watchos -iframework /Applications/Xcode-26.5.0.app/Contents/Developer/Platforms/WatchOS.platform/Developer/Library/Frameworks -iframework /Applications/Xcode-26.5.0.app/Contents/Developer/Platforms/WatchOS.platform/Developer/SDKs/WatchOS26.5.sdk/Developer/Library/Frameworks -filelist /Users/admin/builder/spi-builder-workspace/.derivedData/Build/Intermediates.noindex/Cserd.build/Debug-watchos/serd.build/Objects-normal/armv7k/serd.LinkFileList -nostdlib -Xlinker -object_path_lto -Xlinker /Users/admin/builder/spi-builder-workspace/.derivedData/Build/Intermediates.noindex/Cserd.build/Debug-watchos/serd.build/Objects-normal/armv7k/serd_lto.o -Xlinker -no_deduplicate -Xlinker -debug_variant -Xlinker -dependency_info -Xlinker /Users/admin/builder/spi-builder-workspace/.derivedData/Build/Intermediates.noindex/Cserd.build/Debug-watchos/serd.build/Objects-normal/armv7k/serd_dependency_info.dat -o /Users/admin/builder/spi-builder-workspace/.derivedData/Build/Intermediates.noindex/Cserd.build/Debug-watchos/serd.build/Objects-normal/armv7k/Binary/serd.o
PrecompileModule /Users/admin/builder/spi-builder-workspace/.derivedData/Build/Intermediates.noindex/ExplicitPrecompiledModules/_Builtin_stdint-602YV58Z4WSWJCDO0D6JQAG6L.scan
cd /
builtin-precompileModule /Users/admin/builder/spi-builder-workspace/.derivedData/Build/Intermediates.noindex/ExplicitPrecompiledModules/_Builtin_stdint-602YV58Z4WSWJCDO0D6JQAG6L.scan
PrecompileModule /Users/admin/builder/spi-builder-workspace/.derivedData/Build/Intermediates.noindex/ExplicitPrecompiledModules/_DarwinFoundation3-EP5Y0WWVO7OVJR7N3XHXNSAC.scan
cd /
builtin-precompileModule /Users/admin/builder/spi-builder-workspace/.derivedData/Build/Intermediates.noindex/ExplicitPrecompiledModules/_DarwinFoundation3-EP5Y0WWVO7OVJR7N3XHXNSAC.scan
Ld /Users/admin/builder/spi-builder-workspace/.derivedData/Build/Intermediates.noindex/Cserd.build/Debug-watchos/serd.build/Objects-normal/arm64_32/Binary/serd.o normal arm64_32 (in target 'serd' from project 'Cserd')
cd /Users/admin/builder/spi-builder-workspace/.dependencies/checkouts/swift-serd
/Applications/Xcode-26.5.0.app/Contents/Developer/Toolchains/XcodeDefault.xctoolchain/usr/bin/clang -Xlinker -reproducible -target arm64_32-apple-watchos5.0 -r -isysroot /Applications/Xcode-26.5.0.app/Contents/Developer/Platforms/WatchOS.platform/Developer/SDKs/WatchOS26.5.sdk -O0 -w -F/Users/admin/builder/spi-builder-workspace/.derivedData/Build/Intermediates.noindex/EagerLinkingTBDs/Debug-watchos -F/Users/admin/builder/spi-builder-workspace/.derivedData/Build/Products/Debug-watchos -iframework /Applications/Xcode-26.5.0.app/Contents/Developer/Platforms/WatchOS.platform/Developer/Library/Frameworks -iframework /Applications/Xcode-26.5.0.app/Contents/Developer/Platforms/WatchOS.platform/Developer/SDKs/WatchOS26.5.sdk/Developer/Library/Frameworks -filelist /Users/admin/builder/spi-builder-workspace/.derivedData/Build/Intermediates.noindex/Cserd.build/Debug-watchos/serd.build/Objects-normal/arm64_32/serd.LinkFileList -nostdlib -Xlinker -object_path_lto -Xlinker /Users/admin/builder/spi-builder-workspace/.derivedData/Build/Intermediates.noindex/Cserd.build/Debug-watchos/serd.build/Objects-normal/arm64_32/serd_lto.o -Xlinker -no_deduplicate -Xlinker -debug_variant -Xlinker -dependency_info -Xlinker /Users/admin/builder/spi-builder-workspace/.derivedData/Build/Intermediates.noindex/Cserd.build/Debug-watchos/serd.build/Objects-normal/arm64_32/serd_dependency_info.dat -o /Users/admin/builder/spi-builder-workspace/.derivedData/Build/Intermediates.noindex/Cserd.build/Debug-watchos/serd.build/Objects-normal/arm64_32/Binary/serd.o
CompileC /Users/admin/builder/spi-builder-workspace/.derivedData/Build/Intermediates.noindex/Cserd.build/Debug-watchos/serd.build/Objects-normal/arm64/uri.o /Users/admin/builder/spi-builder-workspace/.dependencies/checkouts/swift-serd/Sources/serd/uri.c normal arm64 c com.apple.compilers.llvm.clang.1_0.compiler (in target 'serd' from project 'Cserd')
cd /Users/admin/builder/spi-builder-workspace/.swiftpm/xcode
Using response file: /Users/admin/builder/spi-builder-workspace/.derivedData/Build/Intermediates.noindex/Cserd.build/Debug-watchos/serd.build/Objects-normal/arm64/7187679823f38a2a940e0043cdf9d637-common-args.resp
/Applications/Xcode-26.5.0.app/Contents/Developer/Toolchains/XcodeDefault.xctoolchain/usr/bin/clang -x c -ivfsstatcache /Users/admin/builder/spi-builder-workspace/.derivedData/SDKStatCaches.noindex/watchos26.5-23T570-688ef53f1462e2c8f657fdc38a81448f7931b973dfc65d9472806dbbc3af9379.sdkstatcache -target arm64-apple-watchos5.0 -fmessage-length\=0 -fdiagnostics-show-note-include-stack -fmacro-backtrace-limit\=0 -fno-color-diagnostics -fmodules-prune-interval\=86400 -fmodules-prune-after\=345600 -fbuild-session-file\=/Users/admin/builder/spi-builder-workspace/.derivedData/ModuleCache.noindex/Session.modulevalidation -fmodules-validate-once-per-build-session -Wnon-modular-include-in-framework-module -Werror\=non-modular-include-in-framework-module -Wno-trigraphs -Wno-missing-field-initializers -Wno-missing-prototypes -Wno-return-type -Wno-missing-braces -Wparentheses -Wswitch -Wno-unused-function -Wno-unused-label -Wno-unused-parameter -Wno-unused-variable -Wunused-value -Wno-empty-body -Wno-uninitialized -Wno-unknown-pragmas -w -Wno-shadow -Wno-four-char-constants -Wno-conversion -Wno-constant-conversion -Wno-int-conversion -Wno-bool-conversion -Wno-enum-conversion -Wno-float-conversion -Wno-non-literal-null-conversion -Wno-objc-literal-conversion -Wshorten-64-to-32 -Wpointer-sign -Wno-newline-eof -Wno-implicit-fallthrough -isysroot /Applications/Xcode-26.5.0.app/Contents/Developer/Platforms/WatchOS.platform/Developer/SDKs/WatchOS26.5.sdk -fstrict-aliasing -Wdeprecated-declarations -Wno-sign-conversion -Wno-infinite-recursion -Wno-comma -Wno-block-capture-autoreleasing -Wno-strict-prototypes -Wno-semicolon-before-method-body -index-store-path /Users/admin/builder/spi-builder-workspace/.derivedData/Index.noindex/DataStore @/Users/admin/builder/spi-builder-workspace/.derivedData/Build/Intermediates.noindex/Cserd.build/Debug-watchos/serd.build/Objects-normal/arm64/7187679823f38a2a940e0043cdf9d637-common-args.resp -MMD -MT dependencies -MF /Users/admin/builder/spi-builder-workspace/.derivedData/Build/Intermediates.noindex/Cserd.build/Debug-watchos/serd.build/Objects-normal/arm64/uri.d --serialize-diagnostics /Users/admin/builder/spi-builder-workspace/.derivedData/Build/Intermediates.noindex/Cserd.build/Debug-watchos/serd.build/Objects-normal/arm64/uri.dia -c /Users/admin/builder/spi-builder-workspace/.dependencies/checkouts/swift-serd/Sources/serd/uri.c -o /Users/admin/builder/spi-builder-workspace/.derivedData/Build/Intermediates.noindex/Cserd.build/Debug-watchos/serd.build/Objects-normal/arm64/uri.o -index-unit-output-path /Cserd.build/Debug-watchos/serd.build/Objects-normal/arm64/uri.o
CompileC /Users/admin/builder/spi-builder-workspace/.derivedData/Build/Intermediates.noindex/Cserd.build/Debug-watchos/serd.build/Objects-normal/arm64/writer.o /Users/admin/builder/spi-builder-workspace/.dependencies/checkouts/swift-serd/Sources/serd/writer.c normal arm64 c com.apple.compilers.llvm.clang.1_0.compiler (in target 'serd' from project 'Cserd')
cd /Users/admin/builder/spi-builder-workspace/.swiftpm/xcode
Using response file: /Users/admin/builder/spi-builder-workspace/.derivedData/Build/Intermediates.noindex/Cserd.build/Debug-watchos/serd.build/Objects-normal/arm64/7187679823f38a2a940e0043cdf9d637-common-args.resp
/Applications/Xcode-26.5.0.app/Contents/Developer/Toolchains/XcodeDefault.xctoolchain/usr/bin/clang -x c -ivfsstatcache /Users/admin/builder/spi-builder-workspace/.derivedData/SDKStatCaches.noindex/watchos26.5-23T570-688ef53f1462e2c8f657fdc38a81448f7931b973dfc65d9472806dbbc3af9379.sdkstatcache -target arm64-apple-watchos5.0 -fmessage-length\=0 -fdiagnostics-show-note-include-stack -fmacro-backtrace-limit\=0 -fno-color-diagnostics -fmodules-prune-interval\=86400 -fmodules-prune-after\=345600 -fbuild-session-file\=/Users/admin/builder/spi-builder-workspace/.derivedData/ModuleCache.noindex/Session.modulevalidation -fmodules-validate-once-per-build-session -Wnon-modular-include-in-framework-module -Werror\=non-modular-include-in-framework-module -Wno-trigraphs -Wno-missing-field-initializers -Wno-missing-prototypes -Wno-return-type -Wno-missing-braces -Wparentheses -Wswitch -Wno-unused-function -Wno-unused-label -Wno-unused-parameter -Wno-unused-variable -Wunused-value -Wno-empty-body -Wno-uninitialized -Wno-unknown-pragmas -w -Wno-shadow -Wno-four-char-constants -Wno-conversion -Wno-constant-conversion -Wno-int-conversion -Wno-bool-conversion -Wno-enum-conversion -Wno-float-conversion -Wno-non-literal-null-conversion -Wno-objc-literal-conversion -Wshorten-64-to-32 -Wpointer-sign -Wno-newline-eof -Wno-implicit-fallthrough -isysroot /Applications/Xcode-26.5.0.app/Contents/Developer/Platforms/WatchOS.platform/Developer/SDKs/WatchOS26.5.sdk -fstrict-aliasing -Wdeprecated-declarations -Wno-sign-conversion -Wno-infinite-recursion -Wno-comma -Wno-block-capture-autoreleasing -Wno-strict-prototypes -Wno-semicolon-before-method-body -index-store-path /Users/admin/builder/spi-builder-workspace/.derivedData/Index.noindex/DataStore @/Users/admin/builder/spi-builder-workspace/.derivedData/Build/Intermediates.noindex/Cserd.build/Debug-watchos/serd.build/Objects-normal/arm64/7187679823f38a2a940e0043cdf9d637-common-args.resp -MMD -MT dependencies -MF /Users/admin/builder/spi-builder-workspace/.derivedData/Build/Intermediates.noindex/Cserd.build/Debug-watchos/serd.build/Objects-normal/arm64/writer.d --serialize-diagnostics /Users/admin/builder/spi-builder-workspace/.derivedData/Build/Intermediates.noindex/Cserd.build/Debug-watchos/serd.build/Objects-normal/arm64/writer.dia -c /Users/admin/builder/spi-builder-workspace/.dependencies/checkouts/swift-serd/Sources/serd/writer.c -o /Users/admin/builder/spi-builder-workspace/.derivedData/Build/Intermediates.noindex/Cserd.build/Debug-watchos/serd.build/Objects-normal/arm64/writer.o -index-unit-output-path /Cserd.build/Debug-watchos/serd.build/Objects-normal/arm64/writer.o
CompileC /Users/admin/builder/spi-builder-workspace/.derivedData/Build/Intermediates.noindex/Cserd.build/Debug-watchos/serd.build/Objects-normal/arm64/reader.o /Users/admin/builder/spi-builder-workspace/.dependencies/checkouts/swift-serd/Sources/serd/reader.c normal arm64 c com.apple.compilers.llvm.clang.1_0.compiler (in target 'serd' from project 'Cserd')
cd /Users/admin/builder/spi-builder-workspace/.swiftpm/xcode
Using response file: /Users/admin/builder/spi-builder-workspace/.derivedData/Build/Intermediates.noindex/Cserd.build/Debug-watchos/serd.build/Objects-normal/arm64/7187679823f38a2a940e0043cdf9d637-common-args.resp
/Applications/Xcode-26.5.0.app/Contents/Developer/Toolchains/XcodeDefault.xctoolchain/usr/bin/clang -x c -ivfsstatcache /Users/admin/builder/spi-builder-workspace/.derivedData/SDKStatCaches.noindex/watchos26.5-23T570-688ef53f1462e2c8f657fdc38a81448f7931b973dfc65d9472806dbbc3af9379.sdkstatcache -target arm64-apple-watchos5.0 -fmessage-length\=0 -fdiagnostics-show-note-include-stack -fmacro-backtrace-limit\=0 -fno-color-diagnostics -fmodules-prune-interval\=86400 -fmodules-prune-after\=345600 -fbuild-session-file\=/Users/admin/builder/spi-builder-workspace/.derivedData/ModuleCache.noindex/Session.modulevalidation -fmodules-validate-once-per-build-session -Wnon-modular-include-in-framework-module -Werror\=non-modular-include-in-framework-module -Wno-trigraphs -Wno-missing-field-initializers -Wno-missing-prototypes -Wno-return-type -Wno-missing-braces -Wparentheses -Wswitch -Wno-unused-function -Wno-unused-label -Wno-unused-parameter -Wno-unused-variable -Wunused-value -Wno-empty-body -Wno-uninitialized -Wno-unknown-pragmas -w -Wno-shadow -Wno-four-char-constants -Wno-conversion -Wno-constant-conversion -Wno-int-conversion -Wno-bool-conversion -Wno-enum-conversion -Wno-float-conversion -Wno-non-literal-null-conversion -Wno-objc-literal-conversion -Wshorten-64-to-32 -Wpointer-sign -Wno-newline-eof -Wno-implicit-fallthrough -isysroot /Applications/Xcode-26.5.0.app/Contents/Developer/Platforms/WatchOS.platform/Developer/SDKs/WatchOS26.5.sdk -fstrict-aliasing -Wdeprecated-declarations -Wno-sign-conversion -Wno-infinite-recursion -Wno-comma -Wno-block-capture-autoreleasing -Wno-strict-prototypes -Wno-semicolon-before-method-body -index-store-path /Users/admin/builder/spi-builder-workspace/.derivedData/Index.noindex/DataStore @/Users/admin/builder/spi-builder-workspace/.derivedData/Build/Intermediates.noindex/Cserd.build/Debug-watchos/serd.build/Objects-normal/arm64/7187679823f38a2a940e0043cdf9d637-common-args.resp -MMD -MT dependencies -MF /Users/admin/builder/spi-builder-workspace/.derivedData/Build/Intermediates.noindex/Cserd.build/Debug-watchos/serd.build/Objects-normal/arm64/reader.d --serialize-diagnostics /Users/admin/builder/spi-builder-workspace/.derivedData/Build/Intermediates.noindex/Cserd.build/Debug-watchos/serd.build/Objects-normal/arm64/reader.dia -c /Users/admin/builder/spi-builder-workspace/.dependencies/checkouts/swift-serd/Sources/serd/reader.c -o /Users/admin/builder/spi-builder-workspace/.derivedData/Build/Intermediates.noindex/Cserd.build/Debug-watchos/serd.build/Objects-normal/arm64/reader.o -index-unit-output-path /Cserd.build/Debug-watchos/serd.build/Objects-normal/arm64/reader.o
CompileC /Users/admin/builder/spi-builder-workspace/.derivedData/Build/Intermediates.noindex/Cserd.build/Debug-watchos/serd.build/Objects-normal/arm64/string.o /Users/admin/builder/spi-builder-workspace/.dependencies/checkouts/swift-serd/Sources/serd/string.c normal arm64 c com.apple.compilers.llvm.clang.1_0.compiler (in target 'serd' from project 'Cserd')
cd /Users/admin/builder/spi-builder-workspace/.swiftpm/xcode
Using response file: /Users/admin/builder/spi-builder-workspace/.derivedData/Build/Intermediates.noindex/Cserd.build/Debug-watchos/serd.build/Objects-normal/arm64/7187679823f38a2a940e0043cdf9d637-common-args.resp
/Applications/Xcode-26.5.0.app/Contents/Developer/Toolchains/XcodeDefault.xctoolchain/usr/bin/clang -x c -ivfsstatcache /Users/admin/builder/spi-builder-workspace/.derivedData/SDKStatCaches.noindex/watchos26.5-23T570-688ef53f1462e2c8f657fdc38a81448f7931b973dfc65d9472806dbbc3af9379.sdkstatcache -target arm64-apple-watchos5.0 -fmessage-length\=0 -fdiagnostics-show-note-include-stack -fmacro-backtrace-limit\=0 -fno-color-diagnostics -fmodules-prune-interval\=86400 -fmodules-prune-after\=345600 -fbuild-session-file\=/Users/admin/builder/spi-builder-workspace/.derivedData/ModuleCache.noindex/Session.modulevalidation -fmodules-validate-once-per-build-session -Wnon-modular-include-in-framework-module -Werror\=non-modular-include-in-framework-module -Wno-trigraphs -Wno-missing-field-initializers -Wno-missing-prototypes -Wno-return-type -Wno-missing-braces -Wparentheses -Wswitch -Wno-unused-function -Wno-unused-label -Wno-unused-parameter -Wno-unused-variable -Wunused-value -Wno-empty-body -Wno-uninitialized -Wno-unknown-pragmas -w -Wno-shadow -Wno-four-char-constants -Wno-conversion -Wno-constant-conversion -Wno-int-conversion -Wno-bool-conversion -Wno-enum-conversion -Wno-float-conversion -Wno-non-literal-null-conversion -Wno-objc-literal-conversion -Wshorten-64-to-32 -Wpointer-sign -Wno-newline-eof -Wno-implicit-fallthrough -isysroot /Applications/Xcode-26.5.0.app/Contents/Developer/Platforms/WatchOS.platform/Developer/SDKs/WatchOS26.5.sdk -fstrict-aliasing -Wdeprecated-declarations -Wno-sign-conversion -Wno-infinite-recursion -Wno-comma -Wno-block-capture-autoreleasing -Wno-strict-prototypes -Wno-semicolon-before-method-body -index-store-path /Users/admin/builder/spi-builder-workspace/.derivedData/Index.noindex/DataStore @/Users/admin/builder/spi-builder-workspace/.derivedData/Build/Intermediates.noindex/Cserd.build/Debug-watchos/serd.build/Objects-normal/arm64/7187679823f38a2a940e0043cdf9d637-common-args.resp -MMD -MT dependencies -MF /Users/admin/builder/spi-builder-workspace/.derivedData/Build/Intermediates.noindex/Cserd.build/Debug-watchos/serd.build/Objects-normal/arm64/string.d --serialize-diagnostics /Users/admin/builder/spi-builder-workspace/.derivedData/Build/Intermediates.noindex/Cserd.build/Debug-watchos/serd.build/Objects-normal/arm64/string.dia -c /Users/admin/builder/spi-builder-workspace/.dependencies/checkouts/swift-serd/Sources/serd/string.c -o /Users/admin/builder/spi-builder-workspace/.derivedData/Build/Intermediates.noindex/Cserd.build/Debug-watchos/serd.build/Objects-normal/arm64/string.o -index-unit-output-path /Cserd.build/Debug-watchos/serd.build/Objects-normal/arm64/string.o
CompileC /Users/admin/builder/spi-builder-workspace/.derivedData/Build/Intermediates.noindex/Cserd.build/Debug-watchos/serd.build/Objects-normal/arm64/node.o /Users/admin/builder/spi-builder-workspace/.dependencies/checkouts/swift-serd/Sources/serd/node.c normal arm64 c com.apple.compilers.llvm.clang.1_0.compiler (in target 'serd' from project 'Cserd')
cd /Users/admin/builder/spi-builder-workspace/.swiftpm/xcode
Using response file: /Users/admin/builder/spi-builder-workspace/.derivedData/Build/Intermediates.noindex/Cserd.build/Debug-watchos/serd.build/Objects-normal/arm64/7187679823f38a2a940e0043cdf9d637-common-args.resp
/Applications/Xcode-26.5.0.app/Contents/Developer/Toolchains/XcodeDefault.xctoolchain/usr/bin/clang -x c -ivfsstatcache /Users/admin/builder/spi-builder-workspace/.derivedData/SDKStatCaches.noindex/watchos26.5-23T570-688ef53f1462e2c8f657fdc38a81448f7931b973dfc65d9472806dbbc3af9379.sdkstatcache -target arm64-apple-watchos5.0 -fmessage-length\=0 -fdiagnostics-show-note-include-stack -fmacro-backtrace-limit\=0 -fno-color-diagnostics -fmodules-prune-interval\=86400 -fmodules-prune-after\=345600 -fbuild-session-file\=/Users/admin/builder/spi-builder-workspace/.derivedData/ModuleCache.noindex/Session.modulevalidation -fmodules-validate-once-per-build-session -Wnon-modular-include-in-framework-module -Werror\=non-modular-include-in-framework-module -Wno-trigraphs -Wno-missing-field-initializers -Wno-missing-prototypes -Wno-return-type -Wno-missing-braces -Wparentheses -Wswitch -Wno-unused-function -Wno-unused-label -Wno-unused-parameter -Wno-unused-variable -Wunused-value -Wno-empty-body -Wno-uninitialized -Wno-unknown-pragmas -w -Wno-shadow -Wno-four-char-constants -Wno-conversion -Wno-constant-conversion -Wno-int-conversion -Wno-bool-conversion -Wno-enum-conversion -Wno-float-conversion -Wno-non-literal-null-conversion -Wno-objc-literal-conversion -Wshorten-64-to-32 -Wpointer-sign -Wno-newline-eof -Wno-implicit-fallthrough -isysroot /Applications/Xcode-26.5.0.app/Contents/Developer/Platforms/WatchOS.platform/Developer/SDKs/WatchOS26.5.sdk -fstrict-aliasing -Wdeprecated-declarations -Wno-sign-conversion -Wno-infinite-recursion -Wno-comma -Wno-block-capture-autoreleasing -Wno-strict-prototypes -Wno-semicolon-before-method-body -index-store-path /Users/admin/builder/spi-builder-workspace/.derivedData/Index.noindex/DataStore @/Users/admin/builder/spi-builder-workspace/.derivedData/Build/Intermediates.noindex/Cserd.build/Debug-watchos/serd.build/Objects-normal/arm64/7187679823f38a2a940e0043cdf9d637-common-args.resp -MMD -MT dependencies -MF /Users/admin/builder/spi-builder-workspace/.derivedData/Build/Intermediates.noindex/Cserd.build/Debug-watchos/serd.build/Objects-normal/arm64/node.d --serialize-diagnostics /Users/admin/builder/spi-builder-workspace/.derivedData/Build/Intermediates.noindex/Cserd.build/Debug-watchos/serd.build/Objects-normal/arm64/node.dia -c /Users/admin/builder/spi-builder-workspace/.dependencies/checkouts/swift-serd/Sources/serd/node.c -o /Users/admin/builder/spi-builder-workspace/.derivedData/Build/Intermediates.noindex/Cserd.build/Debug-watchos/serd.build/Objects-normal/arm64/node.o -index-unit-output-path /Cserd.build/Debug-watchos/serd.build/Objects-normal/arm64/node.o
CompileC /Users/admin/builder/spi-builder-workspace/.derivedData/Build/Intermediates.noindex/Cserd.build/Debug-watchos/serd.build/Objects-normal/arm64/n3.o /Users/admin/builder/spi-builder-workspace/.dependencies/checkouts/swift-serd/Sources/serd/n3.c normal arm64 c com.apple.compilers.llvm.clang.1_0.compiler (in target 'serd' from project 'Cserd')
cd /Users/admin/builder/spi-builder-workspace/.swiftpm/xcode
Using response file: /Users/admin/builder/spi-builder-workspace/.derivedData/Build/Intermediates.noindex/Cserd.build/Debug-watchos/serd.build/Objects-normal/arm64/7187679823f38a2a940e0043cdf9d637-common-args.resp
/Applications/Xcode-26.5.0.app/Contents/Developer/Toolchains/XcodeDefault.xctoolchain/usr/bin/clang -x c -ivfsstatcache /Users/admin/builder/spi-builder-workspace/.derivedData/SDKStatCaches.noindex/watchos26.5-23T570-688ef53f1462e2c8f657fdc38a81448f7931b973dfc65d9472806dbbc3af9379.sdkstatcache -target arm64-apple-watchos5.0 -fmessage-length\=0 -fdiagnostics-show-note-include-stack -fmacro-backtrace-limit\=0 -fno-color-diagnostics -fmodules-prune-interval\=86400 -fmodules-prune-after\=345600 -fbuild-session-file\=/Users/admin/builder/spi-builder-workspace/.derivedData/ModuleCache.noindex/Session.modulevalidation -fmodules-validate-once-per-build-session -Wnon-modular-include-in-framework-module -Werror\=non-modular-include-in-framework-module -Wno-trigraphs -Wno-missing-field-initializers -Wno-missing-prototypes -Wno-return-type -Wno-missing-braces -Wparentheses -Wswitch -Wno-unused-function -Wno-unused-label -Wno-unused-parameter -Wno-unused-variable -Wunused-value -Wno-empty-body -Wno-uninitialized -Wno-unknown-pragmas -w -Wno-shadow -Wno-four-char-constants -Wno-conversion -Wno-constant-conversion -Wno-int-conversion -Wno-bool-conversion -Wno-enum-conversion -Wno-float-conversion -Wno-non-literal-null-conversion -Wno-objc-literal-conversion -Wshorten-64-to-32 -Wpointer-sign -Wno-newline-eof -Wno-implicit-fallthrough -isysroot /Applications/Xcode-26.5.0.app/Contents/Developer/Platforms/WatchOS.platform/Developer/SDKs/WatchOS26.5.sdk -fstrict-aliasing -Wdeprecated-declarations -Wno-sign-conversion -Wno-infinite-recursion -Wno-comma -Wno-block-capture-autoreleasing -Wno-strict-prototypes -Wno-semicolon-before-method-body -index-store-path /Users/admin/builder/spi-builder-workspace/.derivedData/Index.noindex/DataStore @/Users/admin/builder/spi-builder-workspace/.derivedData/Build/Intermediates.noindex/Cserd.build/Debug-watchos/serd.build/Objects-normal/arm64/7187679823f38a2a940e0043cdf9d637-common-args.resp -MMD -MT dependencies -MF /Users/admin/builder/spi-builder-workspace/.derivedData/Build/Intermediates.noindex/Cserd.build/Debug-watchos/serd.build/Objects-normal/arm64/n3.d --serialize-diagnostics /Users/admin/builder/spi-builder-workspace/.derivedData/Build/Intermediates.noindex/Cserd.build/Debug-watchos/serd.build/Objects-normal/arm64/n3.dia -c /Users/admin/builder/spi-builder-workspace/.dependencies/checkouts/swift-serd/Sources/serd/n3.c -o /Users/admin/builder/spi-builder-workspace/.derivedData/Build/Intermediates.noindex/Cserd.build/Debug-watchos/serd.build/Objects-normal/arm64/n3.o -index-unit-output-path /Cserd.build/Debug-watchos/serd.build/Objects-normal/arm64/n3.o
CompileC /Users/admin/builder/spi-builder-workspace/.derivedData/Build/Intermediates.noindex/Cserd.build/Debug-watchos/serd.build/Objects-normal/arm64/env.o /Users/admin/builder/spi-builder-workspace/.dependencies/checkouts/swift-serd/Sources/serd/env.c normal arm64 c com.apple.compilers.llvm.clang.1_0.compiler (in target 'serd' from project 'Cserd')
cd /Users/admin/builder/spi-builder-workspace/.swiftpm/xcode
Using response file: /Users/admin/builder/spi-builder-workspace/.derivedData/Build/Intermediates.noindex/Cserd.build/Debug-watchos/serd.build/Objects-normal/arm64/7187679823f38a2a940e0043cdf9d637-common-args.resp
/Applications/Xcode-26.5.0.app/Contents/Developer/Toolchains/XcodeDefault.xctoolchain/usr/bin/clang -x c -ivfsstatcache /Users/admin/builder/spi-builder-workspace/.derivedData/SDKStatCaches.noindex/watchos26.5-23T570-688ef53f1462e2c8f657fdc38a81448f7931b973dfc65d9472806dbbc3af9379.sdkstatcache -target arm64-apple-watchos5.0 -fmessage-length\=0 -fdiagnostics-show-note-include-stack -fmacro-backtrace-limit\=0 -fno-color-diagnostics -fmodules-prune-interval\=86400 -fmodules-prune-after\=345600 -fbuild-session-file\=/Users/admin/builder/spi-builder-workspace/.derivedData/ModuleCache.noindex/Session.modulevalidation -fmodules-validate-once-per-build-session -Wnon-modular-include-in-framework-module -Werror\=non-modular-include-in-framework-module -Wno-trigraphs -Wno-missing-field-initializers -Wno-missing-prototypes -Wno-return-type -Wno-missing-braces -Wparentheses -Wswitch -Wno-unused-function -Wno-unused-label -Wno-unused-parameter -Wno-unused-variable -Wunused-value -Wno-empty-body -Wno-uninitialized -Wno-unknown-pragmas -w -Wno-shadow -Wno-four-char-constants -Wno-conversion -Wno-constant-conversion -Wno-int-conversion -Wno-bool-conversion -Wno-enum-conversion -Wno-float-conversion -Wno-non-literal-null-conversion -Wno-objc-literal-conversion -Wshorten-64-to-32 -Wpointer-sign -Wno-newline-eof -Wno-implicit-fallthrough -isysroot /Applications/Xcode-26.5.0.app/Contents/Developer/Platforms/WatchOS.platform/Developer/SDKs/WatchOS26.5.sdk -fstrict-aliasing -Wdeprecated-declarations -Wno-sign-conversion -Wno-infinite-recursion -Wno-comma -Wno-block-capture-autoreleasing -Wno-strict-prototypes -Wno-semicolon-before-method-body -index-store-path /Users/admin/builder/spi-builder-workspace/.derivedData/Index.noindex/DataStore @/Users/admin/builder/spi-builder-workspace/.derivedData/Build/Intermediates.noindex/Cserd.build/Debug-watchos/serd.build/Objects-normal/arm64/7187679823f38a2a940e0043cdf9d637-common-args.resp -MMD -MT dependencies -MF /Users/admin/builder/spi-builder-workspace/.derivedData/Build/Intermediates.noindex/Cserd.build/Debug-watchos/serd.build/Objects-normal/arm64/env.d --serialize-diagnostics /Users/admin/builder/spi-builder-workspace/.derivedData/Build/Intermediates.noindex/Cserd.build/Debug-watchos/serd.build/Objects-normal/arm64/env.dia -c /Users/admin/builder/spi-builder-workspace/.dependencies/checkouts/swift-serd/Sources/serd/env.c -o /Users/admin/builder/spi-builder-workspace/.derivedData/Build/Intermediates.noindex/Cserd.build/Debug-watchos/serd.build/Objects-normal/arm64/env.o -index-unit-output-path /Cserd.build/Debug-watchos/serd.build/Objects-normal/arm64/env.o
CompileC /Users/admin/builder/spi-builder-workspace/.derivedData/Build/Intermediates.noindex/Cserd.build/Debug-watchos/serd.build/Objects-normal/arm64/byte_source.o /Users/admin/builder/spi-builder-workspace/.dependencies/checkouts/swift-serd/Sources/serd/byte_source.c normal arm64 c com.apple.compilers.llvm.clang.1_0.compiler (in target 'serd' from project 'Cserd')
cd /Users/admin/builder/spi-builder-workspace/.swiftpm/xcode
Using response file: /Users/admin/builder/spi-builder-workspace/.derivedData/Build/Intermediates.noindex/Cserd.build/Debug-watchos/serd.build/Objects-normal/arm64/7187679823f38a2a940e0043cdf9d637-common-args.resp
/Applications/Xcode-26.5.0.app/Contents/Developer/Toolchains/XcodeDefault.xctoolchain/usr/bin/clang -x c -ivfsstatcache /Users/admin/builder/spi-builder-workspace/.derivedData/SDKStatCaches.noindex/watchos26.5-23T570-688ef53f1462e2c8f657fdc38a81448f7931b973dfc65d9472806dbbc3af9379.sdkstatcache -target arm64-apple-watchos5.0 -fmessage-length\=0 -fdiagnostics-show-note-include-stack -fmacro-backtrace-limit\=0 -fno-color-diagnostics -fmodules-prune-interval\=86400 -fmodules-prune-after\=345600 -fbuild-session-file\=/Users/admin/builder/spi-builder-workspace/.derivedData/ModuleCache.noindex/Session.modulevalidation -fmodules-validate-once-per-build-session -Wnon-modular-include-in-framework-module -Werror\=non-modular-include-in-framework-module -Wno-trigraphs -Wno-missing-field-initializers -Wno-missing-prototypes -Wno-return-type -Wno-missing-braces -Wparentheses -Wswitch -Wno-unused-function -Wno-unused-label -Wno-unused-parameter -Wno-unused-variable -Wunused-value -Wno-empty-body -Wno-uninitialized -Wno-unknown-pragmas -w -Wno-shadow -Wno-four-char-constants -Wno-conversion -Wno-constant-conversion -Wno-int-conversion -Wno-bool-conversion -Wno-enum-conversion -Wno-float-conversion -Wno-non-literal-null-conversion -Wno-objc-literal-conversion -Wshorten-64-to-32 -Wpointer-sign -Wno-newline-eof -Wno-implicit-fallthrough -isysroot /Applications/Xcode-26.5.0.app/Contents/Developer/Platforms/WatchOS.platform/Developer/SDKs/WatchOS26.5.sdk -fstrict-aliasing -Wdeprecated-declarations -Wno-sign-conversion -Wno-infinite-recursion -Wno-comma -Wno-block-capture-autoreleasing -Wno-strict-prototypes -Wno-semicolon-before-method-body -index-store-path /Users/admin/builder/spi-builder-workspace/.derivedData/Index.noindex/DataStore @/Users/admin/builder/spi-builder-workspace/.derivedData/Build/Intermediates.noindex/Cserd.build/Debug-watchos/serd.build/Objects-normal/arm64/7187679823f38a2a940e0043cdf9d637-common-args.resp -MMD -MT dependencies -MF /Users/admin/builder/spi-builder-workspace/.derivedData/Build/Intermediates.noindex/Cserd.build/Debug-watchos/serd.build/Objects-normal/arm64/byte_source.d --serialize-diagnostics /Users/admin/builder/spi-builder-workspace/.derivedData/Build/Intermediates.noindex/Cserd.build/Debug-watchos/serd.build/Objects-normal/arm64/byte_source.dia -c /Users/admin/builder/spi-builder-workspace/.dependencies/checkouts/swift-serd/Sources/serd/byte_source.c -o /Users/admin/builder/spi-builder-workspace/.derivedData/Build/Intermediates.noindex/Cserd.build/Debug-watchos/serd.build/Objects-normal/arm64/byte_source.o -index-unit-output-path /Cserd.build/Debug-watchos/serd.build/Objects-normal/arm64/byte_source.o
SwiftExplicitDependencyGeneratePcm arm64_32 /Users/admin/builder/spi-builder-workspace/.derivedData/ModuleCache.noindex/ptrcheck-AUKOWKLJ5LR59DLJDZ0QMNHKP.pcm
SwiftExplicitDependencyGeneratePcm arm64_32 /Users/admin/builder/spi-builder-workspace/.derivedData/ModuleCache.noindex/_Builtin_stdbool-29VZCTHK280GJHA571SXG9ASG.pcm
SwiftExplicitDependencyGeneratePcm arm64_32 /Users/admin/builder/spi-builder-workspace/.derivedData/ModuleCache.noindex/_SwiftConcurrencyShims-49MSOLZ7F449TZ0TRVKQIVZNP.pcm
SwiftExplicitDependencyGeneratePcm arm64_32 /Users/admin/builder/spi-builder-workspace/.derivedData/ModuleCache.noindex/_Builtin_stdarg-2846LW51WR3FJYNEE769BGM54.pcm
SwiftExplicitDependencyGeneratePcm arm64_32 /Users/admin/builder/spi-builder-workspace/.derivedData/ModuleCache.noindex/_Builtin_stddef-44ZBBCAVH9H95PIUL2R06EPNN.pcm
SwiftExplicitDependencyGeneratePcm arm64_32 /Users/admin/builder/spi-builder-workspace/.derivedData/ModuleCache.noindex/SwiftShims-Y9UOIV5KSIS0KDX5BDVVAMKQ.pcm
SwiftExplicitDependencyGeneratePcm arm64_32 /Users/admin/builder/spi-builder-workspace/.derivedData/ModuleCache.noindex/ptrauth-EIGELRNUEL7SAJU41BKCUDR6K.pcm
SwiftExplicitDependencyGeneratePcm arm64 /Users/admin/builder/spi-builder-workspace/.derivedData/ModuleCache.noindex/_Builtin_stddef-7O9IMW3SKT9J5KMH1DFSCTUT2.pcm
SwiftExplicitDependencyGeneratePcm armv7k /Users/admin/builder/spi-builder-workspace/.derivedData/ModuleCache.noindex/_AvailabilityInternal-EFXN1W5VCP6ADN05CH69KOJMD.pcm
Ld /Users/admin/builder/spi-builder-workspace/.derivedData/Build/Intermediates.noindex/Cserd.build/Debug-watchos/serd.build/Objects-normal/arm64/Binary/serd.o normal arm64 (in target 'serd' from project 'Cserd')
cd /Users/admin/builder/spi-builder-workspace/.dependencies/checkouts/swift-serd
/Applications/Xcode-26.5.0.app/Contents/Developer/Toolchains/XcodeDefault.xctoolchain/usr/bin/clang -Xlinker -reproducible -target arm64-apple-watchos5.0 -r -isysroot /Applications/Xcode-26.5.0.app/Contents/Developer/Platforms/WatchOS.platform/Developer/SDKs/WatchOS26.5.sdk -O0 -w -F/Users/admin/builder/spi-builder-workspace/.derivedData/Build/Intermediates.noindex/EagerLinkingTBDs/Debug-watchos -F/Users/admin/builder/spi-builder-workspace/.derivedData/Build/Products/Debug-watchos -iframework /Applications/Xcode-26.5.0.app/Contents/Developer/Platforms/WatchOS.platform/Developer/Library/Frameworks -iframework /Applications/Xcode-26.5.0.app/Contents/Developer/Platforms/WatchOS.platform/Developer/SDKs/WatchOS26.5.sdk/Developer/Library/Frameworks -filelist /Users/admin/builder/spi-builder-workspace/.derivedData/Build/Intermediates.noindex/Cserd.build/Debug-watchos/serd.build/Objects-normal/arm64/serd.LinkFileList -nostdlib -Xlinker -object_path_lto -Xlinker /Users/admin/builder/spi-builder-workspace/.derivedData/Build/Intermediates.noindex/Cserd.build/Debug-watchos/serd.build/Objects-normal/arm64/serd_lto.o -Xlinker -no_deduplicate -Xlinker -debug_variant -Xlinker -dependency_info -Xlinker /Users/admin/builder/spi-builder-workspace/.derivedData/Build/Intermediates.noindex/Cserd.build/Debug-watchos/serd.build/Objects-normal/arm64/serd_dependency_info.dat -o /Users/admin/builder/spi-builder-workspace/.derivedData/Build/Intermediates.noindex/Cserd.build/Debug-watchos/serd.build/Objects-normal/arm64/Binary/serd.o
SwiftExplicitDependencyGeneratePcm arm64 /Users/admin/builder/spi-builder-workspace/.derivedData/ModuleCache.noindex/_SwiftConcurrencyShims-6JV4TIBCO35VV8QOUUP4HYHU8.pcm
SwiftExplicitDependencyGeneratePcm armv7k /Users/admin/builder/spi-builder-workspace/.derivedData/ModuleCache.noindex/SwiftShims-54O3XTFTGS0DCHGQXX0VXAKIW.pcm
SwiftExplicitDependencyGeneratePcm arm64 /Users/admin/builder/spi-builder-workspace/.derivedData/ModuleCache.noindex/_Builtin_stdbool-3K0NS9706ZZKMB26W34N7NRJO.pcm
SwiftExplicitDependencyGeneratePcm arm64 /Users/admin/builder/spi-builder-workspace/.derivedData/ModuleCache.noindex/ptrauth-6RRLJFTMP964BUOH3ZA18NCET.pcm
SwiftExplicitDependencyGeneratePcm arm64 /Users/admin/builder/spi-builder-workspace/.derivedData/ModuleCache.noindex/_Builtin_float-2WT5Y9SB362ACJMEXFZK7ZNN2.pcm
SwiftExplicitDependencyGeneratePcm armv7k /Users/admin/builder/spi-builder-workspace/.derivedData/ModuleCache.noindex/_Builtin_stdarg-D4LWD3SLKMEEMR29WTOG26Q5T.pcm
SwiftExplicitDependencyGeneratePcm armv7k /Users/admin/builder/spi-builder-workspace/.derivedData/ModuleCache.noindex/_SwiftConcurrencyShims-HF1NBH7P9KULYHML9AVKSA4P.pcm
SwiftExplicitDependencyGeneratePcm arm64 /Users/admin/builder/spi-builder-workspace/.derivedData/ModuleCache.noindex/_Builtin_stdarg-30UO0JZ3BZL3UJMXZ8NY7BG2N.pcm
SwiftExplicitDependencyGeneratePcm arm64 /Users/admin/builder/spi-builder-workspace/.derivedData/ModuleCache.noindex/SwiftShims-BSAA6BK72NLSMMSC85W2FICHH.pcm
SwiftExplicitDependencyGeneratePcm armv7k /Users/admin/builder/spi-builder-workspace/.derivedData/ModuleCache.noindex/ptrauth-D1KUVP5BW8V6YRBE3MNVCBE2E.pcm
SwiftExplicitDependencyGeneratePcm armv7k /Users/admin/builder/spi-builder-workspace/.derivedData/ModuleCache.noindex/_Builtin_float-9MGM9VU0PEMKSTW8BBVNVP7PQ.pcm
SwiftExplicitDependencyGeneratePcm armv7k /Users/admin/builder/spi-builder-workspace/.derivedData/ModuleCache.noindex/_Builtin_stddef-6IRMF7QDYT5Q8LMH89XUFJQ69.pcm
SwiftExplicitDependencyGeneratePcm armv7k /Users/admin/builder/spi-builder-workspace/.derivedData/ModuleCache.noindex/_Builtin_stdbool-3F5M0YH52IF7ISNJDW2IHEQ2A.pcm
SwiftExplicitDependencyGeneratePcm arm64_32 /Users/admin/builder/spi-builder-workspace/.derivedData/ModuleCache.noindex/_AvailabilityInternal-DLHW2QV8S38P9IRN7DKDTHEP9.pcm
SwiftExplicitDependencyGeneratePcm arm64 /Users/admin/builder/spi-builder-workspace/.derivedData/ModuleCache.noindex/ptrcheck-B3DWAI23K1VSBZ9B4HQFDUGA9.pcm
SwiftExplicitDependencyGeneratePcm arm64_32 /Users/admin/builder/spi-builder-workspace/.derivedData/ModuleCache.noindex/_Builtin_float-BHCK2B2ROVBMZ91A2DBMECP3P.pcm
SwiftExplicitDependencyGeneratePcm arm64 /Users/admin/builder/spi-builder-workspace/.derivedData/ModuleCache.noindex/_AvailabilityInternal-EOZA7RNZF83GHAFYVNANSPB7K.pcm
SwiftExplicitDependencyGeneratePcm armv7k /Users/admin/builder/spi-builder-workspace/.derivedData/ModuleCache.noindex/ptrcheck-84CJDWDKWYKE887DNNOFBAKE5.pcm
SwiftExplicitDependencyGeneratePcm arm64_32 /Users/admin/builder/spi-builder-workspace/.derivedData/ModuleCache.noindex/_DarwinFoundation1-BH2JKT0EOE6EKNI1RBDKTQWZU.pcm
CreateUniversalBinary /Users/admin/builder/spi-builder-workspace/.derivedData/Build/Products/Debug-watchos/serd.o normal arm64\ armv7k\ arm64_32 (in target 'serd' from project 'Cserd')
cd /Users/admin/builder/spi-builder-workspace/.dependencies/checkouts/swift-serd
/Applications/Xcode-26.5.0.app/Contents/Developer/Toolchains/XcodeDefault.xctoolchain/usr/bin/lipo -create /Users/admin/builder/spi-builder-workspace/.derivedData/Build/Intermediates.noindex/Cserd.build/Debug-watchos/serd.build/Objects-normal/arm64/Binary/serd.o /Users/admin/builder/spi-builder-workspace/.derivedData/Build/Intermediates.noindex/Cserd.build/Debug-watchos/serd.build/Objects-normal/armv7k/Binary/serd.o /Users/admin/builder/spi-builder-workspace/.derivedData/Build/Intermediates.noindex/Cserd.build/Debug-watchos/serd.build/Objects-normal/arm64_32/Binary/serd.o -output /Users/admin/builder/spi-builder-workspace/.derivedData/Build/Products/Debug-watchos/serd.o
SwiftExplicitDependencyGeneratePcm arm64 /Users/admin/builder/spi-builder-workspace/.derivedData/ModuleCache.noindex/_DarwinFoundation1-227SNA2OQZAYY2EILOQ4OZWWI.pcm
SwiftExplicitDependencyGeneratePcm armv7k /Users/admin/builder/spi-builder-workspace/.derivedData/ModuleCache.noindex/_DarwinFoundation1-ADE3NB165C6L2JTXOQ8OTD6BF.pcm
SwiftExplicitDependencyGeneratePcm arm64_32 /Users/admin/builder/spi-builder-workspace/.derivedData/ModuleCache.noindex/_DarwinFoundation2-9GSSHE2BT8BHCO2O1DDAW0NKJ.pcm
SwiftExplicitDependencyGeneratePcm arm64_32 /Users/admin/builder/spi-builder-workspace/.derivedData/ModuleCache.noindex/_Builtin_limits-6HWMASE09GWITZD3QJ535CHWD.pcm
SwiftExplicitDependencyGeneratePcm arm64 /Users/admin/builder/spi-builder-workspace/.derivedData/ModuleCache.noindex/_DarwinFoundation2-AWB6S4FOQZ2F9R5HPQGPXLQM1.pcm
SwiftExplicitDependencyGeneratePcm arm64 /Users/admin/builder/spi-builder-workspace/.derivedData/ModuleCache.noindex/_Builtin_limits-BZZBOTGJQZJ01O3UJXM4TUTUN.pcm
SwiftExplicitDependencyGeneratePcm armv7k /Users/admin/builder/spi-builder-workspace/.derivedData/ModuleCache.noindex/_DarwinFoundation2-DV4KEW6PHTUWM9UDXVAKG4PHY.pcm
SwiftExplicitDependencyGeneratePcm armv7k /Users/admin/builder/spi-builder-workspace/.derivedData/ModuleCache.noindex/_Builtin_limits-1Q4YKVDE3QBNIZPTETVUW17T3.pcm
SwiftExplicitDependencyGeneratePcm arm64_32 /Users/admin/builder/spi-builder-workspace/.derivedData/ModuleCache.noindex/sys_types-7PPBQQMP9WOPXZY9PV3O6HWOJ.pcm
SwiftExplicitDependencyGeneratePcm arm64_32 /Users/admin/builder/spi-builder-workspace/.derivedData/ModuleCache.noindex/_Builtin_stdint-A5GOZXANJIP53GSEWN310YNNY.pcm
RegisterExecutionPolicyException /Users/admin/builder/spi-builder-workspace/.derivedData/Build/Products/Debug-watchos/serd.o (in target 'serd' from project 'Cserd')
cd /Users/admin/builder/spi-builder-workspace/.dependencies/checkouts/swift-serd
builtin-RegisterExecutionPolicyException /Users/admin/builder/spi-builder-workspace/.derivedData/Build/Products/Debug-watchos/serd.o
SwiftExplicitDependencyGeneratePcm arm64 /Users/admin/builder/spi-builder-workspace/.derivedData/ModuleCache.noindex/_Builtin_stdint-ZZ44XETV7JCUHQPW9HSEGAW0.pcm
SwiftExplicitDependencyGeneratePcm arm64 /Users/admin/builder/spi-builder-workspace/.derivedData/ModuleCache.noindex/sys_types-44TDJXBNABH6YIBIB1L6UJG2A.pcm
SwiftExplicitDependencyGeneratePcm armv7k /Users/admin/builder/spi-builder-workspace/.derivedData/ModuleCache.noindex/_Builtin_stdint-4UJPCK27WLNAZ5JG8BDJ95Y7T.pcm
SwiftExplicitDependencyGeneratePcm armv7k /Users/admin/builder/spi-builder-workspace/.derivedData/ModuleCache.noindex/sys_types-A40CZMME078D7VG6FJ9GFAUT1.pcm
SwiftExplicitDependencyGeneratePcm arm64_32 /Users/admin/builder/spi-builder-workspace/.derivedData/Build/Intermediates.noindex/SwiftExplicitPrecompiledModules/serd-3VXR5WVK0FYRLUH7BN81CMEOQ.pcm
SwiftExplicitDependencyGeneratePcm arm64_32 /Users/admin/builder/spi-builder-workspace/.derivedData/ModuleCache.noindex/_DarwinFoundation3-86NTIOJMBO32S9WDN64L1LC6L.pcm
SwiftExplicitDependencyGeneratePcm arm64 /Users/admin/builder/spi-builder-workspace/.derivedData/ModuleCache.noindex/_DarwinFoundation3-DG1LCR8UJOFMAEKZ4QOY33HZX.pcm
SwiftExplicitDependencyGeneratePcm arm64 /Users/admin/builder/spi-builder-workspace/.derivedData/Build/Intermediates.noindex/SwiftExplicitPrecompiledModules/serd-9O38PVQKGA3DL0GM9NWD33WPQ.pcm
SwiftExplicitDependencyGeneratePcm armv7k /Users/admin/builder/spi-builder-workspace/.derivedData/ModuleCache.noindex/_DarwinFoundation3-EBKFW3VQLO7I73Z6JO2EF7K9T.pcm
SwiftExplicitDependencyGeneratePcm armv7k /Users/admin/builder/spi-builder-workspace/.derivedData/Build/Intermediates.noindex/SwiftExplicitPrecompiledModules/serd-E1HG70LP0HLHAULDAUH5N0WV4.pcm
SwiftExplicitDependencyGeneratePcm arm64_32 /Users/admin/builder/spi-builder-workspace/.derivedData/ModuleCache.noindex/_Builtin_inttypes-IK3B20A93OGK2P0MVMMPHD49.pcm
SwiftExplicitDependencyGeneratePcm arm64 /Users/admin/builder/spi-builder-workspace/.derivedData/ModuleCache.noindex/_Builtin_inttypes-9RH3ZGRF7L0UFIAA3RWNP3416.pcm
SwiftExplicitDependencyGeneratePcm armv7k /Users/admin/builder/spi-builder-workspace/.derivedData/ModuleCache.noindex/_Builtin_inttypes-8B9XQ9DWPY04NISEJWZ2RW2L6.pcm
SwiftExplicitDependencyGeneratePcm arm64_32 /Users/admin/builder/spi-builder-workspace/.derivedData/ModuleCache.noindex/Darwin-7EOY6B0FYD3NKAS35RMGXP5LK.pcm
SwiftExplicitDependencyGeneratePcm armv7k /Users/admin/builder/spi-builder-workspace/.derivedData/ModuleCache.noindex/Darwin-9PFSQ7LZ2AK01ELYMABKS3GL8.pcm
SwiftExplicitDependencyGeneratePcm arm64 /Users/admin/builder/spi-builder-workspace/.derivedData/ModuleCache.noindex/Darwin-16I5UGYPDATFKFISIN5OQGOVM.pcm
SwiftExplicitDependencyGeneratePcm arm64_32 /Users/admin/builder/spi-builder-workspace/.derivedData/ModuleCache.noindex/ObjectiveC-MY1YPPP48ZKLRCFMRI5GO9R.pcm
SwiftExplicitDependencyGeneratePcm armv7k /Users/admin/builder/spi-builder-workspace/.derivedData/ModuleCache.noindex/ObjectiveC-E0ZDS99EDVATS2F85SO1ROOW3.pcm
SwiftExplicitDependencyGeneratePcm arm64 /Users/admin/builder/spi-builder-workspace/.derivedData/ModuleCache.noindex/ObjectiveC-8UETU9VIN6TLHAJS803FFNIGA.pcm
SwiftExplicitDependencyGeneratePcm arm64_32 /Users/admin/builder/spi-builder-workspace/.derivedData/ModuleCache.noindex/os_object-E0CVHB9RT7I5F6HKP5IXA5JJN.pcm
SwiftExplicitDependencyGeneratePcm armv7k /Users/admin/builder/spi-builder-workspace/.derivedData/ModuleCache.noindex/os_object-18PXU9H3WOD68TY6MAL1ZLNP9.pcm
SwiftExplicitDependencyGeneratePcm arm64 /Users/admin/builder/spi-builder-workspace/.derivedData/ModuleCache.noindex/os_object-DJJBVMOS2UUUVOJOUK4V18IDX.pcm
SwiftExplicitDependencyGeneratePcm arm64_32 /Users/admin/builder/spi-builder-workspace/.derivedData/ModuleCache.noindex/os_workgroup-3O8OVEKEFKDEG3VCH3RTEZ94B.pcm
SwiftExplicitDependencyGeneratePcm armv7k /Users/admin/builder/spi-builder-workspace/.derivedData/ModuleCache.noindex/os_workgroup-BVJ42AVMIW7DCL8N126TAMQWH.pcm
SwiftExplicitDependencyGeneratePcm arm64 /Users/admin/builder/spi-builder-workspace/.derivedData/ModuleCache.noindex/os_workgroup-B77XM89IDYHHAHLL7HI5JSCBX.pcm
SwiftExplicitDependencyGeneratePcm arm64_32 /Users/admin/builder/spi-builder-workspace/.derivedData/ModuleCache.noindex/Dispatch-1FJ1MI5CEQAKDW1VL40ZXGEZX.pcm
SwiftExplicitDependencyGeneratePcm armv7k /Users/admin/builder/spi-builder-workspace/.derivedData/ModuleCache.noindex/Dispatch-E47IY0S0HQME5O93LIR5ULUJ3.pcm
SwiftExplicitDependencyGeneratePcm arm64 /Users/admin/builder/spi-builder-workspace/.derivedData/ModuleCache.noindex/Dispatch-VJEF7PUQ9LH822JVM5XG6MK1.pcm
SwiftExplicitDependencyGeneratePcm arm64_32 /Users/admin/builder/spi-builder-workspace/.derivedData/ModuleCache.noindex/XPC-OZIOUFM4EDBR3SQ2IFY2FZJ3.pcm
SwiftExplicitDependencyGeneratePcm arm64_32 /Users/admin/builder/spi-builder-workspace/.derivedData/ModuleCache.noindex/CoreFoundation-2WN2GWDD3XFIB7PUN7AGTCXVV.pcm
SwiftExplicitDependencyGeneratePcm armv7k /Users/admin/builder/spi-builder-workspace/.derivedData/ModuleCache.noindex/XPC-9DTZ8AF9XTWF42TLLJ49FJTST.pcm
SwiftExplicitDependencyGeneratePcm armv7k /Users/admin/builder/spi-builder-workspace/.derivedData/ModuleCache.noindex/CoreFoundation-7GHF7X5P6ZD825PTKSHFN9ZI4.pcm
SwiftExplicitDependencyGeneratePcm arm64 /Users/admin/builder/spi-builder-workspace/.derivedData/ModuleCache.noindex/CoreFoundation-DJJGOYJ4YNQ64CSPYCZOO8QAP.pcm
SwiftExplicitDependencyGeneratePcm arm64 /Users/admin/builder/spi-builder-workspace/.derivedData/ModuleCache.noindex/XPC-BSDTMJV05ILJA5FSICCCI2OL5.pcm
SwiftExplicitDependencyGeneratePcm arm64_32 /Users/admin/builder/spi-builder-workspace/.derivedData/ModuleCache.noindex/Security-7N2K583MEDYU75HOC5BPDGNTH.pcm
SwiftExplicitDependencyGeneratePcm armv7k /Users/admin/builder/spi-builder-workspace/.derivedData/ModuleCache.noindex/Security-7SE760WZ2OEJ7HFR5VXFCZI9G.pcm
SwiftExplicitDependencyGeneratePcm arm64 /Users/admin/builder/spi-builder-workspace/.derivedData/ModuleCache.noindex/Security-AURWBFXY7JXCFHSY4JJOY36RH.pcm
SwiftExplicitDependencyGeneratePcm armv7k /Users/admin/builder/spi-builder-workspace/.derivedData/ModuleCache.noindex/Foundation-EPSSWBF5ZPDOEQV0Z1H7HHJ2F.pcm
SwiftExplicitDependencyGeneratePcm arm64_32 /Users/admin/builder/spi-builder-workspace/.derivedData/ModuleCache.noindex/Foundation-83JWXXASQB5K8FJA2ZIQES3E6.pcm
SwiftExplicitDependencyGeneratePcm arm64 /Users/admin/builder/spi-builder-workspace/.derivedData/ModuleCache.noindex/Foundation-EK2FWRD3ACYA8LSCWDBUAPYS5.pcm
SwiftCompile normal arm64_32 Compiling\ SPARQLSerializer.swift /Users/admin/builder/spi-builder-workspace/Sources/SPARQLSyntax/SPARQLSerializer.swift (in target 'SPARQLSyntax' from project 'SPARQLSyntax')
SwiftCompile normal arm64_32 /Users/admin/builder/spi-builder-workspace/Sources/SPARQLSyntax/SPARQLSerializer.swift (in target 'SPARQLSyntax' from project 'SPARQLSyntax')
cd /Users/admin/builder/spi-builder-workspace/.swiftpm/xcode
SwiftCompile normal arm64_32 Compiling\ XSD.swift /Users/admin/builder/spi-builder-workspace/Sources/SPARQLSyntax/XSD.swift (in target 'SPARQLSyntax' from project 'SPARQLSyntax')
SwiftCompile normal arm64_32 /Users/admin/builder/spi-builder-workspace/Sources/SPARQLSyntax/XSD.swift (in target 'SPARQLSyntax' from project 'SPARQLSyntax')
cd /Users/admin/builder/spi-builder-workspace/.swiftpm/xcode
SwiftCompile normal arm64_32 Compiling\ SPARQLSyntax.swift /Users/admin/builder/spi-builder-workspace/Sources/SPARQLSyntax/SPARQLSyntax.swift (in target 'SPARQLSyntax' from project 'SPARQLSyntax')
SwiftCompile normal arm64_32 /Users/admin/builder/spi-builder-workspace/Sources/SPARQLSyntax/SPARQLSyntax.swift (in target 'SPARQLSyntax' from project 'SPARQLSyntax')
cd /Users/admin/builder/spi-builder-workspace/.swiftpm/xcode
SwiftCompile normal arm64_32 Compiling\ Window.swift /Users/admin/builder/spi-builder-workspace/Sources/SPARQLSyntax/Window.swift (in target 'SPARQLSyntax' from project 'SPARQLSyntax')
SwiftCompile normal arm64_32 /Users/admin/builder/spi-builder-workspace/Sources/SPARQLSyntax/Window.swift (in target 'SPARQLSyntax' from project 'SPARQLSyntax')
cd /Users/admin/builder/spi-builder-workspace/.swiftpm/xcode
SwiftCompile normal arm64_32 Compiling\ SPARQLParser.swift /Users/admin/builder/spi-builder-workspace/Sources/SPARQLSyntax/SPARQLParser.swift (in target 'SPARQLSyntax' from project 'SPARQLSyntax')
SwiftCompile normal arm64_32 /Users/admin/builder/spi-builder-workspace/Sources/SPARQLSyntax/SPARQLParser.swift (in target 'SPARQLSyntax' from project 'SPARQLSyntax')
cd /Users/admin/builder/spi-builder-workspace/.swiftpm/xcode
SwiftCompile normal arm64_32 Compiling\ RDFSerialization.swift,\ SPARQLLexer.swift /Users/admin/builder/spi-builder-workspace/Sources/SPARQLSyntax/RDFSerialization.swift /Users/admin/builder/spi-builder-workspace/Sources/SPARQLSyntax/SPARQLLexer.swift (in target 'SPARQLSyntax' from project 'SPARQLSyntax')
SwiftCompile normal arm64_32 /Users/admin/builder/spi-builder-workspace/Sources/SPARQLSyntax/RDFSerialization.swift (in target 'SPARQLSyntax' from project 'SPARQLSyntax')
cd /Users/admin/builder/spi-builder-workspace/.swiftpm/xcode
SwiftCompile normal arm64_32 /Users/admin/builder/spi-builder-workspace/Sources/SPARQLSyntax/SPARQLLexer.swift (in target 'SPARQLSyntax' from project 'SPARQLSyntax')
cd /Users/admin/builder/spi-builder-workspace/.swiftpm/xcode
SwiftEmitModule normal arm64_32 Emitting\ module\ for\ SPARQLSyntax (in target 'SPARQLSyntax' from project 'SPARQLSyntax')
Failed frontend command:
/Applications/Xcode-26.5.0.app/Contents/Developer/Toolchains/XcodeDefault.xctoolchain/usr/bin/swift-frontend -frontend -emit-module -experimental-skip-non-inlinable-function-bodies-without-types /Users/admin/builder/spi-builder-workspace/Sources/SPARQLSyntax/Aggregation.swift /Users/admin/builder/spi-builder-workspace/Sources/SPARQLSyntax/Algebra.swift /Users/admin/builder/spi-builder-workspace/Sources/SPARQLSyntax/Expression.swift /Users/admin/builder/spi-builder-workspace/Sources/SPARQLSyntax/IRI.swift /Users/admin/builder/spi-builder-workspace/Sources/SPARQLSyntax/PropertyPath.swift /Users/admin/builder/spi-builder-workspace/Sources/SPARQLSyntax/Query.swift /Users/admin/builder/spi-builder-workspace/Sources/SPARQLSyntax/RDF.swift /Users/admin/builder/spi-builder-workspace/Sources/SPARQLSyntax/RDFPatterns.swift /Users/admin/builder/spi-builder-workspace/Sources/SPARQLSyntax/RDFSerialization.swift /Users/admin/builder/spi-builder-workspace/Sources/SPARQLSyntax/SPARQLLexer.swift /Users/admin/builder/spi-builder-workspace/Sources/SPARQLSyntax/SPARQLParser.swift /Users/admin/builder/spi-builder-workspace/Sources/SPARQLSyntax/SPARQLSerializer.swift /Users/admin/builder/spi-builder-workspace/Sources/SPARQLSyntax/SPARQLSyntax.swift /Users/admin/builder/spi-builder-workspace/Sources/SPARQLSyntax/Window.swift /Users/admin/builder/spi-builder-workspace/Sources/SPARQLSyntax/XSD.swift -target arm64_32-apple-watchos5.0 -load-resolved-plugin /Applications/Xcode-26.5.0.app/Contents/Developer/Platforms/WatchOS.platform/Developer/usr/lib/swift/host/plugins/libFoundationMacros.dylib\#/Applications/Xcode-26.5.0.app/Contents/Developer/Platforms/WatchOS.platform/Developer/usr/bin/swift-plugin-server\#FoundationMacros -load-resolved-plugin /Applications/Xcode-26.5.0.app/Contents/Developer/Platforms/WatchOS.platform/Developer/usr/lib/swift/host/plugins/libObservationMacros.dylib\#/Applications/Xcode-26.5.0.app/Contents/Developer/Platforms/WatchOS.platform/Developer/usr/bin/swift-plugin-server\#ObservationMacros -load-resolved-plugin /Applications/Xcode-26.5.0.app/Contents/Developer/Platforms/WatchOS.platform/Developer/usr/lib/swift/host/plugins/libSwiftMacros.dylib\#/Applications/Xcode-26.5.0.app/Contents/Developer/Platforms/WatchOS.platform/Developer/usr/bin/swift-plugin-server\#SwiftMacros -disable-implicit-swift-modules -Xcc -fno-implicit-modules -Xcc -fno-implicit-module-maps -explicit-swift-module-map-file /Users/admin/builder/spi-builder-workspace/.derivedData/Build/Intermediates.noindex/SPARQLSyntax.build/Debug-watchos/SPARQLSyntax.build/Objects-normal/arm64_32/SPARQLSyntax-dependencies-2.json -enable-objc-interop -sdk /Applications/Xcode-26.5.0.app/Contents/Developer/Platforms/WatchOS.platform/Developer/SDKs/WatchOS26.5.sdk -I /Users/admin/builder/spi-builder-workspace/.derivedData/Build/Products/Debug-watchos -Isystem /Applications/Xcode-26.5.0.app/Contents/Developer/Platforms/WatchOS.platform/Developer/usr/lib -F /Users/admin/builder/spi-builder-workspace/.derivedData/Build/Products/Debug-watchos/PackageFrameworks -F /Users/admin/builder/spi-builder-workspace/.derivedData/Build/Products/Debug-watchos -F /Applications/Xcode-26.5.0.app/Contents/Developer/Platforms/WatchOS.platform/Developer/Library/Frameworks -F /Applications/Xcode-26.5.0.app/Contents/Developer/Platforms/WatchOS.platform/Developer/SDKs/WatchOS26.5.sdk/Developer/Library/Frameworks -no-color-diagnostics -Xcc -fno-color-diagnostics -enable-testing -g -debug-info-format\=dwarf -dwarf-version\=4 -module-cache-path /Users/admin/builder/spi-builder-workspace/.derivedData/Build/Intermediates.noindex/SwiftExplicitPrecompiledModules -profile-generate -profile-coverage-mapping -swift-version 6 -Onone -D SWIFT_PACKAGE -D DEBUG -D SWIFT_MODULE_RESOURCE_BUNDLE_UNAVAILABLE -D Xcode -serialize-debugging-options -const-gather-protocols-file /Users/admin/builder/spi-builder-workspace/.derivedData/Build/Intermediates.noindex/SPARQLSyntax.build/Debug-watchos/SPARQLSyntax.build/Objects-normal/arm64_32/SPARQLSyntax_const_extract_protocols.json -enable-experimental-feature DebugDescriptionMacro -empty-abi-descriptor -validate-clang-modules-once -clang-build-session-file /Users/admin/builder/spi-builder-workspace/.derivedData/ModuleCache.noindex/Session.modulevalidation -Xcc -working-directory -Xcc /Users/admin/builder/spi-builder-workspace/.swiftpm/xcode -enable-anonymous-context-mangled-names -file-compilation-dir /Users/admin/builder/spi-builder-workspace/.swiftpm/xcode -Xcc -fmodule-map-file\=/Users/admin/builder/spi-builder-workspace/.derivedData/Build/Intermediates.noindex/GeneratedModuleMaps-watchos/serd.modulemap -Xcc -D_LIBCPP_HARDENING_MODE\=_LIBCPP_HARDENING_MODE_DEBUG -Xcc -ivfsstatcache -Xcc /Users/admin/builder/spi-builder-workspace/.derivedData/SDKStatCaches.noindex/watchos26.5-23T570-688ef53f1462e2c8f657fdc38a81448f7931b973dfc65d9472806dbbc3af9379.sdkstatcache -Xcc -I/Users/admin/builder/spi-builder-workspace/.derivedData/Build/Intermediates.noindex/SPARQLSyntax.build/Debug-watchos/SPARQLSyntax.build/swift-overrides.hmap -Xcc -I/Users/admin/builder/spi-builder-workspace/.dependencies/checkouts/swift-serd/Sources/serd/include -Xcc -I/Users/admin/builder/spi-builder-workspace/.derivedData/Build/Products/Debug-watchos/include -Xcc -I/Users/admin/builder/spi-builder-workspace/.derivedData/Build/Intermediates.noindex/SPARQLSyntax.build/Debug-watchos/SPARQLSyntax.build/DerivedSources-normal/arm64_32 -Xcc -I/Users/admin/builder/spi-builder-workspace/.derivedData/Build/Intermediates.noindex/SPARQLSyntax.build/Debug-watchos/SPARQLSyntax.build/DerivedSources/arm64_32 -Xcc -I/Users/admin/builder/spi-builder-workspace/.derivedData/Build/Intermediates.noindex/SPARQLSyntax.build/Debug-watchos/SPARQLSyntax.build/DerivedSources -Xcc -DSWIFT_PACKAGE -Xcc -DDEBUG\=1 -no-auto-bridging-header-chaining -module-name SPARQLSyntax -package-name spi_builder_workspace -frontend-parseable-output -disable-clang-spi -clang-target arm64_32-apple-watchos26.5 -target-sdk-version 26.5 -target-sdk-name watchos26.5 -in-process-plugin-server-path /Applications/Xcode-26.5.0.app/Contents/Developer/Toolchains/XcodeDefault.xctoolchain/usr/lib/swift/host/libSwiftInProcPluginServer.dylib -emit-module-doc-path /Users/admin/builder/spi-builder-workspace/.derivedData/Build/Intermediates.noindex/SPARQLSyntax.build/Debug-watchos/SPARQLSyntax.build/Objects-normal/arm64_32/SPARQLSyntax.swiftdoc -emit-module-source-info-path /Users/admin/builder/spi-builder-workspace/.derivedData/Build/Intermediates.noindex/SPARQLSyntax.build/Debug-watchos/SPARQLSyntax.build/Objects-normal/arm64_32/SPARQLSyntax.swiftsourceinfo -emit-objc-header-path /Users/admin/builder/spi-builder-workspace/.derivedData/Build/Intermediates.noindex/SPARQLSyntax.build/Debug-watchos/SPARQLSyntax.build/Objects-normal/arm64_32/SPARQLSyntax-Swift.h -serialize-diagnostics-path /Users/admin/builder/spi-builder-workspace/.derivedData/Build/Intermediates.noindex/SPARQLSyntax.build/Debug-watchos/SPARQLSyntax.build/Objects-normal/arm64_32/SPARQLSyntax-primary-emit-module.dia -emit-dependencies-path /Users/admin/builder/spi-builder-workspace/.derivedData/Build/Intermediates.noindex/SPARQLSyntax.build/Debug-watchos/SPARQLSyntax.build/Objects-normal/arm64_32/SPARQLSyntax-primary-emit-module.d -o /Users/admin/builder/spi-builder-workspace/.derivedData/Build/Intermediates.noindex/SPARQLSyntax.build/Debug-watchos/SPARQLSyntax.build/Objects-normal/arm64_32/SPARQLSyntax.swiftmodule -emit-abi-descriptor-path /Users/admin/builder/spi-builder-workspace/.derivedData/Build/Intermediates.noindex/SPARQLSyntax.build/Debug-watchos/SPARQLSyntax.build/Objects-normal/arm64_32/SPARQLSyntax.abi.json
EmitSwiftModule normal arm64_32 (in target 'SPARQLSyntax' from project 'SPARQLSyntax')
cd /Users/admin/builder/spi-builder-workspace/.swiftpm/xcode
/Users/admin/builder/spi-builder-workspace/Sources/SPARQLSyntax/RDF.swift:266:16: error: 'Regex' is only available in watchOS 9.0 or newer
return #/^[-+]?[0-9]+$/#.anchorsMatchLineEndings()
^
/Users/admin/builder/spi-builder-workspace/Sources/SPARQLSyntax/RDF.swift:266:16: note: add 'if #available' version check
return #/^[-+]?[0-9]+$/#.anchorsMatchLineEndings()
^
/Users/admin/builder/spi-builder-workspace/Sources/SPARQLSyntax/RDF.swift:265:44: note: add '@available' attribute to enclosing static property
nonisolated(unsafe) private static let _integerPattern: Regex = {
^
/Users/admin/builder/spi-builder-workspace/Sources/SPARQLSyntax/RDF.swift:167:15: note: add '@available' attribute to enclosing struct
public struct Term: CustomStringConvertible, CustomDebugStringConvertible, Hashable, Codable, Sendable {
^
/Users/admin/builder/spi-builder-workspace/Sources/SPARQLSyntax/RDF.swift:266:34: error: 'anchorsMatchLineEndings' is only available in watchOS 9.0 or newer
return #/^[-+]?[0-9]+$/#.anchorsMatchLineEndings()
^
/Users/admin/builder/spi-builder-workspace/Sources/SPARQLSyntax/RDF.swift:266:34: note: add 'if #available' version check
return #/^[-+]?[0-9]+$/#.anchorsMatchLineEndings()
^
/Users/admin/builder/spi-builder-workspace/Sources/SPARQLSyntax/RDF.swift:265:44: note: add '@available' attribute to enclosing static property
nonisolated(unsafe) private static let _integerPattern: Regex = {
^
/Users/admin/builder/spi-builder-workspace/Sources/SPARQLSyntax/RDF.swift:167:15: note: add '@available' attribute to enclosing struct
public struct Term: CustomStringConvertible, CustomDebugStringConvertible, Hashable, Codable, Sendable {
^
/Users/admin/builder/spi-builder-workspace/Sources/SPARQLSyntax/RDF.swift:265:61: error: 'Regex' is only available in watchOS 9.0 or newer
nonisolated(unsafe) private static let _integerPattern: Regex = {
^
/Users/admin/builder/spi-builder-workspace/Sources/SPARQLSyntax/RDF.swift:265:44: note: add '@available' attribute to enclosing static property
nonisolated(unsafe) private static let _integerPattern: Regex = {
^
/Users/admin/builder/spi-builder-workspace/Sources/SPARQLSyntax/RDF.swift:167:15: note: add '@available' attribute to enclosing struct
public struct Term: CustomStringConvertible, CustomDebugStringConvertible, Hashable, Codable, Sendable {
^
/Users/admin/builder/spi-builder-workspace/Sources/SPARQLSyntax/RDF.swift:270:16: error: 'Regex' is only available in watchOS 9.0 or newer
return #/^[-+]?([0-9]+([.][0-9]*)?|[.]\d+)$/#.anchorsMatchLineEndings()
^
/Users/admin/builder/spi-builder-workspace/Sources/SPARQLSyntax/RDF.swift:270:16: note: add 'if #available' version check
return #/^[-+]?([0-9]+([.][0-9]*)?|[.]\d+)$/#.anchorsMatchLineEndings()
^
/Users/admin/builder/spi-builder-workspace/Sources/SPARQLSyntax/RDF.swift:269:44: note: add '@available' attribute to enclosing static property
nonisolated(unsafe) private static let _decimalPattern: Regex = {
^
/Users/admin/builder/spi-builder-workspace/Sources/SPARQLSyntax/RDF.swift:167:15: note: add '@available' attribute to enclosing struct
public struct Term: CustomStringConvertible, CustomDebugStringConvertible, Hashable, Codable, Sendable {
^
/Users/admin/builder/spi-builder-workspace/Sources/SPARQLSyntax/RDF.swift:270:55: error: 'anchorsMatchLineEndings' is only available in watchOS 9.0 or newer
return #/^[-+]?([0-9]+([.][0-9]*)?|[.]\d+)$/#.anchorsMatchLineEndings()
^
/Users/admin/builder/spi-builder-workspace/Sources/SPARQLSyntax/RDF.swift:270:55: note: add 'if #available' version check
return #/^[-+]?([0-9]+([.][0-9]*)?|[.]\d+)$/#.anchorsMatchLineEndings()
^
/Users/admin/builder/spi-builder-workspace/Sources/SPARQLSyntax/RDF.swift:269:44: note: add '@available' attribute to enclosing static property
nonisolated(unsafe) private static let _decimalPattern: Regex = {
^
/Users/admin/builder/spi-builder-workspace/Sources/SPARQLSyntax/RDF.swift:167:15: note: add '@available' attribute to enclosing struct
public struct Term: CustomStringConvertible, CustomDebugStringConvertible, Hashable, Codable, Sendable {
^
/Users/admin/builder/spi-builder-workspace/Sources/SPARQLSyntax/RDF.swift:269:61: error: 'Regex' is only available in watchOS 9.0 or newer
nonisolated(unsafe) private static let _decimalPattern: Regex = {
^
/Users/admin/builder/spi-builder-workspace/Sources/SPARQLSyntax/RDF.swift:269:44: note: add '@available' attribute to enclosing static property
nonisolated(unsafe) private static let _decimalPattern: Regex = {
^
/Users/admin/builder/spi-builder-workspace/Sources/SPARQLSyntax/RDF.swift:167:15: note: add '@available' attribute to enclosing struct
public struct Term: CustomStringConvertible, CustomDebugStringConvertible, Hashable, Codable, Sendable {
^
/Users/admin/builder/spi-builder-workspace/Sources/SPARQLSyntax/RDF.swift:274:16: error: 'Regex' is only available in watchOS 9.0 or newer
return #/^[-+]?(\d+([.]\d*)?|[.]\d+)([eE]([-+])?\d+)?$/#.anchorsMatchLineEndings()
^
/Users/admin/builder/spi-builder-workspace/Sources/SPARQLSyntax/RDF.swift:274:16: note: add 'if #available' version check
return #/^[-+]?(\d+([.]\d*)?|[.]\d+)([eE]([-+])?\d+)?$/#.anchorsMatchLineEndings()
^
/Users/admin/builder/spi-builder-workspace/Sources/SPARQLSyntax/RDF.swift:273:44: note: add '@available' attribute to enclosing static property
nonisolated(unsafe) private static let _doublePattern: Regex = {
^
/Users/admin/builder/spi-builder-workspace/Sources/SPARQLSyntax/RDF.swift:167:15: note: add '@available' attribute to enclosing struct
public struct Term: CustomStringConvertible, CustomDebugStringConvertible, Hashable, Codable, Sendable {
^
/Users/admin/builder/spi-builder-workspace/Sources/SPARQLSyntax/RDF.swift:274:66: error: 'anchorsMatchLineEndings' is only available in watchOS 9.0 or newer
return #/^[-+]?(\d+([.]\d*)?|[.]\d+)([eE]([-+])?\d+)?$/#.anchorsMatchLineEndings()
^
/Users/admin/builder/spi-builder-workspace/Sources/SPARQLSyntax/RDF.swift:274:66: note: add 'if #available' version check
return #/^[-+]?(\d+([.]\d*)?|[.]\d+)([eE]([-+])?\d+)?$/#.anchorsMatchLineEndings()
^
/Users/admin/builder/spi-builder-workspace/Sources/SPARQLSyntax/RDF.swift:273:44: note: add '@available' attribute to enclosing static property
nonisolated(unsafe) private static let _doublePattern: Regex = {
^
/Users/admin/builder/spi-builder-workspace/Sources/SPARQLSyntax/RDF.swift:167:15: note: add '@available' attribute to enclosing struct
public struct Term: CustomStringConvertible, CustomDebugStringConvertible, Hashable, Codable, Sendable {
^
/Users/admin/builder/spi-builder-workspace/Sources/SPARQLSyntax/RDF.swift:273:60: error: 'Regex' is only available in watchOS 9.0 or newer
nonisolated(unsafe) private static let _doublePattern: Regex = {
^
/Users/admin/builder/spi-builder-workspace/Sources/SPARQLSyntax/RDF.swift:273:44: note: add '@available' attribute to enclosing static property
nonisolated(unsafe) private static let _doublePattern: Regex = {
^
/Users/admin/builder/spi-builder-workspace/Sources/SPARQLSyntax/RDF.swift:167:15: note: add '@available' attribute to enclosing struct
public struct Term: CustomStringConvertible, CustomDebugStringConvertible, Hashable, Codable, Sendable {
^
/Users/admin/builder/spi-builder-workspace/Sources/SPARQLSyntax/SPARQLLexer.swift:308:38: error: result builder 'AlternationBuilder' does not implement any 'buildBlock' or a combination of 'buildPartialBlock(first:)' and 'buildPartialBlock(accumulated:next:)' with sufficient availability for this call site
let PN_CHARS_BASE = ChoiceOf {
^
/Users/admin/builder/spi-builder-workspace/Sources/SPARQLSyntax/SPARQLLexer.swift:308:29: error: generic parameter 'Output' could not be inferred
let PN_CHARS_BASE = ChoiceOf {
^
/Users/admin/builder/spi-builder-workspace/Sources/SPARQLSyntax/SPARQLLexer.swift:308:29: note: explicitly specify the generic arguments to fix this issue
let PN_CHARS_BASE = ChoiceOf {
^
<Any>
/Users/admin/builder/spi-builder-workspace/Sources/SPARQLSyntax/SPARQLLexer.swift:308:29: error: referencing initializer 'init(_:_:)' on 'RegexComponent' requires the types 'ChoiceOf<Output>' and 'CharacterClass' be equivalent
let PN_CHARS_BASE = ChoiceOf {
^
RegexBuilder.RegexComponent:2:11: note: where 'Self' = 'ChoiceOf<Output>'
extension RegexComponent where Self == CharacterClass {
^
/Users/admin/builder/spi-builder-workspace/Sources/SPARQLSyntax/SPARQLLexer.swift:308:38: error: trailing closure passed to parameter of type 'CharacterClass' that does not accept a closure
let PN_CHARS_BASE = ChoiceOf {
^
RegexBuilder.RegexComponent.init:2:8: note: 'init(_:_:)' declared here
public init(_ first: CharacterClass, _ rest: CharacterClass...)}
^
/Users/admin/builder/spi-builder-workspace/Sources/SPARQLSyntax/SPARQLLexer.swift:364:26: error: result builder 'AlternationBuilder' does not implement any 'buildBlock' or a combination of 'buildPartialBlock(first:)' and 'buildPartialBlock(accumulated:next:)' with sufficient availability for this call site
ChoiceOf {
^
/Users/admin/builder/spi-builder-workspace/Sources/SPARQLSyntax/SPARQLLexer.swift:364:26: error: result builder 'AlternationBuilder' does not implement any 'buildBlock' or a combination of 'buildPartialBlock(first:)' and 'buildPartialBlock(accumulated:next:)' with sufficient availability for this call site
ChoiceOf {
^
/Users/admin/builder/spi-builder-workspace/Sources/SPARQLSyntax/SPARQLLexer.swift:364:26: error: result builder 'AlternationBuilder' does not implement any 'buildBlock' or a combination of 'buildPartialBlock(first:)' and 'buildPartialBlock(accumulated:next:)' with sufficient availability for this call site
ChoiceOf {
^
/Users/admin/builder/spi-builder-workspace/Sources/SPARQLSyntax/SPARQLLexer.swift:364:26: error: result builder 'AlternationBuilder' does not implement any 'buildBlock' or a combination of 'buildPartialBlock(first:)' and 'buildPartialBlock(accumulated:next:)' with sufficient availability for this call site
ChoiceOf {
^
/Users/admin/builder/spi-builder-workspace/Sources/SPARQLSyntax/SPARQLLexer.swift:364:26: error: result builder 'AlternationBuilder' does not implement any 'buildBlock' or a combination of 'buildPartialBlock(first:)' and 'buildPartialBlock(accumulated:next:)' with sufficient availability for this call site
ChoiceOf {
^
/Users/admin/builder/spi-builder-workspace/Sources/SPARQLSyntax/SPARQLLexer.swift:364:26: error: result builder 'AlternationBuilder' does not implement any 'buildBlock' or a combination of 'buildPartialBlock(first:)' and 'buildPartialBlock(accumulated:next:)' with sufficient availability for this call site
ChoiceOf {
^
/Users/admin/builder/spi-builder-workspace/Sources/SPARQLSyntax/SPARQLLexer.swift:364:26: error: result builder 'AlternationBuilder' does not implement any 'buildBlock' or a combination of 'buildPartialBlock(first:)' and 'buildPartialBlock(accumulated:next:)' with sufficient availability for this call site
ChoiceOf {
^
/Users/admin/builder/spi-builder-workspace/Sources/SPARQLSyntax/SPARQLLexer.swift:364:26: error: result builder 'AlternationBuilder' does not implement any 'buildBlock' or a combination of 'buildPartialBlock(first:)' and 'buildPartialBlock(accumulated:next:)' with sufficient availability for this call site
ChoiceOf {
^
/Users/admin/builder/spi-builder-workspace/Sources/SPARQLSyntax/SPARQLLexer.swift:364:26: error: result builder 'AlternationBuilder' does not implement any 'buildBlock' or a combination of 'buildPartialBlock(first:)' and 'buildPartialBlock(accumulated:next:)' with sufficient availability for this call site
ChoiceOf {
^
/Users/admin/builder/spi-builder-workspace/Sources/SPARQLSyntax/SPARQLLexer.swift:364:26: error: result builder 'AlternationBuilder' does not implement any 'buildBlock' or a combination of 'buildPartialBlock(first:)' and 'buildPartialBlock(accumulated:next:)' with sufficient availability for this call site
ChoiceOf {
^
/Users/admin/builder/spi-builder-workspace/Sources/SPARQLSyntax/SPARQLLexer.swift:364:26: error: result builder 'AlternationBuilder' does not implement any 'buildBlock' or a combination of 'buildPartialBlock(first:)' and 'buildPartialBlock(accumulated:next:)' with sufficient availability for this call site
ChoiceOf {
^
/Users/admin/builder/spi-builder-workspace/Sources/SPARQLSyntax/SPARQLLexer.swift:364:26: error: result builder 'AlternationBuilder' does not implement any 'buildBlock' or a combination of 'buildPartialBlock(first:)' and 'buildPartialBlock(accumulated:next:)' with sufficient availability for this call site
ChoiceOf {
^
/Users/admin/builder/spi-builder-workspace/Sources/SPARQLSyntax/SPARQLLexer.swift:364:26: error: result builder 'AlternationBuilder' does not implement any 'buildBlock' or a combination of 'buildPartialBlock(first:)' and 'buildPartialBlock(accumulated:next:)' with sufficient availability for this call site
ChoiceOf {
^
/Users/admin/builder/spi-builder-workspace/Sources/SPARQLSyntax/SPARQLLexer.swift:364:26: error: result builder 'AlternationBuilder' does not implement any 'buildBlock' or a combination of 'buildPartialBlock(first:)' and 'buildPartialBlock(accumulated:next:)' with sufficient availability for this call site
ChoiceOf {
^
/Users/admin/builder/spi-builder-workspace/Sources/SPARQLSyntax/SPARQLLexer.swift:364:26: error: result builder 'AlternationBuilder' does not implement any 'buildBlock' or a combination of 'buildPartialBlock(first:)' and 'buildPartialBlock(accumulated:next:)' with sufficient availability for this call site
ChoiceOf {
^
/Users/admin/builder/spi-builder-workspace/Sources/SPARQLSyntax/SPARQLLexer.swift:364:26: error: result builder 'AlternationBuilder' does not implement any 'buildBlock' or a combination of 'buildPartialBlock(first:)' and 'buildPartialBlock(accumulated:next:)' with sufficient availability for this call site
ChoiceOf {
^
/Users/admin/builder/spi-builder-workspace/Sources/SPARQLSyntax/SPARQLLexer.swift:364:26: error: result builder 'AlternationBuilder' does not implement any 'buildBlock' or a combination of 'buildPartialBlock(first:)' and 'buildPartialBlock(accumulated:next:)' with sufficient availability for this call site
ChoiceOf {
^
/Users/admin/builder/spi-builder-workspace/Sources/SPARQLSyntax/SPARQLLexer.swift:364:26: error: result builder 'AlternationBuilder' does not implement any 'buildBlock' or a combination of 'buildPartialBlock(first:)' and 'buildPartialBlock(accumulated:next:)' with sufficient availability for this call site
ChoiceOf {
^
/Users/admin/builder/spi-builder-workspace/Sources/SPARQLSyntax/SPARQLLexer.swift:364:26: error: result builder 'AlternationBuilder' does not implement any 'buildBlock' or a combination of 'buildPartialBlock(first:)' and 'buildPartialBlock(accumulated:next:)' with sufficient availability for this call site
ChoiceOf {
^
/Users/admin/builder/spi-builder-workspace/Sources/SPARQLSyntax/SPARQLLexer.swift:364:26: error: result builder 'AlternationBuilder' does not implement any 'buildBlock' or a combination of 'buildPartialBlock(first:)' and 'buildPartialBlock(accumulated:next:)' with sufficient availability for this call site
ChoiceOf {
^
/Users/admin/builder/spi-builder-workspace/Sources/SPARQLSyntax/SPARQLLexer.swift:364:26: error: result builder 'AlternationBuilder' does not implement any 'buildBlock' or a combination of 'buildPartialBlock(first:)' and 'buildPartialBlock(accumulated:next:)' with sufficient availability for this call site
ChoiceOf {
^
/Users/admin/builder/spi-builder-workspace/Sources/SPARQLSyntax/SPARQLLexer.swift:364:26: error: result builder 'AlternationBuilder' does not implement any 'buildBlock' or a combination of 'buildPartialBlock(first:)' and 'buildPartialBlock(accumulated:next:)' with sufficient availability for this call site
ChoiceOf {
^
/Users/admin/builder/spi-builder-workspace/Sources/SPARQLSyntax/SPARQLLexer.swift:364:26: error: result builder 'AlternationBuilder' does not implement any 'buildBlock' or a combination of 'buildPartialBlock(first:)' and 'buildPartialBlock(accumulated:next:)' with sufficient availability for this call site
ChoiceOf {
^
/Users/admin/builder/spi-builder-workspace/Sources/SPARQLSyntax/SPARQLLexer.swift:364:26: error: result builder 'AlternationBuilder' does not implement any 'buildBlock' or a combination of 'buildPartialBlock(first:)' and 'buildPartialBlock(accumulated:next:)' with sufficient availability for this call site
ChoiceOf {
^
/Users/admin/builder/spi-builder-workspace/Sources/SPARQLSyntax/SPARQLLexer.swift:364:26: error: result builder 'AlternationBuilder' does not implement any 'buildBlock' or a combination of 'buildPartialBlock(first:)' and 'buildPartialBlock(accumulated:next:)' with sufficient availability for this call site
ChoiceOf {
^
/Users/admin/builder/spi-builder-workspace/Sources/SPARQLSyntax/SPARQLLexer.swift:364:26: error: result builder 'AlternationBuilder' does not implement any 'buildBlock' or a combination of 'buildPartialBlock(first:)' and 'buildPartialBlock(accumulated:next:)' with sufficient availability for this call site
ChoiceOf {
^
/Users/admin/builder/spi-builder-workspace/Sources/SPARQLSyntax/SPARQLLexer.swift:364:26: error: result builder 'AlternationBuilder' does not implement any 'buildBlock' or a combination of 'buildPartialBlock(first:)' and 'buildPartialBlock(accumulated:next:)' with sufficient availability for this call site
ChoiceOf {
^
/Users/admin/builder/spi-builder-workspace/Sources/SPARQLSyntax/SPARQLLexer.swift:364:26: error: result builder 'AlternationBuilder' does not implement any 'buildBlock' or a combination of 'buildPartialBlock(first:)' and 'buildPartialBlock(accumulated:next:)' with sufficient availability for this call site
ChoiceOf {
^
/Users/admin/builder/spi-builder-workspace/Sources/SPARQLSyntax/SPARQLLexer.swift:364:26: error: result builder 'AlternationBuilder' does not implement any 'buildBlock' or a combination of 'buildPartialBlock(first:)' and 'buildPartialBlock(accumulated:next:)' with sufficient availability for this call site
ChoiceOf {
^
/Users/admin/builder/spi-builder-workspace/Sources/SPARQLSyntax/SPARQLLexer.swift:364:26: error: result builder 'AlternationBuilder' does not implement any 'buildBlock' or a combination of 'buildPartialBlock(first:)' and 'buildPartialBlock(accumulated:next:)' with sufficient availability for this call site
ChoiceOf {
^
/Users/admin/builder/spi-builder-workspace/Sources/SPARQLSyntax/SPARQLLexer.swift:364:26: error: result builder 'AlternationBuilder' does not implement any 'buildBlock' or a combination of 'buildPartialBlock(first:)' and 'buildPartialBlock(accumulated:next:)' with sufficient availability for this call site
ChoiceOf {
^
/Users/admin/builder/spi-builder-workspace/Sources/SPARQLSyntax/SPARQLLexer.swift:364:26: error: result builder 'AlternationBuilder' does not implement any 'buildBlock' or a combination of 'buildPartialBlock(first:)' and 'buildPartialBlock(accumulated:next:)' with sufficient availability for this call site
ChoiceOf {
^
/Users/admin/builder/spi-builder-workspace/Sources/SPARQLSyntax/SPARQLLexer.swift:364:26: error: result builder 'AlternationBuilder' does not implement any 'buildBlock' or a combination of 'buildPartialBlock(first:)' and 'buildPartialBlock(accumulated:next:)' with sufficient availability for this call site
ChoiceOf {
^
/Users/admin/builder/spi-builder-workspace/Sources/SPARQLSyntax/SPARQLLexer.swift:362:23: error: trailing closure passed to parameter of type 'String' that does not accept a closure
let r = Regex {
^
_StringProcessing.Regex.init:2:8: note: 'init(_:)' declared here
public init(_ pattern: String) throws}
^
/Users/admin/builder/spi-builder-workspace/Sources/SPARQLSyntax/SPARQLLexer.swift:391:54: error: 'Regex' is only available in watchOS 9.0 or newer
nonisolated(unsafe) private static let _aRegex = #/a\b/#
^
/Users/admin/builder/spi-builder-workspace/Sources/SPARQLSyntax/SPARQLLexer.swift:391:44: note: add '@available' attribute to enclosing static property
nonisolated(unsafe) private static let _aRegex = #/a\b/#
^
/Users/admin/builder/spi-builder-workspace/Sources/SPARQLSyntax/SPARQLLexer.swift:271:15: note: add '@available' attribute to enclosing struct
public struct SPARQLLexer: IteratorProtocol, Sendable {
^
/Users/admin/builder/spi-builder-workspace/Sources/SPARQLSyntax/SPARQLLexer.swift:393:60: error: 'Regex' is only available in watchOS 9.0 or newer
nonisolated(unsafe) private static let _booleanRegex = #/(true|false)/#.anchorsMatchLineEndings().ignoresCase()
^
/Users/admin/builder/spi-builder-workspace/Sources/SPARQLSyntax/SPARQLLexer.swift:393:44: note: add '@available' attribute to enclosing static property
nonisolated(unsafe) private static let _booleanRegex = #/(true|false)/#.anchorsMatchLineEndings().ignoresCase()
^
/Users/admin/builder/spi-builder-workspace/Sources/SPARQLSyntax/SPARQLLexer.swift:271:15: note: add '@available' attribute to enclosing struct
public struct SPARQLLexer: IteratorProtocol, Sendable {
^
/Users/admin/builder/spi-builder-workspace/Sources/SPARQLSyntax/SPARQLLexer.swift:393:77: error: 'anchorsMatchLineEndings' is only available in watchOS 9.0 or newer
nonisolated(unsafe) private static let _booleanRegex = #/(true|false)/#.anchorsMatchLineEndings().ignoresCase()
^
/Users/admin/builder/spi-builder-workspace/Sources/SPARQLSyntax/SPARQLLexer.swift:393:44: note: add '@available' attribute to enclosing static property
nonisolated(unsafe) private static let _booleanRegex = #/(true|false)/#.anchorsMatchLineEndings().ignoresCase()
^
/Users/admin/builder/spi-builder-workspace/Sources/SPARQLSyntax/SPARQLLexer.swift:271:15: note: add '@available' attribute to enclosing struct
public struct SPARQLLexer: IteratorProtocol, Sendable {
^
/Users/admin/builder/spi-builder-workspace/Sources/SPARQLSyntax/SPARQLLexer.swift:393:103: error: 'ignoresCase' is only available in watchOS 9.0 or newer
nonisolated(unsafe) private static let _booleanRegex = #/(true|false)/#.anchorsMatchLineEndings().ignoresCase()
^
/Users/admin/builder/spi-builder-workspace/Sources/SPARQLSyntax/SPARQLLexer.swift:393:44: note: add '@available' attribute to enclosing static property
nonisolated(unsafe) private static let _booleanRegex = #/(true|false)/#.anchorsMatchLineEndings().ignoresCase()
^
/Users/admin/builder/spi-builder-workspace/Sources/SPARQLSyntax/SPARQLLexer.swift:271:15: note: add '@available' attribute to enclosing struct
public struct SPARQLLexer: IteratorProtocol, Sendable {
^
/Users/admin/builder/spi-builder-workspace/Sources/SPARQLSyntax/SPARQLLexer.swift:403:38: error: result builder 'AlternationBuilder' does not implement any 'buildBlock' or a combination of 'buildPartialBlock(first:)' and 'buildPartialBlock(accumulated:next:)' with sufficient availability for this call site
let PN_CHARS_BASE = ChoiceOf {
^
/Users/admin/builder/spi-builder-workspace/Sources/SPARQLSyntax/SPARQLLexer.swift:403:29: error: referencing initializer 'init(_:_:)' on 'RegexComponent' requires the types 'ChoiceOf<Output>' and 'CharacterClass' be equivalent
let PN_CHARS_BASE = ChoiceOf {
^
RegexBuilder.RegexComponent:2:11: note: where 'Self' = 'ChoiceOf<Output>'
extension RegexComponent where Self == CharacterClass {
^
/Users/admin/builder/spi-builder-workspace/Sources/SPARQLSyntax/SPARQLLexer.swift:403:38: error: trailing closure passed to parameter of type 'CharacterClass' that does not accept a closure
let PN_CHARS_BASE = ChoiceOf {
^
RegexBuilder.RegexComponent.init:2:8: note: 'init(_:_:)' declared here
public init(_ first: CharacterClass, _ rest: CharacterClass...)}
^
/Users/admin/builder/spi-builder-workspace/Sources/SPARQLSyntax/SPARQLLexer.swift:403:29: error: generic parameter 'Output' could not be inferred
let PN_CHARS_BASE = ChoiceOf {
^
/Users/admin/builder/spi-builder-workspace/Sources/SPARQLSyntax/SPARQLLexer.swift:403:29: note: explicitly specify the generic arguments to fix this issue
let PN_CHARS_BASE = ChoiceOf {
^
<Any>
/Users/admin/builder/spi-builder-workspace/Sources/SPARQLSyntax/SPARQLLexer.swift:533:56: error: 'Regex' is only available in watchOS 9.0 or newer
nonisolated(unsafe) private static let _iriRegex = #/<([^<>"{}|^`\x{00}-\x{20}]*)>/#
^
/Users/admin/builder/spi-builder-workspace/Sources/SPARQLSyntax/SPARQLLexer.swift:533:44: note: add '@available' attribute to enclosing static property
nonisolated(unsafe) private static let _iriRegex = #/<([^<>"{}|^`\x{00}-\x{20}]*)>/#
^
/Users/admin/builder/spi-builder-workspace/Sources/SPARQLSyntax/SPARQLLexer.swift:271:15: note: add '@available' attribute to enclosing struct
public struct SPARQLLexer: IteratorProtocol, Sendable {
^
/Users/admin/builder/spi-builder-workspace/Sources/SPARQLSyntax/SPARQLLexer.swift:535:59: error: 'Regex' is only available in watchOS 9.0 or newer
nonisolated(unsafe) private static let _doubleRegex = #/(([0-9]+[.][0-9]*[eE][+-]?[0-9]+)|([.][0-9]+[eE][+-]?[0-9]+)|([0-9]+[eE][+-]?[0-9]+))/#
^
/Users/admin/builder/spi-builder-workspace/Sources/SPARQLSyntax/SPARQLLexer.swift:535:44: note: add '@available' attribute to enclosing static property
nonisolated(unsafe) private static let _doubleRegex = #/(([0-9]+[.][0-9]*[eE][+-]?[0-9]+)|([.][0-9]+[eE][+-]?[0-9]+)|([0-9]+[eE][+-]?[0-9]+))/#
^
/Users/admin/builder/spi-builder-workspace/Sources/SPARQLSyntax/SPARQLLexer.swift:271:15: note: add '@available' attribute to enclosing struct
public struct SPARQLLexer: IteratorProtocol, Sendable {
^
/Users/admin/builder/spi-builder-workspace/Sources/SPARQLSyntax/SPARQLLexer.swift:537:60: error: 'Regex' is only available in watchOS 9.0 or newer
nonisolated(unsafe) private static let _decimalRegex = #/[0-9]*[.][0-9]+/#
^
/Users/admin/builder/spi-builder-workspace/Sources/SPARQLSyntax/SPARQLLexer.swift:537:44: note: add '@available' attribute to enclosing static property
nonisolated(unsafe) private static let _decimalRegex = #/[0-9]*[.][0-9]+/#
^
/Users/admin/builder/spi-builder-workspace/Sources/SPARQLSyntax/SPARQLLexer.swift:271:15: note: add '@available' attribute to enclosing struct
public struct SPARQLLexer: IteratorProtocol, Sendable {
^
/Users/admin/builder/spi-builder-workspace/Sources/SPARQLSyntax/SPARQLLexer.swift:539:60: error: 'Regex' is only available in watchOS 9.0 or newer
nonisolated(unsafe) private static let _integerRegex = #/[0-9]+/#
^
/Users/admin/builder/spi-builder-workspace/Sources/SPARQLSyntax/SPARQLLexer.swift:539:44: note: add '@available' attribute to enclosing static property
nonisolated(unsafe) private static let _integerRegex = #/[0-9]+/#
^
/Users/admin/builder/spi-builder-workspace/Sources/SPARQLSyntax/SPARQLLexer.swift:271:15: note: add '@available' attribute to enclosing struct
public struct SPARQLLexer: IteratorProtocol, Sendable {
^
/Users/admin/builder/spi-builder-workspace/Sources/SPARQLSyntax/SPARQLLexer.swift:541:57: error: 'Regex' is only available in watchOS 9.0 or newer
nonisolated(unsafe) private static let _anonRegex = #/\[[ \u{0a}\u{0d}\u{09}]*\]/#
^
/Users/admin/builder/spi-builder-workspace/Sources/SPARQLSyntax/SPARQLLexer.swift:541:44: note: add '@available' attribute to enclosing static property
nonisolated(unsafe) private static let _anonRegex = #/\[[ \u{0a}\u{0d}\u{09}]*\]/#
^
/Users/admin/builder/spi-builder-workspace/Sources/SPARQLSyntax/SPARQLLexer.swift:271:15: note: add '@available' attribute to enclosing struct
public struct SPARQLLexer: IteratorProtocol, Sendable {
^
/Users/admin/builder/spi-builder-workspace/Sources/SPARQLSyntax/SPARQLLexer.swift:543:65: error: 'Regex' is only available in watchOS 9.0 or newer
nonisolated(unsafe) private static let _prefixOrBaseRegex = #/(prefix|base)\b/#
^
/Users/admin/builder/spi-builder-workspace/Sources/SPARQLSyntax/SPARQLLexer.swift:543:44: note: add '@available' attribute to enclosing static property
nonisolated(unsafe) private static let _prefixOrBaseRegex = #/(prefix|base)\b/#
^
/Users/admin/builder/spi-builder-workspace/Sources/SPARQLSyntax/SPARQLLexer.swift:271:15: note: add '@available' attribute to enclosing struct
public struct SPARQLLexer: IteratorProtocol, Sendable {
^
/Users/admin/builder/spi-builder-workspace/Sources/SPARQLSyntax/SPARQLLexer.swift:545:57: error: 'Regex' is only available in watchOS 9.0 or newer
nonisolated(unsafe) private static let _langRegex = #/[a-zA-Z]+(-[a-zA-Z0-9]+)*\b/#
^
/Users/admin/builder/spi-builder-workspace/Sources/SPARQLSyntax/SPARQLLexer.swift:545:44: note: add '@available' attribute to enclosing static property
nonisolated(unsafe) private static let _langRegex = #/[a-zA-Z]+(-[a-zA-Z0-9]+)*\b/#
^
/Users/admin/builder/spi-builder-workspace/Sources/SPARQLSyntax/SPARQLLexer.swift:271:15: note: add '@available' attribute to enclosing struct
public struct SPARQLLexer: IteratorProtocol, Sendable {
^
SwiftCompile normal arm64_32 Compiling\ Aggregation.swift,\ Algebra.swift /Users/admin/builder/spi-builder-workspace/Sources/SPARQLSyntax/Aggregation.swift /Users/admin/builder/spi-builder-workspace/Sources/SPARQLSyntax/Algebra.swift (in target 'SPARQLSyntax' from project 'SPARQLSyntax')
SwiftCompile normal arm64_32 /Users/admin/builder/spi-builder-workspace/Sources/SPARQLSyntax/Aggregation.swift (in target 'SPARQLSyntax' from project 'SPARQLSyntax')
cd /Users/admin/builder/spi-builder-workspace/.swiftpm/xcode
SwiftCompile normal arm64_32 /Users/admin/builder/spi-builder-workspace/Sources/SPARQLSyntax/Algebra.swift (in target 'SPARQLSyntax' from project 'SPARQLSyntax')
cd /Users/admin/builder/spi-builder-workspace/.swiftpm/xcode
SwiftCompile normal arm64_32 Compiling\ PropertyPath.swift,\ Query.swift /Users/admin/builder/spi-builder-workspace/Sources/SPARQLSyntax/PropertyPath.swift /Users/admin/builder/spi-builder-workspace/Sources/SPARQLSyntax/Query.swift (in target 'SPARQLSyntax' from project 'SPARQLSyntax')
SwiftCompile normal arm64_32 /Users/admin/builder/spi-builder-workspace/Sources/SPARQLSyntax/PropertyPath.swift (in target 'SPARQLSyntax' from project 'SPARQLSyntax')
cd /Users/admin/builder/spi-builder-workspace/.swiftpm/xcode
SwiftCompile normal arm64_32 /Users/admin/builder/spi-builder-workspace/Sources/SPARQLSyntax/Query.swift (in target 'SPARQLSyntax' from project 'SPARQLSyntax')
cd /Users/admin/builder/spi-builder-workspace/.swiftpm/xcode
SwiftEmitModule normal armv7k Emitting\ module\ for\ SPARQLSyntax (in target 'SPARQLSyntax' from project 'SPARQLSyntax')
EmitSwiftModule normal armv7k (in target 'SPARQLSyntax' from project 'SPARQLSyntax')
cd /Users/admin/builder/spi-builder-workspace/.swiftpm/xcode
SwiftEmitModule normal arm64 Emitting\ module\ for\ SPARQLSyntax (in target 'SPARQLSyntax' from project 'SPARQLSyntax')
2026-08-18 23:32:49.569 xcodebuild[705:4275] [MT] IDERunDestination: Supported platforms for the buildables in the current scheme is empty.
** BUILD FAILED **
The following build commands failed:
SwiftEmitModule normal arm64_32 Emitting\ module\ for\ SPARQLSyntax (in target 'SPARQLSyntax' from project 'SPARQLSyntax')
EmitSwiftModule normal arm64_32 (in target 'SPARQLSyntax' from project 'SPARQLSyntax')
Building workspace spi-builder-workspace with scheme SPARQLSyntax-Package
(3 failures)
Command line invocation:
/Applications/Xcode-26.5.0.app/Contents/Developer/usr/bin/xcodebuild -IDEClonedSourcePackagesDirPathOverride=/Users/admin/builder/spi-builder-workspace/.dependencies -resolvePackageDependencies
Resolve Package Graph
Resolved source packages:
SPARQLSyntax: /Users/admin/builder/spi-builder-workspace
Cserd: https://github.com/kasei/swift-serd.git @ 0.0.4
resolved source packages: SPARQLSyntax, Cserd
2026-08-18 23:32:55.838 xcodebuild[913:5120] [MT] IDERunDestination: Supported platforms for the buildables in the current scheme is empty.
{
"dependencies" : [
{
"identity" : "swift-serd",
"requirement" : {
"range" : [
{
"lower_bound" : "0.0.4",
"upper_bound" : "0.1.0"
}
]
},
"type" : "sourceControl",
"url" : "https://github.com/kasei/swift-serd.git"
}
],
"manifest_display_name" : "SPARQLSyntax",
"name" : "SPARQLSyntax",
"path" : "/Users/admin/builder/spi-builder-workspace",
"platforms" : [
{
"name" : "macos",
"version" : "13.0"
}
],
"products" : [
{
"name" : "SPARQLSyntax",
"targets" : [
"SPARQLSyntax"
],
"type" : {
"library" : [
"automatic"
]
}
},
{
"name" : "sparqllint",
"targets" : [
"sparqllint"
],
"type" : {
"executable" : null
}
},
{
"name" : "sparql-parser",
"targets" : [
"sparql-parser"
],
"type" : {
"executable" : null
}
}
],
"targets" : [
{
"c99name" : "sparqllint",
"module_type" : "SwiftTarget",
"name" : "sparqllint",
"path" : "Sources/sparqllint",
"product_memberships" : [
"sparqllint"
],
"sources" : [
"main.swift"
],
"target_dependencies" : [
"SPARQLSyntax"
],
"type" : "executable"
},
{
"c99name" : "sparql_parser",
"module_type" : "SwiftTarget",
"name" : "sparql-parser",
"path" : "Sources/sparql-parser",
"product_memberships" : [
"sparql-parser"
],
"sources" : [
"main.swift"
],
"target_dependencies" : [
"SPARQLSyntax"
],
"type" : "executable"
},
{
"c99name" : "SPARQLSyntaxTests",
"module_type" : "SwiftTarget",
"name" : "SPARQLSyntaxTests",
"path" : "Tests/SPARQLSyntaxTests",
"sources" : [
"AlgebraTests.swift",
"ExpressionTests.swift",
"IRITests.swift",
"PropertyPathTests.swift",
"RDFPatternsTests.swift",
"RDFTests.swift",
"SPARQLParserTests.swift",
"SPARQLParserWindowTests.swift",
"SPARQLReformattingTests.swift",
"SPARQLRewriting.swift",
"SPARQLSerializationTests.swift",
"XCTestManifests.swift",
"XSDTests.swift"
],
"target_dependencies" : [
"SPARQLSyntax"
],
"type" : "test"
},
{
"c99name" : "SPARQLSyntax",
"module_type" : "SwiftTarget",
"name" : "SPARQLSyntax",
"path" : "Sources/SPARQLSyntax",
"product_dependencies" : [
"serd"
],
"product_memberships" : [
"SPARQLSyntax",
"sparqllint",
"sparql-parser"
],
"sources" : [
"Aggregation.swift",
"Algebra.swift",
"Expression.swift",
"IRI.swift",
"PropertyPath.swift",
"Query.swift",
"RDF.swift",
"RDFPatterns.swift",
"RDFSerialization.swift",
"SPARQLLexer.swift",
"SPARQLParser.swift",
"SPARQLSerializer.swift",
"SPARQLSyntax.swift",
"Window.swift",
"XSD.swift"
],
"type" : "library"
}
],
"tools_version" : "6.0"
}
{
"workspace" : {
"name" : "spi-builder-workspace",
"schemes" : [
"sparql-parser",
"sparqllint",
"SPARQLSyntax",
"SPARQLSyntax-Package"
]
}
}
2026-08-18 23:32:57.043 xcodebuild[926:5207] [MT] IDERunDestination: Supported platforms for the buildables in the current scheme is empty.
Running build ...
env DEVELOPER_DIR=/Applications/Xcode-26.5.0.app xcrun xcodebuild -IDEClonedSourcePackagesDirPathOverride=$PWD/.dependencies -skipMacroValidation -skipPackagePluginValidation -derivedDataPath $PWD/.derivedData build -scheme SPARQLSyntax-Package -destination generic/platform=watchOS
Command line invocation:
/Applications/Xcode-26.5.0.app/Contents/Developer/usr/bin/xcodebuild -IDEClonedSourcePackagesDirPathOverride=/Users/admin/builder/spi-builder-workspace/.dependencies -skipMacroValidation -skipPackagePluginValidation -derivedDataPath /Users/admin/builder/spi-builder-workspace/.derivedData build -scheme SPARQLSyntax-Package -destination generic/platform=watchOS
Resolve Package Graph
Resolved source packages:
SPARQLSyntax: /Users/admin/builder/spi-builder-workspace
Cserd: https://github.com/kasei/swift-serd.git @ 0.0.4
ComputePackagePrebuildTargetDependencyGraph
Prepare packages
CreateBuildRequest
SendProjectDescription
CreateBuildOperation
ComputeTargetDependencyGraph
note: Building targets in dependency order
note: Target dependency graph (6 targets)
Target 'sparqllint' in project 'SPARQLSyntax'
➜ Explicit dependency on target 'SPARQLSyntax' in project 'SPARQLSyntax'
➜ Explicit dependency on target 'serd' in project 'Cserd'
Target 'sparql-parser' in project 'SPARQLSyntax'
➜ Explicit dependency on target 'SPARQLSyntax' in project 'SPARQLSyntax'
➜ Explicit dependency on target 'serd' in project 'Cserd'
Target 'SPARQLSyntax' in project 'SPARQLSyntax'
➜ Explicit dependency on target 'SPARQLSyntax' in project 'SPARQLSyntax'
➜ Explicit dependency on target 'serd' in project 'Cserd'
Target 'SPARQLSyntax' in project 'SPARQLSyntax'
➜ Explicit dependency on target 'serd' in project 'Cserd'
Target 'serd' in project 'Cserd'
➜ Explicit dependency on target 'serd' in project 'Cserd'
Target 'serd' in project 'Cserd' (no dependencies)
GatherProvisioningInputs
CreateBuildDescription
ClangStatCache /Applications/Xcode-26.5.0.app/Contents/Developer/Toolchains/XcodeDefault.xctoolchain/usr/bin/clang-stat-cache /Applications/Xcode-26.5.0.app/Contents/Developer/Platforms/WatchOS.platform/Developer/SDKs/WatchOS26.5.sdk /Users/admin/builder/spi-builder-workspace/.derivedData/SDKStatCaches.noindex/watchos26.5-23T570-688ef53f1462e2c8f657fdc38a81448f7931b973dfc65d9472806dbbc3af9379.sdkstatcache
cd /Users/admin/builder/spi-builder-workspace/.swiftpm/xcode
/Applications/Xcode-26.5.0.app/Contents/Developer/Toolchains/XcodeDefault.xctoolchain/usr/bin/clang-stat-cache /Applications/Xcode-26.5.0.app/Contents/Developer/Platforms/WatchOS.platform/Developer/SDKs/WatchOS26.5.sdk -o /Users/admin/builder/spi-builder-workspace/.derivedData/SDKStatCaches.noindex/watchos26.5-23T570-688ef53f1462e2c8f657fdc38a81448f7931b973dfc65d9472806dbbc3af9379.sdkstatcache
SwiftDriver SPARQLSyntax normal armv7k com.apple.xcode.tools.swift.compiler (in target 'SPARQLSyntax' from project 'SPARQLSyntax')
cd /Users/admin/builder/spi-builder-workspace/.swiftpm/xcode
builtin-SwiftDriver -- /Applications/Xcode-26.5.0.app/Contents/Developer/Toolchains/XcodeDefault.xctoolchain/usr/bin/swiftc -module-name SPARQLSyntax -Onone @/Users/admin/builder/spi-builder-workspace/.derivedData/Build/Intermediates.noindex/SPARQLSyntax.build/Debug-watchos/SPARQLSyntax.build/Objects-normal/armv7k/SPARQLSyntax.SwiftFileList -DSWIFT_PACKAGE -DDEBUG -DSWIFT_MODULE_RESOURCE_BUNDLE_UNAVAILABLE -Xcc -fmodule-map-file\=/Users/admin/builder/spi-builder-workspace/.derivedData/Build/Intermediates.noindex/GeneratedModuleMaps-watchos/serd.modulemap -DXcode -plugin-path /Applications/Xcode-26.5.0.app/Contents/Developer/Toolchains/XcodeDefault.xctoolchain/usr/lib/swift/host/plugins/testing -enable-experimental-feature DebugDescriptionMacro -sdk /Applications/Xcode-26.5.0.app/Contents/Developer/Platforms/WatchOS.platform/Developer/SDKs/WatchOS26.5.sdk -target armv7k-apple-watchos5.0 -g -module-cache-path /Users/admin/builder/spi-builder-workspace/.derivedData/ModuleCache.noindex -Xfrontend -serialize-debugging-options -profile-coverage-mapping -profile-generate -enable-testing -index-store-path /Users/admin/builder/spi-builder-workspace/.derivedData/Index.noindex/DataStore -Xcc -D_LIBCPP_HARDENING_MODE\=_LIBCPP_HARDENING_MODE_DEBUG -swift-version 6 -I /Users/admin/builder/spi-builder-workspace/.derivedData/Build/Products/Debug-watchos -Isystem /Applications/Xcode-26.5.0.app/Contents/Developer/Platforms/WatchOS.platform/Developer/usr/lib -F /Users/admin/builder/spi-builder-workspace/.derivedData/Build/Products/Debug-watchos/PackageFrameworks -F /Users/admin/builder/spi-builder-workspace/.derivedData/Build/Products/Debug-watchos -F /Applications/Xcode-26.5.0.app/Contents/Developer/Platforms/WatchOS.platform/Developer/Library/Frameworks -F /Applications/Xcode-26.5.0.app/Contents/Developer/Platforms/WatchOS.platform/Developer/SDKs/WatchOS26.5.sdk/Developer/Library/Frameworks -c -j10 -enable-batch-mode -incremental -Xcc -ivfsstatcache -Xcc /Users/admin/builder/spi-builder-workspace/.derivedData/SDKStatCaches.noindex/watchos26.5-23T570-688ef53f1462e2c8f657fdc38a81448f7931b973dfc65d9472806dbbc3af9379.sdkstatcache -output-file-map /Users/admin/builder/spi-builder-workspace/.derivedData/Build/Intermediates.noindex/SPARQLSyntax.build/Debug-watchos/SPARQLSyntax.build/Objects-normal/armv7k/SPARQLSyntax-OutputFileMap.json -use-frontend-parseable-output -save-temps -no-color-diagnostics -explicit-module-build -module-cache-path /Users/admin/builder/spi-builder-workspace/.derivedData/Build/Intermediates.noindex/SwiftExplicitPrecompiledModules -clang-scanner-module-cache-path /Users/admin/builder/spi-builder-workspace/.derivedData/ModuleCache.noindex -sdk-module-cache-path /Users/admin/builder/spi-builder-workspace/.derivedData/ModuleCache.noindex -serialize-diagnostics -emit-dependencies -emit-module -emit-module-path /Users/admin/builder/spi-builder-workspace/.derivedData/Build/Intermediates.noindex/SPARQLSyntax.build/Debug-watchos/SPARQLSyntax.build/Objects-normal/armv7k/SPARQLSyntax.swiftmodule -validate-clang-modules-once -clang-build-session-file /Users/admin/builder/spi-builder-workspace/.derivedData/ModuleCache.noindex/Session.modulevalidation -package-name spi_builder_workspace -Xcc -I/Users/admin/builder/spi-builder-workspace/.derivedData/Build/Intermediates.noindex/SPARQLSyntax.build/Debug-watchos/SPARQLSyntax.build/swift-overrides.hmap -emit-const-values -Xfrontend -const-gather-protocols-file -Xfrontend /Users/admin/builder/spi-builder-workspace/.derivedData/Build/Intermediates.noindex/SPARQLSyntax.build/Debug-watchos/SPARQLSyntax.build/Objects-normal/armv7k/SPARQLSyntax_const_extract_protocols.json -Xcc -I/Users/admin/builder/spi-builder-workspace/.dependencies/checkouts/swift-serd/Sources/serd/include -Xcc -I/Users/admin/builder/spi-builder-workspace/.derivedData/Build/Products/Debug-watchos/include -Xcc -I/Users/admin/builder/spi-builder-workspace/.derivedData/Build/Intermediates.noindex/SPARQLSyntax.build/Debug-watchos/SPARQLSyntax.build/DerivedSources-normal/armv7k -Xcc -I/Users/admin/builder/spi-builder-workspace/.derivedData/Build/Intermediates.noindex/SPARQLSyntax.build/Debug-watchos/SPARQLSyntax.build/DerivedSources/armv7k -Xcc -I/Users/admin/builder/spi-builder-workspace/.derivedData/Build/Intermediates.noindex/SPARQLSyntax.build/Debug-watchos/SPARQLSyntax.build/DerivedSources -Xcc -DSWIFT_PACKAGE -Xcc -DDEBUG\=1 -emit-objc-header -emit-objc-header-path /Users/admin/builder/spi-builder-workspace/.derivedData/Build/Intermediates.noindex/SPARQLSyntax.build/Debug-watchos/SPARQLSyntax.build/Objects-normal/armv7k/SPARQLSyntax-Swift.h -working-directory /Users/admin/builder/spi-builder-workspace/.swiftpm/xcode -experimental-emit-module-separately -disable-cmo
SwiftDriver SPARQLSyntax normal arm64_32 com.apple.xcode.tools.swift.compiler (in target 'SPARQLSyntax' from project 'SPARQLSyntax')
cd /Users/admin/builder/spi-builder-workspace/.swiftpm/xcode
builtin-SwiftDriver -- /Applications/Xcode-26.5.0.app/Contents/Developer/Toolchains/XcodeDefault.xctoolchain/usr/bin/swiftc -module-name SPARQLSyntax -Onone @/Users/admin/builder/spi-builder-workspace/.derivedData/Build/Intermediates.noindex/SPARQLSyntax.build/Debug-watchos/SPARQLSyntax.build/Objects-normal/arm64_32/SPARQLSyntax.SwiftFileList -DSWIFT_PACKAGE -DDEBUG -DSWIFT_MODULE_RESOURCE_BUNDLE_UNAVAILABLE -Xcc -fmodule-map-file\=/Users/admin/builder/spi-builder-workspace/.derivedData/Build/Intermediates.noindex/GeneratedModuleMaps-watchos/serd.modulemap -DXcode -plugin-path /Applications/Xcode-26.5.0.app/Contents/Developer/Toolchains/XcodeDefault.xctoolchain/usr/lib/swift/host/plugins/testing -enable-experimental-feature DebugDescriptionMacro -sdk /Applications/Xcode-26.5.0.app/Contents/Developer/Platforms/WatchOS.platform/Developer/SDKs/WatchOS26.5.sdk -target arm64_32-apple-watchos5.0 -g -module-cache-path /Users/admin/builder/spi-builder-workspace/.derivedData/ModuleCache.noindex -Xfrontend -serialize-debugging-options -profile-coverage-mapping -profile-generate -enable-testing -index-store-path /Users/admin/builder/spi-builder-workspace/.derivedData/Index.noindex/DataStore -Xcc -D_LIBCPP_HARDENING_MODE\=_LIBCPP_HARDENING_MODE_DEBUG -swift-version 6 -I /Users/admin/builder/spi-builder-workspace/.derivedData/Build/Products/Debug-watchos -Isystem /Applications/Xcode-26.5.0.app/Contents/Developer/Platforms/WatchOS.platform/Developer/usr/lib -F /Users/admin/builder/spi-builder-workspace/.derivedData/Build/Products/Debug-watchos/PackageFrameworks -F /Users/admin/builder/spi-builder-workspace/.derivedData/Build/Products/Debug-watchos -F /Applications/Xcode-26.5.0.app/Contents/Developer/Platforms/WatchOS.platform/Developer/Library/Frameworks -F /Applications/Xcode-26.5.0.app/Contents/Developer/Platforms/WatchOS.platform/Developer/SDKs/WatchOS26.5.sdk/Developer/Library/Frameworks -c -j10 -enable-batch-mode -incremental -Xcc -ivfsstatcache -Xcc /Users/admin/builder/spi-builder-workspace/.derivedData/SDKStatCaches.noindex/watchos26.5-23T570-688ef53f1462e2c8f657fdc38a81448f7931b973dfc65d9472806dbbc3af9379.sdkstatcache -output-file-map /Users/admin/builder/spi-builder-workspace/.derivedData/Build/Intermediates.noindex/SPARQLSyntax.build/Debug-watchos/SPARQLSyntax.build/Objects-normal/arm64_32/SPARQLSyntax-OutputFileMap.json -use-frontend-parseable-output -save-temps -no-color-diagnostics -explicit-module-build -module-cache-path /Users/admin/builder/spi-builder-workspace/.derivedData/Build/Intermediates.noindex/SwiftExplicitPrecompiledModules -clang-scanner-module-cache-path /Users/admin/builder/spi-builder-workspace/.derivedData/ModuleCache.noindex -sdk-module-cache-path /Users/admin/builder/spi-builder-workspace/.derivedData/ModuleCache.noindex -serialize-diagnostics -emit-dependencies -emit-module -emit-module-path /Users/admin/builder/spi-builder-workspace/.derivedData/Build/Intermediates.noindex/SPARQLSyntax.build/Debug-watchos/SPARQLSyntax.build/Objects-normal/arm64_32/SPARQLSyntax.swiftmodule -validate-clang-modules-once -clang-build-session-file /Users/admin/builder/spi-builder-workspace/.derivedData/ModuleCache.noindex/Session.modulevalidation -package-name spi_builder_workspace -Xcc -I/Users/admin/builder/spi-builder-workspace/.derivedData/Build/Intermediates.noindex/SPARQLSyntax.build/Debug-watchos/SPARQLSyntax.build/swift-overrides.hmap -emit-const-values -Xfrontend -const-gather-protocols-file -Xfrontend /Users/admin/builder/spi-builder-workspace/.derivedData/Build/Intermediates.noindex/SPARQLSyntax.build/Debug-watchos/SPARQLSyntax.build/Objects-normal/arm64_32/SPARQLSyntax_const_extract_protocols.json -Xcc -I/Users/admin/builder/spi-builder-workspace/.dependencies/checkouts/swift-serd/Sources/serd/include -Xcc -I/Users/admin/builder/spi-builder-workspace/.derivedData/Build/Products/Debug-watchos/include -Xcc -I/Users/admin/builder/spi-builder-workspace/.derivedData/Build/Intermediates.noindex/SPARQLSyntax.build/Debug-watchos/SPARQLSyntax.build/DerivedSources-normal/arm64_32 -Xcc -I/Users/admin/builder/spi-builder-workspace/.derivedData/Build/Intermediates.noindex/SPARQLSyntax.build/Debug-watchos/SPARQLSyntax.build/DerivedSources/arm64_32 -Xcc -I/Users/admin/builder/spi-builder-workspace/.derivedData/Build/Intermediates.noindex/SPARQLSyntax.build/Debug-watchos/SPARQLSyntax.build/DerivedSources -Xcc -DSWIFT_PACKAGE -Xcc -DDEBUG\=1 -emit-objc-header -emit-objc-header-path /Users/admin/builder/spi-builder-workspace/.derivedData/Build/Intermediates.noindex/SPARQLSyntax.build/Debug-watchos/SPARQLSyntax.build/Objects-normal/arm64_32/SPARQLSyntax-Swift.h -working-directory /Users/admin/builder/spi-builder-workspace/.swiftpm/xcode -experimental-emit-module-separately -disable-cmo
SwiftDriver SPARQLSyntax normal arm64 com.apple.xcode.tools.swift.compiler (in target 'SPARQLSyntax' from project 'SPARQLSyntax')
cd /Users/admin/builder/spi-builder-workspace/.swiftpm/xcode
builtin-SwiftDriver -- /Applications/Xcode-26.5.0.app/Contents/Developer/Toolchains/XcodeDefault.xctoolchain/usr/bin/swiftc -module-name SPARQLSyntax -Onone @/Users/admin/builder/spi-builder-workspace/.derivedData/Build/Intermediates.noindex/SPARQLSyntax.build/Debug-watchos/SPARQLSyntax.build/Objects-normal/arm64/SPARQLSyntax.SwiftFileList -DSWIFT_PACKAGE -DDEBUG -DSWIFT_MODULE_RESOURCE_BUNDLE_UNAVAILABLE -Xcc -fmodule-map-file\=/Users/admin/builder/spi-builder-workspace/.derivedData/Build/Intermediates.noindex/GeneratedModuleMaps-watchos/serd.modulemap -DXcode -plugin-path /Applications/Xcode-26.5.0.app/Contents/Developer/Toolchains/XcodeDefault.xctoolchain/usr/lib/swift/host/plugins/testing -enable-experimental-feature DebugDescriptionMacro -sdk /Applications/Xcode-26.5.0.app/Contents/Developer/Platforms/WatchOS.platform/Developer/SDKs/WatchOS26.5.sdk -target arm64-apple-watchos5.0 -g -module-cache-path /Users/admin/builder/spi-builder-workspace/.derivedData/ModuleCache.noindex -Xfrontend -serialize-debugging-options -profile-coverage-mapping -profile-generate -enable-testing -index-store-path /Users/admin/builder/spi-builder-workspace/.derivedData/Index.noindex/DataStore -Xcc -D_LIBCPP_HARDENING_MODE\=_LIBCPP_HARDENING_MODE_DEBUG -swift-version 6 -I /Users/admin/builder/spi-builder-workspace/.derivedData/Build/Products/Debug-watchos -Isystem /Applications/Xcode-26.5.0.app/Contents/Developer/Platforms/WatchOS.platform/Developer/usr/lib -F /Users/admin/builder/spi-builder-workspace/.derivedData/Build/Products/Debug-watchos/PackageFrameworks -F /Users/admin/builder/spi-builder-workspace/.derivedData/Build/Products/Debug-watchos -F /Applications/Xcode-26.5.0.app/Contents/Developer/Platforms/WatchOS.platform/Developer/Library/Frameworks -F /Applications/Xcode-26.5.0.app/Contents/Developer/Platforms/WatchOS.platform/Developer/SDKs/WatchOS26.5.sdk/Developer/Library/Frameworks -c -j10 -enable-batch-mode -incremental -Xcc -ivfsstatcache -Xcc /Users/admin/builder/spi-builder-workspace/.derivedData/SDKStatCaches.noindex/watchos26.5-23T570-688ef53f1462e2c8f657fdc38a81448f7931b973dfc65d9472806dbbc3af9379.sdkstatcache -output-file-map /Users/admin/builder/spi-builder-workspace/.derivedData/Build/Intermediates.noindex/SPARQLSyntax.build/Debug-watchos/SPARQLSyntax.build/Objects-normal/arm64/SPARQLSyntax-OutputFileMap.json -use-frontend-parseable-output -save-temps -no-color-diagnostics -explicit-module-build -module-cache-path /Users/admin/builder/spi-builder-workspace/.derivedData/Build/Intermediates.noindex/SwiftExplicitPrecompiledModules -clang-scanner-module-cache-path /Users/admin/builder/spi-builder-workspace/.derivedData/ModuleCache.noindex -sdk-module-cache-path /Users/admin/builder/spi-builder-workspace/.derivedData/ModuleCache.noindex -serialize-diagnostics -emit-dependencies -emit-module -emit-module-path /Users/admin/builder/spi-builder-workspace/.derivedData/Build/Intermediates.noindex/SPARQLSyntax.build/Debug-watchos/SPARQLSyntax.build/Objects-normal/arm64/SPARQLSyntax.swiftmodule -validate-clang-modules-once -clang-build-session-file /Users/admin/builder/spi-builder-workspace/.derivedData/ModuleCache.noindex/Session.modulevalidation -package-name spi_builder_workspace -Xcc -I/Users/admin/builder/spi-builder-workspace/.derivedData/Build/Intermediates.noindex/SPARQLSyntax.build/Debug-watchos/SPARQLSyntax.build/swift-overrides.hmap -emit-const-values -Xfrontend -const-gather-protocols-file -Xfrontend /Users/admin/builder/spi-builder-workspace/.derivedData/Build/Intermediates.noindex/SPARQLSyntax.build/Debug-watchos/SPARQLSyntax.build/Objects-normal/arm64/SPARQLSyntax_const_extract_protocols.json -Xcc -I/Users/admin/builder/spi-builder-workspace/.dependencies/checkouts/swift-serd/Sources/serd/include -Xcc -I/Users/admin/builder/spi-builder-workspace/.derivedData/Build/Products/Debug-watchos/include -Xcc -I/Users/admin/builder/spi-builder-workspace/.derivedData/Build/Intermediates.noindex/SPARQLSyntax.build/Debug-watchos/SPARQLSyntax.build/DerivedSources-normal/arm64 -Xcc -I/Users/admin/builder/spi-builder-workspace/.derivedData/Build/Intermediates.noindex/SPARQLSyntax.build/Debug-watchos/SPARQLSyntax.build/DerivedSources/arm64 -Xcc -I/Users/admin/builder/spi-builder-workspace/.derivedData/Build/Intermediates.noindex/SPARQLSyntax.build/Debug-watchos/SPARQLSyntax.build/DerivedSources -Xcc -DSWIFT_PACKAGE -Xcc -DDEBUG\=1 -emit-objc-header -emit-objc-header-path /Users/admin/builder/spi-builder-workspace/.derivedData/Build/Intermediates.noindex/SPARQLSyntax.build/Debug-watchos/SPARQLSyntax.build/Objects-normal/arm64/SPARQLSyntax-Swift.h -working-directory /Users/admin/builder/spi-builder-workspace/.swiftpm/xcode -experimental-emit-module-separately -disable-cmo
SwiftCompile normal arm64 Compiling\ SPARQLParser.swift /Users/admin/builder/spi-builder-workspace/Sources/SPARQLSyntax/SPARQLParser.swift (in target 'SPARQLSyntax' from project 'SPARQLSyntax')
SwiftCompile normal arm64 /Users/admin/builder/spi-builder-workspace/Sources/SPARQLSyntax/SPARQLParser.swift (in target 'SPARQLSyntax' from project 'SPARQLSyntax')
cd /Users/admin/builder/spi-builder-workspace/.swiftpm/xcode
SwiftCompile normal arm64 Compiling\ RDFSerialization.swift,\ SPARQLLexer.swift /Users/admin/builder/spi-builder-workspace/Sources/SPARQLSyntax/RDFSerialization.swift /Users/admin/builder/spi-builder-workspace/Sources/SPARQLSyntax/SPARQLLexer.swift (in target 'SPARQLSyntax' from project 'SPARQLSyntax')
SwiftCompile normal arm64 /Users/admin/builder/spi-builder-workspace/Sources/SPARQLSyntax/RDFSerialization.swift (in target 'SPARQLSyntax' from project 'SPARQLSyntax')
cd /Users/admin/builder/spi-builder-workspace/.swiftpm/xcode
SwiftCompile normal arm64 /Users/admin/builder/spi-builder-workspace/Sources/SPARQLSyntax/SPARQLLexer.swift (in target 'SPARQLSyntax' from project 'SPARQLSyntax')
cd /Users/admin/builder/spi-builder-workspace/.swiftpm/xcode
SwiftCompile normal arm64 Compiling\ Expression.swift,\ IRI.swift /Users/admin/builder/spi-builder-workspace/Sources/SPARQLSyntax/Expression.swift /Users/admin/builder/spi-builder-workspace/Sources/SPARQLSyntax/IRI.swift (in target 'SPARQLSyntax' from project 'SPARQLSyntax')
SwiftCompile normal arm64 /Users/admin/builder/spi-builder-workspace/Sources/SPARQLSyntax/Expression.swift (in target 'SPARQLSyntax' from project 'SPARQLSyntax')
cd /Users/admin/builder/spi-builder-workspace/.swiftpm/xcode
SwiftCompile normal arm64 /Users/admin/builder/spi-builder-workspace/Sources/SPARQLSyntax/IRI.swift (in target 'SPARQLSyntax' from project 'SPARQLSyntax')
cd /Users/admin/builder/spi-builder-workspace/.swiftpm/xcode
SwiftCompile normal arm64 Compiling\ Aggregation.swift,\ Algebra.swift /Users/admin/builder/spi-builder-workspace/Sources/SPARQLSyntax/Aggregation.swift /Users/admin/builder/spi-builder-workspace/Sources/SPARQLSyntax/Algebra.swift (in target 'SPARQLSyntax' from project 'SPARQLSyntax')
SwiftCompile normal arm64 /Users/admin/builder/spi-builder-workspace/Sources/SPARQLSyntax/Aggregation.swift (in target 'SPARQLSyntax' from project 'SPARQLSyntax')
cd /Users/admin/builder/spi-builder-workspace/.swiftpm/xcode
SwiftCompile normal arm64 /Users/admin/builder/spi-builder-workspace/Sources/SPARQLSyntax/Algebra.swift (in target 'SPARQLSyntax' from project 'SPARQLSyntax')
cd /Users/admin/builder/spi-builder-workspace/.swiftpm/xcode
SwiftCompile normal arm64 Compiling\ SPARQLSerializer.swift /Users/admin/builder/spi-builder-workspace/Sources/SPARQLSyntax/SPARQLSerializer.swift (in target 'SPARQLSyntax' from project 'SPARQLSyntax')
SwiftCompile normal arm64 /Users/admin/builder/spi-builder-workspace/Sources/SPARQLSyntax/SPARQLSerializer.swift (in target 'SPARQLSyntax' from project 'SPARQLSyntax')
cd /Users/admin/builder/spi-builder-workspace/.swiftpm/xcode
SwiftCompile normal arm64 Compiling\ RDF.swift,\ RDFPatterns.swift /Users/admin/builder/spi-builder-workspace/Sources/SPARQLSyntax/RDF.swift /Users/admin/builder/spi-builder-workspace/Sources/SPARQLSyntax/RDFPatterns.swift (in target 'SPARQLSyntax' from project 'SPARQLSyntax')
SwiftCompile normal arm64 /Users/admin/builder/spi-builder-workspace/Sources/SPARQLSyntax/RDF.swift (in target 'SPARQLSyntax' from project 'SPARQLSyntax')
cd /Users/admin/builder/spi-builder-workspace/.swiftpm/xcode
SwiftCompile normal arm64 /Users/admin/builder/spi-builder-workspace/Sources/SPARQLSyntax/RDFPatterns.swift (in target 'SPARQLSyntax' from project 'SPARQLSyntax')
cd /Users/admin/builder/spi-builder-workspace/.swiftpm/xcode
SwiftEmitModule normal arm64 Emitting\ module\ for\ SPARQLSyntax (in target 'SPARQLSyntax' from project 'SPARQLSyntax')
Failed frontend command:
/Applications/Xcode-26.5.0.app/Contents/Developer/Toolchains/XcodeDefault.xctoolchain/usr/bin/swift-frontend -frontend -emit-module -experimental-skip-non-inlinable-function-bodies-without-types /Users/admin/builder/spi-builder-workspace/Sources/SPARQLSyntax/Aggregation.swift /Users/admin/builder/spi-builder-workspace/Sources/SPARQLSyntax/Algebra.swift /Users/admin/builder/spi-builder-workspace/Sources/SPARQLSyntax/Expression.swift /Users/admin/builder/spi-builder-workspace/Sources/SPARQLSyntax/IRI.swift /Users/admin/builder/spi-builder-workspace/Sources/SPARQLSyntax/PropertyPath.swift /Users/admin/builder/spi-builder-workspace/Sources/SPARQLSyntax/Query.swift /Users/admin/builder/spi-builder-workspace/Sources/SPARQLSyntax/RDF.swift /Users/admin/builder/spi-builder-workspace/Sources/SPARQLSyntax/RDFPatterns.swift /Users/admin/builder/spi-builder-workspace/Sources/SPARQLSyntax/RDFSerialization.swift /Users/admin/builder/spi-builder-workspace/Sources/SPARQLSyntax/SPARQLLexer.swift /Users/admin/builder/spi-builder-workspace/Sources/SPARQLSyntax/SPARQLParser.swift /Users/admin/builder/spi-builder-workspace/Sources/SPARQLSyntax/SPARQLSerializer.swift /Users/admin/builder/spi-builder-workspace/Sources/SPARQLSyntax/SPARQLSyntax.swift /Users/admin/builder/spi-builder-workspace/Sources/SPARQLSyntax/Window.swift /Users/admin/builder/spi-builder-workspace/Sources/SPARQLSyntax/XSD.swift -target arm64-apple-watchos5.0 -load-resolved-plugin /Applications/Xcode-26.5.0.app/Contents/Developer/Platforms/WatchOS.platform/Developer/usr/lib/swift/host/plugins/libFoundationMacros.dylib\#/Applications/Xcode-26.5.0.app/Contents/Developer/Platforms/WatchOS.platform/Developer/usr/bin/swift-plugin-server\#FoundationMacros -load-resolved-plugin /Applications/Xcode-26.5.0.app/Contents/Developer/Platforms/WatchOS.platform/Developer/usr/lib/swift/host/plugins/libObservationMacros.dylib\#/Applications/Xcode-26.5.0.app/Contents/Developer/Platforms/WatchOS.platform/Developer/usr/bin/swift-plugin-server\#ObservationMacros -load-resolved-plugin /Applications/Xcode-26.5.0.app/Contents/Developer/Platforms/WatchOS.platform/Developer/usr/lib/swift/host/plugins/libSwiftMacros.dylib\#/Applications/Xcode-26.5.0.app/Contents/Developer/Platforms/WatchOS.platform/Developer/usr/bin/swift-plugin-server\#SwiftMacros -disable-implicit-swift-modules -Xcc -fno-implicit-modules -Xcc -fno-implicit-module-maps -explicit-swift-module-map-file /Users/admin/builder/spi-builder-workspace/.derivedData/Build/Intermediates.noindex/SPARQLSyntax.build/Debug-watchos/SPARQLSyntax.build/Objects-normal/arm64/SPARQLSyntax-dependencies-1.json -Xllvm -aarch64-use-tbi -enable-objc-interop -sdk /Applications/Xcode-26.5.0.app/Contents/Developer/Platforms/WatchOS.platform/Developer/SDKs/WatchOS26.5.sdk -I /Users/admin/builder/spi-builder-workspace/.derivedData/Build/Products/Debug-watchos -Isystem /Applications/Xcode-26.5.0.app/Contents/Developer/Platforms/WatchOS.platform/Developer/usr/lib -F /Users/admin/builder/spi-builder-workspace/.derivedData/Build/Products/Debug-watchos/PackageFrameworks -F /Users/admin/builder/spi-builder-workspace/.derivedData/Build/Products/Debug-watchos -F /Applications/Xcode-26.5.0.app/Contents/Developer/Platforms/WatchOS.platform/Developer/Library/Frameworks -F /Applications/Xcode-26.5.0.app/Contents/Developer/Platforms/WatchOS.platform/Developer/SDKs/WatchOS26.5.sdk/Developer/Library/Frameworks -no-color-diagnostics -Xcc -fno-color-diagnostics -enable-testing -g -debug-info-format\=dwarf -dwarf-version\=4 -module-cache-path /Users/admin/builder/spi-builder-workspace/.derivedData/Build/Intermediates.noindex/SwiftExplicitPrecompiledModules -profile-generate -profile-coverage-mapping -swift-version 6 -Onone -D SWIFT_PACKAGE -D DEBUG -D SWIFT_MODULE_RESOURCE_BUNDLE_UNAVAILABLE -D Xcode -serialize-debugging-options -const-gather-protocols-file /Users/admin/builder/spi-builder-workspace/.derivedData/Build/Intermediates.noindex/SPARQLSyntax.build/Debug-watchos/SPARQLSyntax.build/Objects-normal/arm64/SPARQLSyntax_const_extract_protocols.json -enable-experimental-feature DebugDescriptionMacro -empty-abi-descriptor -validate-clang-modules-once -clang-build-session-file /Users/admin/builder/spi-builder-workspace/.derivedData/ModuleCache.noindex/Session.modulevalidation -Xcc -working-directory -Xcc /Users/admin/builder/spi-builder-workspace/.swiftpm/xcode -enable-anonymous-context-mangled-names -file-compilation-dir /Users/admin/builder/spi-builder-workspace/.swiftpm/xcode -Xcc -fmodule-map-file\=/Users/admin/builder/spi-builder-workspace/.derivedData/Build/Intermediates.noindex/GeneratedModuleMaps-watchos/serd.modulemap -Xcc -D_LIBCPP_HARDENING_MODE\=_LIBCPP_HARDENING_MODE_DEBUG -Xcc -ivfsstatcache -Xcc /Users/admin/builder/spi-builder-workspace/.derivedData/SDKStatCaches.noindex/watchos26.5-23T570-688ef53f1462e2c8f657fdc38a81448f7931b973dfc65d9472806dbbc3af9379.sdkstatcache -Xcc -I/Users/admin/builder/spi-builder-workspace/.derivedData/Build/Intermediates.noindex/SPARQLSyntax.build/Debug-watchos/SPARQLSyntax.build/swift-overrides.hmap -Xcc -I/Users/admin/builder/spi-builder-workspace/.dependencies/checkouts/swift-serd/Sources/serd/include -Xcc -I/Users/admin/builder/spi-builder-workspace/.derivedData/Build/Products/Debug-watchos/include -Xcc -I/Users/admin/builder/spi-builder-workspace/.derivedData/Build/Intermediates.noindex/SPARQLSyntax.build/Debug-watchos/SPARQLSyntax.build/DerivedSources-normal/arm64 -Xcc -I/Users/admin/builder/spi-builder-workspace/.derivedData/Build/Intermediates.noindex/SPARQLSyntax.build/Debug-watchos/SPARQLSyntax.build/DerivedSources/arm64 -Xcc -I/Users/admin/builder/spi-builder-workspace/.derivedData/Build/Intermediates.noindex/SPARQLSyntax.build/Debug-watchos/SPARQLSyntax.build/DerivedSources -Xcc -DSWIFT_PACKAGE -Xcc -DDEBUG\=1 -no-auto-bridging-header-chaining -module-name SPARQLSyntax -package-name spi_builder_workspace -frontend-parseable-output -disable-clang-spi -clang-target arm64-apple-watchos26.5 -target-sdk-version 26.5 -target-sdk-name watchos26.5 -in-process-plugin-server-path /Applications/Xcode-26.5.0.app/Contents/Developer/Toolchains/XcodeDefault.xctoolchain/usr/lib/swift/host/libSwiftInProcPluginServer.dylib -emit-module-doc-path /Users/admin/builder/spi-builder-workspace/.derivedData/Build/Intermediates.noindex/SPARQLSyntax.build/Debug-watchos/SPARQLSyntax.build/Objects-normal/arm64/SPARQLSyntax.swiftdoc -emit-module-source-info-path /Users/admin/builder/spi-builder-workspace/.derivedData/Build/Intermediates.noindex/SPARQLSyntax.build/Debug-watchos/SPARQLSyntax.build/Objects-normal/arm64/SPARQLSyntax.swiftsourceinfo -emit-objc-header-path /Users/admin/builder/spi-builder-workspace/.derivedData/Build/Intermediates.noindex/SPARQLSyntax.build/Debug-watchos/SPARQLSyntax.build/Objects-normal/arm64/SPARQLSyntax-Swift.h -serialize-diagnostics-path /Users/admin/builder/spi-builder-workspace/.derivedData/Build/Intermediates.noindex/SPARQLSyntax.build/Debug-watchos/SPARQLSyntax.build/Objects-normal/arm64/SPARQLSyntax-primary-emit-module.dia -emit-dependencies-path /Users/admin/builder/spi-builder-workspace/.derivedData/Build/Intermediates.noindex/SPARQLSyntax.build/Debug-watchos/SPARQLSyntax.build/Objects-normal/arm64/SPARQLSyntax-primary-emit-module.d -o /Users/admin/builder/spi-builder-workspace/.derivedData/Build/Intermediates.noindex/SPARQLSyntax.build/Debug-watchos/SPARQLSyntax.build/Objects-normal/arm64/SPARQLSyntax.swiftmodule -emit-abi-descriptor-path /Users/admin/builder/spi-builder-workspace/.derivedData/Build/Intermediates.noindex/SPARQLSyntax.build/Debug-watchos/SPARQLSyntax.build/Objects-normal/arm64/SPARQLSyntax.abi.json
EmitSwiftModule normal arm64 (in target 'SPARQLSyntax' from project 'SPARQLSyntax')
cd /Users/admin/builder/spi-builder-workspace/.swiftpm/xcode
/Users/admin/builder/spi-builder-workspace/Sources/SPARQLSyntax/RDF.swift:266:16: error: 'Regex' is only available in watchOS 9.0 or newer
return #/^[-+]?[0-9]+$/#.anchorsMatchLineEndings()
^
/Users/admin/builder/spi-builder-workspace/Sources/SPARQLSyntax/RDF.swift:266:16: note: add 'if #available' version check
return #/^[-+]?[0-9]+$/#.anchorsMatchLineEndings()
^
/Users/admin/builder/spi-builder-workspace/Sources/SPARQLSyntax/RDF.swift:265:44: note: add '@available' attribute to enclosing static property
nonisolated(unsafe) private static let _integerPattern: Regex = {
^
/Users/admin/builder/spi-builder-workspace/Sources/SPARQLSyntax/RDF.swift:167:15: note: add '@available' attribute to enclosing struct
public struct Term: CustomStringConvertible, CustomDebugStringConvertible, Hashable, Codable, Sendable {
^
/Users/admin/builder/spi-builder-workspace/Sources/SPARQLSyntax/RDF.swift:266:34: error: 'anchorsMatchLineEndings' is only available in watchOS 9.0 or newer
return #/^[-+]?[0-9]+$/#.anchorsMatchLineEndings()
^
/Users/admin/builder/spi-builder-workspace/Sources/SPARQLSyntax/RDF.swift:266:34: note: add 'if #available' version check
return #/^[-+]?[0-9]+$/#.anchorsMatchLineEndings()
^
/Users/admin/builder/spi-builder-workspace/Sources/SPARQLSyntax/RDF.swift:265:44: note: add '@available' attribute to enclosing static property
nonisolated(unsafe) private static let _integerPattern: Regex = {
^
/Users/admin/builder/spi-builder-workspace/Sources/SPARQLSyntax/RDF.swift:167:15: note: add '@available' attribute to enclosing struct
public struct Term: CustomStringConvertible, CustomDebugStringConvertible, Hashable, Codable, Sendable {
^
/Users/admin/builder/spi-builder-workspace/Sources/SPARQLSyntax/RDF.swift:265:61: error: 'Regex' is only available in watchOS 9.0 or newer
nonisolated(unsafe) private static let _integerPattern: Regex = {
^
/Users/admin/builder/spi-builder-workspace/Sources/SPARQLSyntax/RDF.swift:265:44: note: add '@available' attribute to enclosing static property
nonisolated(unsafe) private static let _integerPattern: Regex = {
^
/Users/admin/builder/spi-builder-workspace/Sources/SPARQLSyntax/RDF.swift:167:15: note: add '@available' attribute to enclosing struct
public struct Term: CustomStringConvertible, CustomDebugStringConvertible, Hashable, Codable, Sendable {
^
/Users/admin/builder/spi-builder-workspace/Sources/SPARQLSyntax/RDF.swift:270:16: error: 'Regex' is only available in watchOS 9.0 or newer
return #/^[-+]?([0-9]+([.][0-9]*)?|[.]\d+)$/#.anchorsMatchLineEndings()
^
/Users/admin/builder/spi-builder-workspace/Sources/SPARQLSyntax/RDF.swift:270:16: note: add 'if #available' version check
return #/^[-+]?([0-9]+([.][0-9]*)?|[.]\d+)$/#.anchorsMatchLineEndings()
^
/Users/admin/builder/spi-builder-workspace/Sources/SPARQLSyntax/RDF.swift:269:44: note: add '@available' attribute to enclosing static property
nonisolated(unsafe) private static let _decimalPattern: Regex = {
^
/Users/admin/builder/spi-builder-workspace/Sources/SPARQLSyntax/RDF.swift:167:15: note: add '@available' attribute to enclosing struct
public struct Term: CustomStringConvertible, CustomDebugStringConvertible, Hashable, Codable, Sendable {
^
/Users/admin/builder/spi-builder-workspace/Sources/SPARQLSyntax/RDF.swift:270:55: error: 'anchorsMatchLineEndings' is only available in watchOS 9.0 or newer
return #/^[-+]?([0-9]+([.][0-9]*)?|[.]\d+)$/#.anchorsMatchLineEndings()
^
/Users/admin/builder/spi-builder-workspace/Sources/SPARQLSyntax/RDF.swift:270:55: note: add 'if #available' version check
return #/^[-+]?([0-9]+([.][0-9]*)?|[.]\d+)$/#.anchorsMatchLineEndings()
^
/Users/admin/builder/spi-builder-workspace/Sources/SPARQLSyntax/RDF.swift:269:44: note: add '@available' attribute to enclosing static property
nonisolated(unsafe) private static let _decimalPattern: Regex = {
^
/Users/admin/builder/spi-builder-workspace/Sources/SPARQLSyntax/RDF.swift:167:15: note: add '@available' attribute to enclosing struct
public struct Term: CustomStringConvertible, CustomDebugStringConvertible, Hashable, Codable, Sendable {
^
/Users/admin/builder/spi-builder-workspace/Sources/SPARQLSyntax/RDF.swift:269:61: error: 'Regex' is only available in watchOS 9.0 or newer
nonisolated(unsafe) private static let _decimalPattern: Regex = {
^
/Users/admin/builder/spi-builder-workspace/Sources/SPARQLSyntax/RDF.swift:269:44: note: add '@available' attribute to enclosing static property
nonisolated(unsafe) private static let _decimalPattern: Regex = {
^
/Users/admin/builder/spi-builder-workspace/Sources/SPARQLSyntax/RDF.swift:167:15: note: add '@available' attribute to enclosing struct
public struct Term: CustomStringConvertible, CustomDebugStringConvertible, Hashable, Codable, Sendable {
^
/Users/admin/builder/spi-builder-workspace/Sources/SPARQLSyntax/RDF.swift:274:16: error: 'Regex' is only available in watchOS 9.0 or newer
return #/^[-+]?(\d+([.]\d*)?|[.]\d+)([eE]([-+])?\d+)?$/#.anchorsMatchLineEndings()
^
/Users/admin/builder/spi-builder-workspace/Sources/SPARQLSyntax/RDF.swift:274:16: note: add 'if #available' version check
return #/^[-+]?(\d+([.]\d*)?|[.]\d+)([eE]([-+])?\d+)?$/#.anchorsMatchLineEndings()
^
/Users/admin/builder/spi-builder-workspace/Sources/SPARQLSyntax/RDF.swift:273:44: note: add '@available' attribute to enclosing static property
nonisolated(unsafe) private static let _doublePattern: Regex = {
^
/Users/admin/builder/spi-builder-workspace/Sources/SPARQLSyntax/RDF.swift:167:15: note: add '@available' attribute to enclosing struct
public struct Term: CustomStringConvertible, CustomDebugStringConvertible, Hashable, Codable, Sendable {
^
/Users/admin/builder/spi-builder-workspace/Sources/SPARQLSyntax/RDF.swift:274:66: error: 'anchorsMatchLineEndings' is only available in watchOS 9.0 or newer
return #/^[-+]?(\d+([.]\d*)?|[.]\d+)([eE]([-+])?\d+)?$/#.anchorsMatchLineEndings()
^
/Users/admin/builder/spi-builder-workspace/Sources/SPARQLSyntax/RDF.swift:274:66: note: add 'if #available' version check
return #/^[-+]?(\d+([.]\d*)?|[.]\d+)([eE]([-+])?\d+)?$/#.anchorsMatchLineEndings()
^
/Users/admin/builder/spi-builder-workspace/Sources/SPARQLSyntax/RDF.swift:273:44: note: add '@available' attribute to enclosing static property
nonisolated(unsafe) private static let _doublePattern: Regex = {
^
/Users/admin/builder/spi-builder-workspace/Sources/SPARQLSyntax/RDF.swift:167:15: note: add '@available' attribute to enclosing struct
public struct Term: CustomStringConvertible, CustomDebugStringConvertible, Hashable, Codable, Sendable {
^
/Users/admin/builder/spi-builder-workspace/Sources/SPARQLSyntax/RDF.swift:273:60: error: 'Regex' is only available in watchOS 9.0 or newer
nonisolated(unsafe) private static let _doublePattern: Regex = {
^
/Users/admin/builder/spi-builder-workspace/Sources/SPARQLSyntax/RDF.swift:273:44: note: add '@available' attribute to enclosing static property
nonisolated(unsafe) private static let _doublePattern: Regex = {
^
/Users/admin/builder/spi-builder-workspace/Sources/SPARQLSyntax/RDF.swift:167:15: note: add '@available' attribute to enclosing struct
public struct Term: CustomStringConvertible, CustomDebugStringConvertible, Hashable, Codable, Sendable {
^
/Users/admin/builder/spi-builder-workspace/Sources/SPARQLSyntax/SPARQLLexer.swift:308:38: error: result builder 'AlternationBuilder' does not implement any 'buildBlock' or a combination of 'buildPartialBlock(first:)' and 'buildPartialBlock(accumulated:next:)' with sufficient availability for this call site
let PN_CHARS_BASE = ChoiceOf {
^
/Users/admin/builder/spi-builder-workspace/Sources/SPARQLSyntax/SPARQLLexer.swift:308:29: error: generic parameter 'Output' could not be inferred
let PN_CHARS_BASE = ChoiceOf {
^
/Users/admin/builder/spi-builder-workspace/Sources/SPARQLSyntax/SPARQLLexer.swift:308:29: note: explicitly specify the generic arguments to fix this issue
let PN_CHARS_BASE = ChoiceOf {
^
<Any>
/Users/admin/builder/spi-builder-workspace/Sources/SPARQLSyntax/SPARQLLexer.swift:308:29: error: referencing initializer 'init(_:_:)' on 'RegexComponent' requires the types 'ChoiceOf<Output>' and 'CharacterClass' be equivalent
let PN_CHARS_BASE = ChoiceOf {
^
RegexBuilder.RegexComponent:2:11: note: where 'Self' = 'ChoiceOf<Output>'
extension RegexComponent where Self == CharacterClass {
^
/Users/admin/builder/spi-builder-workspace/Sources/SPARQLSyntax/SPARQLLexer.swift:308:38: error: trailing closure passed to parameter of type 'CharacterClass' that does not accept a closure
let PN_CHARS_BASE = ChoiceOf {
^
RegexBuilder.RegexComponent.init:2:8: note: 'init(_:_:)' declared here
public init(_ first: CharacterClass, _ rest: CharacterClass...)}
^
/Users/admin/builder/spi-builder-workspace/Sources/SPARQLSyntax/SPARQLLexer.swift:364:26: error: result builder 'AlternationBuilder' does not implement any 'buildBlock' or a combination of 'buildPartialBlock(first:)' and 'buildPartialBlock(accumulated:next:)' with sufficient availability for this call site
ChoiceOf {
^
/Users/admin/builder/spi-builder-workspace/Sources/SPARQLSyntax/SPARQLLexer.swift:364:26: error: result builder 'AlternationBuilder' does not implement any 'buildBlock' or a combination of 'buildPartialBlock(first:)' and 'buildPartialBlock(accumulated:next:)' with sufficient availability for this call site
ChoiceOf {
^
/Users/admin/builder/spi-builder-workspace/Sources/SPARQLSyntax/SPARQLLexer.swift:364:26: error: result builder 'AlternationBuilder' does not implement any 'buildBlock' or a combination of 'buildPartialBlock(first:)' and 'buildPartialBlock(accumulated:next:)' with sufficient availability for this call site
ChoiceOf {
^
/Users/admin/builder/spi-builder-workspace/Sources/SPARQLSyntax/SPARQLLexer.swift:364:26: error: result builder 'AlternationBuilder' does not implement any 'buildBlock' or a combination of 'buildPartialBlock(first:)' and 'buildPartialBlock(accumulated:next:)' with sufficient availability for this call site
ChoiceOf {
^
/Users/admin/builder/spi-builder-workspace/Sources/SPARQLSyntax/SPARQLLexer.swift:364:26: error: result builder 'AlternationBuilder' does not implement any 'buildBlock' or a combination of 'buildPartialBlock(first:)' and 'buildPartialBlock(accumulated:next:)' with sufficient availability for this call site
ChoiceOf {
^
/Users/admin/builder/spi-builder-workspace/Sources/SPARQLSyntax/SPARQLLexer.swift:364:26: error: result builder 'AlternationBuilder' does not implement any 'buildBlock' or a combination of 'buildPartialBlock(first:)' and 'buildPartialBlock(accumulated:next:)' with sufficient availability for this call site
ChoiceOf {
^
/Users/admin/builder/spi-builder-workspace/Sources/SPARQLSyntax/SPARQLLexer.swift:364:26: error: result builder 'AlternationBuilder' does not implement any 'buildBlock' or a combination of 'buildPartialBlock(first:)' and 'buildPartialBlock(accumulated:next:)' with sufficient availability for this call site
ChoiceOf {
^
/Users/admin/builder/spi-builder-workspace/Sources/SPARQLSyntax/SPARQLLexer.swift:364:26: error: result builder 'AlternationBuilder' does not implement any 'buildBlock' or a combination of 'buildPartialBlock(first:)' and 'buildPartialBlock(accumulated:next:)' with sufficient availability for this call site
ChoiceOf {
^
/Users/admin/builder/spi-builder-workspace/Sources/SPARQLSyntax/SPARQLLexer.swift:364:26: error: result builder 'AlternationBuilder' does not implement any 'buildBlock' or a combination of 'buildPartialBlock(first:)' and 'buildPartialBlock(accumulated:next:)' with sufficient availability for this call site
ChoiceOf {
^
/Users/admin/builder/spi-builder-workspace/Sources/SPARQLSyntax/SPARQLLexer.swift:364:26: error: result builder 'AlternationBuilder' does not implement any 'buildBlock' or a combination of 'buildPartialBlock(first:)' and 'buildPartialBlock(accumulated:next:)' with sufficient availability for this call site
ChoiceOf {
^
/Users/admin/builder/spi-builder-workspace/Sources/SPARQLSyntax/SPARQLLexer.swift:364:26: error: result builder 'AlternationBuilder' does not implement any 'buildBlock' or a combination of 'buildPartialBlock(first:)' and 'buildPartialBlock(accumulated:next:)' with sufficient availability for this call site
ChoiceOf {
^
/Users/admin/builder/spi-builder-workspace/Sources/SPARQLSyntax/SPARQLLexer.swift:364:26: error: result builder 'AlternationBuilder' does not implement any 'buildBlock' or a combination of 'buildPartialBlock(first:)' and 'buildPartialBlock(accumulated:next:)' with sufficient availability for this call site
ChoiceOf {
^
/Users/admin/builder/spi-builder-workspace/Sources/SPARQLSyntax/SPARQLLexer.swift:364:26: error: result builder 'AlternationBuilder' does not implement any 'buildBlock' or a combination of 'buildPartialBlock(first:)' and 'buildPartialBlock(accumulated:next:)' with sufficient availability for this call site
ChoiceOf {
^
/Users/admin/builder/spi-builder-workspace/Sources/SPARQLSyntax/SPARQLLexer.swift:364:26: error: result builder 'AlternationBuilder' does not implement any 'buildBlock' or a combination of 'buildPartialBlock(first:)' and 'buildPartialBlock(accumulated:next:)' with sufficient availability for this call site
ChoiceOf {
^
/Users/admin/builder/spi-builder-workspace/Sources/SPARQLSyntax/SPARQLLexer.swift:364:26: error: result builder 'AlternationBuilder' does not implement any 'buildBlock' or a combination of 'buildPartialBlock(first:)' and 'buildPartialBlock(accumulated:next:)' with sufficient availability for this call site
ChoiceOf {
^
/Users/admin/builder/spi-builder-workspace/Sources/SPARQLSyntax/SPARQLLexer.swift:364:26: error: result builder 'AlternationBuilder' does not implement any 'buildBlock' or a combination of 'buildPartialBlock(first:)' and 'buildPartialBlock(accumulated:next:)' with sufficient availability for this call site
ChoiceOf {
^
/Users/admin/builder/spi-builder-workspace/Sources/SPARQLSyntax/SPARQLLexer.swift:364:26: error: result builder 'AlternationBuilder' does not implement any 'buildBlock' or a combination of 'buildPartialBlock(first:)' and 'buildPartialBlock(accumulated:next:)' with sufficient availability for this call site
ChoiceOf {
^
/Users/admin/builder/spi-builder-workspace/Sources/SPARQLSyntax/SPARQLLexer.swift:364:26: error: result builder 'AlternationBuilder' does not implement any 'buildBlock' or a combination of 'buildPartialBlock(first:)' and 'buildPartialBlock(accumulated:next:)' with sufficient availability for this call site
ChoiceOf {
^
/Users/admin/builder/spi-builder-workspace/Sources/SPARQLSyntax/SPARQLLexer.swift:364:26: error: result builder 'AlternationBuilder' does not implement any 'buildBlock' or a combination of 'buildPartialBlock(first:)' and 'buildPartialBlock(accumulated:next:)' with sufficient availability for this call site
ChoiceOf {
^
/Users/admin/builder/spi-builder-workspace/Sources/SPARQLSyntax/SPARQLLexer.swift:364:26: error: result builder 'AlternationBuilder' does not implement any 'buildBlock' or a combination of 'buildPartialBlock(first:)' and 'buildPartialBlock(accumulated:next:)' with sufficient availability for this call site
ChoiceOf {
^
/Users/admin/builder/spi-builder-workspace/Sources/SPARQLSyntax/SPARQLLexer.swift:364:26: error: result builder 'AlternationBuilder' does not implement any 'buildBlock' or a combination of 'buildPartialBlock(first:)' and 'buildPartialBlock(accumulated:next:)' with sufficient availability for this call site
ChoiceOf {
^
/Users/admin/builder/spi-builder-workspace/Sources/SPARQLSyntax/SPARQLLexer.swift:364:26: error: result builder 'AlternationBuilder' does not implement any 'buildBlock' or a combination of 'buildPartialBlock(first:)' and 'buildPartialBlock(accumulated:next:)' with sufficient availability for this call site
ChoiceOf {
^
/Users/admin/builder/spi-builder-workspace/Sources/SPARQLSyntax/SPARQLLexer.swift:364:26: error: result builder 'AlternationBuilder' does not implement any 'buildBlock' or a combination of 'buildPartialBlock(first:)' and 'buildPartialBlock(accumulated:next:)' with sufficient availability for this call site
ChoiceOf {
^
/Users/admin/builder/spi-builder-workspace/Sources/SPARQLSyntax/SPARQLLexer.swift:364:26: error: result builder 'AlternationBuilder' does not implement any 'buildBlock' or a combination of 'buildPartialBlock(first:)' and 'buildPartialBlock(accumulated:next:)' with sufficient availability for this call site
ChoiceOf {
^
/Users/admin/builder/spi-builder-workspace/Sources/SPARQLSyntax/SPARQLLexer.swift:364:26: error: result builder 'AlternationBuilder' does not implement any 'buildBlock' or a combination of 'buildPartialBlock(first:)' and 'buildPartialBlock(accumulated:next:)' with sufficient availability for this call site
ChoiceOf {
^
/Users/admin/builder/spi-builder-workspace/Sources/SPARQLSyntax/SPARQLLexer.swift:364:26: error: result builder 'AlternationBuilder' does not implement any 'buildBlock' or a combination of 'buildPartialBlock(first:)' and 'buildPartialBlock(accumulated:next:)' with sufficient availability for this call site
ChoiceOf {
^
/Users/admin/builder/spi-builder-workspace/Sources/SPARQLSyntax/SPARQLLexer.swift:364:26: error: result builder 'AlternationBuilder' does not implement any 'buildBlock' or a combination of 'buildPartialBlock(first:)' and 'buildPartialBlock(accumulated:next:)' with sufficient availability for this call site
ChoiceOf {
^
/Users/admin/builder/spi-builder-workspace/Sources/SPARQLSyntax/SPARQLLexer.swift:364:26: error: result builder 'AlternationBuilder' does not implement any 'buildBlock' or a combination of 'buildPartialBlock(first:)' and 'buildPartialBlock(accumulated:next:)' with sufficient availability for this call site
ChoiceOf {
^
/Users/admin/builder/spi-builder-workspace/Sources/SPARQLSyntax/SPARQLLexer.swift:364:26: error: result builder 'AlternationBuilder' does not implement any 'buildBlock' or a combination of 'buildPartialBlock(first:)' and 'buildPartialBlock(accumulated:next:)' with sufficient availability for this call site
ChoiceOf {
^
/Users/admin/builder/spi-builder-workspace/Sources/SPARQLSyntax/SPARQLLexer.swift:364:26: error: result builder 'AlternationBuilder' does not implement any 'buildBlock' or a combination of 'buildPartialBlock(first:)' and 'buildPartialBlock(accumulated:next:)' with sufficient availability for this call site
ChoiceOf {
^
/Users/admin/builder/spi-builder-workspace/Sources/SPARQLSyntax/SPARQLLexer.swift:364:26: error: result builder 'AlternationBuilder' does not implement any 'buildBlock' or a combination of 'buildPartialBlock(first:)' and 'buildPartialBlock(accumulated:next:)' with sufficient availability for this call site
ChoiceOf {
^
/Users/admin/builder/spi-builder-workspace/Sources/SPARQLSyntax/SPARQLLexer.swift:364:26: error: result builder 'AlternationBuilder' does not implement any 'buildBlock' or a combination of 'buildPartialBlock(first:)' and 'buildPartialBlock(accumulated:next:)' with sufficient availability for this call site
ChoiceOf {
^
/Users/admin/builder/spi-builder-workspace/Sources/SPARQLSyntax/SPARQLLexer.swift:364:26: error: result builder 'AlternationBuilder' does not implement any 'buildBlock' or a combination of 'buildPartialBlock(first:)' and 'buildPartialBlock(accumulated:next:)' with sufficient availability for this call site
ChoiceOf {
^
/Users/admin/builder/spi-builder-workspace/Sources/SPARQLSyntax/SPARQLLexer.swift:362:23: error: trailing closure passed to parameter of type 'String' that does not accept a closure
let r = Regex {
^
_StringProcessing.Regex.init:2:8: note: 'init(_:)' declared here
public init(_ pattern: String) throws}
^
/Users/admin/builder/spi-builder-workspace/Sources/SPARQLSyntax/SPARQLLexer.swift:391:54: error: 'Regex' is only available in watchOS 9.0 or newer
nonisolated(unsafe) private static let _aRegex = #/a\b/#
^
/Users/admin/builder/spi-builder-workspace/Sources/SPARQLSyntax/SPARQLLexer.swift:391:44: note: add '@available' attribute to enclosing static property
nonisolated(unsafe) private static let _aRegex = #/a\b/#
^
/Users/admin/builder/spi-builder-workspace/Sources/SPARQLSyntax/SPARQLLexer.swift:271:15: note: add '@available' attribute to enclosing struct
public struct SPARQLLexer: IteratorProtocol, Sendable {
^
/Users/admin/builder/spi-builder-workspace/Sources/SPARQLSyntax/SPARQLLexer.swift:393:60: error: 'Regex' is only available in watchOS 9.0 or newer
nonisolated(unsafe) private static let _booleanRegex = #/(true|false)/#.anchorsMatchLineEndings().ignoresCase()
^
/Users/admin/builder/spi-builder-workspace/Sources/SPARQLSyntax/SPARQLLexer.swift:393:44: note: add '@available' attribute to enclosing static property
nonisolated(unsafe) private static let _booleanRegex = #/(true|false)/#.anchorsMatchLineEndings().ignoresCase()
^
/Users/admin/builder/spi-builder-workspace/Sources/SPARQLSyntax/SPARQLLexer.swift:271:15: note: add '@available' attribute to enclosing struct
public struct SPARQLLexer: IteratorProtocol, Sendable {
^
/Users/admin/builder/spi-builder-workspace/Sources/SPARQLSyntax/SPARQLLexer.swift:393:77: error: 'anchorsMatchLineEndings' is only available in watchOS 9.0 or newer
nonisolated(unsafe) private static let _booleanRegex = #/(true|false)/#.anchorsMatchLineEndings().ignoresCase()
^
/Users/admin/builder/spi-builder-workspace/Sources/SPARQLSyntax/SPARQLLexer.swift:393:44: note: add '@available' attribute to enclosing static property
nonisolated(unsafe) private static let _booleanRegex = #/(true|false)/#.anchorsMatchLineEndings().ignoresCase()
^
/Users/admin/builder/spi-builder-workspace/Sources/SPARQLSyntax/SPARQLLexer.swift:271:15: note: add '@available' attribute to enclosing struct
public struct SPARQLLexer: IteratorProtocol, Sendable {
^
/Users/admin/builder/spi-builder-workspace/Sources/SPARQLSyntax/SPARQLLexer.swift:393:103: error: 'ignoresCase' is only available in watchOS 9.0 or newer
nonisolated(unsafe) private static let _booleanRegex = #/(true|false)/#.anchorsMatchLineEndings().ignoresCase()
^
/Users/admin/builder/spi-builder-workspace/Sources/SPARQLSyntax/SPARQLLexer.swift:393:44: note: add '@available' attribute to enclosing static property
nonisolated(unsafe) private static let _booleanRegex = #/(true|false)/#.anchorsMatchLineEndings().ignoresCase()
^
/Users/admin/builder/spi-builder-workspace/Sources/SPARQLSyntax/SPARQLLexer.swift:271:15: note: add '@available' attribute to enclosing struct
public struct SPARQLLexer: IteratorProtocol, Sendable {
^
/Users/admin/builder/spi-builder-workspace/Sources/SPARQLSyntax/SPARQLLexer.swift:403:38: error: result builder 'AlternationBuilder' does not implement any 'buildBlock' or a combination of 'buildPartialBlock(first:)' and 'buildPartialBlock(accumulated:next:)' with sufficient availability for this call site
let PN_CHARS_BASE = ChoiceOf {
^
/Users/admin/builder/spi-builder-workspace/Sources/SPARQLSyntax/SPARQLLexer.swift:403:29: error: referencing initializer 'init(_:_:)' on 'RegexComponent' requires the types 'ChoiceOf<Output>' and 'CharacterClass' be equivalent
let PN_CHARS_BASE = ChoiceOf {
^
RegexBuilder.RegexComponent:2:11: note: where 'Self' = 'ChoiceOf<Output>'
extension RegexComponent where Self == CharacterClass {
^
/Users/admin/builder/spi-builder-workspace/Sources/SPARQLSyntax/SPARQLLexer.swift:403:38: error: trailing closure passed to parameter of type 'CharacterClass' that does not accept a closure
let PN_CHARS_BASE = ChoiceOf {
^
RegexBuilder.RegexComponent.init:2:8: note: 'init(_:_:)' declared here
public init(_ first: CharacterClass, _ rest: CharacterClass...)}
^
/Users/admin/builder/spi-builder-workspace/Sources/SPARQLSyntax/SPARQLLexer.swift:403:29: error: generic parameter 'Output' could not be inferred
let PN_CHARS_BASE = ChoiceOf {
^
/Users/admin/builder/spi-builder-workspace/Sources/SPARQLSyntax/SPARQLLexer.swift:403:29: note: explicitly specify the generic arguments to fix this issue
let PN_CHARS_BASE = ChoiceOf {
^
<Any>
/Users/admin/builder/spi-builder-workspace/Sources/SPARQLSyntax/SPARQLLexer.swift:533:56: error: 'Regex' is only available in watchOS 9.0 or newer
nonisolated(unsafe) private static let _iriRegex = #/<([^<>"{}|^`\x{00}-\x{20}]*)>/#
^
/Users/admin/builder/spi-builder-workspace/Sources/SPARQLSyntax/SPARQLLexer.swift:533:44: note: add '@available' attribute to enclosing static property
nonisolated(unsafe) private static let _iriRegex = #/<([^<>"{}|^`\x{00}-\x{20}]*)>/#
^
/Users/admin/builder/spi-builder-workspace/Sources/SPARQLSyntax/SPARQLLexer.swift:271:15: note: add '@available' attribute to enclosing struct
public struct SPARQLLexer: IteratorProtocol, Sendable {
^
/Users/admin/builder/spi-builder-workspace/Sources/SPARQLSyntax/SPARQLLexer.swift:535:59: error: 'Regex' is only available in watchOS 9.0 or newer
nonisolated(unsafe) private static let _doubleRegex = #/(([0-9]+[.][0-9]*[eE][+-]?[0-9]+)|([.][0-9]+[eE][+-]?[0-9]+)|([0-9]+[eE][+-]?[0-9]+))/#
^
/Users/admin/builder/spi-builder-workspace/Sources/SPARQLSyntax/SPARQLLexer.swift:535:44: note: add '@available' attribute to enclosing static property
nonisolated(unsafe) private static let _doubleRegex = #/(([0-9]+[.][0-9]*[eE][+-]?[0-9]+)|([.][0-9]+[eE][+-]?[0-9]+)|([0-9]+[eE][+-]?[0-9]+))/#
^
/Users/admin/builder/spi-builder-workspace/Sources/SPARQLSyntax/SPARQLLexer.swift:271:15: note: add '@available' attribute to enclosing struct
public struct SPARQLLexer: IteratorProtocol, Sendable {
^
/Users/admin/builder/spi-builder-workspace/Sources/SPARQLSyntax/SPARQLLexer.swift:537:60: error: 'Regex' is only available in watchOS 9.0 or newer
nonisolated(unsafe) private static let _decimalRegex = #/[0-9]*[.][0-9]+/#
^
/Users/admin/builder/spi-builder-workspace/Sources/SPARQLSyntax/SPARQLLexer.swift:537:44: note: add '@available' attribute to enclosing static property
nonisolated(unsafe) private static let _decimalRegex = #/[0-9]*[.][0-9]+/#
^
/Users/admin/builder/spi-builder-workspace/Sources/SPARQLSyntax/SPARQLLexer.swift:271:15: note: add '@available' attribute to enclosing struct
public struct SPARQLLexer: IteratorProtocol, Sendable {
^
/Users/admin/builder/spi-builder-workspace/Sources/SPARQLSyntax/SPARQLLexer.swift:539:60: error: 'Regex' is only available in watchOS 9.0 or newer
nonisolated(unsafe) private static let _integerRegex = #/[0-9]+/#
^
/Users/admin/builder/spi-builder-workspace/Sources/SPARQLSyntax/SPARQLLexer.swift:539:44: note: add '@available' attribute to enclosing static property
nonisolated(unsafe) private static let _integerRegex = #/[0-9]+/#
^
/Users/admin/builder/spi-builder-workspace/Sources/SPARQLSyntax/SPARQLLexer.swift:271:15: note: add '@available' attribute to enclosing struct
public struct SPARQLLexer: IteratorProtocol, Sendable {
^
/Users/admin/builder/spi-builder-workspace/Sources/SPARQLSyntax/SPARQLLexer.swift:541:57: error: 'Regex' is only available in watchOS 9.0 or newer
nonisolated(unsafe) private static let _anonRegex = #/\[[ \u{0a}\u{0d}\u{09}]*\]/#
^
/Users/admin/builder/spi-builder-workspace/Sources/SPARQLSyntax/SPARQLLexer.swift:541:44: note: add '@available' attribute to enclosing static property
nonisolated(unsafe) private static let _anonRegex = #/\[[ \u{0a}\u{0d}\u{09}]*\]/#
^
/Users/admin/builder/spi-builder-workspace/Sources/SPARQLSyntax/SPARQLLexer.swift:271:15: note: add '@available' attribute to enclosing struct
public struct SPARQLLexer: IteratorProtocol, Sendable {
^
/Users/admin/builder/spi-builder-workspace/Sources/SPARQLSyntax/SPARQLLexer.swift:543:65: error: 'Regex' is only available in watchOS 9.0 or newer
nonisolated(unsafe) private static let _prefixOrBaseRegex = #/(prefix|base)\b/#
^
/Users/admin/builder/spi-builder-workspace/Sources/SPARQLSyntax/SPARQLLexer.swift:543:44: note: add '@available' attribute to enclosing static property
nonisolated(unsafe) private static let _prefixOrBaseRegex = #/(prefix|base)\b/#
^
/Users/admin/builder/spi-builder-workspace/Sources/SPARQLSyntax/SPARQLLexer.swift:271:15: note: add '@available' attribute to enclosing struct
public struct SPARQLLexer: IteratorProtocol, Sendable {
^
/Users/admin/builder/spi-builder-workspace/Sources/SPARQLSyntax/SPARQLLexer.swift:545:57: error: 'Regex' is only available in watchOS 9.0 or newer
nonisolated(unsafe) private static let _langRegex = #/[a-zA-Z]+(-[a-zA-Z0-9]+)*\b/#
^
/Users/admin/builder/spi-builder-workspace/Sources/SPARQLSyntax/SPARQLLexer.swift:545:44: note: add '@available' attribute to enclosing static property
nonisolated(unsafe) private static let _langRegex = #/[a-zA-Z]+(-[a-zA-Z0-9]+)*\b/#
^
/Users/admin/builder/spi-builder-workspace/Sources/SPARQLSyntax/SPARQLLexer.swift:271:15: note: add '@available' attribute to enclosing struct
public struct SPARQLLexer: IteratorProtocol, Sendable {
^
SwiftCompile normal arm64 Compiling\ XSD.swift /Users/admin/builder/spi-builder-workspace/Sources/SPARQLSyntax/XSD.swift (in target 'SPARQLSyntax' from project 'SPARQLSyntax')
SwiftCompile normal arm64 /Users/admin/builder/spi-builder-workspace/Sources/SPARQLSyntax/XSD.swift (in target 'SPARQLSyntax' from project 'SPARQLSyntax')
cd /Users/admin/builder/spi-builder-workspace/.swiftpm/xcode
SwiftCompile normal arm64 Compiling\ PropertyPath.swift,\ Query.swift /Users/admin/builder/spi-builder-workspace/Sources/SPARQLSyntax/PropertyPath.swift /Users/admin/builder/spi-builder-workspace/Sources/SPARQLSyntax/Query.swift (in target 'SPARQLSyntax' from project 'SPARQLSyntax')
SwiftCompile normal arm64 /Users/admin/builder/spi-builder-workspace/Sources/SPARQLSyntax/PropertyPath.swift (in target 'SPARQLSyntax' from project 'SPARQLSyntax')
cd /Users/admin/builder/spi-builder-workspace/.swiftpm/xcode
SwiftCompile normal arm64 /Users/admin/builder/spi-builder-workspace/Sources/SPARQLSyntax/Query.swift (in target 'SPARQLSyntax' from project 'SPARQLSyntax')
cd /Users/admin/builder/spi-builder-workspace/.swiftpm/xcode
SwiftCompile normal arm64 Compiling\ Window.swift /Users/admin/builder/spi-builder-workspace/Sources/SPARQLSyntax/Window.swift (in target 'SPARQLSyntax' from project 'SPARQLSyntax')
SwiftCompile normal arm64 /Users/admin/builder/spi-builder-workspace/Sources/SPARQLSyntax/Window.swift (in target 'SPARQLSyntax' from project 'SPARQLSyntax')
cd /Users/admin/builder/spi-builder-workspace/.swiftpm/xcode
SwiftEmitModule normal arm64_32 Emitting\ module\ for\ SPARQLSyntax (in target 'SPARQLSyntax' from project 'SPARQLSyntax')
2026-08-18 23:32:58.022 xcodebuild[932:5247] [MT] IDERunDestination: Supported platforms for the buildables in the current scheme is empty.
** BUILD FAILED **
The following build commands failed:
SwiftEmitModule normal arm64 Emitting\ module\ for\ SPARQLSyntax (in target 'SPARQLSyntax' from project 'SPARQLSyntax')
EmitSwiftModule normal arm64 (in target 'SPARQLSyntax' from project 'SPARQLSyntax')
Building workspace spi-builder-workspace with scheme SPARQLSyntax-Package
(3 failures)
BUILD FAILURE 6.3 watchOS